I20260709 12:08:14.995078 21844 raft_consensus.cc:515] T f7bfee56a57a4673bfca165cad6d2f8a P 61b167f67d8045a09240c8748083bdfa [term 1 FOLLOWER]: Starting leader election with config: opid_index: -1 OBSOLETE_local: false peers { permanent_uuid: "841e0f761cf4407792299decb988c31c" member_type: VOTER last_known_addr { host: "127.20.253.1" port: 39999 } } peers { permanent_uuid: "dcc4d304ee7a49a1b0a63fc7f392432b" member_type: VOTER last_known_addr { host: "127.20.253.2" port: 36297 } } peers { permanent_uuid: "61b167f67d8045a09240c8748083bdfa" member_type: VOTER last_known_addr { host: "127.20.253.3" port: 42353 } }
I20260709 12:08:14.997201 21844 leader_election.cc:290] T f7bfee56a57a4673bfca165cad6d2f8a P 61b167f67d8045a09240c8748083bdfa [CANDIDATE]: Term 1 election: Requested vote from peers 841e0f761cf4407792299decb988c31c (127.20.253.1:39999), dcc4d304ee7a49a1b0a63fc7f392432b (127.20.253.2:36297)
I20260709 12:08:14.998021 21627 tablet_service.cc:1917] Received RequestConsensusVote() RPC: tablet_id: "f7bfee56a57a4673bfca165cad6d2f8a" candidate_uuid: "61b167f67d8045a09240c8748083bdfa" candidate_term: 1 candidate_status { last_received { term: 0 index: 0 } } ignore_live_leader: false dest_uuid: "841e0f761cf4407792299decb988c31c"
I20260709 12:08:14.998600 21627 raft_consensus.cc:3060] T f7bfee56a57a4673bfca165cad6d2f8a P 841e0f761cf4407792299decb988c31c [term 0 FOLLOWER]: Advancing to term 1
I20260709 12:08:14.998865 21701 tablet_service.cc:1917] Received RequestConsensusVote() RPC: tablet_id: "f7bfee56a57a4673bfca165cad6d2f8a" candidate_uuid: "61b167f67d8045a09240c8748083bdfa" candidate_term: 1 candidate_status { last_received { term: 0 index: 0 } } ignore_live_leader: false dest_uuid: "dcc4d304ee7a49a1b0a63fc7f392432b"
I20260709 12:08:14.999420 21701 raft_consensus.cc:3060] T f7bfee56a57a4673bfca165cad6d2f8a P dcc4d304ee7a49a1b0a63fc7f392432b [term 0 FOLLOWER]: Advancing to term 1
I20260709 12:08:15.005581 21627 raft_consensus.cc:2468] T f7bfee56a57a4673bfca165cad6d2f8a P 841e0f761cf4407792299decb988c31c [term 1 FOLLOWER]: Leader election vote request: Granting yes vote for candidate 61b167f67d8045a09240c8748083bdfa in term 1.
I20260709 12:08:15.006134 21701 raft_consensus.cc:2468] T f7bfee56a57a4673bfca165cad6d2f8a P dcc4d304ee7a49a1b0a63fc7f392432b [term 1 FOLLOWER]: Leader election vote request: Granting yes vote for candidate 61b167f67d8045a09240c8748083bdfa in term 1.
I20260709 12:08:15.007278 21740 leader_election.cc:304] T f7bfee56a57a4673bfca165cad6d2f8a P 61b167f67d8045a09240c8748083bdfa [CANDIDATE]: Term 1 election: Election decided. Result: candidate won. Election summary: received 2 responses out of 3 voters: 2 yes votes; 0 no votes. yes voters: 61b167f67d8045a09240c8748083bdfa, 841e0f761cf4407792299decb988c31c; no voters: 
I20260709 12:08:15.007979 21844 raft_consensus.cc:2804] T f7bfee56a57a4673bfca165cad6d2f8a P 61b167f67d8045a09240c8748083bdfa [term 1 FOLLOWER]: Leader election won for term 1
I20260709 12:08:15.008456 21844 raft_consensus.cc:697] T f7bfee56a57a4673bfca165cad6d2f8a P 61b167f67d8045a09240c8748083bdfa [term 1 LEADER]: Becoming Leader. State: Replica: 61b167f67d8045a09240c8748083bdfa, State: Running, Role: LEADER
I20260709 12:08:15.009235 21844 consensus_queue.cc:237] T f7bfee56a57a4673bfca165cad6d2f8a P 61b167f67d8045a09240c8748083bdfa [LEADER]: Queue going to LEADER mode. State: All replicated index: 0, Majority replicated index: 0, Committed index: 0, Last appended: 0.0, Last appended by leader: 0, Current term: 1, Majority size: 2, State: 0, Mode: LEADER, active raft config: opid_index: -1 OBSOLETE_local: false peers { permanent_uuid: "841e0f761cf4407792299decb988c31c" member_type: VOTER last_known_addr { host: "127.20.253.1" port: 39999 } } peers { permanent_uuid: "dcc4d304ee7a49a1b0a63fc7f392432b" member_type: VOTER last_known_addr { host: "127.20.253.2" port: 36297 } } peers { permanent_uuid: "61b167f67d8045a09240c8748083bdfa" member_type: VOTER last_known_addr { host: "127.20.253.3" port: 42353 } }
I20260709 12:08:15.017310 21522 catalog_manager.cc:5697] T f7bfee56a57a4673bfca165cad6d2f8a P 61b167f67d8045a09240c8748083bdfa reported cstate change: term changed from 0 to 1, leader changed from <none> to 61b167f67d8045a09240c8748083bdfa (127.20.253.3). New cstate: current_term: 1 leader_uuid: "61b167f67d8045a09240c8748083bdfa" committed_config { opid_index: -1 OBSOLETE_local: false peers { permanent_uuid: "841e0f761cf4407792299decb988c31c" member_type: VOTER last_known_addr { host: "127.20.253.1" port: 39999 } health_report { overall_health: UNKNOWN } } peers { permanent_uuid: "dcc4d304ee7a49a1b0a63fc7f392432b" member_type: VOTER last_known_addr { host: "127.20.253.2" port: 36297 } health_report { overall_health: UNKNOWN } } peers { permanent_uuid: "61b167f67d8045a09240c8748083bdfa" member_type: VOTER last_known_addr { host: "127.20.253.3" port: 42353 } health_report { overall_health: HEALTHY } } }
I20260709 12:08:15.084802 21834 raft_consensus.cc:493] T 079f6794207142d29be88e1c88314ab3 P 841e0f761cf4407792299decb988c31c [term 0 FOLLOWER]: Starting pre-election (no leader contacted us within the election timeout)
I20260709 12:08:15.085340 21834 raft_consensus.cc:515] T 079f6794207142d29be88e1c88314ab3 P 841e0f761cf4407792299decb988c31c [term 0 FOLLOWER]: Starting pre-election with config: opid_index: -1 OBSOLETE_local: false peers { permanent_uuid: "841e0f761cf4407792299decb988c31c" member_type: VOTER last_known_addr { host: "127.20.253.1" port: 39999 } } peers { permanent_uuid: "dcc4d304ee7a49a1b0a63fc7f392432b" member_type: VOTER last_known_addr { host: "127.20.253.2" port: 36297 } } peers { permanent_uuid: "61b167f67d8045a09240c8748083bdfa" member_type: VOTER last_known_addr { host: "127.20.253.3" port: 42353 } }
I20260709 12:08:15.086993 21834 leader_election.cc:290] T 079f6794207142d29be88e1c88314ab3 P 841e0f761cf4407792299decb988c31c [CANDIDATE]: Term 1 pre-election: Requested pre-vote from peers dcc4d304ee7a49a1b0a63fc7f392432b (127.20.253.2:36297), 61b167f67d8045a09240c8748083bdfa (127.20.253.3:42353)
I20260709 12:08:15.087937 21701 tablet_service.cc:1917] Received RequestConsensusVote() RPC: tablet_id: "079f6794207142d29be88e1c88314ab3" candidate_uuid: "841e0f761cf4407792299decb988c31c" candidate_term: 1 candidate_status { last_received { term: 0 index: 0 } } ignore_live_leader: false dest_uuid: "dcc4d304ee7a49a1b0a63fc7f392432b" is_pre_election: true
I20260709 12:08:15.088135 21775 tablet_service.cc:1917] Received RequestConsensusVote() RPC: tablet_id: "079f6794207142d29be88e1c88314ab3" candidate_uuid: "841e0f761cf4407792299decb988c31c" candidate_term: 1 candidate_status { last_received { term: 0 index: 0 } } ignore_live_leader: false dest_uuid: "61b167f67d8045a09240c8748083bdfa" is_pre_election: true
I20260709 12:08:15.089500 21592 leader_election.cc:304] T 079f6794207142d29be88e1c88314ab3 P 841e0f761cf4407792299decb988c31c [CANDIDATE]: Term 1 pre-election: Election decided. Result: candidate lost. Election summary: received 3 responses out of 3 voters: 1 yes votes; 2 no votes. yes voters: 841e0f761cf4407792299decb988c31c; no voters: 61b167f67d8045a09240c8748083bdfa, dcc4d304ee7a49a1b0a63fc7f392432b
I20260709 12:08:15.090234 21834 raft_consensus.cc:2749] T 079f6794207142d29be88e1c88314ab3 P 841e0f761cf4407792299decb988c31c [term 0 FOLLOWER]: Leader pre-election lost for term 1. Reason: could not achieve majority
I20260709 12:08:15.111174 21844 consensus_queue.cc:1048] T c81a9eff8edc4b649bf78b5d5edc19d3 P 61b167f67d8045a09240c8748083bdfa [LEADER]: Connected to new peer: Peer: permanent_uuid: "dcc4d304ee7a49a1b0a63fc7f392432b" member_type: VOTER last_known_addr { host: "127.20.253.2" port: 36297 }, Status: LMP_MISMATCH, Last received: 0.0, Next index: 1, Last known committed idx: 0, Time since last communication: 0.000s
I20260709 12:08:15.123452 21823 consensus_queue.cc:1048] T c81a9eff8edc4b649bf78b5d5edc19d3 P 61b167f67d8045a09240c8748083bdfa [LEADER]: Connected to new peer: Peer: permanent_uuid: "841e0f761cf4407792299decb988c31c" member_type: VOTER last_known_addr { host: "127.20.253.1" port: 39999 }, Status: LMP_MISMATCH, Last received: 0.0, Next index: 1, Last known committed idx: 0, Time since last communication: 0.000s
I20260709 12:08:15.133050 21834 consensus_queue.cc:1048] T 8df00226f6c443c0a29651385981b518 P 841e0f761cf4407792299decb988c31c [LEADER]: Connected to new peer: Peer: permanent_uuid: "dcc4d304ee7a49a1b0a63fc7f392432b" member_type: VOTER last_known_addr { host: "127.20.253.2" port: 36297 }, Status: LMP_MISMATCH, Last received: 0.0, Next index: 1, Last known committed idx: 0, Time since last communication: 0.000s
I20260709 12:08:15.138734 21844 consensus_queue.cc:1048] T 1a401bb8587743428019d15e8fa37669 P 61b167f67d8045a09240c8748083bdfa [LEADER]: Connected to new peer: Peer: permanent_uuid: "dcc4d304ee7a49a1b0a63fc7f392432b" member_type: VOTER last_known_addr { host: "127.20.253.2" port: 36297 }, Status: LMP_MISMATCH, Last received: 0.0, Next index: 1, Last known committed idx: 0, Time since last communication: 0.000s
I20260709 12:08:15.154546 21775 raft_consensus.cc:3060] T 8df00226f6c443c0a29651385981b518 P 61b167f67d8045a09240c8748083bdfa [term 0 FOLLOWER]: Advancing to term 1
I20260709 12:08:15.161731 21823 consensus_queue.cc:1048] T 1a401bb8587743428019d15e8fa37669 P 61b167f67d8045a09240c8748083bdfa [LEADER]: Connected to new peer: Peer: permanent_uuid: "841e0f761cf4407792299decb988c31c" member_type: VOTER last_known_addr { host: "127.20.253.1" port: 39999 }, Status: LMP_MISMATCH, Last received: 0.0, Next index: 1, Last known committed idx: 0, Time since last communication: 0.001s
I20260709 12:08:15.166827 21862 consensus_queue.cc:1048] T 8df00226f6c443c0a29651385981b518 P 841e0f761cf4407792299decb988c31c [LEADER]: Connected to new peer: Peer: permanent_uuid: "61b167f67d8045a09240c8748083bdfa" member_type: VOTER last_known_addr { host: "127.20.253.3" port: 42353 }, Status: LMP_MISMATCH, Last received: 0.0, Next index: 1, Last known committed idx: 0, Time since last communication: 0.001s
I20260709 12:08:15.212957 21775 tablet_service.cc:2072] Received LeaderStepDown RPC: tablet_id: "c81a9eff8edc4b649bf78b5d5edc19d3"
dest_uuid: "61b167f67d8045a09240c8748083bdfa"
mode: GRACEFUL
new_leader_uuid: "841e0f761cf4407792299decb988c31c"
 from {username='slave'} at 127.0.0.1:40336
I20260709 12:08:15.213698 21775 raft_consensus.cc:606] T c81a9eff8edc4b649bf78b5d5edc19d3 P 61b167f67d8045a09240c8748083bdfa [term 1 LEADER]: Received request to transfer leadership to TS 841e0f761cf4407792299decb988c31c
I20260709 12:08:15.216221 21824 consensus_queue.cc:1048] T 0ea9c762cf2c4927bd871833bee470f0 P dcc4d304ee7a49a1b0a63fc7f392432b [LEADER]: Connected to new peer: Peer: permanent_uuid: "841e0f761cf4407792299decb988c31c" member_type: VOTER last_known_addr { host: "127.20.253.1" port: 39999 }, Status: LMP_MISMATCH, Last received: 0.0, Next index: 1, Last known committed idx: 0, Time since last communication: 0.000s
I20260709 12:08:15.220904 21775 tablet_service.cc:2072] Received LeaderStepDown RPC: tablet_id: "bdda75f8e8c54fec9fc1b2fee8d43b4d"
dest_uuid: "61b167f67d8045a09240c8748083bdfa"
mode: GRACEFUL
new_leader_uuid: "841e0f761cf4407792299decb988c31c"
 from {username='slave'} at 127.0.0.1:40336
I20260709 12:08:15.221561 21775 raft_consensus.cc:606] T bdda75f8e8c54fec9fc1b2fee8d43b4d P 61b167f67d8045a09240c8748083bdfa [term 1 LEADER]: Received request to transfer leadership to TS 841e0f761cf4407792299decb988c31c
I20260709 12:08:15.232151 21869 consensus_queue.cc:1048] T 0ea9c762cf2c4927bd871833bee470f0 P dcc4d304ee7a49a1b0a63fc7f392432b [LEADER]: Connected to new peer: Peer: permanent_uuid: "61b167f67d8045a09240c8748083bdfa" member_type: VOTER last_known_addr { host: "127.20.253.3" port: 42353 }, Status: LMP_MISMATCH, Last received: 0.0, Next index: 1, Last known committed idx: 0, Time since last communication: 0.001s
I20260709 12:08:15.232954 21775 tablet_service.cc:2072] Received LeaderStepDown RPC: tablet_id: "079f6794207142d29be88e1c88314ab3"
dest_uuid: "61b167f67d8045a09240c8748083bdfa"
mode: GRACEFUL
new_leader_uuid: "841e0f761cf4407792299decb988c31c"
 from {username='slave'} at 127.0.0.1:40336
I20260709 12:08:15.233615 21775 raft_consensus.cc:606] T 079f6794207142d29be88e1c88314ab3 P 61b167f67d8045a09240c8748083bdfa [term 1 LEADER]: Received request to transfer leadership to TS 841e0f761cf4407792299decb988c31c
I20260709 12:08:15.244640 21627 raft_consensus.cc:3060] T 079f6794207142d29be88e1c88314ab3 P 841e0f761cf4407792299decb988c31c [term 0 FOLLOWER]: Advancing to term 1
I20260709 12:08:15.248634 21776 tablet_service.cc:2072] Received LeaderStepDown RPC: tablet_id: "1a401bb8587743428019d15e8fa37669"
dest_uuid: "61b167f67d8045a09240c8748083bdfa"
mode: GRACEFUL
new_leader_uuid: "841e0f761cf4407792299decb988c31c"
 from {username='slave'} at 127.0.0.1:40336
I20260709 12:08:15.249265 21776 raft_consensus.cc:606] T 1a401bb8587743428019d15e8fa37669 P 61b167f67d8045a09240c8748083bdfa [term 1 LEADER]: Received request to transfer leadership to TS 841e0f761cf4407792299decb988c31c
I20260709 12:08:15.255156 21834 consensus_queue.cc:1048] T 93a8be22cce64b8d99b95d445aa61d27 P 841e0f761cf4407792299decb988c31c [LEADER]: Connected to new peer: Peer: permanent_uuid: "dcc4d304ee7a49a1b0a63fc7f392432b" member_type: VOTER last_known_addr { host: "127.20.253.2" port: 36297 }, Status: LMP_MISMATCH, Last received: 0.0, Next index: 1, Last known committed idx: 0, Time since last communication: 0.000s
I20260709 12:08:15.277884 21828 consensus_queue.cc:1048] T 93a8be22cce64b8d99b95d445aa61d27 P 841e0f761cf4407792299decb988c31c [LEADER]: Connected to new peer: Peer: permanent_uuid: "61b167f67d8045a09240c8748083bdfa" member_type: VOTER last_known_addr { host: "127.20.253.3" port: 42353 }, Status: LMP_MISMATCH, Last received: 0.0, Next index: 1, Last known committed idx: 0, Time since last communication: 0.000s
I20260709 12:08:15.294517 21842 raft_consensus.cc:993] T 079f6794207142d29be88e1c88314ab3 P 61b167f67d8045a09240c8748083bdfa: : Instructing follower 841e0f761cf4407792299decb988c31c to start an election
I20260709 12:08:15.295001 21842 raft_consensus.cc:1081] T 079f6794207142d29be88e1c88314ab3 P 61b167f67d8045a09240c8748083bdfa [term 1 LEADER]: Signalling peer 841e0f761cf4407792299decb988c31c to start an election
I20260709 12:08:15.298368 21627 tablet_service.cc:2044] Received Run Leader Election RPC: tablet_id: "079f6794207142d29be88e1c88314ab3"
dest_uuid: "841e0f761cf4407792299decb988c31c"
 from {username='slave'} at 127.0.0.1:34822
I20260709 12:08:15.298977 21627 raft_consensus.cc:493] T 079f6794207142d29be88e1c88314ab3 P 841e0f761cf4407792299decb988c31c [term 1 FOLLOWER]: Starting forced leader election (received explicit request)
I20260709 12:08:15.299386 21627 raft_consensus.cc:3060] T 079f6794207142d29be88e1c88314ab3 P 841e0f761cf4407792299decb988c31c [term 1 FOLLOWER]: Advancing to term 2
I20260709 12:08:15.310457 21627 raft_consensus.cc:515] T 079f6794207142d29be88e1c88314ab3 P 841e0f761cf4407792299decb988c31c [term 2 FOLLOWER]: Starting forced leader election with config: opid_index: -1 OBSOLETE_local: false peers { permanent_uuid: "841e0f761cf4407792299decb988c31c" member_type: VOTER last_known_addr { host: "127.20.253.1" port: 39999 } } peers { permanent_uuid: "dcc4d304ee7a49a1b0a63fc7f392432b" member_type: VOTER last_known_addr { host: "127.20.253.2" port: 36297 } } peers { permanent_uuid: "61b167f67d8045a09240c8748083bdfa" member_type: VOTER last_known_addr { host: "127.20.253.3" port: 42353 } }
I20260709 12:08:15.312647 21627 leader_election.cc:290] T 079f6794207142d29be88e1c88314ab3 P 841e0f761cf4407792299decb988c31c [CANDIDATE]: Term 2 election: Requested vote from peers dcc4d304ee7a49a1b0a63fc7f392432b (127.20.253.2:36297), 61b167f67d8045a09240c8748083bdfa (127.20.253.3:42353)
I20260709 12:08:15.313367 21702 tablet_service.cc:1917] Received RequestConsensusVote() RPC: tablet_id: "079f6794207142d29be88e1c88314ab3" candidate_uuid: "841e0f761cf4407792299decb988c31c" candidate_term: 2 candidate_status { last_received { term: 1 index: 1 } } ignore_live_leader: true dest_uuid: "dcc4d304ee7a49a1b0a63fc7f392432b"
I20260709 12:08:15.313966 21702 raft_consensus.cc:3060] T 079f6794207142d29be88e1c88314ab3 P dcc4d304ee7a49a1b0a63fc7f392432b [term 1 FOLLOWER]: Advancing to term 2
I20260709 12:08:15.314970 21776 tablet_service.cc:1917] Received RequestConsensusVote() RPC: tablet_id: "079f6794207142d29be88e1c88314ab3" candidate_uuid: "841e0f761cf4407792299decb988c31c" candidate_term: 2 candidate_status { last_received { term: 1 index: 1 } } ignore_live_leader: true dest_uuid: "61b167f67d8045a09240c8748083bdfa"
I20260709 12:08:15.315291 21627 tablet_service.cc:2072] Received LeaderStepDown RPC: tablet_id: "93a8be22cce64b8d99b95d445aa61d27"
dest_uuid: "841e0f761cf4407792299decb988c31c"
mode: GRACEFUL
new_leader_uuid: "dcc4d304ee7a49a1b0a63fc7f392432b"
 from {username='slave'} at 127.0.0.1:34830
I20260709 12:08:15.315531 21776 raft_consensus.cc:3055] T 079f6794207142d29be88e1c88314ab3 P 61b167f67d8045a09240c8748083bdfa [term 1 LEADER]: Stepping down as leader of term 1
I20260709 12:08:15.315872 21776 raft_consensus.cc:740] T 079f6794207142d29be88e1c88314ab3 P 61b167f67d8045a09240c8748083bdfa [term 1 LEADER]: Becoming Follower/Learner. State: Replica: 61b167f67d8045a09240c8748083bdfa, State: Running, Role: LEADER
I20260709 12:08:15.315883 21627 raft_consensus.cc:606] T 93a8be22cce64b8d99b95d445aa61d27 P 841e0f761cf4407792299decb988c31c [term 1 LEADER]: Received request to transfer leadership to TS dcc4d304ee7a49a1b0a63fc7f392432b
I20260709 12:08:15.316800 21776 consensus_queue.cc:260] T 079f6794207142d29be88e1c88314ab3 P 61b167f67d8045a09240c8748083bdfa [NON_LEADER]: Queue going to NON_LEADER mode. State: All replicated index: 0, Majority replicated index: 1, Committed index: 1, Last appended: 1.1, Last appended by leader: 1, Current term: 1, Majority size: -1, State: 0, Mode: NON_LEADER, active raft config: opid_index: -1 OBSOLETE_local: false peers { permanent_uuid: "841e0f761cf4407792299decb988c31c" member_type: VOTER last_known_addr { host: "127.20.253.1" port: 39999 } } peers { permanent_uuid: "dcc4d304ee7a49a1b0a63fc7f392432b" member_type: VOTER last_known_addr { host: "127.20.253.2" port: 36297 } } peers { permanent_uuid: "61b167f67d8045a09240c8748083bdfa" member_type: VOTER last_known_addr { host: "127.20.253.3" port: 42353 } }
I20260709 12:08:15.318277 21776 raft_consensus.cc:3060] T 079f6794207142d29be88e1c88314ab3 P 61b167f67d8045a09240c8748083bdfa [term 1 FOLLOWER]: Advancing to term 2
I20260709 12:08:15.321067 21702 raft_consensus.cc:2468] T 079f6794207142d29be88e1c88314ab3 P dcc4d304ee7a49a1b0a63fc7f392432b [term 2 FOLLOWER]: Leader election vote request: Granting yes vote for candidate 841e0f761cf4407792299decb988c31c in term 2.
I20260709 12:08:15.322299 21591 leader_election.cc:304] T 079f6794207142d29be88e1c88314ab3 P 841e0f761cf4407792299decb988c31c [CANDIDATE]: Term 2 election: Election decided. Result: candidate won. Election summary: received 2 responses out of 3 voters: 2 yes votes; 0 no votes. yes voters: 841e0f761cf4407792299decb988c31c, dcc4d304ee7a49a1b0a63fc7f392432b; no voters: 
I20260709 12:08:15.323081 21834 raft_consensus.cc:2804] T 079f6794207142d29be88e1c88314ab3 P 841e0f761cf4407792299decb988c31c [term 2 FOLLOWER]: Leader election won for term 2
I20260709 12:08:15.323521 21834 raft_consensus.cc:697] T 079f6794207142d29be88e1c88314ab3 P 841e0f761cf4407792299decb988c31c [term 2 LEADER]: Becoming Leader. State: Replica: 841e0f761cf4407792299decb988c31c, State: Running, Role: LEADER
I20260709 12:08:15.323575 21627 tablet_service.cc:2072] Received LeaderStepDown RPC: tablet_id: "8df00226f6c443c0a29651385981b518"
dest_uuid: "841e0f761cf4407792299decb988c31c"
mode: GRACEFUL
new_leader_uuid: "dcc4d304ee7a49a1b0a63fc7f392432b"
 from {username='slave'} at 127.0.0.1:34830
I20260709 12:08:15.324337 21627 raft_consensus.cc:606] T 8df00226f6c443c0a29651385981b518 P 841e0f761cf4407792299decb988c31c [term 1 LEADER]: Received request to transfer leadership to TS dcc4d304ee7a49a1b0a63fc7f392432b
I20260709 12:08:15.324445 21834 consensus_queue.cc:237] T 079f6794207142d29be88e1c88314ab3 P 841e0f761cf4407792299decb988c31c [LEADER]: Queue going to LEADER mode. State: All replicated index: 0, Majority replicated index: 1, Committed index: 1, Last appended: 1.1, Last appended by leader: 1, Current term: 2, Majority size: 2, State: 0, Mode: LEADER, active raft config: opid_index: -1 OBSOLETE_local: false peers { permanent_uuid: "841e0f761cf4407792299decb988c31c" member_type: VOTER last_known_addr { host: "127.20.253.1" port: 39999 } } peers { permanent_uuid: "dcc4d304ee7a49a1b0a63fc7f392432b" member_type: VOTER last_known_addr { host: "127.20.253.2" port: 36297 } } peers { permanent_uuid: "61b167f67d8045a09240c8748083bdfa" member_type: VOTER last_known_addr { host: "127.20.253.3" port: 42353 } }
I20260709 12:08:15.331573 21823 raft_consensus.cc:993] T bdda75f8e8c54fec9fc1b2fee8d43b4d P 61b167f67d8045a09240c8748083bdfa: : Instructing follower 841e0f761cf4407792299decb988c31c to start an election
I20260709 12:08:15.332113 21844 raft_consensus.cc:1081] T bdda75f8e8c54fec9fc1b2fee8d43b4d P 61b167f67d8045a09240c8748083bdfa [term 1 LEADER]: Signalling peer 841e0f761cf4407792299decb988c31c to start an election
I20260709 12:08:15.331671 21524 catalog_manager.cc:5697] T 079f6794207142d29be88e1c88314ab3 P 841e0f761cf4407792299decb988c31c reported cstate change: term changed from 1 to 2, leader changed from 61b167f67d8045a09240c8748083bdfa (127.20.253.3) to 841e0f761cf4407792299decb988c31c (127.20.253.1). New cstate: current_term: 2 leader_uuid: "841e0f761cf4407792299decb988c31c" committed_config { opid_index: -1 OBSOLETE_local: false peers { permanent_uuid: "841e0f761cf4407792299decb988c31c" member_type: VOTER last_known_addr { host: "127.20.253.1" port: 39999 } health_report { overall_health: HEALTHY } } peers { permanent_uuid: "dcc4d304ee7a49a1b0a63fc7f392432b" member_type: VOTER last_known_addr { host: "127.20.253.2" port: 36297 } health_report { overall_health: UNKNOWN } } peers { permanent_uuid: "61b167f67d8045a09240c8748083bdfa" member_type: VOTER last_known_addr { host: "127.20.253.3" port: 42353 } health_report { overall_health: UNKNOWN } } }
I20260709 12:08:15.334429 21627 tablet_service.cc:2044] Received Run Leader Election RPC: tablet_id: "bdda75f8e8c54fec9fc1b2fee8d43b4d"
dest_uuid: "841e0f761cf4407792299decb988c31c"
 from {username='slave'} at 127.0.0.1:34822
I20260709 12:08:15.335073 21776 raft_consensus.cc:2468] T 079f6794207142d29be88e1c88314ab3 P 61b167f67d8045a09240c8748083bdfa [term 2 FOLLOWER]: Leader election vote request: Granting yes vote for candidate 841e0f761cf4407792299decb988c31c in term 2.
I20260709 12:08:15.335126 21627 raft_consensus.cc:493] T bdda75f8e8c54fec9fc1b2fee8d43b4d P 841e0f761cf4407792299decb988c31c [term 1 FOLLOWER]: Starting forced leader election (received explicit request)
I20260709 12:08:15.336087 21627 raft_consensus.cc:3060] T bdda75f8e8c54fec9fc1b2fee8d43b4d P 841e0f761cf4407792299decb988c31c [term 1 FOLLOWER]: Advancing to term 2
I20260709 12:08:15.342213 21627 raft_consensus.cc:515] T bdda75f8e8c54fec9fc1b2fee8d43b4d P 841e0f761cf4407792299decb988c31c [term 2 FOLLOWER]: Starting forced leader election with config: opid_index: -1 OBSOLETE_local: false peers { permanent_uuid: "841e0f761cf4407792299decb988c31c" member_type: VOTER last_known_addr { host: "127.20.253.1" port: 39999 } } peers { permanent_uuid: "dcc4d304ee7a49a1b0a63fc7f392432b" member_type: VOTER last_known_addr { host: "127.20.253.2" port: 36297 } } peers { permanent_uuid: "61b167f67d8045a09240c8748083bdfa" member_type: VOTER last_known_addr { host: "127.20.253.3" port: 42353 } }
I20260709 12:08:15.345201 21702 tablet_service.cc:1917] Received RequestConsensusVote() RPC: tablet_id: "bdda75f8e8c54fec9fc1b2fee8d43b4d" candidate_uuid: "841e0f761cf4407792299decb988c31c" candidate_term: 2 candidate_status { last_received { term: 1 index: 1 } } ignore_live_leader: true dest_uuid: "dcc4d304ee7a49a1b0a63fc7f392432b"
I20260709 12:08:15.345363 21776 tablet_service.cc:1917] Received RequestConsensusVote() RPC: tablet_id: "bdda75f8e8c54fec9fc1b2fee8d43b4d" candidate_uuid: "841e0f761cf4407792299decb988c31c" candidate_term: 2 candidate_status { last_received { term: 1 index: 1 } } ignore_live_leader: true dest_uuid: "61b167f67d8045a09240c8748083bdfa"
I20260709 12:08:15.345790 21702 raft_consensus.cc:3060] T bdda75f8e8c54fec9fc1b2fee8d43b4d P dcc4d304ee7a49a1b0a63fc7f392432b [term 1 FOLLOWER]: Advancing to term 2
I20260709 12:08:15.345847 21776 raft_consensus.cc:3055] T bdda75f8e8c54fec9fc1b2fee8d43b4d P 61b167f67d8045a09240c8748083bdfa [term 1 LEADER]: Stepping down as leader of term 1
I20260709 12:08:15.346272 21776 raft_consensus.cc:740] T bdda75f8e8c54fec9fc1b2fee8d43b4d P 61b167f67d8045a09240c8748083bdfa [term 1 LEADER]: Becoming Follower/Learner. State: Replica: 61b167f67d8045a09240c8748083bdfa, State: Running, Role: LEADER
I20260709 12:08:15.347126 21776 consensus_queue.cc:260] T bdda75f8e8c54fec9fc1b2fee8d43b4d P 61b167f67d8045a09240c8748083bdfa [NON_LEADER]: Queue going to NON_LEADER mode. State: All replicated index: 0, Majority replicated index: 1, Committed index: 1, Last appended: 1.1, Last appended by leader: 1, Current term: 1, Majority size: -1, State: 0, Mode: NON_LEADER, active raft config: opid_index: -1 OBSOLETE_local: false peers { permanent_uuid: "841e0f761cf4407792299decb988c31c" member_type: VOTER last_known_addr { host: "127.20.253.1" port: 39999 } } peers { permanent_uuid: "dcc4d304ee7a49a1b0a63fc7f392432b" member_type: VOTER last_known_addr { host: "127.20.253.2" port: 36297 } } peers { permanent_uuid: "61b167f67d8045a09240c8748083bdfa" member_type: VOTER last_known_addr { host: "127.20.253.3" port: 42353 } }
I20260709 12:08:15.348033 21627 leader_election.cc:290] T bdda75f8e8c54fec9fc1b2fee8d43b4d P 841e0f761cf4407792299decb988c31c [CANDIDATE]: Term 2 election: Requested vote from peers dcc4d304ee7a49a1b0a63fc7f392432b (127.20.253.2:36297), 61b167f67d8045a09240c8748083bdfa (127.20.253.3:42353)
I20260709 12:08:15.348171 21776 raft_consensus.cc:3060] T bdda75f8e8c54fec9fc1b2fee8d43b4d P 61b167f67d8045a09240c8748083bdfa [term 1 FOLLOWER]: Advancing to term 2
I20260709 12:08:15.352687 21702 raft_consensus.cc:2468] T bdda75f8e8c54fec9fc1b2fee8d43b4d P dcc4d304ee7a49a1b0a63fc7f392432b [term 2 FOLLOWER]: Leader election vote request: Granting yes vote for candidate 841e0f761cf4407792299decb988c31c in term 2.
I20260709 12:08:15.353830 21591 leader_election.cc:304] T bdda75f8e8c54fec9fc1b2fee8d43b4d P 841e0f761cf4407792299decb988c31c [CANDIDATE]: Term 2 election: Election decided. Result: candidate won. Election summary: received 2 responses out of 3 voters: 2 yes votes; 0 no votes. yes voters: 841e0f761cf4407792299decb988c31c, dcc4d304ee7a49a1b0a63fc7f392432b; no voters: 
I20260709 12:08:15.354605 21834 raft_consensus.cc:2804] T bdda75f8e8c54fec9fc1b2fee8d43b4d P 841e0f761cf4407792299decb988c31c [term 2 FOLLOWER]: Leader election won for term 2
I20260709 12:08:15.355017 21834 raft_consensus.cc:697] T bdda75f8e8c54fec9fc1b2fee8d43b4d P 841e0f761cf4407792299decb988c31c [term 2 LEADER]: Becoming Leader. State: Replica: 841e0f761cf4407792299decb988c31c, State: Running, Role: LEADER
I20260709 12:08:15.355659 21834 consensus_queue.cc:237] T bdda75f8e8c54fec9fc1b2fee8d43b4d P 841e0f761cf4407792299decb988c31c [LEADER]: Queue going to LEADER mode. State: All replicated index: 0, Majority replicated index: 1, Committed index: 1, Last appended: 1.1, Last appended by leader: 1, Current term: 2, Majority size: 2, State: 0, Mode: LEADER, active raft config: opid_index: -1 OBSOLETE_local: false peers { permanent_uuid: "841e0f761cf4407792299decb988c31c" member_type: VOTER last_known_addr { host: "127.20.253.1" port: 39999 } } peers { permanent_uuid: "dcc4d304ee7a49a1b0a63fc7f392432b" member_type: VOTER last_known_addr { host: "127.20.253.2" port: 36297 } } peers { permanent_uuid: "61b167f67d8045a09240c8748083bdfa" member_type: VOTER last_known_addr { host: "127.20.253.3" port: 42353 } }
I20260709 12:08:15.358783 21776 raft_consensus.cc:2468] T bdda75f8e8c54fec9fc1b2fee8d43b4d P 61b167f67d8045a09240c8748083bdfa [term 2 FOLLOWER]: Leader election vote request: Granting yes vote for candidate 841e0f761cf4407792299decb988c31c in term 2.
I20260709 12:08:15.362228 21524 catalog_manager.cc:5697] T bdda75f8e8c54fec9fc1b2fee8d43b4d P 841e0f761cf4407792299decb988c31c reported cstate change: term changed from 1 to 2, leader changed from 61b167f67d8045a09240c8748083bdfa (127.20.253.3) to 841e0f761cf4407792299decb988c31c (127.20.253.1). New cstate: current_term: 2 leader_uuid: "841e0f761cf4407792299decb988c31c" committed_config { opid_index: -1 OBSOLETE_local: false peers { permanent_uuid: "841e0f761cf4407792299decb988c31c" member_type: VOTER last_known_addr { host: "127.20.253.1" port: 39999 } health_report { overall_health: HEALTHY } } peers { permanent_uuid: "dcc4d304ee7a49a1b0a63fc7f392432b" member_type: VOTER last_known_addr { host: "127.20.253.2" port: 36297 } health_report { overall_health: UNKNOWN } } peers { permanent_uuid: "61b167f67d8045a09240c8748083bdfa" member_type: VOTER last_known_addr { host: "127.20.253.3" port: 42353 } health_report { overall_health: UNKNOWN } } }
I20260709 12:08:15.391973 21868 consensus_queue.cc:1048] T 07ecebb8b352466dbdecfd33b08fa92d P dcc4d304ee7a49a1b0a63fc7f392432b [LEADER]: Connected to new peer: Peer: permanent_uuid: "841e0f761cf4407792299decb988c31c" member_type: VOTER last_known_addr { host: "127.20.253.1" port: 39999 }, Status: LMP_MISMATCH, Last received: 0.0, Next index: 1, Last known committed idx: 0, Time since last communication: 0.000s
I20260709 12:08:15.402853 21869 consensus_queue.cc:1048] T 07ecebb8b352466dbdecfd33b08fa92d P dcc4d304ee7a49a1b0a63fc7f392432b [LEADER]: Connected to new peer: Peer: permanent_uuid: "61b167f67d8045a09240c8748083bdfa" member_type: VOTER last_known_addr { host: "127.20.253.3" port: 42353 }, Status: LMP_MISMATCH, Last received: 0.0, Next index: 1, Last known committed idx: 0, Time since last communication: 0.000s
I20260709 12:08:15.519960 21844 consensus_queue.cc:1048] T f7bfee56a57a4673bfca165cad6d2f8a P 61b167f67d8045a09240c8748083bdfa [LEADER]: Connected to new peer: Peer: permanent_uuid: "841e0f761cf4407792299decb988c31c" member_type: VOTER last_known_addr { host: "127.20.253.1" port: 39999 }, Status: LMP_MISMATCH, Last received: 0.0, Next index: 1, Last known committed idx: 0, Time since last communication: 0.000s
I20260709 12:08:15.523797 21844 raft_consensus.cc:993] T c81a9eff8edc4b649bf78b5d5edc19d3 P 61b167f67d8045a09240c8748083bdfa: : Instructing follower 841e0f761cf4407792299decb988c31c to start an election
I20260709 12:08:15.524219 21844 raft_consensus.cc:1081] T c81a9eff8edc4b649bf78b5d5edc19d3 P 61b167f67d8045a09240c8748083bdfa [term 1 LEADER]: Signalling peer 841e0f761cf4407792299decb988c31c to start an election
I20260709 12:08:15.525974 21627 tablet_service.cc:2044] Received Run Leader Election RPC: tablet_id: "c81a9eff8edc4b649bf78b5d5edc19d3"
dest_uuid: "841e0f761cf4407792299decb988c31c"
 from {username='slave'} at 127.0.0.1:34822
I20260709 12:08:15.526598 21627 raft_consensus.cc:493] T c81a9eff8edc4b649bf78b5d5edc19d3 P 841e0f761cf4407792299decb988c31c [term 1 FOLLOWER]: Starting forced leader election (received explicit request)
I20260709 12:08:15.526979 21627 raft_consensus.cc:3060] T c81a9eff8edc4b649bf78b5d5edc19d3 P 841e0f761cf4407792299decb988c31c [term 1 FOLLOWER]: Advancing to term 2
I20260709 12:08:15.535876 21627 raft_consensus.cc:515] T c81a9eff8edc4b649bf78b5d5edc19d3 P 841e0f761cf4407792299decb988c31c [term 2 FOLLOWER]: Starting forced leader election with config: opid_index: -1 OBSOLETE_local: false peers { permanent_uuid: "61b167f67d8045a09240c8748083bdfa" member_type: VOTER last_known_addr { host: "127.20.253.3" port: 42353 } } peers { permanent_uuid: "dcc4d304ee7a49a1b0a63fc7f392432b" member_type: VOTER last_known_addr { host: "127.20.253.2" port: 36297 } } peers { permanent_uuid: "841e0f761cf4407792299decb988c31c" member_type: VOTER last_known_addr { host: "127.20.253.1" port: 39999 } }
I20260709 12:08:15.539662 21844 consensus_queue.cc:1048] T f7bfee56a57a4673bfca165cad6d2f8a P 61b167f67d8045a09240c8748083bdfa [LEADER]: Connected to new peer: Peer: permanent_uuid: "dcc4d304ee7a49a1b0a63fc7f392432b" member_type: VOTER last_known_addr { host: "127.20.253.2" port: 36297 }, Status: LMP_MISMATCH, Last received: 0.0, Next index: 1, Last known committed idx: 0, Time since last communication: 0.000s
I20260709 12:08:15.541414 21627 leader_election.cc:290] T c81a9eff8edc4b649bf78b5d5edc19d3 P 841e0f761cf4407792299decb988c31c [CANDIDATE]: Term 2 election: Requested vote from peers 61b167f67d8045a09240c8748083bdfa (127.20.253.3:42353), dcc4d304ee7a49a1b0a63fc7f392432b (127.20.253.2:36297)
I20260709 12:08:15.542685 21776 tablet_service.cc:1917] Received RequestConsensusVote() RPC: tablet_id: "c81a9eff8edc4b649bf78b5d5edc19d3" candidate_uuid: "841e0f761cf4407792299decb988c31c" candidate_term: 2 candidate_status { last_received { term: 1 index: 1 } } ignore_live_leader: true dest_uuid: "61b167f67d8045a09240c8748083bdfa"
I20260709 12:08:15.542775 21701 tablet_service.cc:1917] Received RequestConsensusVote() RPC: tablet_id: "c81a9eff8edc4b649bf78b5d5edc19d3" candidate_uuid: "841e0f761cf4407792299decb988c31c" candidate_term: 2 candidate_status { last_received { term: 1 index: 1 } } ignore_live_leader: true dest_uuid: "dcc4d304ee7a49a1b0a63fc7f392432b"
I20260709 12:08:15.543330 21776 raft_consensus.cc:3055] T c81a9eff8edc4b649bf78b5d5edc19d3 P 61b167f67d8045a09240c8748083bdfa [term 1 LEADER]: Stepping down as leader of term 1
I20260709 12:08:15.543381 21701 raft_consensus.cc:3060] T c81a9eff8edc4b649bf78b5d5edc19d3 P dcc4d304ee7a49a1b0a63fc7f392432b [term 1 FOLLOWER]: Advancing to term 2
I20260709 12:08:15.543776 21776 raft_consensus.cc:740] T c81a9eff8edc4b649bf78b5d5edc19d3 P 61b167f67d8045a09240c8748083bdfa [term 1 LEADER]: Becoming Follower/Learner. State: Replica: 61b167f67d8045a09240c8748083bdfa, State: Running, Role: LEADER
I20260709 12:08:15.544600 21776 consensus_queue.cc:260] T c81a9eff8edc4b649bf78b5d5edc19d3 P 61b167f67d8045a09240c8748083bdfa [NON_LEADER]: Queue going to NON_LEADER mode. State: All replicated index: 0, Majority replicated index: 1, Committed index: 1, Last appended: 1.1, Last appended by leader: 1, Current term: 1, Majority size: -1, State: 0, Mode: NON_LEADER, active raft config: opid_index: -1 OBSOLETE_local: false peers { permanent_uuid: "61b167f67d8045a09240c8748083bdfa" member_type: VOTER last_known_addr { host: "127.20.253.3" port: 42353 } } peers { permanent_uuid: "dcc4d304ee7a49a1b0a63fc7f392432b" member_type: VOTER last_known_addr { host: "127.20.253.2" port: 36297 } } peers { permanent_uuid: "841e0f761cf4407792299decb988c31c" member_type: VOTER last_known_addr { host: "127.20.253.1" port: 39999 } }
I20260709 12:08:15.545997 21776 raft_consensus.cc:3060] T c81a9eff8edc4b649bf78b5d5edc19d3 P 61b167f67d8045a09240c8748083bdfa [term 1 FOLLOWER]: Advancing to term 2
I20260709 12:08:15.554980 21776 raft_consensus.cc:2468] T c81a9eff8edc4b649bf78b5d5edc19d3 P 61b167f67d8045a09240c8748083bdfa [term 2 FOLLOWER]: Leader election vote request: Granting yes vote for candidate 841e0f761cf4407792299decb988c31c in term 2.
I20260709 12:08:15.556429 21701 raft_consensus.cc:2468] T c81a9eff8edc4b649bf78b5d5edc19d3 P dcc4d304ee7a49a1b0a63fc7f392432b [term 2 FOLLOWER]: Leader election vote request: Granting yes vote for candidate 841e0f761cf4407792299decb988c31c in term 2.
I20260709 12:08:15.558323 21591 leader_election.cc:304] T c81a9eff8edc4b649bf78b5d5edc19d3 P 841e0f761cf4407792299decb988c31c [CANDIDATE]: Term 2 election: Election decided. Result: candidate won. Election summary: received 2 responses out of 3 voters: 2 yes votes; 0 no votes. yes voters: 841e0f761cf4407792299decb988c31c, dcc4d304ee7a49a1b0a63fc7f392432b; no voters: 
I20260709 12:08:15.560279 21828 raft_consensus.cc:2804] T c81a9eff8edc4b649bf78b5d5edc19d3 P 841e0f761cf4407792299decb988c31c [term 2 FOLLOWER]: Leader election won for term 2
I20260709 12:08:15.560761 21828 raft_consensus.cc:697] T c81a9eff8edc4b649bf78b5d5edc19d3 P 841e0f761cf4407792299decb988c31c [term 2 LEADER]: Becoming Leader. State: Replica: 841e0f761cf4407792299decb988c31c, State: Running, Role: LEADER
I20260709 12:08:15.561566 21828 consensus_queue.cc:237] T c81a9eff8edc4b649bf78b5d5edc19d3 P 841e0f761cf4407792299decb988c31c [LEADER]: Queue going to LEADER mode. State: All replicated index: 0, Majority replicated index: 1, Committed index: 1, Last appended: 1.1, Last appended by leader: 1, Current term: 2, Majority size: 2, State: 0, Mode: LEADER, active raft config: opid_index: -1 OBSOLETE_local: false peers { permanent_uuid: "61b167f67d8045a09240c8748083bdfa" member_type: VOTER last_known_addr { host: "127.20.253.3" port: 42353 } } peers { permanent_uuid: "dcc4d304ee7a49a1b0a63fc7f392432b" member_type: VOTER last_known_addr { host: "127.20.253.2" port: 36297 } } peers { permanent_uuid: "841e0f761cf4407792299decb988c31c" member_type: VOTER last_known_addr { host: "127.20.253.1" port: 39999 } }
I20260709 12:08:15.567221 21862 raft_consensus.cc:993] T 8df00226f6c443c0a29651385981b518 P 841e0f761cf4407792299decb988c31c: : Instructing follower dcc4d304ee7a49a1b0a63fc7f392432b to start an election
I20260709 12:08:15.567636 21862 raft_consensus.cc:1081] T 8df00226f6c443c0a29651385981b518 P 841e0f761cf4407792299decb988c31c [term 1 LEADER]: Signalling peer dcc4d304ee7a49a1b0a63fc7f392432b to start an election
I20260709 12:08:15.569432 21702 tablet_service.cc:2044] Received Run Leader Election RPC: tablet_id: "8df00226f6c443c0a29651385981b518"
dest_uuid: "dcc4d304ee7a49a1b0a63fc7f392432b"
 from {username='slave'} at 127.0.0.1:52564
I20260709 12:08:15.569945 21702 raft_consensus.cc:493] T 8df00226f6c443c0a29651385981b518 P dcc4d304ee7a49a1b0a63fc7f392432b [term 1 FOLLOWER]: Starting forced leader election (received explicit request)
I20260709 12:08:15.570318 21702 raft_consensus.cc:3060] T 8df00226f6c443c0a29651385981b518 P dcc4d304ee7a49a1b0a63fc7f392432b [term 1 FOLLOWER]: Advancing to term 2
I20260709 12:08:15.570731 21524 catalog_manager.cc:5697] T c81a9eff8edc4b649bf78b5d5edc19d3 P 841e0f761cf4407792299decb988c31c reported cstate change: term changed from 1 to 2, leader changed from 61b167f67d8045a09240c8748083bdfa (127.20.253.3) to 841e0f761cf4407792299decb988c31c (127.20.253.1). New cstate: current_term: 2 leader_uuid: "841e0f761cf4407792299decb988c31c" committed_config { opid_index: -1 OBSOLETE_local: false peers { permanent_uuid: "61b167f67d8045a09240c8748083bdfa" member_type: VOTER last_known_addr { host: "127.20.253.3" port: 42353 } health_report { overall_health: UNKNOWN } } peers { permanent_uuid: "dcc4d304ee7a49a1b0a63fc7f392432b" member_type: VOTER last_known_addr { host: "127.20.253.2" port: 36297 } health_report { overall_health: UNKNOWN } } peers { permanent_uuid: "841e0f761cf4407792299decb988c31c" member_type: VOTER last_known_addr { host: "127.20.253.1" port: 39999 } health_report { overall_health: HEALTHY } } }
I20260709 12:08:15.576664 21702 raft_consensus.cc:515] T 8df00226f6c443c0a29651385981b518 P dcc4d304ee7a49a1b0a63fc7f392432b [term 2 FOLLOWER]: Starting forced leader election with config: opid_index: -1 OBSOLETE_local: false peers { permanent_uuid: "841e0f761cf4407792299decb988c31c" member_type: VOTER last_known_addr { host: "127.20.253.1" port: 39999 } } peers { permanent_uuid: "dcc4d304ee7a49a1b0a63fc7f392432b" member_type: VOTER last_known_addr { host: "127.20.253.2" port: 36297 } } peers { permanent_uuid: "61b167f67d8045a09240c8748083bdfa" member_type: VOTER last_known_addr { host: "127.20.253.3" port: 42353 } }
I20260709 12:08:15.579228 21702 leader_election.cc:290] T 8df00226f6c443c0a29651385981b518 P dcc4d304ee7a49a1b0a63fc7f392432b [CANDIDATE]: Term 2 election: Requested vote from peers 841e0f761cf4407792299decb988c31c (127.20.253.1:39999), 61b167f67d8045a09240c8748083bdfa (127.20.253.3:42353)
I20260709 12:08:15.579694 21627 tablet_service.cc:1917] Received RequestConsensusVote() RPC: tablet_id: "8df00226f6c443c0a29651385981b518" candidate_uuid: "dcc4d304ee7a49a1b0a63fc7f392432b" candidate_term: 2 candidate_status { last_received { term: 1 index: 1 } } ignore_live_leader: true dest_uuid: "841e0f761cf4407792299decb988c31c"
I20260709 12:08:15.579713 21776 tablet_service.cc:1917] Received RequestConsensusVote() RPC: tablet_id: "8df00226f6c443c0a29651385981b518" candidate_uuid: "dcc4d304ee7a49a1b0a63fc7f392432b" candidate_term: 2 candidate_status { last_received { term: 1 index: 1 } } ignore_live_leader: true dest_uuid: "61b167f67d8045a09240c8748083bdfa"
I20260709 12:08:15.580412 21627 raft_consensus.cc:3055] T 8df00226f6c443c0a29651385981b518 P 841e0f761cf4407792299decb988c31c [term 1 LEADER]: Stepping down as leader of term 1
I20260709 12:08:15.580456 21776 raft_consensus.cc:3060] T 8df00226f6c443c0a29651385981b518 P 61b167f67d8045a09240c8748083bdfa [term 1 FOLLOWER]: Advancing to term 2
I20260709 12:08:15.580919 21627 raft_consensus.cc:740] T 8df00226f6c443c0a29651385981b518 P 841e0f761cf4407792299decb988c31c [term 1 LEADER]: Becoming Follower/Learner. State: Replica: 841e0f761cf4407792299decb988c31c, State: Running, Role: LEADER
I20260709 12:08:15.581707 21627 consensus_queue.cc:260] T 8df00226f6c443c0a29651385981b518 P 841e0f761cf4407792299decb988c31c [NON_LEADER]: Queue going to NON_LEADER mode. State: All replicated index: 0, Majority replicated index: 1, Committed index: 1, Last appended: 1.1, Last appended by leader: 1, Current term: 1, Majority size: -1, State: 0, Mode: NON_LEADER, active raft config: opid_index: -1 OBSOLETE_local: false peers { permanent_uuid: "841e0f761cf4407792299decb988c31c" member_type: VOTER last_known_addr { host: "127.20.253.1" port: 39999 } } peers { permanent_uuid: "dcc4d304ee7a49a1b0a63fc7f392432b" member_type: VOTER last_known_addr { host: "127.20.253.2" port: 36297 } } peers { permanent_uuid: "61b167f67d8045a09240c8748083bdfa" member_type: VOTER last_known_addr { host: "127.20.253.3" port: 42353 } }
I20260709 12:08:15.582845 21627 raft_consensus.cc:3060] T 8df00226f6c443c0a29651385981b518 P 841e0f761cf4407792299decb988c31c [term 1 FOLLOWER]: Advancing to term 2
I20260709 12:08:15.587131 21776 raft_consensus.cc:2468] T 8df00226f6c443c0a29651385981b518 P 61b167f67d8045a09240c8748083bdfa [term 2 FOLLOWER]: Leader election vote request: Granting yes vote for candidate dcc4d304ee7a49a1b0a63fc7f392432b in term 2.
I20260709 12:08:15.588322 21667 leader_election.cc:304] T 8df00226f6c443c0a29651385981b518 P dcc4d304ee7a49a1b0a63fc7f392432b [CANDIDATE]: Term 2 election: Election decided. Result: candidate won. Election summary: received 2 responses out of 3 voters: 2 yes votes; 0 no votes. yes voters: 61b167f67d8045a09240c8748083bdfa, dcc4d304ee7a49a1b0a63fc7f392432b; no voters: 
I20260709 12:08:15.589129 21869 raft_consensus.cc:2804] T 8df00226f6c443c0a29651385981b518 P dcc4d304ee7a49a1b0a63fc7f392432b [term 2 FOLLOWER]: Leader election won for term 2
I20260709 12:08:15.589170 21627 raft_consensus.cc:2468] T 8df00226f6c443c0a29651385981b518 P 841e0f761cf4407792299decb988c31c [term 2 FOLLOWER]: Leader election vote request: Granting yes vote for candidate dcc4d304ee7a49a1b0a63fc7f392432b in term 2.
I20260709 12:08:15.589707 21869 raft_consensus.cc:697] T 8df00226f6c443c0a29651385981b518 P dcc4d304ee7a49a1b0a63fc7f392432b [term 2 LEADER]: Becoming Leader. State: Replica: dcc4d304ee7a49a1b0a63fc7f392432b, State: Running, Role: LEADER
I20260709 12:08:15.590541 21869 consensus_queue.cc:237] T 8df00226f6c443c0a29651385981b518 P dcc4d304ee7a49a1b0a63fc7f392432b [LEADER]: Queue going to LEADER mode. State: All replicated index: 0, Majority replicated index: 1, Committed index: 1, Last appended: 1.1, Last appended by leader: 1, Current term: 2, Majority size: 2, State: 0, Mode: LEADER, active raft config: opid_index: -1 OBSOLETE_local: false peers { permanent_uuid: "841e0f761cf4407792299decb988c31c" member_type: VOTER last_known_addr { host: "127.20.253.1" port: 39999 } } peers { permanent_uuid: "dcc4d304ee7a49a1b0a63fc7f392432b" member_type: VOTER last_known_addr { host: "127.20.253.2" port: 36297 } } peers { permanent_uuid: "61b167f67d8045a09240c8748083bdfa" member_type: VOTER last_known_addr { host: "127.20.253.3" port: 42353 } }
I20260709 12:08:15.597045 21524 catalog_manager.cc:5697] T 8df00226f6c443c0a29651385981b518 P dcc4d304ee7a49a1b0a63fc7f392432b reported cstate change: term changed from 1 to 2, leader changed from 841e0f761cf4407792299decb988c31c (127.20.253.1) to dcc4d304ee7a49a1b0a63fc7f392432b (127.20.253.2). New cstate: current_term: 2 leader_uuid: "dcc4d304ee7a49a1b0a63fc7f392432b" committed_config { opid_index: -1 OBSOLETE_local: false peers { permanent_uuid: "841e0f761cf4407792299decb988c31c" member_type: VOTER last_known_addr { host: "127.20.253.1" port: 39999 } health_report { overall_health: UNKNOWN } } peers { permanent_uuid: "dcc4d304ee7a49a1b0a63fc7f392432b" member_type: VOTER last_known_addr { host: "127.20.253.2" port: 36297 } health_report { overall_health: HEALTHY } } peers { permanent_uuid: "61b167f67d8045a09240c8748083bdfa" member_type: VOTER last_known_addr { host: "127.20.253.3" port: 42353 } health_report { overall_health: UNKNOWN } } }
I20260709 12:08:15.717159 21702 raft_consensus.cc:1275] T 079f6794207142d29be88e1c88314ab3 P dcc4d304ee7a49a1b0a63fc7f392432b [term 2 FOLLOWER]: Refusing update from remote peer 841e0f761cf4407792299decb988c31c: Log matching property violated. Preceding OpId in replica: term: 1 index: 1. Preceding OpId from leader: term: 2 index: 2. (index mismatch)
I20260709 12:08:15.718392 21828 consensus_queue.cc:1048] T 079f6794207142d29be88e1c88314ab3 P 841e0f761cf4407792299decb988c31c [LEADER]: Connected to new peer: Peer: permanent_uuid: "dcc4d304ee7a49a1b0a63fc7f392432b" member_type: VOTER last_known_addr { host: "127.20.253.2" port: 36297 }, Status: LMP_MISMATCH, Last received: 0.0, Next index: 2, Last known committed idx: 1, Time since last communication: 0.000s
I20260709 12:08:15.727982 21776 raft_consensus.cc:1275] T 079f6794207142d29be88e1c88314ab3 P 61b167f67d8045a09240c8748083bdfa [term 2 FOLLOWER]: Refusing update from remote peer 841e0f761cf4407792299decb988c31c: Log matching property violated. Preceding OpId in replica: term: 1 index: 1. Preceding OpId from leader: term: 2 index: 2. (index mismatch)
I20260709 12:08:15.729350 21828 consensus_queue.cc:1048] T 079f6794207142d29be88e1c88314ab3 P 841e0f761cf4407792299decb988c31c [LEADER]: Connected to new peer: Peer: permanent_uuid: "61b167f67d8045a09240c8748083bdfa" member_type: VOTER last_known_addr { host: "127.20.253.3" port: 42353 }, Status: LMP_MISMATCH, Last received: 0.0, Next index: 2, Last known committed idx: 1, Time since last communication: 0.000s
I20260709 12:08:15.745206 21834 raft_consensus.cc:993] T 93a8be22cce64b8d99b95d445aa61d27 P 841e0f761cf4407792299decb988c31c: : Instructing follower dcc4d304ee7a49a1b0a63fc7f392432b to start an election
I20260709 12:08:15.745699 21834 raft_consensus.cc:1081] T 93a8be22cce64b8d99b95d445aa61d27 P 841e0f761cf4407792299decb988c31c [term 1 LEADER]: Signalling peer dcc4d304ee7a49a1b0a63fc7f392432b to start an election
I20260709 12:08:15.746799 21776 raft_consensus.cc:1275] T bdda75f8e8c54fec9fc1b2fee8d43b4d P 61b167f67d8045a09240c8748083bdfa [term 2 FOLLOWER]: Refusing update from remote peer 841e0f761cf4407792299decb988c31c: Log matching property violated. Preceding OpId in replica: term: 1 index: 1. Preceding OpId from leader: term: 2 index: 2. (index mismatch)
I20260709 12:08:15.747797 21702 tablet_service.cc:2044] Received Run Leader Election RPC: tablet_id: "93a8be22cce64b8d99b95d445aa61d27"
dest_uuid: "dcc4d304ee7a49a1b0a63fc7f392432b"
 from {username='slave'} at 127.0.0.1:52564
I20260709 12:08:15.748349 21834 consensus_queue.cc:1048] T bdda75f8e8c54fec9fc1b2fee8d43b4d P 841e0f761cf4407792299decb988c31c [LEADER]: Connected to new peer: Peer: permanent_uuid: "61b167f67d8045a09240c8748083bdfa" member_type: VOTER last_known_addr { host: "127.20.253.3" port: 42353 }, Status: LMP_MISMATCH, Last received: 0.0, Next index: 2, Last known committed idx: 1, Time since last communication: 0.000s
I20260709 12:08:15.750481 21702 raft_consensus.cc:493] T 93a8be22cce64b8d99b95d445aa61d27 P dcc4d304ee7a49a1b0a63fc7f392432b [term 1 FOLLOWER]: Starting forced leader election (received explicit request)
I20260709 12:08:15.750941 21702 raft_consensus.cc:3060] T 93a8be22cce64b8d99b95d445aa61d27 P dcc4d304ee7a49a1b0a63fc7f392432b [term 1 FOLLOWER]: Advancing to term 2
I20260709 12:08:15.751179 21844 raft_consensus.cc:993] T 1a401bb8587743428019d15e8fa37669 P 61b167f67d8045a09240c8748083bdfa: : Instructing follower 841e0f761cf4407792299decb988c31c to start an election
I20260709 12:08:15.751590 21844 raft_consensus.cc:1081] T 1a401bb8587743428019d15e8fa37669 P 61b167f67d8045a09240c8748083bdfa [term 1 LEADER]: Signalling peer 841e0f761cf4407792299decb988c31c to start an election
I20260709 12:08:15.753208 21627 tablet_service.cc:2044] Received Run Leader Election RPC: tablet_id: "1a401bb8587743428019d15e8fa37669"
dest_uuid: "841e0f761cf4407792299decb988c31c"
 from {username='slave'} at 127.0.0.1:34822
I20260709 12:08:15.753726 21627 raft_consensus.cc:493] T 1a401bb8587743428019d15e8fa37669 P 841e0f761cf4407792299decb988c31c [term 1 FOLLOWER]: Starting forced leader election (received explicit request)
I20260709 12:08:15.754058 21627 raft_consensus.cc:3060] T 1a401bb8587743428019d15e8fa37669 P 841e0f761cf4407792299decb988c31c [term 1 FOLLOWER]: Advancing to term 2
