I20260709 12:17:03.310389  7565 tablet_service.cc:1917] Received RequestConsensusVote() RPC: tablet_id: "f288f950b2924098acd948e532e49939" candidate_uuid: "86fdf8d8caa24291958b29beddc03265" candidate_term: 1 candidate_status { last_received { term: 0 index: 0 } } ignore_live_leader: false dest_uuid: "89f89701c5114dc695ef38b589da49d2" is_pre_election: true
I20260709 12:17:03.311995  7715 raft_consensus.cc:515] T f288f950b2924098acd948e532e49939 P 89f89701c5114dc695ef38b589da49d2 [term 1 FOLLOWER]: Starting leader election with config: opid_index: -1 OBSOLETE_local: false peers { permanent_uuid: "86fdf8d8caa24291958b29beddc03265" member_type: VOTER last_known_addr { host: "127.6.28.193" port: 39019 } } peers { permanent_uuid: "89f89701c5114dc695ef38b589da49d2" member_type: VOTER last_known_addr { host: "127.6.28.194" port: 35095 } } peers { permanent_uuid: "08b4e009c1484462ad96fa58f8302538" member_type: VOTER last_known_addr { host: "127.6.28.195" port: 34811 } }
I20260709 12:17:03.312944  7929 raft_consensus.cc:2804] T f288f950b2924098acd948e532e49939 P 86fdf8d8caa24291958b29beddc03265 [term 0 FOLLOWER]: Leader pre-election won for term 1
I20260709 12:17:03.313180  7565 raft_consensus.cc:2393] T f288f950b2924098acd948e532e49939 P 89f89701c5114dc695ef38b589da49d2 [term 1 FOLLOWER]: Leader pre-election vote request: Denying vote to candidate 86fdf8d8caa24291958b29beddc03265 in current term 1: Already voted for candidate 89f89701c5114dc695ef38b589da49d2 in this term.
I20260709 12:17:03.313331  7929 raft_consensus.cc:493] T f288f950b2924098acd948e532e49939 P 86fdf8d8caa24291958b29beddc03265 [term 0 FOLLOWER]: Starting leader election (no leader contacted us within the election timeout)
I20260709 12:17:03.313699  7929 raft_consensus.cc:3060] T f288f950b2924098acd948e532e49939 P 86fdf8d8caa24291958b29beddc03265 [term 0 FOLLOWER]: Advancing to term 1
I20260709 12:17:03.315193  7681 tablet_bootstrap.cc:492] T 6f03c28640734cc19e127c4130fc0806 P 08b4e009c1484462ad96fa58f8302538: No bootstrap required, opened a new log
I20260709 12:17:03.315681  7681 ts_tablet_manager.cc:1403] T 6f03c28640734cc19e127c4130fc0806 P 08b4e009c1484462ad96fa58f8302538: Time spent bootstrapping tablet: real 0.024s	user 0.009s	sys 0.007s
I20260709 12:17:03.317167  7715 leader_election.cc:290] T f288f950b2924098acd948e532e49939 P 89f89701c5114dc695ef38b589da49d2 [CANDIDATE]: Term 1 election: Requested vote from peers 86fdf8d8caa24291958b29beddc03265 (127.6.28.193:39019), 08b4e009c1484462ad96fa58f8302538 (127.6.28.195:34811)
I20260709 12:17:03.322621  7929 raft_consensus.cc:515] T f288f950b2924098acd948e532e49939 P 86fdf8d8caa24291958b29beddc03265 [term 1 FOLLOWER]: Starting leader election with config: opid_index: -1 OBSOLETE_local: false peers { permanent_uuid: "86fdf8d8caa24291958b29beddc03265" member_type: VOTER last_known_addr { host: "127.6.28.193" port: 39019 } } peers { permanent_uuid: "89f89701c5114dc695ef38b589da49d2" member_type: VOTER last_known_addr { host: "127.6.28.194" port: 35095 } } peers { permanent_uuid: "08b4e009c1484462ad96fa58f8302538" member_type: VOTER last_known_addr { host: "127.6.28.195" port: 34811 } }
I20260709 12:17:03.323638  7679 tablet_bootstrap.cc:492] T 905a67d433d347d5bba0d8959aeb470c P 89f89701c5114dc695ef38b589da49d2: No bootstrap required, opened a new log
I20260709 12:17:03.323669  7681 raft_consensus.cc:359] T 6f03c28640734cc19e127c4130fc0806 P 08b4e009c1484462ad96fa58f8302538 [term 0 FOLLOWER]: Replica starting. Triggering 0 pending ops. Active config: opid_index: -1 OBSOLETE_local: false peers { permanent_uuid: "86fdf8d8caa24291958b29beddc03265" member_type: VOTER last_known_addr { host: "127.6.28.193" port: 39019 } } peers { permanent_uuid: "89f89701c5114dc695ef38b589da49d2" member_type: VOTER last_known_addr { host: "127.6.28.194" port: 35095 } } peers { permanent_uuid: "08b4e009c1484462ad96fa58f8302538" member_type: VOTER last_known_addr { host: "127.6.28.195" port: 34811 } }
I20260709 12:17:03.324168  7679 ts_tablet_manager.cc:1403] T 905a67d433d347d5bba0d8959aeb470c P 89f89701c5114dc695ef38b589da49d2: Time spent bootstrapping tablet: real 0.106s	user 0.009s	sys 0.005s
I20260709 12:17:03.324401  7681 raft_consensus.cc:385] T 6f03c28640734cc19e127c4130fc0806 P 08b4e009c1484462ad96fa58f8302538 [term 0 FOLLOWER]: Consensus starting up: Expiring failure detector timer to make a prompt election more likely
I20260709 12:17:03.324666  7681 raft_consensus.cc:740] T 6f03c28640734cc19e127c4130fc0806 P 08b4e009c1484462ad96fa58f8302538 [term 0 FOLLOWER]: Becoming Follower/Learner. State: Replica: 08b4e009c1484462ad96fa58f8302538, State: Initialized, Role: FOLLOWER
I20260709 12:17:03.324788  7929 leader_election.cc:290] T f288f950b2924098acd948e532e49939 P 86fdf8d8caa24291958b29beddc03265 [CANDIDATE]: Term 1 election: Requested vote from peers 89f89701c5114dc695ef38b589da49d2 (127.6.28.194:35095), 08b4e009c1484462ad96fa58f8302538 (127.6.28.195:34811)
I20260709 12:17:03.325248  7681 consensus_queue.cc:260] T 6f03c28640734cc19e127c4130fc0806 P 08b4e009c1484462ad96fa58f8302538 [NON_LEADER]: Queue going to NON_LEADER mode. State: All replicated index: 0, Majority replicated index: 0, Committed index: 0, Last appended: 0.0, Last appended by leader: 0, Current term: 0, Majority size: -1, State: 0, Mode: NON_LEADER, active raft config: opid_index: -1 OBSOLETE_local: false peers { permanent_uuid: "86fdf8d8caa24291958b29beddc03265" member_type: VOTER last_known_addr { host: "127.6.28.193" port: 39019 } } peers { permanent_uuid: "89f89701c5114dc695ef38b589da49d2" member_type: VOTER last_known_addr { host: "127.6.28.194" port: 35095 } } peers { permanent_uuid: "08b4e009c1484462ad96fa58f8302538" member_type: VOTER last_known_addr { host: "127.6.28.195" port: 34811 } }
I20260709 12:17:03.369505  7639 tablet_service.cc:1917] Received RequestConsensusVote() RPC: tablet_id: "f288f950b2924098acd948e532e49939" candidate_uuid: "86fdf8d8caa24291958b29beddc03265" candidate_term: 1 candidate_status { last_received { term: 0 index: 0 } } ignore_live_leader: false dest_uuid: "08b4e009c1484462ad96fa58f8302538"
I20260709 12:17:03.371117  7639 raft_consensus.cc:3060] T f288f950b2924098acd948e532e49939 P 08b4e009c1484462ad96fa58f8302538 [term 0 FOLLOWER]: Advancing to term 1
I20260709 12:17:03.384274  7854 raft_consensus.cc:493] T f94ed375425a46e2ba0822d3eb563a1f P 08b4e009c1484462ad96fa58f8302538 [term 0 FOLLOWER]: Starting pre-election (no leader contacted us within the election timeout)
I20260709 12:17:03.385229  7854 raft_consensus.cc:515] T f94ed375425a46e2ba0822d3eb563a1f P 08b4e009c1484462ad96fa58f8302538 [term 0 FOLLOWER]: Starting pre-election with config: opid_index: -1 OBSOLETE_local: false peers { permanent_uuid: "86fdf8d8caa24291958b29beddc03265" member_type: VOTER last_known_addr { host: "127.6.28.193" port: 39019 } } peers { permanent_uuid: "89f89701c5114dc695ef38b589da49d2" member_type: VOTER last_known_addr { host: "127.6.28.194" port: 35095 } } peers { permanent_uuid: "08b4e009c1484462ad96fa58f8302538" member_type: VOTER last_known_addr { host: "127.6.28.195" port: 34811 } }
I20260709 12:17:03.387954  7634 tablet_service.cc:1917] Received RequestConsensusVote() RPC: tablet_id: "f288f950b2924098acd948e532e49939" candidate_uuid: "89f89701c5114dc695ef38b589da49d2" candidate_term: 1 candidate_status { last_received { term: 0 index: 0 } } ignore_live_leader: false dest_uuid: "08b4e009c1484462ad96fa58f8302538"
I20260709 12:17:03.388617  7854 leader_election.cc:290] T f94ed375425a46e2ba0822d3eb563a1f P 08b4e009c1484462ad96fa58f8302538 [CANDIDATE]: Term 1 pre-election: Requested pre-vote from peers 86fdf8d8caa24291958b29beddc03265 (127.6.28.193:39019), 89f89701c5114dc695ef38b589da49d2 (127.6.28.194:35095)
I20260709 12:17:03.390648  7564 tablet_service.cc:1917] Received RequestConsensusVote() RPC: tablet_id: "f94ed375425a46e2ba0822d3eb563a1f" candidate_uuid: "08b4e009c1484462ad96fa58f8302538" candidate_term: 1 candidate_status { last_received { term: 0 index: 0 } } ignore_live_leader: false dest_uuid: "89f89701c5114dc695ef38b589da49d2" is_pre_election: true
W20260709 12:17:03.395574  7603 leader_election.cc:343] T f94ed375425a46e2ba0822d3eb563a1f P 08b4e009c1484462ad96fa58f8302538 [CANDIDATE]: Term 1 pre-election: Tablet error from VoteRequest() call to peer 89f89701c5114dc695ef38b589da49d2 (127.6.28.194:35095): Illegal state: must be running to vote when last-logged opid is not known
I20260709 12:17:03.395817  7565 tablet_service.cc:1917] Received RequestConsensusVote() RPC: tablet_id: "f288f950b2924098acd948e532e49939" candidate_uuid: "86fdf8d8caa24291958b29beddc03265" candidate_term: 1 candidate_status { last_received { term: 0 index: 0 } } ignore_live_leader: false dest_uuid: "89f89701c5114dc695ef38b589da49d2"
I20260709 12:17:03.396824  7565 raft_consensus.cc:2393] T f288f950b2924098acd948e532e49939 P 89f89701c5114dc695ef38b589da49d2 [term 1 FOLLOWER]: Leader election vote request: Denying vote to candidate 86fdf8d8caa24291958b29beddc03265 in current term 1: Already voted for candidate 89f89701c5114dc695ef38b589da49d2 in this term.
I20260709 12:17:03.406409  7488 tablet_service.cc:1917] Received RequestConsensusVote() RPC: tablet_id: "f288f950b2924098acd948e532e49939" candidate_uuid: "89f89701c5114dc695ef38b589da49d2" candidate_term: 1 candidate_status { last_received { term: 0 index: 0 } } ignore_live_leader: false dest_uuid: "86fdf8d8caa24291958b29beddc03265"
I20260709 12:17:03.406948  7892 raft_consensus.cc:493] T c0991e23ea9e4cdd8231129165da8b92 P 89f89701c5114dc695ef38b589da49d2 [term 0 FOLLOWER]: Starting pre-election (no leader contacted us within the election timeout)
I20260709 12:17:03.407639  7488 raft_consensus.cc:2393] T f288f950b2924098acd948e532e49939 P 86fdf8d8caa24291958b29beddc03265 [term 1 FOLLOWER]: Leader election vote request: Denying vote to candidate 89f89701c5114dc695ef38b589da49d2 in current term 1: Already voted for candidate 86fdf8d8caa24291958b29beddc03265 in this term.
I20260709 12:17:03.407789  7892 raft_consensus.cc:515] T c0991e23ea9e4cdd8231129165da8b92 P 89f89701c5114dc695ef38b589da49d2 [term 0 FOLLOWER]: Starting pre-election with config: opid_index: -1 OBSOLETE_local: false peers { permanent_uuid: "86fdf8d8caa24291958b29beddc03265" member_type: VOTER last_known_addr { host: "127.6.28.193" port: 39019 } } peers { permanent_uuid: "89f89701c5114dc695ef38b589da49d2" member_type: VOTER last_known_addr { host: "127.6.28.194" port: 35095 } } peers { permanent_uuid: "08b4e009c1484462ad96fa58f8302538" member_type: VOTER last_known_addr { host: "127.6.28.195" port: 34811 } }
I20260709 12:17:03.411239  7892 leader_election.cc:290] T c0991e23ea9e4cdd8231129165da8b92 P 89f89701c5114dc695ef38b589da49d2 [CANDIDATE]: Term 1 pre-election: Requested pre-vote from peers 86fdf8d8caa24291958b29beddc03265 (127.6.28.193:39019), 08b4e009c1484462ad96fa58f8302538 (127.6.28.195:34811)
I20260709 12:17:03.415028  7531 leader_election.cc:304] T f288f950b2924098acd948e532e49939 P 89f89701c5114dc695ef38b589da49d2 [CANDIDATE]: Term 1 election: Election decided. Result: candidate lost. Election summary: received 3 responses out of 3 voters: 1 yes votes; 2 no votes. yes voters: 89f89701c5114dc695ef38b589da49d2; no voters: 08b4e009c1484462ad96fa58f8302538, 86fdf8d8caa24291958b29beddc03265
I20260709 12:17:03.419257  7970 raft_consensus.cc:2749] T f288f950b2924098acd948e532e49939 P 89f89701c5114dc695ef38b589da49d2 [term 1 FOLLOWER]: Leader election lost for term 1. Reason: could not achieve majority
I20260709 12:17:03.419593  7490 tablet_service.cc:1917] Received RequestConsensusVote() RPC: tablet_id: "f94ed375425a46e2ba0822d3eb563a1f" candidate_uuid: "08b4e009c1484462ad96fa58f8302538" candidate_term: 1 candidate_status { last_received { term: 0 index: 0 } } ignore_live_leader: false dest_uuid: "86fdf8d8caa24291958b29beddc03265" is_pre_election: true
I20260709 12:17:03.419243  7634 tablet_service.cc:1917] Received RequestConsensusVote() RPC: tablet_id: "c0991e23ea9e4cdd8231129165da8b92" candidate_uuid: "89f89701c5114dc695ef38b589da49d2" candidate_term: 1 candidate_status { last_received { term: 0 index: 0 } } ignore_live_leader: false dest_uuid: "08b4e009c1484462ad96fa58f8302538" is_pre_election: true
I20260709 12:17:03.420423  7490 raft_consensus.cc:2468] T f94ed375425a46e2ba0822d3eb563a1f P 86fdf8d8caa24291958b29beddc03265 [term 0 FOLLOWER]: Leader pre-election vote request: Granting yes vote for candidate 08b4e009c1484462ad96fa58f8302538 in term 0.
W20260709 12:17:03.423877  7530 leader_election.cc:343] T c0991e23ea9e4cdd8231129165da8b92 P 89f89701c5114dc695ef38b589da49d2 [CANDIDATE]: Term 1 pre-election: Tablet error from VoteRequest() call to peer 08b4e009c1484462ad96fa58f8302538 (127.6.28.195:34811): Illegal state: must be running to vote when last-logged opid is not known
I20260709 12:17:03.424147  7605 leader_election.cc:304] T f94ed375425a46e2ba0822d3eb563a1f P 08b4e009c1484462ad96fa58f8302538 [CANDIDATE]: Term 1 pre-election: Election decided. Result: candidate won. Election summary: received 3 responses out of 3 voters: 2 yes votes; 1 no votes. yes voters: 08b4e009c1484462ad96fa58f8302538, 86fdf8d8caa24291958b29beddc03265; no voters: 89f89701c5114dc695ef38b589da49d2
I20260709 12:17:03.425587  7973 raft_consensus.cc:2804] T f94ed375425a46e2ba0822d3eb563a1f P 08b4e009c1484462ad96fa58f8302538 [term 0 FOLLOWER]: Leader pre-election won for term 1
I20260709 12:17:03.426086  7973 raft_consensus.cc:493] T f94ed375425a46e2ba0822d3eb563a1f P 08b4e009c1484462ad96fa58f8302538 [term 0 FOLLOWER]: Starting leader election (no leader contacted us within the election timeout)
I20260709 12:17:03.426484  7973 raft_consensus.cc:3060] T f94ed375425a46e2ba0822d3eb563a1f P 08b4e009c1484462ad96fa58f8302538 [term 0 FOLLOWER]: Advancing to term 1
I20260709 12:17:03.432974  7680 tablet_bootstrap.cc:492] T 905a67d433d347d5bba0d8959aeb470c P 86fdf8d8caa24291958b29beddc03265: No bootstrap required, opened a new log
I20260709 12:17:03.435254  7490 tablet_service.cc:1917] Received RequestConsensusVote() RPC: tablet_id: "c0991e23ea9e4cdd8231129165da8b92" candidate_uuid: "89f89701c5114dc695ef38b589da49d2" candidate_term: 1 candidate_status { last_received { term: 0 index: 0 } } ignore_live_leader: false dest_uuid: "86fdf8d8caa24291958b29beddc03265" is_pre_election: true
I20260709 12:17:03.435307  7681 ts_tablet_manager.cc:1434] T 6f03c28640734cc19e127c4130fc0806 P 08b4e009c1484462ad96fa58f8302538: Time spent starting tablet: real 0.119s	user 0.009s	sys 0.008s
I20260709 12:17:03.439752  7681 tablet_bootstrap.cc:492] T 8b172b62b66c48d4a8e3674ebed34096 P 08b4e009c1484462ad96fa58f8302538: Bootstrap starting.
W20260709 12:17:03.440517  7531 leader_election.cc:343] T c0991e23ea9e4cdd8231129165da8b92 P 89f89701c5114dc695ef38b589da49d2 [CANDIDATE]: Term 1 pre-election: Tablet error from VoteRequest() call to peer 86fdf8d8caa24291958b29beddc03265 (127.6.28.193:39019): Illegal state: must be running to vote when last-logged opid is not known
I20260709 12:17:03.440984  7531 leader_election.cc:304] T c0991e23ea9e4cdd8231129165da8b92 P 89f89701c5114dc695ef38b589da49d2 [CANDIDATE]: Term 1 pre-election: Election decided. Result: candidate lost. Election summary: received 3 responses out of 3 voters: 1 yes votes; 2 no votes. yes voters: 89f89701c5114dc695ef38b589da49d2; no voters: 08b4e009c1484462ad96fa58f8302538, 86fdf8d8caa24291958b29beddc03265
I20260709 12:17:03.441905  7715 raft_consensus.cc:2749] T c0991e23ea9e4cdd8231129165da8b92 P 89f89701c5114dc695ef38b589da49d2 [term 0 FOLLOWER]: Leader pre-election lost for term 1. Reason: could not achieve majority
I20260709 12:17:03.385389  7679 raft_consensus.cc:359] T 905a67d433d347d5bba0d8959aeb470c P 89f89701c5114dc695ef38b589da49d2 [term 0 FOLLOWER]: Replica starting. Triggering 0 pending ops. Active config: opid_index: -1 OBSOLETE_local: false peers { permanent_uuid: "86fdf8d8caa24291958b29beddc03265" member_type: VOTER last_known_addr { host: "127.6.28.193" port: 39019 } } peers { permanent_uuid: "89f89701c5114dc695ef38b589da49d2" member_type: VOTER last_known_addr { host: "127.6.28.194" port: 35095 } } peers { permanent_uuid: "08b4e009c1484462ad96fa58f8302538" member_type: VOTER last_known_addr { host: "127.6.28.195" port: 34811 } }
I20260709 12:17:03.448897  7679 raft_consensus.cc:385] T 905a67d433d347d5bba0d8959aeb470c P 89f89701c5114dc695ef38b589da49d2 [term 0 FOLLOWER]: Consensus starting up: Expiring failure detector timer to make a prompt election more likely
I20260709 12:17:03.450681  7679 raft_consensus.cc:740] T 905a67d433d347d5bba0d8959aeb470c P 89f89701c5114dc695ef38b589da49d2 [term 0 FOLLOWER]: Becoming Follower/Learner. State: Replica: 89f89701c5114dc695ef38b589da49d2, State: Initialized, Role: FOLLOWER
I20260709 12:17:03.460757  7973 raft_consensus.cc:515] T f94ed375425a46e2ba0822d3eb563a1f P 08b4e009c1484462ad96fa58f8302538 [term 1 FOLLOWER]: Starting leader election with config: opid_index: -1 OBSOLETE_local: false peers { permanent_uuid: "86fdf8d8caa24291958b29beddc03265" member_type: VOTER last_known_addr { host: "127.6.28.193" port: 39019 } } peers { permanent_uuid: "89f89701c5114dc695ef38b589da49d2" member_type: VOTER last_known_addr { host: "127.6.28.194" port: 35095 } } peers { permanent_uuid: "08b4e009c1484462ad96fa58f8302538" member_type: VOTER last_known_addr { host: "127.6.28.195" port: 34811 } }
I20260709 12:17:03.464319  7681 tablet_bootstrap.cc:654] T 8b172b62b66c48d4a8e3674ebed34096 P 08b4e009c1484462ad96fa58f8302538: Neither blocks nor log segments found. Creating new log.
I20260709 12:17:03.466755  7973 leader_election.cc:290] T f94ed375425a46e2ba0822d3eb563a1f P 08b4e009c1484462ad96fa58f8302538 [CANDIDATE]: Term 1 election: Requested vote from peers 86fdf8d8caa24291958b29beddc03265 (127.6.28.193:39019), 89f89701c5114dc695ef38b589da49d2 (127.6.28.194:35095)
I20260709 12:17:03.466586  7679 consensus_queue.cc:260] T 905a67d433d347d5bba0d8959aeb470c P 89f89701c5114dc695ef38b589da49d2 [NON_LEADER]: Queue going to NON_LEADER mode. State: All replicated index: 0, Majority replicated index: 0, Committed index: 0, Last appended: 0.0, Last appended by leader: 0, Current term: 0, Majority size: -1, State: 0, Mode: NON_LEADER, active raft config: opid_index: -1 OBSOLETE_local: false peers { permanent_uuid: "86fdf8d8caa24291958b29beddc03265" member_type: VOTER last_known_addr { host: "127.6.28.193" port: 39019 } } peers { permanent_uuid: "89f89701c5114dc695ef38b589da49d2" member_type: VOTER last_known_addr { host: "127.6.28.194" port: 35095 } } peers { permanent_uuid: "08b4e009c1484462ad96fa58f8302538" member_type: VOTER last_known_addr { host: "127.6.28.195" port: 34811 } }
I20260709 12:17:03.460762  7639 raft_consensus.cc:2468] T f288f950b2924098acd948e532e49939 P 08b4e009c1484462ad96fa58f8302538 [term 1 FOLLOWER]: Leader election vote request: Granting yes vote for candidate 86fdf8d8caa24291958b29beddc03265 in term 1.
I20260709 12:17:03.470857  7680 ts_tablet_manager.cc:1403] T 905a67d433d347d5bba0d8959aeb470c P 86fdf8d8caa24291958b29beddc03265: Time spent bootstrapping tablet: real 0.211s	user 0.005s	sys 0.015s
I20260709 12:17:03.473887  7490 tablet_service.cc:1917] Received RequestConsensusVote() RPC: tablet_id: "f94ed375425a46e2ba0822d3eb563a1f" candidate_uuid: "08b4e009c1484462ad96fa58f8302538" candidate_term: 1 candidate_status { last_received { term: 0 index: 0 } } ignore_live_leader: false dest_uuid: "86fdf8d8caa24291958b29beddc03265"
I20260709 12:17:03.474619  7490 raft_consensus.cc:3060] T f94ed375425a46e2ba0822d3eb563a1f P 86fdf8d8caa24291958b29beddc03265 [term 0 FOLLOWER]: Advancing to term 1
I20260709 12:17:03.475656  7455 leader_election.cc:304] T f288f950b2924098acd948e532e49939 P 86fdf8d8caa24291958b29beddc03265 [CANDIDATE]: Term 1 election: Election decided. Result: candidate won. Election summary: received 3 responses out of 3 voters: 2 yes votes; 1 no votes. yes voters: 08b4e009c1484462ad96fa58f8302538, 86fdf8d8caa24291958b29beddc03265; no voters: 89f89701c5114dc695ef38b589da49d2
I20260709 12:17:03.478307  7808 raft_consensus.cc:2804] T f288f950b2924098acd948e532e49939 P 86fdf8d8caa24291958b29beddc03265 [term 1 FOLLOWER]: Leader election won for term 1
I20260709 12:17:03.479015  7565 tablet_service.cc:1917] Received RequestConsensusVote() RPC: tablet_id: "f94ed375425a46e2ba0822d3eb563a1f" candidate_uuid: "08b4e009c1484462ad96fa58f8302538" candidate_term: 1 candidate_status { last_received { term: 0 index: 0 } } ignore_live_leader: false dest_uuid: "89f89701c5114dc695ef38b589da49d2"
I20260709 12:17:03.479070  7808 raft_consensus.cc:697] T f288f950b2924098acd948e532e49939 P 86fdf8d8caa24291958b29beddc03265 [term 1 LEADER]: Becoming Leader. State: Replica: 86fdf8d8caa24291958b29beddc03265, State: Running, Role: LEADER
I20260709 12:17:03.481520  7808 consensus_queue.cc:237] T f288f950b2924098acd948e532e49939 P 86fdf8d8caa24291958b29beddc03265 [LEADER]: Queue going to LEADER mode. State: All replicated index: 0, Majority replicated index: 0, Committed index: 0, Last appended: 0.0, Last appended by leader: 0, Current term: 1, Majority size: 2, State: 0, Mode: LEADER, active raft config: opid_index: -1 OBSOLETE_local: false peers { permanent_uuid: "86fdf8d8caa24291958b29beddc03265" member_type: VOTER last_known_addr { host: "127.6.28.193" port: 39019 } } peers { permanent_uuid: "89f89701c5114dc695ef38b589da49d2" member_type: VOTER last_known_addr { host: "127.6.28.194" port: 35095 } } peers { permanent_uuid: "08b4e009c1484462ad96fa58f8302538" member_type: VOTER last_known_addr { host: "127.6.28.195" port: 34811 } }
I20260709 12:17:03.482216  7385 catalog_manager.cc:5697] T 37898b43a67b4aa39b76c1c63c5f1256 P 89f89701c5114dc695ef38b589da49d2 reported cstate change: term changed from 0 to 1, leader changed from <none> to 89f89701c5114dc695ef38b589da49d2 (127.6.28.194). New cstate: current_term: 1 leader_uuid: "89f89701c5114dc695ef38b589da49d2" committed_config { opid_index: -1 OBSOLETE_local: false peers { permanent_uuid: "86fdf8d8caa24291958b29beddc03265" member_type: VOTER last_known_addr { host: "127.6.28.193" port: 39019 } health_report { overall_health: UNKNOWN } } peers { permanent_uuid: "89f89701c5114dc695ef38b589da49d2" member_type: VOTER last_known_addr { host: "127.6.28.194" port: 35095 } health_report { overall_health: HEALTHY } } peers { permanent_uuid: "08b4e009c1484462ad96fa58f8302538" member_type: VOTER last_known_addr { host: "127.6.28.195" port: 34811 } health_report { overall_health: UNKNOWN } } }
I20260709 12:17:03.486267  7385 catalog_manager.cc:5697] T 1f3a660756064b4f90dd8f6d7c2dd3ae P 89f89701c5114dc695ef38b589da49d2 reported cstate change: term changed from 0 to 1, leader changed from <none> to 89f89701c5114dc695ef38b589da49d2 (127.6.28.194). New cstate: current_term: 1 leader_uuid: "89f89701c5114dc695ef38b589da49d2" committed_config { opid_index: -1 OBSOLETE_local: false peers { permanent_uuid: "86fdf8d8caa24291958b29beddc03265" member_type: VOTER last_known_addr { host: "127.6.28.193" port: 39019 } health_report { overall_health: UNKNOWN } } peers { permanent_uuid: "89f89701c5114dc695ef38b589da49d2" member_type: VOTER last_known_addr { host: "127.6.28.194" port: 35095 } health_report { overall_health: HEALTHY } } peers { permanent_uuid: "08b4e009c1484462ad96fa58f8302538" member_type: VOTER last_known_addr { host: "127.6.28.195" port: 34811 } health_report { overall_health: UNKNOWN } } }
I20260709 12:17:03.486789  7490 raft_consensus.cc:2468] T f94ed375425a46e2ba0822d3eb563a1f P 86fdf8d8caa24291958b29beddc03265 [term 1 FOLLOWER]: Leader election vote request: Granting yes vote for candidate 08b4e009c1484462ad96fa58f8302538 in term 1.
W20260709 12:17:03.487433  7603 leader_election.cc:343] T f94ed375425a46e2ba0822d3eb563a1f P 08b4e009c1484462ad96fa58f8302538 [CANDIDATE]: Term 1 election: Tablet error from VoteRequest() call to peer 89f89701c5114dc695ef38b589da49d2 (127.6.28.194:35095): Illegal state: must be running to vote when last-logged opid is not known
I20260709 12:17:03.503753  7605 leader_election.cc:304] T f94ed375425a46e2ba0822d3eb563a1f P 08b4e009c1484462ad96fa58f8302538 [CANDIDATE]: Term 1 election: Election decided. Result: candidate won. Election summary: received 3 responses out of 3 voters: 2 yes votes; 1 no votes. yes voters: 08b4e009c1484462ad96fa58f8302538, 86fdf8d8caa24291958b29beddc03265; no voters: 89f89701c5114dc695ef38b589da49d2
I20260709 12:17:03.506255  7822 raft_consensus.cc:493] T 6f03c28640734cc19e127c4130fc0806 P 08b4e009c1484462ad96fa58f8302538 [term 0 FOLLOWER]: Starting pre-election (no leader contacted us within the election timeout)
I20260709 12:17:03.506819  7822 raft_consensus.cc:515] T 6f03c28640734cc19e127c4130fc0806 P 08b4e009c1484462ad96fa58f8302538 [term 0 FOLLOWER]: Starting pre-election with config: opid_index: -1 OBSOLETE_local: false peers { permanent_uuid: "86fdf8d8caa24291958b29beddc03265" member_type: VOTER last_known_addr { host: "127.6.28.193" port: 39019 } } peers { permanent_uuid: "89f89701c5114dc695ef38b589da49d2" member_type: VOTER last_known_addr { host: "127.6.28.194" port: 35095 } } peers { permanent_uuid: "08b4e009c1484462ad96fa58f8302538" member_type: VOTER last_known_addr { host: "127.6.28.195" port: 34811 } }
I20260709 12:17:03.508904  7822 leader_election.cc:290] T 6f03c28640734cc19e127c4130fc0806 P 08b4e009c1484462ad96fa58f8302538 [CANDIDATE]: Term 1 pre-election: Requested pre-vote from peers 86fdf8d8caa24291958b29beddc03265 (127.6.28.193:39019), 89f89701c5114dc695ef38b589da49d2 (127.6.28.194:35095)
I20260709 12:17:03.506819  7973 raft_consensus.cc:2804] T f94ed375425a46e2ba0822d3eb563a1f P 08b4e009c1484462ad96fa58f8302538 [term 1 FOLLOWER]: Leader election won for term 1
I20260709 12:17:03.510344  7973 raft_consensus.cc:697] T f94ed375425a46e2ba0822d3eb563a1f P 08b4e009c1484462ad96fa58f8302538 [term 1 LEADER]: Becoming Leader. State: Replica: 08b4e009c1484462ad96fa58f8302538, State: Running, Role: LEADER
I20260709 12:17:03.511914  7565 tablet_service.cc:1917] Received RequestConsensusVote() RPC: tablet_id: "6f03c28640734cc19e127c4130fc0806" candidate_uuid: "08b4e009c1484462ad96fa58f8302538" candidate_term: 1 candidate_status { last_received { term: 0 index: 0 } } ignore_live_leader: false dest_uuid: "89f89701c5114dc695ef38b589da49d2" is_pre_election: true
I20260709 12:17:03.511332  7973 consensus_queue.cc:237] T f94ed375425a46e2ba0822d3eb563a1f P 08b4e009c1484462ad96fa58f8302538 [LEADER]: Queue going to LEADER mode. State: All replicated index: 0, Majority replicated index: 0, Committed index: 0, Last appended: 0.0, Last appended by leader: 0, Current term: 1, Majority size: 2, State: 0, Mode: LEADER, active raft config: opid_index: -1 OBSOLETE_local: false peers { permanent_uuid: "86fdf8d8caa24291958b29beddc03265" member_type: VOTER last_known_addr { host: "127.6.28.193" port: 39019 } } peers { permanent_uuid: "89f89701c5114dc695ef38b589da49d2" member_type: VOTER last_known_addr { host: "127.6.28.194" port: 35095 } } peers { permanent_uuid: "08b4e009c1484462ad96fa58f8302538" member_type: VOTER last_known_addr { host: "127.6.28.195" port: 34811 } }
W20260709 12:17:03.513090  7603 leader_election.cc:343] T 6f03c28640734cc19e127c4130fc0806 P 08b4e009c1484462ad96fa58f8302538 [CANDIDATE]: Term 1 pre-election: Tablet error from VoteRequest() call to peer 89f89701c5114dc695ef38b589da49d2 (127.6.28.194:35095): Illegal state: must be running to vote when last-logged opid is not known
I20260709 12:17:03.527861  7490 tablet_service.cc:1917] Received RequestConsensusVote() RPC: tablet_id: "6f03c28640734cc19e127c4130fc0806" candidate_uuid: "08b4e009c1484462ad96fa58f8302538" candidate_term: 1 candidate_status { last_received { term: 0 index: 0 } } ignore_live_leader: false dest_uuid: "86fdf8d8caa24291958b29beddc03265" is_pre_election: true
I20260709 12:17:03.530261  7490 raft_consensus.cc:2468] T 6f03c28640734cc19e127c4130fc0806 P 86fdf8d8caa24291958b29beddc03265 [term 0 FOLLOWER]: Leader pre-election vote request: Granting yes vote for candidate 08b4e009c1484462ad96fa58f8302538 in term 0.
I20260709 12:17:03.488620  7679 ts_tablet_manager.cc:1434] T 905a67d433d347d5bba0d8959aeb470c P 89f89701c5114dc695ef38b589da49d2: Time spent starting tablet: real 0.164s	user 0.007s	sys 0.005s
I20260709 12:17:03.501540  7680 raft_consensus.cc:359] T 905a67d433d347d5bba0d8959aeb470c P 86fdf8d8caa24291958b29beddc03265 [term 0 FOLLOWER]: Replica starting. Triggering 0 pending ops. Active config: opid_index: -1 OBSOLETE_local: false peers { permanent_uuid: "86fdf8d8caa24291958b29beddc03265" member_type: VOTER last_known_addr { host: "127.6.28.193" port: 39019 } } peers { permanent_uuid: "89f89701c5114dc695ef38b589da49d2" member_type: VOTER last_known_addr { host: "127.6.28.194" port: 35095 } } peers { permanent_uuid: "08b4e009c1484462ad96fa58f8302538" member_type: VOTER last_known_addr { host: "127.6.28.195" port: 34811 } }
I20260709 12:17:03.536075  7680 raft_consensus.cc:385] T 905a67d433d347d5bba0d8959aeb470c P 86fdf8d8caa24291958b29beddc03265 [term 0 FOLLOWER]: Consensus starting up: Expiring failure detector timer to make a prompt election more likely
I20260709 12:17:03.536401  7680 raft_consensus.cc:740] T 905a67d433d347d5bba0d8959aeb470c P 86fdf8d8caa24291958b29beddc03265 [term 0 FOLLOWER]: Becoming Follower/Learner. State: Replica: 86fdf8d8caa24291958b29beddc03265, State: Initialized, Role: FOLLOWER
I20260709 12:17:03.536732  7605 leader_election.cc:304] T 6f03c28640734cc19e127c4130fc0806 P 08b4e009c1484462ad96fa58f8302538 [CANDIDATE]: Term 1 pre-election: Election decided. Result: candidate won. Election summary: received 3 responses out of 3 voters: 2 yes votes; 1 no votes. yes voters: 08b4e009c1484462ad96fa58f8302538, 86fdf8d8caa24291958b29beddc03265; no voters: 89f89701c5114dc695ef38b589da49d2
I20260709 12:17:03.537635  7897 raft_consensus.cc:2804] T 6f03c28640734cc19e127c4130fc0806 P 08b4e009c1484462ad96fa58f8302538 [term 0 FOLLOWER]: Leader pre-election won for term 1
I20260709 12:17:03.538056  7897 raft_consensus.cc:493] T 6f03c28640734cc19e127c4130fc0806 P 08b4e009c1484462ad96fa58f8302538 [term 0 FOLLOWER]: Starting leader election (no leader contacted us within the election timeout)
I20260709 12:17:03.538365  7897 raft_consensus.cc:3060] T 6f03c28640734cc19e127c4130fc0806 P 08b4e009c1484462ad96fa58f8302538 [term 0 FOLLOWER]: Advancing to term 1
I20260709 12:17:03.540366  7679 tablet_bootstrap.cc:492] T fdd709e05bd44564b90563baaa8e4450 P 89f89701c5114dc695ef38b589da49d2: Bootstrap starting.
I20260709 12:17:03.547663  7897 raft_consensus.cc:515] T 6f03c28640734cc19e127c4130fc0806 P 08b4e009c1484462ad96fa58f8302538 [term 1 FOLLOWER]: Starting leader election with config: opid_index: -1 OBSOLETE_local: false peers { permanent_uuid: "86fdf8d8caa24291958b29beddc03265" member_type: VOTER last_known_addr { host: "127.6.28.193" port: 39019 } } peers { permanent_uuid: "89f89701c5114dc695ef38b589da49d2" member_type: VOTER last_known_addr { host: "127.6.28.194" port: 35095 } } peers { permanent_uuid: "08b4e009c1484462ad96fa58f8302538" member_type: VOTER last_known_addr { host: "127.6.28.195" port: 34811 } }
I20260709 12:17:03.563401  7680 consensus_queue.cc:260] T 905a67d433d347d5bba0d8959aeb470c P 86fdf8d8caa24291958b29beddc03265 [NON_LEADER]: Queue going to NON_LEADER mode. State: All replicated index: 0, Majority replicated index: 0, Committed index: 0, Last appended: 0.0, Last appended by leader: 0, Current term: 0, Majority size: -1, State: 0, Mode: NON_LEADER, active raft config: opid_index: -1 OBSOLETE_local: false peers { permanent_uuid: "86fdf8d8caa24291958b29beddc03265" member_type: VOTER last_known_addr { host: "127.6.28.193" port: 39019 } } peers { permanent_uuid: "89f89701c5114dc695ef38b589da49d2" member_type: VOTER last_known_addr { host: "127.6.28.194" port: 35095 } } peers { permanent_uuid: "08b4e009c1484462ad96fa58f8302538" member_type: VOTER last_known_addr { host: "127.6.28.195" port: 34811 } }
I20260709 12:17:03.567655  7680 ts_tablet_manager.cc:1434] T 905a67d433d347d5bba0d8959aeb470c P 86fdf8d8caa24291958b29beddc03265: Time spent starting tablet: real 0.095s	user 0.004s	sys 0.004s
I20260709 12:17:03.570735  7681 tablet_bootstrap.cc:492] T 8b172b62b66c48d4a8e3674ebed34096 P 08b4e009c1484462ad96fa58f8302538: No bootstrap required, opened a new log
I20260709 12:17:03.571422  7681 ts_tablet_manager.cc:1403] T 8b172b62b66c48d4a8e3674ebed34096 P 08b4e009c1484462ad96fa58f8302538: Time spent bootstrapping tablet: real 0.132s	user 0.006s	sys 0.026s
I20260709 12:17:03.572695  7386 catalog_manager.cc:5697] T f288f950b2924098acd948e532e49939 P 86fdf8d8caa24291958b29beddc03265 reported cstate change: term changed from 0 to 1, leader changed from <none> to 86fdf8d8caa24291958b29beddc03265 (127.6.28.193). New cstate: current_term: 1 leader_uuid: "86fdf8d8caa24291958b29beddc03265" committed_config { opid_index: -1 OBSOLETE_local: false peers { permanent_uuid: "86fdf8d8caa24291958b29beddc03265" member_type: VOTER last_known_addr { host: "127.6.28.193" port: 39019 } health_report { overall_health: HEALTHY } } peers { permanent_uuid: "89f89701c5114dc695ef38b589da49d2" member_type: VOTER last_known_addr { host: "127.6.28.194" port: 35095 } health_report { overall_health: UNKNOWN } } peers { permanent_uuid: "08b4e009c1484462ad96fa58f8302538" member_type: VOTER last_known_addr { host: "127.6.28.195" port: 34811 } health_report { overall_health: UNKNOWN } } }
I20260709 12:17:03.576849  7680 tablet_bootstrap.cc:492] T c0991e23ea9e4cdd8231129165da8b92 P 86fdf8d8caa24291958b29beddc03265: Bootstrap starting.
I20260709 12:17:03.583880  7679 tablet_bootstrap.cc:654] T fdd709e05bd44564b90563baaa8e4450 P 89f89701c5114dc695ef38b589da49d2: Neither blocks nor log segments found. Creating new log.
I20260709 12:17:03.588384  7681 raft_consensus.cc:359] T 8b172b62b66c48d4a8e3674ebed34096 P 08b4e009c1484462ad96fa58f8302538 [term 0 FOLLOWER]: Replica starting. Triggering 0 pending ops. Active config: opid_index: -1 OBSOLETE_local: false peers { permanent_uuid: "86fdf8d8caa24291958b29beddc03265" member_type: VOTER last_known_addr { host: "127.6.28.193" port: 39019 } } peers { permanent_uuid: "89f89701c5114dc695ef38b589da49d2" member_type: VOTER last_known_addr { host: "127.6.28.194" port: 35095 } } peers { permanent_uuid: "08b4e009c1484462ad96fa58f8302538" member_type: VOTER last_known_addr { host: "127.6.28.195" port: 34811 } }
I20260709 12:17:03.588963  7970 consensus_queue.cc:1048] T 1f3a660756064b4f90dd8f6d7c2dd3ae P 89f89701c5114dc695ef38b589da49d2 [LEADER]: Connected to new peer: Peer: permanent_uuid: "08b4e009c1484462ad96fa58f8302538" member_type: VOTER last_known_addr { host: "127.6.28.195" port: 34811 }, Status: LMP_MISMATCH, Last received: 0.0, Next index: 1, Last known committed idx: 0, Time since last communication: 0.000s
I20260709 12:17:03.589007  7897 leader_election.cc:290] T 6f03c28640734cc19e127c4130fc0806 P 08b4e009c1484462ad96fa58f8302538 [CANDIDATE]: Term 1 election: Requested vote from peers 86fdf8d8caa24291958b29beddc03265 (127.6.28.193:39019), 89f89701c5114dc695ef38b589da49d2 (127.6.28.194:35095)
I20260709 12:17:03.590178  7681 raft_consensus.cc:385] T 8b172b62b66c48d4a8e3674ebed34096 P 08b4e009c1484462ad96fa58f8302538 [term 0 FOLLOWER]: Consensus starting up: Expiring failure detector timer to make a prompt election more likely
I20260709 12:17:03.591192  7565 tablet_service.cc:1917] Received RequestConsensusVote() RPC: tablet_id: "6f03c28640734cc19e127c4130fc0806" candidate_uuid: "08b4e009c1484462ad96fa58f8302538" candidate_term: 1 candidate_status { last_received { term: 0 index: 0 } } ignore_live_leader: false dest_uuid: "89f89701c5114dc695ef38b589da49d2"
I20260709 12:17:03.591681  7681 raft_consensus.cc:740] T 8b172b62b66c48d4a8e3674ebed34096 P 08b4e009c1484462ad96fa58f8302538 [term 0 FOLLOWER]: Becoming Follower/Learner. State: Replica: 08b4e009c1484462ad96fa58f8302538, State: Initialized, Role: FOLLOWER
W20260709 12:17:03.592754  7603 leader_election.cc:343] T 6f03c28640734cc19e127c4130fc0806 P 08b4e009c1484462ad96fa58f8302538 [CANDIDATE]: Term 1 election: Tablet error from VoteRequest() call to peer 89f89701c5114dc695ef38b589da49d2 (127.6.28.194:35095): Illegal state: must be running to vote when last-logged opid is not known
I20260709 12:17:03.593000  7681 consensus_queue.cc:260] T 8b172b62b66c48d4a8e3674ebed34096 P 08b4e009c1484462ad96fa58f8302538 [NON_LEADER]: Queue going to NON_LEADER mode. State: All replicated index: 0, Majority replicated index: 0, Committed index: 0, Last appended: 0.0, Last appended by leader: 0, Current term: 0, Majority size: -1, State: 0, Mode: NON_LEADER, active raft config: opid_index: -1 OBSOLETE_local: false peers { permanent_uuid: "86fdf8d8caa24291958b29beddc03265" member_type: VOTER last_known_addr { host: "127.6.28.193" port: 39019 } } peers { permanent_uuid: "89f89701c5114dc695ef38b589da49d2" member_type: VOTER last_known_addr { host: "127.6.28.194" port: 35095 } } peers { permanent_uuid: "08b4e009c1484462ad96fa58f8302538" member_type: VOTER last_known_addr { host: "127.6.28.195" port: 34811 } }
I20260709 12:17:03.592780  7487 tablet_service.cc:1917] Received RequestConsensusVote() RPC: tablet_id: "6f03c28640734cc19e127c4130fc0806" candidate_uuid: "08b4e009c1484462ad96fa58f8302538" candidate_term: 1 candidate_status { last_received { term: 0 index: 0 } } ignore_live_leader: false dest_uuid: "86fdf8d8caa24291958b29beddc03265"
I20260709 12:17:03.595621  7487 raft_consensus.cc:3060] T 6f03c28640734cc19e127c4130fc0806 P 86fdf8d8caa24291958b29beddc03265 [term 0 FOLLOWER]: Advancing to term 1
I20260709 12:17:03.596954  7681 ts_tablet_manager.cc:1434] T 8b172b62b66c48d4a8e3674ebed34096 P 08b4e009c1484462ad96fa58f8302538: Time spent starting tablet: real 0.025s	user 0.006s	sys 0.001s
I20260709 12:17:03.599268  7681 tablet_bootstrap.cc:492] T 526f4edc797b4799bc499bfb495b2023 P 08b4e009c1484462ad96fa58f8302538: Bootstrap starting.
I20260709 12:17:03.604702  7487 raft_consensus.cc:2468] T 6f03c28640734cc19e127c4130fc0806 P 86fdf8d8caa24291958b29beddc03265 [term 1 FOLLOWER]: Leader election vote request: Granting yes vote for candidate 08b4e009c1484462ad96fa58f8302538 in term 1.
I20260709 12:17:03.599450  7680 tablet_bootstrap.cc:654] T c0991e23ea9e4cdd8231129165da8b92 P 86fdf8d8caa24291958b29beddc03265: Neither blocks nor log segments found. Creating new log.
I20260709 12:17:03.597571  7385 catalog_manager.cc:5697] T f94ed375425a46e2ba0822d3eb563a1f P 08b4e009c1484462ad96fa58f8302538 reported cstate change: term changed from 0 to 1, leader changed from <none> to 08b4e009c1484462ad96fa58f8302538 (127.6.28.195). New cstate: current_term: 1 leader_uuid: "08b4e009c1484462ad96fa58f8302538" committed_config { opid_index: -1 OBSOLETE_local: false peers { permanent_uuid: "86fdf8d8caa24291958b29beddc03265" member_type: VOTER last_known_addr { host: "127.6.28.193" port: 39019 } health_report { overall_health: UNKNOWN } } peers { permanent_uuid: "89f89701c5114dc695ef38b589da49d2" member_type: VOTER last_known_addr { host: "127.6.28.194" port: 35095 } health_report { overall_health: UNKNOWN } } peers { permanent_uuid: "08b4e009c1484462ad96fa58f8302538" member_type: VOTER last_known_addr { host: "127.6.28.195" port: 34811 } health_report { overall_health: HEALTHY } } }
I20260709 12:17:03.609257  7605 leader_election.cc:304] T 6f03c28640734cc19e127c4130fc0806 P 08b4e009c1484462ad96fa58f8302538 [CANDIDATE]: Term 1 election: Election decided. Result: candidate won. Election summary: received 3 responses out of 3 voters: 2 yes votes; 1 no votes. yes voters: 08b4e009c1484462ad96fa58f8302538, 86fdf8d8caa24291958b29beddc03265; no voters: 89f89701c5114dc695ef38b589da49d2
I20260709 12:17:03.612931  7822 raft_consensus.cc:2804] T 6f03c28640734cc19e127c4130fc0806 P 08b4e009c1484462ad96fa58f8302538 [term 1 FOLLOWER]: Leader election won for term 1
I20260709 12:17:03.613425  7822 raft_consensus.cc:697] T 6f03c28640734cc19e127c4130fc0806 P 08b4e009c1484462ad96fa58f8302538 [term 1 LEADER]: Becoming Leader. State: Replica: 08b4e009c1484462ad96fa58f8302538, State: Running, Role: LEADER
I20260709 12:17:03.613356  7681 tablet_bootstrap.cc:654] T 526f4edc797b4799bc499bfb495b2023 P 08b4e009c1484462ad96fa58f8302538: Neither blocks nor log segments found. Creating new log.
I20260709 12:17:03.614562  7822 consensus_queue.cc:237] T 6f03c28640734cc19e127c4130fc0806 P 08b4e009c1484462ad96fa58f8302538 [LEADER]: Queue going to LEADER mode. State: All replicated index: 0, Majority replicated index: 0, Committed index: 0, Last appended: 0.0, Last appended by leader: 0, Current term: 1, Majority size: 2, State: 0, Mode: LEADER, active raft config: opid_index: -1 OBSOLETE_local: false peers { permanent_uuid: "86fdf8d8caa24291958b29beddc03265" member_type: VOTER last_known_addr { host: "127.6.28.193" port: 39019 } } peers { permanent_uuid: "89f89701c5114dc695ef38b589da49d2" member_type: VOTER last_known_addr { host: "127.6.28.194" port: 35095 } } peers { permanent_uuid: "08b4e009c1484462ad96fa58f8302538" member_type: VOTER last_known_addr { host: "127.6.28.195" port: 34811 } }
I20260709 12:17:03.616500  7854 raft_consensus.cc:493] T 45567acdfbb24fc1bc92206bba9613f8 P 08b4e009c1484462ad96fa58f8302538 [term 0 FOLLOWER]: Starting pre-election (no leader contacted us within the election timeout)
I20260709 12:17:03.618749  7854 raft_consensus.cc:515] T 45567acdfbb24fc1bc92206bba9613f8 P 08b4e009c1484462ad96fa58f8302538 [term 0 FOLLOWER]: Starting pre-election with config: opid_index: -1 OBSOLETE_local: false peers { permanent_uuid: "86fdf8d8caa24291958b29beddc03265" member_type: VOTER last_known_addr { host: "127.6.28.193" port: 39019 } } peers { permanent_uuid: "89f89701c5114dc695ef38b589da49d2" member_type: VOTER last_known_addr { host: "127.6.28.194" port: 35095 } } peers { permanent_uuid: "08b4e009c1484462ad96fa58f8302538" member_type: VOTER last_known_addr { host: "127.6.28.195" port: 34811 } }
I20260709 12:17:03.621341  7854 leader_election.cc:290] T 45567acdfbb24fc1bc92206bba9613f8 P 08b4e009c1484462ad96fa58f8302538 [CANDIDATE]: Term 1 pre-election: Requested pre-vote from peers 86fdf8d8caa24291958b29beddc03265 (127.6.28.193:39019), 89f89701c5114dc695ef38b589da49d2 (127.6.28.194:35095)
I20260709 12:17:03.633690  7564 tablet_service.cc:1917] Received RequestConsensusVote() RPC: tablet_id: "45567acdfbb24fc1bc92206bba9613f8" candidate_uuid: "08b4e009c1484462ad96fa58f8302538" candidate_term: 1 candidate_status { last_received { term: 0 index: 0 } } ignore_live_leader: false dest_uuid: "89f89701c5114dc695ef38b589da49d2" is_pre_election: true
I20260709 12:17:03.634125  7490 tablet_service.cc:1917] Received RequestConsensusVote() RPC: tablet_id: "45567acdfbb24fc1bc92206bba9613f8" candidate_uuid: "08b4e009c1484462ad96fa58f8302538" candidate_term: 1 candidate_status { last_received { term: 0 index: 0 } } ignore_live_leader: false dest_uuid: "86fdf8d8caa24291958b29beddc03265" is_pre_election: true
I20260709 12:17:03.637161  7970 raft_consensus.cc:493] T 905a67d433d347d5bba0d8959aeb470c P 89f89701c5114dc695ef38b589da49d2 [term 0 FOLLOWER]: Starting pre-election (no leader contacted us within the election timeout)
W20260709 12:17:03.638154  7603 leader_election.cc:343] T 45567acdfbb24fc1bc92206bba9613f8 P 08b4e009c1484462ad96fa58f8302538 [CANDIDATE]: Term 1 pre-election: Tablet error from VoteRequest() call to peer 89f89701c5114dc695ef38b589da49d2 (127.6.28.194:35095): Illegal state: must be running to vote when last-logged opid is not known
I20260709 12:17:03.637760  7970 raft_consensus.cc:515] T 905a67d433d347d5bba0d8959aeb470c P 89f89701c5114dc695ef38b589da49d2 [term 0 FOLLOWER]: Starting pre-election with config: opid_index: -1 OBSOLETE_local: false peers { permanent_uuid: "86fdf8d8caa24291958b29beddc03265" member_type: VOTER last_known_addr { host: "127.6.28.193" port: 39019 } } peers { permanent_uuid: "89f89701c5114dc695ef38b589da49d2" member_type: VOTER last_known_addr { host: "127.6.28.194" port: 35095 } } peers { permanent_uuid: "08b4e009c1484462ad96fa58f8302538" member_type: VOTER last_known_addr { host: "127.6.28.195" port: 34811 } }
I20260709 12:17:03.629303  7808 raft_consensus.cc:493] T 7a3a5ed49e1641bbaedd76df30088b7a P 86fdf8d8caa24291958b29beddc03265 [term 0 FOLLOWER]: Starting pre-election (no leader contacted us within the election timeout)
I20260709 12:17:03.636596  7854 consensus_queue.cc:1048] T 80c20cf16d1f45b394d69374ec2ba6df P 08b4e009c1484462ad96fa58f8302538 [LEADER]: Connected to new peer: Peer: permanent_uuid: "86fdf8d8caa24291958b29beddc03265" member_type: VOTER last_known_addr { host: "127.6.28.193" port: 39019 }, Status: LMP_MISMATCH, Last received: 0.0, Next index: 1, Last known committed idx: 0, Time since last communication: 0.000s
W20260709 12:17:03.641042  7605 leader_election.cc:343] T 45567acdfbb24fc1bc92206bba9613f8 P 08b4e009c1484462ad96fa58f8302538 [CANDIDATE]: Term 1 pre-election: Tablet error from VoteRequest() call to peer 86fdf8d8caa24291958b29beddc03265 (127.6.28.193:39019): Illegal state: must be running to vote when last-logged opid is not known
I20260709 12:17:03.643035  7605 leader_election.cc:304] T 45567acdfbb24fc1bc92206bba9613f8 P 08b4e009c1484462ad96fa58f8302538 [CANDIDATE]: Term 1 pre-election: Election decided. Result: candidate lost. Election summary: received 3 responses out of 3 voters: 1 yes votes; 2 no votes. yes voters: 08b4e009c1484462ad96fa58f8302538; no voters: 86fdf8d8caa24291958b29beddc03265, 89f89701c5114dc695ef38b589da49d2
I20260709 12:17:03.646874  7679 tablet_bootstrap.cc:492] T fdd709e05bd44564b90563baaa8e4450 P 89f89701c5114dc695ef38b589da49d2: No bootstrap required, opened a new log
I20260709 12:17:03.647596  7679 ts_tablet_manager.cc:1403] T fdd709e05bd44564b90563baaa8e4450 P 89f89701c5114dc695ef38b589da49d2: Time spent bootstrapping tablet: real 0.114s	user 0.024s	sys 0.008s
I20260709 12:17:03.649751  7679 raft_consensus.cc:359] T fdd709e05bd44564b90563baaa8e4450 P 89f89701c5114dc695ef38b589da49d2 [term 0 FOLLOWER]: Replica starting. Triggering 0 pending ops. Active config: opid_index: -1 OBSOLETE_local: false peers { permanent_uuid: "86fdf8d8caa24291958b29beddc03265" member_type: VOTER last_known_addr { host: "127.6.28.193" port: 39019 } } peers { permanent_uuid: "89f89701c5114dc695ef38b589da49d2" member_type: VOTER last_known_addr { host: "127.6.28.194" port: 35095 } } peers { permanent_uuid: "08b4e009c1484462ad96fa58f8302538" member_type: VOTER last_known_addr { host: "127.6.28.195" port: 34811 } }
I20260709 12:17:03.650568  7679 raft_consensus.cc:385] T fdd709e05bd44564b90563baaa8e4450 P 89f89701c5114dc695ef38b589da49d2 [term 0 FOLLOWER]: Consensus starting up: Expiring failure detector timer to make a prompt election more likely
I20260709 12:17:03.650853  7679 raft_consensus.cc:740] T fdd709e05bd44564b90563baaa8e4450 P 89f89701c5114dc695ef38b589da49d2 [term 0 FOLLOWER]: Becoming Follower/Learner. State: Replica: 89f89701c5114dc695ef38b589da49d2, State: Initialized, Role: FOLLOWER
I20260709 12:17:03.652004  7970 leader_election.cc:290] T 905a67d433d347d5bba0d8959aeb470c P 89f89701c5114dc695ef38b589da49d2 [CANDIDATE]: Term 1 pre-election: Requested pre-vote from peers 86fdf8d8caa24291958b29beddc03265 (127.6.28.193:39019), 08b4e009c1484462ad96fa58f8302538 (127.6.28.195:34811)
I20260709 12:17:03.652530  7680 tablet_bootstrap.cc:492] T c0991e23ea9e4cdd8231129165da8b92 P 86fdf8d8caa24291958b29beddc03265: No bootstrap required, opened a new log
I20260709 12:17:03.642554  7892 consensus_queue.cc:1048] T 1f3a660756064b4f90dd8f6d7c2dd3ae P 89f89701c5114dc695ef38b589da49d2 [LEADER]: Connected to new peer: Peer: permanent_uuid: "86fdf8d8caa24291958b29beddc03265" member_type: VOTER last_known_addr { host: "127.6.28.193" port: 39019 }, Status: LMP_MISMATCH, Last received: 0.0, Next index: 1, Last known committed idx: 0, Time since last communication: 0.010s
I20260709 12:17:03.653259  7680 ts_tablet_manager.cc:1403] T c0991e23ea9e4cdd8231129165da8b92 P 86fdf8d8caa24291958b29beddc03265: Time spent bootstrapping tablet: real 0.077s	user 0.011s	sys 0.007s
I20260709 12:17:03.639705  7808 raft_consensus.cc:515] T 7a3a5ed49e1641bbaedd76df30088b7a P 86fdf8d8caa24291958b29beddc03265 [term 0 FOLLOWER]: Starting pre-election with config: opid_index: -1 OBSOLETE_local: false peers { permanent_uuid: "86fdf8d8caa24291958b29beddc03265" member_type: VOTER last_known_addr { host: "127.6.28.193" port: 39019 } } peers { permanent_uuid: "89f89701c5114dc695ef38b589da49d2" member_type: VOTER last_known_addr { host: "127.6.28.194" port: 35095 } } peers { permanent_uuid: "08b4e009c1484462ad96fa58f8302538" member_type: VOTER last_known_addr { host: "127.6.28.195" port: 34811 } }
I20260709 12:17:03.655799  7808 leader_election.cc:290] T 7a3a5ed49e1641bbaedd76df30088b7a P 86fdf8d8caa24291958b29beddc03265 [CANDIDATE]: Term 1 pre-election: Requested pre-vote from peers 89f89701c5114dc695ef38b589da49d2 (127.6.28.194:35095), 08b4e009c1484462ad96fa58f8302538 (127.6.28.195:34811)
I20260709 12:17:03.657167  7680 raft_consensus.cc:359] T c0991e23ea9e4cdd8231129165da8b92 P 86fdf8d8caa24291958b29beddc03265 [term 0 FOLLOWER]: Replica starting. Triggering 0 pending ops. Active config: opid_index: -1 OBSOLETE_local: false peers { permanent_uuid: "86fdf8d8caa24291958b29beddc03265" member_type: VOTER last_known_addr { host: "127.6.28.193" port: 39019 } } peers { permanent_uuid: "89f89701c5114dc695ef38b589da49d2" member_type: VOTER last_known_addr { host: "127.6.28.194" port: 35095 } } peers { permanent_uuid: "08b4e009c1484462ad96fa58f8302538" member_type: VOTER last_known_addr { host: "127.6.28.195" port: 34811 } }
I20260709 12:17:03.658244  7680 raft_consensus.cc:385] T c0991e23ea9e4cdd8231129165da8b92 P 86fdf8d8caa24291958b29beddc03265 [term 0 FOLLOWER]: Consensus starting up: Expiring failure detector timer to make a prompt election more likely
