I20260709 12:16:42.716171 13956 tablet_service.cc:1917] Received RequestConsensusVote() RPC: tablet_id: "d6e2468f19b94ddf968ce2e3026d88d6" candidate_uuid: "648fbc00d7fd44fea107e9300f6a1f97" candidate_term: 4 candidate_status { last_received { term: 3 index: 3 } } ignore_live_leader: true dest_uuid: "5833974db1c442efb7adff32879d1efa"
I20260709 12:16:42.716715 13956 raft_consensus.cc:3055] T d6e2468f19b94ddf968ce2e3026d88d6 P 5833974db1c442efb7adff32879d1efa [term 3 LEADER]: Stepping down as leader of term 3
I20260709 12:16:42.716717 14031 raft_consensus.cc:3060] T d6e2468f19b94ddf968ce2e3026d88d6 P 3a53a546d39f43f492e8f714f7dafb43 [term 3 FOLLOWER]: Advancing to term 4
I20260709 12:16:42.717151 13956 raft_consensus.cc:740] T d6e2468f19b94ddf968ce2e3026d88d6 P 5833974db1c442efb7adff32879d1efa [term 3 LEADER]: Becoming Follower/Learner. State: Replica: 5833974db1c442efb7adff32879d1efa, State: Running, Role: LEADER
I20260709 12:16:42.717988 13956 consensus_queue.cc:260] T d6e2468f19b94ddf968ce2e3026d88d6 P 5833974db1c442efb7adff32879d1efa [NON_LEADER]: Queue going to NON_LEADER mode. State: All replicated index: 0, Majority replicated index: 3, Committed index: 3, Last appended: 3.3, Last appended by leader: 3, Current term: 3, Majority size: -1, State: 0, Mode: NON_LEADER, active raft config: opid_index: -1 OBSOLETE_local: false peers { permanent_uuid: "3a53a546d39f43f492e8f714f7dafb43" member_type: VOTER last_known_addr { host: "127.12.255.130" port: 36417 } } peers { permanent_uuid: "648fbc00d7fd44fea107e9300f6a1f97" member_type: VOTER last_known_addr { host: "127.12.255.131" port: 34773 } } peers { permanent_uuid: "5833974db1c442efb7adff32879d1efa" member_type: VOTER last_known_addr { host: "127.12.255.129" port: 39689 } }
I20260709 12:16:42.719198 13956 raft_consensus.cc:3060] T d6e2468f19b94ddf968ce2e3026d88d6 P 5833974db1c442efb7adff32879d1efa [term 3 FOLLOWER]: Advancing to term 4
I20260709 12:16:42.723883 14031 raft_consensus.cc:2468] T d6e2468f19b94ddf968ce2e3026d88d6 P 3a53a546d39f43f492e8f714f7dafb43 [term 4 FOLLOWER]: Leader election vote request: Granting yes vote for candidate 648fbc00d7fd44fea107e9300f6a1f97 in term 4.
I20260709 12:16:42.725440 14072 leader_election.cc:304] T d6e2468f19b94ddf968ce2e3026d88d6 P 648fbc00d7fd44fea107e9300f6a1f97 [CANDIDATE]: Term 4 election: Election decided. Result: candidate won. Election summary: received 2 responses out of 3 voters: 2 yes votes; 0 no votes. yes voters: 3a53a546d39f43f492e8f714f7dafb43, 648fbc00d7fd44fea107e9300f6a1f97; no voters: 
I20260709 12:16:42.726939 13956 raft_consensus.cc:2468] T d6e2468f19b94ddf968ce2e3026d88d6 P 5833974db1c442efb7adff32879d1efa [term 4 FOLLOWER]: Leader election vote request: Granting yes vote for candidate 648fbc00d7fd44fea107e9300f6a1f97 in term 4.
I20260709 12:16:42.727110 14280 raft_consensus.cc:2804] T d6e2468f19b94ddf968ce2e3026d88d6 P 648fbc00d7fd44fea107e9300f6a1f97 [term 4 FOLLOWER]: Leader election won for term 4
I20260709 12:16:42.728591 14280 raft_consensus.cc:697] T d6e2468f19b94ddf968ce2e3026d88d6 P 648fbc00d7fd44fea107e9300f6a1f97 [term 4 LEADER]: Becoming Leader. State: Replica: 648fbc00d7fd44fea107e9300f6a1f97, State: Running, Role: LEADER
I20260709 12:16:42.729501 14280 consensus_queue.cc:237] T d6e2468f19b94ddf968ce2e3026d88d6 P 648fbc00d7fd44fea107e9300f6a1f97 [LEADER]: Queue going to LEADER mode. State: All replicated index: 0, Majority replicated index: 3, Committed index: 3, Last appended: 3.3, Last appended by leader: 3, Current term: 4, Majority size: 2, State: 0, Mode: LEADER, active raft config: opid_index: -1 OBSOLETE_local: false peers { permanent_uuid: "3a53a546d39f43f492e8f714f7dafb43" member_type: VOTER last_known_addr { host: "127.12.255.130" port: 36417 } } peers { permanent_uuid: "648fbc00d7fd44fea107e9300f6a1f97" member_type: VOTER last_known_addr { host: "127.12.255.131" port: 34773 } } peers { permanent_uuid: "5833974db1c442efb7adff32879d1efa" member_type: VOTER last_known_addr { host: "127.12.255.129" port: 39689 } }
I20260709 12:16:42.736857 13856 catalog_manager.cc:5697] T d6e2468f19b94ddf968ce2e3026d88d6 P 648fbc00d7fd44fea107e9300f6a1f97 reported cstate change: term changed from 3 to 4, leader changed from 5833974db1c442efb7adff32879d1efa (127.12.255.129) to 648fbc00d7fd44fea107e9300f6a1f97 (127.12.255.131). New cstate: current_term: 4 leader_uuid: "648fbc00d7fd44fea107e9300f6a1f97" committed_config { opid_index: -1 OBSOLETE_local: false peers { permanent_uuid: "3a53a546d39f43f492e8f714f7dafb43" member_type: VOTER last_known_addr { host: "127.12.255.130" port: 36417 } health_report { overall_health: UNKNOWN } } peers { permanent_uuid: "648fbc00d7fd44fea107e9300f6a1f97" member_type: VOTER last_known_addr { host: "127.12.255.131" port: 34773 } health_report { overall_health: HEALTHY } } peers { permanent_uuid: "5833974db1c442efb7adff32879d1efa" member_type: VOTER last_known_addr { host: "127.12.255.129" port: 39689 } health_report { overall_health: UNKNOWN } } }
I20260709 12:16:42.760454 14311 raft_consensus.cc:993] T 75f3ebcd77d144c1ad073f738d2cdb37 P 5833974db1c442efb7adff32879d1efa: : Instructing follower 648fbc00d7fd44fea107e9300f6a1f97 to start an election
I20260709 12:16:42.760919 14309 raft_consensus.cc:1081] T 75f3ebcd77d144c1ad073f738d2cdb37 P 5833974db1c442efb7adff32879d1efa [term 3 LEADER]: Signalling peer 648fbc00d7fd44fea107e9300f6a1f97 to start an election
I20260709 12:16:42.762557 14109 tablet_service.cc:2044] Received Run Leader Election RPC: tablet_id: "75f3ebcd77d144c1ad073f738d2cdb37"
dest_uuid: "648fbc00d7fd44fea107e9300f6a1f97"
 from {username='slave'} at 127.0.0.1:50762
I20260709 12:16:42.763052 14109 raft_consensus.cc:493] T 75f3ebcd77d144c1ad073f738d2cdb37 P 648fbc00d7fd44fea107e9300f6a1f97 [term 3 FOLLOWER]: Starting forced leader election (received explicit request)
I20260709 12:16:42.763371 14109 raft_consensus.cc:3060] T 75f3ebcd77d144c1ad073f738d2cdb37 P 648fbc00d7fd44fea107e9300f6a1f97 [term 3 FOLLOWER]: Advancing to term 4
I20260709 12:16:42.769843 14109 raft_consensus.cc:515] T 75f3ebcd77d144c1ad073f738d2cdb37 P 648fbc00d7fd44fea107e9300f6a1f97 [term 4 FOLLOWER]: Starting forced leader election with config: opid_index: -1 OBSOLETE_local: false peers { permanent_uuid: "5833974db1c442efb7adff32879d1efa" member_type: VOTER last_known_addr { host: "127.12.255.129" port: 39689 } } peers { permanent_uuid: "3a53a546d39f43f492e8f714f7dafb43" member_type: VOTER last_known_addr { host: "127.12.255.130" port: 36417 } } peers { permanent_uuid: "648fbc00d7fd44fea107e9300f6a1f97" member_type: VOTER last_known_addr { host: "127.12.255.131" port: 34773 } }
I20260709 12:16:42.772131 14109 leader_election.cc:290] T 75f3ebcd77d144c1ad073f738d2cdb37 P 648fbc00d7fd44fea107e9300f6a1f97 [CANDIDATE]: Term 4 election: Requested vote from peers 5833974db1c442efb7adff32879d1efa (127.12.255.129:39689), 3a53a546d39f43f492e8f714f7dafb43 (127.12.255.130:36417)
I20260709 12:16:42.772632 13956 tablet_service.cc:1917] Received RequestConsensusVote() RPC: tablet_id: "75f3ebcd77d144c1ad073f738d2cdb37" candidate_uuid: "648fbc00d7fd44fea107e9300f6a1f97" candidate_term: 4 candidate_status { last_received { term: 3 index: 3 } } ignore_live_leader: true dest_uuid: "5833974db1c442efb7adff32879d1efa"
I20260709 12:16:42.772784 14034 tablet_service.cc:1917] Received RequestConsensusVote() RPC: tablet_id: "75f3ebcd77d144c1ad073f738d2cdb37" candidate_uuid: "648fbc00d7fd44fea107e9300f6a1f97" candidate_term: 4 candidate_status { last_received { term: 3 index: 3 } } ignore_live_leader: true dest_uuid: "3a53a546d39f43f492e8f714f7dafb43"
I20260709 12:16:42.773386 13956 raft_consensus.cc:3055] T 75f3ebcd77d144c1ad073f738d2cdb37 P 5833974db1c442efb7adff32879d1efa [term 3 LEADER]: Stepping down as leader of term 3
I20260709 12:16:42.773402 14034 raft_consensus.cc:3060] T 75f3ebcd77d144c1ad073f738d2cdb37 P 3a53a546d39f43f492e8f714f7dafb43 [term 3 FOLLOWER]: Advancing to term 4
I20260709 12:16:42.773823 13956 raft_consensus.cc:740] T 75f3ebcd77d144c1ad073f738d2cdb37 P 5833974db1c442efb7adff32879d1efa [term 3 LEADER]: Becoming Follower/Learner. State: Replica: 5833974db1c442efb7adff32879d1efa, State: Running, Role: LEADER
I20260709 12:16:42.774883 13956 consensus_queue.cc:260] T 75f3ebcd77d144c1ad073f738d2cdb37 P 5833974db1c442efb7adff32879d1efa [NON_LEADER]: Queue going to NON_LEADER mode. State: All replicated index: 0, Majority replicated index: 3, Committed index: 3, Last appended: 3.3, Last appended by leader: 3, Current term: 3, Majority size: -1, State: 0, Mode: NON_LEADER, active raft config: opid_index: -1 OBSOLETE_local: false peers { permanent_uuid: "5833974db1c442efb7adff32879d1efa" member_type: VOTER last_known_addr { host: "127.12.255.129" port: 39689 } } peers { permanent_uuid: "3a53a546d39f43f492e8f714f7dafb43" member_type: VOTER last_known_addr { host: "127.12.255.130" port: 36417 } } peers { permanent_uuid: "648fbc00d7fd44fea107e9300f6a1f97" member_type: VOTER last_known_addr { host: "127.12.255.131" port: 34773 } }
I20260709 12:16:42.775838 13956 raft_consensus.cc:3060] T 75f3ebcd77d144c1ad073f738d2cdb37 P 5833974db1c442efb7adff32879d1efa [term 3 FOLLOWER]: Advancing to term 4
I20260709 12:16:42.778517 14034 raft_consensus.cc:2468] T 75f3ebcd77d144c1ad073f738d2cdb37 P 3a53a546d39f43f492e8f714f7dafb43 [term 4 FOLLOWER]: Leader election vote request: Granting yes vote for candidate 648fbc00d7fd44fea107e9300f6a1f97 in term 4.
I20260709 12:16:42.779460 14072 leader_election.cc:304] T 75f3ebcd77d144c1ad073f738d2cdb37 P 648fbc00d7fd44fea107e9300f6a1f97 [CANDIDATE]: Term 4 election: Election decided. Result: candidate won. Election summary: received 2 responses out of 3 voters: 2 yes votes; 0 no votes. yes voters: 3a53a546d39f43f492e8f714f7dafb43, 648fbc00d7fd44fea107e9300f6a1f97; no voters: 
I20260709 12:16:42.780320 14280 raft_consensus.cc:2804] T 75f3ebcd77d144c1ad073f738d2cdb37 P 648fbc00d7fd44fea107e9300f6a1f97 [term 4 FOLLOWER]: Leader election won for term 4
I20260709 12:16:42.780773 14280 raft_consensus.cc:697] T 75f3ebcd77d144c1ad073f738d2cdb37 P 648fbc00d7fd44fea107e9300f6a1f97 [term 4 LEADER]: Becoming Leader. State: Replica: 648fbc00d7fd44fea107e9300f6a1f97, State: Running, Role: LEADER
I20260709 12:16:42.781565 14280 consensus_queue.cc:237] T 75f3ebcd77d144c1ad073f738d2cdb37 P 648fbc00d7fd44fea107e9300f6a1f97 [LEADER]: Queue going to LEADER mode. State: All replicated index: 0, Majority replicated index: 3, Committed index: 3, Last appended: 3.3, Last appended by leader: 3, Current term: 4, Majority size: 2, State: 0, Mode: LEADER, active raft config: opid_index: -1 OBSOLETE_local: false peers { permanent_uuid: "5833974db1c442efb7adff32879d1efa" member_type: VOTER last_known_addr { host: "127.12.255.129" port: 39689 } } peers { permanent_uuid: "3a53a546d39f43f492e8f714f7dafb43" member_type: VOTER last_known_addr { host: "127.12.255.130" port: 36417 } } peers { permanent_uuid: "648fbc00d7fd44fea107e9300f6a1f97" member_type: VOTER last_known_addr { host: "127.12.255.131" port: 34773 } }
I20260709 12:16:42.782071 13956 raft_consensus.cc:2468] T 75f3ebcd77d144c1ad073f738d2cdb37 P 5833974db1c442efb7adff32879d1efa [term 4 FOLLOWER]: Leader election vote request: Granting yes vote for candidate 648fbc00d7fd44fea107e9300f6a1f97 in term 4.
I20260709 12:16:42.788640 13856 catalog_manager.cc:5697] T 75f3ebcd77d144c1ad073f738d2cdb37 P 648fbc00d7fd44fea107e9300f6a1f97 reported cstate change: term changed from 3 to 4, leader changed from 5833974db1c442efb7adff32879d1efa (127.12.255.129) to 648fbc00d7fd44fea107e9300f6a1f97 (127.12.255.131). New cstate: current_term: 4 leader_uuid: "648fbc00d7fd44fea107e9300f6a1f97" committed_config { opid_index: -1 OBSOLETE_local: false peers { permanent_uuid: "5833974db1c442efb7adff32879d1efa" member_type: VOTER last_known_addr { host: "127.12.255.129" port: 39689 } health_report { overall_health: UNKNOWN } } peers { permanent_uuid: "3a53a546d39f43f492e8f714f7dafb43" member_type: VOTER last_known_addr { host: "127.12.255.130" port: 36417 } health_report { overall_health: UNKNOWN } } peers { permanent_uuid: "648fbc00d7fd44fea107e9300f6a1f97" member_type: VOTER last_known_addr { host: "127.12.255.131" port: 34773 } health_report { overall_health: HEALTHY } } }
I20260709 12:16:42.984797 14109 raft_consensus.cc:1275] T 7f0871effb44485f88e969200df7eb68 P 648fbc00d7fd44fea107e9300f6a1f97 [term 4 FOLLOWER]: Refusing update from remote peer 3a53a546d39f43f492e8f714f7dafb43: Log matching property violated. Preceding OpId in replica: term: 3 index: 3. Preceding OpId from leader: term: 4 index: 4. (index mismatch)
I20260709 12:16:42.985922 14279 consensus_queue.cc:1048] T 7f0871effb44485f88e969200df7eb68 P 3a53a546d39f43f492e8f714f7dafb43 [LEADER]: Connected to new peer: Peer: permanent_uuid: "648fbc00d7fd44fea107e9300f6a1f97" member_type: VOTER last_known_addr { host: "127.12.255.131" port: 34773 }, Status: LMP_MISMATCH, Last received: 0.0, Next index: 4, Last known committed idx: 3, Time since last communication: 0.000s
I20260709 12:16:42.998488 13956 raft_consensus.cc:1275] T 7f0871effb44485f88e969200df7eb68 P 5833974db1c442efb7adff32879d1efa [term 4 FOLLOWER]: Refusing update from remote peer 3a53a546d39f43f492e8f714f7dafb43: Log matching property violated. Preceding OpId in replica: term: 3 index: 3. Preceding OpId from leader: term: 4 index: 4. (index mismatch)
I20260709 12:16:43.000258 14324 consensus_queue.cc:1048] T 7f0871effb44485f88e969200df7eb68 P 3a53a546d39f43f492e8f714f7dafb43 [LEADER]: Connected to new peer: Peer: permanent_uuid: "5833974db1c442efb7adff32879d1efa" member_type: VOTER last_known_addr { host: "127.12.255.129" port: 39689 }, Status: LMP_MISMATCH, Last received: 0.0, Next index: 4, Last known committed idx: 3, Time since last communication: 0.001s
I20260709 12:16:43.070611 14311 raft_consensus.cc:993] T cf9ec40ce2f44183b62a90b2a3ca0681 P 5833974db1c442efb7adff32879d1efa: : Instructing follower 3a53a546d39f43f492e8f714f7dafb43 to start an election
I20260709 12:16:43.071076 14309 raft_consensus.cc:1081] T cf9ec40ce2f44183b62a90b2a3ca0681 P 5833974db1c442efb7adff32879d1efa [term 4 LEADER]: Signalling peer 3a53a546d39f43f492e8f714f7dafb43 to start an election
I20260709 12:16:43.072461 14034 tablet_service.cc:2044] Received Run Leader Election RPC: tablet_id: "cf9ec40ce2f44183b62a90b2a3ca0681"
dest_uuid: "3a53a546d39f43f492e8f714f7dafb43"
 from {username='slave'} at 127.0.0.1:51656
I20260709 12:16:43.072902 14034 raft_consensus.cc:493] T cf9ec40ce2f44183b62a90b2a3ca0681 P 3a53a546d39f43f492e8f714f7dafb43 [term 4 FOLLOWER]: Starting forced leader election (received explicit request)
I20260709 12:16:43.073179 14034 raft_consensus.cc:3060] T cf9ec40ce2f44183b62a90b2a3ca0681 P 3a53a546d39f43f492e8f714f7dafb43 [term 4 FOLLOWER]: Advancing to term 5
I20260709 12:16:43.077454 14034 raft_consensus.cc:515] T cf9ec40ce2f44183b62a90b2a3ca0681 P 3a53a546d39f43f492e8f714f7dafb43 [term 5 FOLLOWER]: Starting forced leader election with config: opid_index: -1 OBSOLETE_local: false peers { permanent_uuid: "5833974db1c442efb7adff32879d1efa" member_type: VOTER last_known_addr { host: "127.12.255.129" port: 39689 } } peers { permanent_uuid: "3a53a546d39f43f492e8f714f7dafb43" member_type: VOTER last_known_addr { host: "127.12.255.130" port: 36417 } } peers { permanent_uuid: "648fbc00d7fd44fea107e9300f6a1f97" member_type: VOTER last_known_addr { host: "127.12.255.131" port: 34773 } }
I20260709 12:16:43.079182 14034 leader_election.cc:290] T cf9ec40ce2f44183b62a90b2a3ca0681 P 3a53a546d39f43f492e8f714f7dafb43 [CANDIDATE]: Term 5 election: Requested vote from peers 5833974db1c442efb7adff32879d1efa (127.12.255.129:39689), 648fbc00d7fd44fea107e9300f6a1f97 (127.12.255.131:34773)
I20260709 12:16:43.080248 13960 tablet_service.cc:1917] Received RequestConsensusVote() RPC: tablet_id: "cf9ec40ce2f44183b62a90b2a3ca0681" candidate_uuid: "3a53a546d39f43f492e8f714f7dafb43" candidate_term: 5 candidate_status { last_received { term: 4 index: 4 } } ignore_live_leader: true dest_uuid: "5833974db1c442efb7adff32879d1efa"
I20260709 12:16:43.080618 14109 tablet_service.cc:1917] Received RequestConsensusVote() RPC: tablet_id: "cf9ec40ce2f44183b62a90b2a3ca0681" candidate_uuid: "3a53a546d39f43f492e8f714f7dafb43" candidate_term: 5 candidate_status { last_received { term: 4 index: 4 } } ignore_live_leader: true dest_uuid: "648fbc00d7fd44fea107e9300f6a1f97"
I20260709 12:16:43.080896 13960 raft_consensus.cc:3055] T cf9ec40ce2f44183b62a90b2a3ca0681 P 5833974db1c442efb7adff32879d1efa [term 4 LEADER]: Stepping down as leader of term 4
I20260709 12:16:43.081154 14109 raft_consensus.cc:3060] T cf9ec40ce2f44183b62a90b2a3ca0681 P 648fbc00d7fd44fea107e9300f6a1f97 [term 4 FOLLOWER]: Advancing to term 5
I20260709 12:16:43.081298 13960 raft_consensus.cc:740] T cf9ec40ce2f44183b62a90b2a3ca0681 P 5833974db1c442efb7adff32879d1efa [term 4 LEADER]: Becoming Follower/Learner. State: Replica: 5833974db1c442efb7adff32879d1efa, State: Running, Role: LEADER
I20260709 12:16:43.082132 13960 consensus_queue.cc:260] T cf9ec40ce2f44183b62a90b2a3ca0681 P 5833974db1c442efb7adff32879d1efa [NON_LEADER]: Queue going to NON_LEADER mode. State: All replicated index: 0, Majority replicated index: 4, Committed index: 4, Last appended: 4.4, Last appended by leader: 4, Current term: 4, Majority size: -1, State: 0, Mode: NON_LEADER, active raft config: opid_index: -1 OBSOLETE_local: false peers { permanent_uuid: "5833974db1c442efb7adff32879d1efa" member_type: VOTER last_known_addr { host: "127.12.255.129" port: 39689 } } peers { permanent_uuid: "3a53a546d39f43f492e8f714f7dafb43" member_type: VOTER last_known_addr { host: "127.12.255.130" port: 36417 } } peers { permanent_uuid: "648fbc00d7fd44fea107e9300f6a1f97" member_type: VOTER last_known_addr { host: "127.12.255.131" port: 34773 } }
I20260709 12:16:43.083143 13960 raft_consensus.cc:3060] T cf9ec40ce2f44183b62a90b2a3ca0681 P 5833974db1c442efb7adff32879d1efa [term 4 FOLLOWER]: Advancing to term 5
I20260709 12:16:43.085638 14109 raft_consensus.cc:2468] T cf9ec40ce2f44183b62a90b2a3ca0681 P 648fbc00d7fd44fea107e9300f6a1f97 [term 5 FOLLOWER]: Leader election vote request: Granting yes vote for candidate 3a53a546d39f43f492e8f714f7dafb43 in term 5.
I20260709 12:16:43.086585 14000 leader_election.cc:304] T cf9ec40ce2f44183b62a90b2a3ca0681 P 3a53a546d39f43f492e8f714f7dafb43 [CANDIDATE]: Term 5 election: Election decided. Result: candidate won. Election summary: received 2 responses out of 3 voters: 2 yes votes; 0 no votes. yes voters: 3a53a546d39f43f492e8f714f7dafb43, 648fbc00d7fd44fea107e9300f6a1f97; no voters: 
I20260709 12:16:43.087237 14324 raft_consensus.cc:2804] T cf9ec40ce2f44183b62a90b2a3ca0681 P 3a53a546d39f43f492e8f714f7dafb43 [term 5 FOLLOWER]: Leader election won for term 5
I20260709 12:16:43.087641 14324 raft_consensus.cc:697] T cf9ec40ce2f44183b62a90b2a3ca0681 P 3a53a546d39f43f492e8f714f7dafb43 [term 5 LEADER]: Becoming Leader. State: Replica: 3a53a546d39f43f492e8f714f7dafb43, State: Running, Role: LEADER
I20260709 12:16:43.088546 13960 raft_consensus.cc:2468] T cf9ec40ce2f44183b62a90b2a3ca0681 P 5833974db1c442efb7adff32879d1efa [term 5 FOLLOWER]: Leader election vote request: Granting yes vote for candidate 3a53a546d39f43f492e8f714f7dafb43 in term 5.
I20260709 12:16:43.088496 14324 consensus_queue.cc:237] T cf9ec40ce2f44183b62a90b2a3ca0681 P 3a53a546d39f43f492e8f714f7dafb43 [LEADER]: Queue going to LEADER mode. State: All replicated index: 0, Majority replicated index: 4, Committed index: 4, Last appended: 4.4, Last appended by leader: 4, Current term: 5, Majority size: 2, State: 0, Mode: LEADER, active raft config: opid_index: -1 OBSOLETE_local: false peers { permanent_uuid: "5833974db1c442efb7adff32879d1efa" member_type: VOTER last_known_addr { host: "127.12.255.129" port: 39689 } } peers { permanent_uuid: "3a53a546d39f43f492e8f714f7dafb43" member_type: VOTER last_known_addr { host: "127.12.255.130" port: 36417 } } peers { permanent_uuid: "648fbc00d7fd44fea107e9300f6a1f97" member_type: VOTER last_known_addr { host: "127.12.255.131" port: 34773 } }
I20260709 12:16:43.095274 13856 catalog_manager.cc:5697] T cf9ec40ce2f44183b62a90b2a3ca0681 P 3a53a546d39f43f492e8f714f7dafb43 reported cstate change: term changed from 4 to 5, leader changed from 5833974db1c442efb7adff32879d1efa (127.12.255.129) to 3a53a546d39f43f492e8f714f7dafb43 (127.12.255.130). New cstate: current_term: 5 leader_uuid: "3a53a546d39f43f492e8f714f7dafb43" committed_config { opid_index: -1 OBSOLETE_local: false peers { permanent_uuid: "5833974db1c442efb7adff32879d1efa" member_type: VOTER last_known_addr { host: "127.12.255.129" port: 39689 } health_report { overall_health: UNKNOWN } } peers { permanent_uuid: "3a53a546d39f43f492e8f714f7dafb43" member_type: VOTER last_known_addr { host: "127.12.255.130" port: 36417 } health_report { overall_health: HEALTHY } } peers { permanent_uuid: "648fbc00d7fd44fea107e9300f6a1f97" member_type: VOTER last_known_addr { host: "127.12.255.131" port: 34773 } health_report { overall_health: UNKNOWN } } }
I20260709 12:16:43.147325 13960 raft_consensus.cc:1275] T d6e2468f19b94ddf968ce2e3026d88d6 P 5833974db1c442efb7adff32879d1efa [term 4 FOLLOWER]: Refusing update from remote peer 648fbc00d7fd44fea107e9300f6a1f97: Log matching property violated. Preceding OpId in replica: term: 3 index: 3. Preceding OpId from leader: term: 4 index: 4. (index mismatch)
I20260709 12:16:43.148809 14280 consensus_queue.cc:1048] T d6e2468f19b94ddf968ce2e3026d88d6 P 648fbc00d7fd44fea107e9300f6a1f97 [LEADER]: Connected to new peer: Peer: permanent_uuid: "5833974db1c442efb7adff32879d1efa" member_type: VOTER last_known_addr { host: "127.12.255.129" port: 39689 }, Status: LMP_MISMATCH, Last received: 0.0, Next index: 4, Last known committed idx: 3, Time since last communication: 0.000s
I20260709 12:16:43.163342 14034 raft_consensus.cc:1275] T d6e2468f19b94ddf968ce2e3026d88d6 P 3a53a546d39f43f492e8f714f7dafb43 [term 4 FOLLOWER]: Refusing update from remote peer 648fbc00d7fd44fea107e9300f6a1f97: Log matching property violated. Preceding OpId in replica: term: 3 index: 3. Preceding OpId from leader: term: 4 index: 4. (index mismatch)
I20260709 12:16:43.164737 14280 consensus_queue.cc:1048] T d6e2468f19b94ddf968ce2e3026d88d6 P 648fbc00d7fd44fea107e9300f6a1f97 [LEADER]: Connected to new peer: Peer: permanent_uuid: "3a53a546d39f43f492e8f714f7dafb43" member_type: VOTER last_known_addr { host: "127.12.255.130" port: 36417 }, Status: LMP_MISMATCH, Last received: 0.0, Next index: 4, Last known committed idx: 3, Time since last communication: 0.000s
I20260709 12:16:43.383105 13960 raft_consensus.cc:1275] T 75f3ebcd77d144c1ad073f738d2cdb37 P 5833974db1c442efb7adff32879d1efa [term 4 FOLLOWER]: Refusing update from remote peer 648fbc00d7fd44fea107e9300f6a1f97: Log matching property violated. Preceding OpId in replica: term: 3 index: 3. Preceding OpId from leader: term: 4 index: 4. (index mismatch)
I20260709 12:16:43.384377 14329 consensus_queue.cc:1048] T 75f3ebcd77d144c1ad073f738d2cdb37 P 648fbc00d7fd44fea107e9300f6a1f97 [LEADER]: Connected to new peer: Peer: permanent_uuid: "5833974db1c442efb7adff32879d1efa" member_type: VOTER last_known_addr { host: "127.12.255.129" port: 39689 }, Status: LMP_MISMATCH, Last received: 0.0, Next index: 4, Last known committed idx: 3, Time since last communication: 0.000s
I20260709 12:16:43.393433 14034 raft_consensus.cc:1275] T 75f3ebcd77d144c1ad073f738d2cdb37 P 3a53a546d39f43f492e8f714f7dafb43 [term 4 FOLLOWER]: Refusing update from remote peer 648fbc00d7fd44fea107e9300f6a1f97: Log matching property violated. Preceding OpId in replica: term: 3 index: 3. Preceding OpId from leader: term: 4 index: 4. (index mismatch)
I20260709 12:16:43.394753 14280 consensus_queue.cc:1048] T 75f3ebcd77d144c1ad073f738d2cdb37 P 648fbc00d7fd44fea107e9300f6a1f97 [LEADER]: Connected to new peer: Peer: permanent_uuid: "3a53a546d39f43f492e8f714f7dafb43" member_type: VOTER last_known_addr { host: "127.12.255.130" port: 36417 }, Status: LMP_MISMATCH, Last received: 0.0, Next index: 4, Last known committed idx: 3, Time since last communication: 0.000s
I20260709 12:16:43.512692 13310 auto_leader_rebalancer.cc:141] leader rebalance for table test-workload
I20260709 12:16:43.519049 13310 auto_leader_rebalancer.cc:440] table: test-workload, leader rebalance finish, leader transfer count: 0
I20260709 12:16:43.519507 13310 auto_leader_rebalancer.cc:515] All tables' leader rebalancing finished this round
I20260709 12:16:43.634235 13960 raft_consensus.cc:1275] T cf9ec40ce2f44183b62a90b2a3ca0681 P 5833974db1c442efb7adff32879d1efa [term 5 FOLLOWER]: Refusing update from remote peer 3a53a546d39f43f492e8f714f7dafb43: Log matching property violated. Preceding OpId in replica: term: 4 index: 4. Preceding OpId from leader: term: 5 index: 5. (index mismatch)
I20260709 12:16:43.635625 14324 consensus_queue.cc:1048] T cf9ec40ce2f44183b62a90b2a3ca0681 P 3a53a546d39f43f492e8f714f7dafb43 [LEADER]: Connected to new peer: Peer: permanent_uuid: "5833974db1c442efb7adff32879d1efa" member_type: VOTER last_known_addr { host: "127.12.255.129" port: 39689 }, Status: LMP_MISMATCH, Last received: 0.0, Next index: 5, Last known committed idx: 4, Time since last communication: 0.000s
I20260709 12:16:43.646598 14109 raft_consensus.cc:1275] T cf9ec40ce2f44183b62a90b2a3ca0681 P 648fbc00d7fd44fea107e9300f6a1f97 [term 5 FOLLOWER]: Refusing update from remote peer 3a53a546d39f43f492e8f714f7dafb43: Log matching property violated. Preceding OpId in replica: term: 4 index: 4. Preceding OpId from leader: term: 5 index: 5. (index mismatch)
I20260709 12:16:43.648142 14312 consensus_queue.cc:1048] T cf9ec40ce2f44183b62a90b2a3ca0681 P 3a53a546d39f43f492e8f714f7dafb43 [LEADER]: Connected to new peer: Peer: permanent_uuid: "648fbc00d7fd44fea107e9300f6a1f97" member_type: VOTER last_known_addr { host: "127.12.255.131" port: 34773 }, Status: LMP_MISMATCH, Last received: 0.0, Next index: 5, Last known committed idx: 4, Time since last communication: 0.001s
I20260709 12:16:44.520388 13310 auto_leader_rebalancer.cc:141] leader rebalance for table test-workload
I20260709 12:16:44.525738 13310 auto_leader_rebalancer.cc:440] table: test-workload, leader rebalance finish, leader transfer count: 0
I20260709 12:16:44.526091 13310 auto_leader_rebalancer.cc:515] All tables' leader rebalancing finished this round
I20260709 12:16:45.526949 13310 auto_leader_rebalancer.cc:141] leader rebalance for table test-workload
I20260709 12:16:45.532279 13310 auto_leader_rebalancer.cc:440] table: test-workload, leader rebalance finish, leader transfer count: 0
I20260709 12:16:45.532732 13310 auto_leader_rebalancer.cc:515] All tables' leader rebalancing finished this round
I20260709 12:16:46.533595 13310 auto_leader_rebalancer.cc:141] leader rebalance for table test-workload
I20260709 12:16:46.540692 13310 auto_leader_rebalancer.cc:440] table: test-workload, leader rebalance finish, leader transfer count: 0
I20260709 12:16:46.541111 13310 auto_leader_rebalancer.cc:515] All tables' leader rebalancing finished this round
I20260709 12:16:47.542059 13310 auto_leader_rebalancer.cc:141] leader rebalance for table test-workload
I20260709 12:16:47.547355 13310 auto_leader_rebalancer.cc:440] table: test-workload, leader rebalance finish, leader transfer count: 0
I20260709 12:16:47.547770 13310 auto_leader_rebalancer.cc:515] All tables' leader rebalancing finished this round
I20260709 12:16:48.548633 13310 auto_leader_rebalancer.cc:141] leader rebalance for table test-workload
I20260709 12:16:48.554222 13310 auto_leader_rebalancer.cc:440] table: test-workload, leader rebalance finish, leader transfer count: 0
I20260709 12:16:48.554726 13310 auto_leader_rebalancer.cc:515] All tables' leader rebalancing finished this round
I20260709 12:16:49.555682 13310 auto_leader_rebalancer.cc:141] leader rebalance for table test-workload
I20260709 12:16:49.560998 13310 auto_leader_rebalancer.cc:440] table: test-workload, leader rebalance finish, leader transfer count: 0
I20260709 12:16:49.561424 13310 auto_leader_rebalancer.cc:515] All tables' leader rebalancing finished this round
I20260709 12:16:50.562263 13310 auto_leader_rebalancer.cc:141] leader rebalance for table test-workload
I20260709 12:16:50.567538 13310 auto_leader_rebalancer.cc:440] table: test-workload, leader rebalance finish, leader transfer count: 0
I20260709 12:16:50.567989 13310 auto_leader_rebalancer.cc:515] All tables' leader rebalancing finished this round
I20260709 12:16:51.568931 13310 auto_leader_rebalancer.cc:141] leader rebalance for table test-workload
I20260709 12:16:51.574429 13310 auto_leader_rebalancer.cc:440] table: test-workload, leader rebalance finish, leader transfer count: 0
I20260709 12:16:51.574891 13310 auto_leader_rebalancer.cc:515] All tables' leader rebalancing finished this round
I20260709 12:16:52.608664 13310 auto_leader_rebalancer-test.cc:410] The leader distribution is 
I20260709 12:16:52.609334 13310 tablet_server.cc:179] TabletServer@127.12.255.129:0 shutting down...
W20260709 12:16:52.614784 14074 proxy.cc:239] Call had error, refreshing address and retrying: Remote error: Service unavailable: service kudu.consensus.ConsensusService not registered on TabletServer [suppressed 2 similar messages]
W20260709 12:16:52.619822 14074 consensus_peers.cc:597] T cf98d8060e1c43948ae8faab4f307450 P 648fbc00d7fd44fea107e9300f6a1f97 -> Peer 5833974db1c442efb7adff32879d1efa (127.12.255.129:39689): Couldn't send request to peer 5833974db1c442efb7adff32879d1efa. Status: Remote error: Service unavailable: service kudu.consensus.ConsensusService not registered on TabletServer. This is attempt 1: this message will repeat every 5th retry.
W20260709 12:16:52.645473 14000 consensus_peers.cc:597] T 7f0871effb44485f88e969200df7eb68 P 3a53a546d39f43f492e8f714f7dafb43 -> Peer 5833974db1c442efb7adff32879d1efa (127.12.255.129:39689): Couldn't send request to peer 5833974db1c442efb7adff32879d1efa. Status: Remote error: Service unavailable: service kudu.consensus.ConsensusService not registered on TabletServer. This is attempt 1: this message will repeat every 5th retry.
I20260709 12:16:52.648983 13310 ts_tablet_manager.cc:1507] Shutting down tablet manager...
I20260709 12:16:52.649859 13310 tablet_replica.cc:333] T cf98d8060e1c43948ae8faab4f307450 P 5833974db1c442efb7adff32879d1efa: stopping tablet replica
I20260709 12:16:52.650873 13310 raft_consensus.cc:2243] T cf98d8060e1c43948ae8faab4f307450 P 5833974db1c442efb7adff32879d1efa [term 1 FOLLOWER]: Raft consensus shutting down.
I20260709 12:16:52.651559 13310 raft_consensus.cc:2272] T cf98d8060e1c43948ae8faab4f307450 P 5833974db1c442efb7adff32879d1efa [term 1 FOLLOWER]: Raft consensus is shut down!
I20260709 12:16:52.653764 13310 tablet_replica.cc:333] T a5227ca7fb05459e812a982991f6f586 P 5833974db1c442efb7adff32879d1efa: stopping tablet replica
I20260709 12:16:52.654244 13310 raft_consensus.cc:2243] T a5227ca7fb05459e812a982991f6f586 P 5833974db1c442efb7adff32879d1efa [term 1 LEADER]: Raft consensus shutting down.
I20260709 12:16:52.655161 13310 raft_consensus.cc:2272] T a5227ca7fb05459e812a982991f6f586 P 5833974db1c442efb7adff32879d1efa [term 1 FOLLOWER]: Raft consensus is shut down!
I20260709 12:16:52.657004 13310 tablet_replica.cc:333] T d6e2468f19b94ddf968ce2e3026d88d6 P 5833974db1c442efb7adff32879d1efa: stopping tablet replica
I20260709 12:16:52.657596 13310 raft_consensus.cc:2243] T d6e2468f19b94ddf968ce2e3026d88d6 P 5833974db1c442efb7adff32879d1efa [term 4 FOLLOWER]: Raft consensus shutting down.
I20260709 12:16:52.658054 13310 raft_consensus.cc:2272] T d6e2468f19b94ddf968ce2e3026d88d6 P 5833974db1c442efb7adff32879d1efa [term 4 FOLLOWER]: Raft consensus is shut down!
I20260709 12:16:52.659807 13310 tablet_replica.cc:333] T 7a39014258024595ab6c58ee3d10b3b0 P 5833974db1c442efb7adff32879d1efa: stopping tablet replica
I20260709 12:16:52.660411 13310 raft_consensus.cc:2243] T 7a39014258024595ab6c58ee3d10b3b0 P 5833974db1c442efb7adff32879d1efa [term 2 LEADER]: Raft consensus shutting down.
I20260709 12:16:52.661207 13310 raft_consensus.cc:2272] T 7a39014258024595ab6c58ee3d10b3b0 P 5833974db1c442efb7adff32879d1efa [term 2 FOLLOWER]: Raft consensus is shut down!
I20260709 12:16:52.662931 13310 tablet_replica.cc:333] T 29161b0d6f834519bbc2f1e93f9b520c P 5833974db1c442efb7adff32879d1efa: stopping tablet replica
I20260709 12:16:52.663414 13310 raft_consensus.cc:2243] T 29161b0d6f834519bbc2f1e93f9b520c P 5833974db1c442efb7adff32879d1efa [term 3 LEADER]: Raft consensus shutting down.
I20260709 12:16:52.664325 13310 raft_consensus.cc:2272] T 29161b0d6f834519bbc2f1e93f9b520c P 5833974db1c442efb7adff32879d1efa [term 3 FOLLOWER]: Raft consensus is shut down!
I20260709 12:16:52.666823 13310 tablet_replica.cc:333] T 7f0871effb44485f88e969200df7eb68 P 5833974db1c442efb7adff32879d1efa: stopping tablet replica
I20260709 12:16:52.667410 13310 raft_consensus.cc:2243] T 7f0871effb44485f88e969200df7eb68 P 5833974db1c442efb7adff32879d1efa [term 4 FOLLOWER]: Raft consensus shutting down.
I20260709 12:16:52.668164 13310 raft_consensus.cc:2272] T 7f0871effb44485f88e969200df7eb68 P 5833974db1c442efb7adff32879d1efa [term 4 FOLLOWER]: Raft consensus is shut down!
I20260709 12:16:52.670814 13310 tablet_replica.cc:333] T 9f8326fecd16424ead3e4a437262af9a P 5833974db1c442efb7adff32879d1efa: stopping tablet replica
I20260709 12:16:52.671294 13310 raft_consensus.cc:2243] T 9f8326fecd16424ead3e4a437262af9a P 5833974db1c442efb7adff32879d1efa [term 2 LEADER]: Raft consensus shutting down.
I20260709 12:16:52.672142 13310 raft_consensus.cc:2272] T 9f8326fecd16424ead3e4a437262af9a P 5833974db1c442efb7adff32879d1efa [term 2 FOLLOWER]: Raft consensus is shut down!
I20260709 12:16:52.673978 13310 tablet_replica.cc:333] T 75f3ebcd77d144c1ad073f738d2cdb37 P 5833974db1c442efb7adff32879d1efa: stopping tablet replica
I20260709 12:16:52.674535 13310 raft_consensus.cc:2243] T 75f3ebcd77d144c1ad073f738d2cdb37 P 5833974db1c442efb7adff32879d1efa [term 4 FOLLOWER]: Raft consensus shutting down.
I20260709 12:16:52.674985 13310 raft_consensus.cc:2272] T 75f3ebcd77d144c1ad073f738d2cdb37 P 5833974db1c442efb7adff32879d1efa [term 4 FOLLOWER]: Raft consensus is shut down!
I20260709 12:16:52.676667 13310 tablet_replica.cc:333] T 3e0ad2da14ff44f399d7efd75c4ad4c3 P 5833974db1c442efb7adff32879d1efa: stopping tablet replica
I20260709 12:16:52.677134 13310 raft_consensus.cc:2243] T 3e0ad2da14ff44f399d7efd75c4ad4c3 P 5833974db1c442efb7adff32879d1efa [term 2 FOLLOWER]: Raft consensus shutting down.
I20260709 12:16:52.677570 13310 raft_consensus.cc:2272] T 3e0ad2da14ff44f399d7efd75c4ad4c3 P 5833974db1c442efb7adff32879d1efa [term 2 FOLLOWER]: Raft consensus is shut down!
I20260709 12:16:52.679222 13310 tablet_replica.cc:333] T cf9ec40ce2f44183b62a90b2a3ca0681 P 5833974db1c442efb7adff32879d1efa: stopping tablet replica
I20260709 12:16:52.679665 13310 raft_consensus.cc:2243] T cf9ec40ce2f44183b62a90b2a3ca0681 P 5833974db1c442efb7adff32879d1efa [term 5 FOLLOWER]: Raft consensus shutting down.
I20260709 12:16:52.680142 13310 raft_consensus.cc:2272] T cf9ec40ce2f44183b62a90b2a3ca0681 P 5833974db1c442efb7adff32879d1efa [term 5 FOLLOWER]: Raft consensus is shut down!
W20260709 12:16:52.686348 14074 consensus_peers.cc:597] T d6e2468f19b94ddf968ce2e3026d88d6 P 648fbc00d7fd44fea107e9300f6a1f97 -> Peer 5833974db1c442efb7adff32879d1efa (127.12.255.129:39689): Couldn't send request to peer 5833974db1c442efb7adff32879d1efa. Status: Remote error: Service unavailable: service kudu.consensus.ConsensusService not registered on TabletServer. This is attempt 1: this message will repeat every 5th retry.
I20260709 12:16:52.734330 13310 tablet_server.cc:196] TabletServer@127.12.255.129:0 shutdown complete.
W20260709 12:16:52.736625 14000 consensus_peers.cc:597] T cf9ec40ce2f44183b62a90b2a3ca0681 P 3a53a546d39f43f492e8f714f7dafb43 -> Peer 5833974db1c442efb7adff32879d1efa (127.12.255.129:39689): Couldn't send request to peer 5833974db1c442efb7adff32879d1efa. Status: Network error: Client connection negotiation failed: client connection to 127.12.255.129:39689: connect: Connection refused (error 111). This is attempt 1: this message will repeat every 5th retry.
I20260709 12:16:52.755584 13310 tablet_server.cc:179] TabletServer@127.12.255.130:0 shutting down...
I20260709 12:16:52.781770 13310 ts_tablet_manager.cc:1507] Shutting down tablet manager...
I20260709 12:16:52.782647 13310 tablet_replica.cc:333] T cf98d8060e1c43948ae8faab4f307450 P 3a53a546d39f43f492e8f714f7dafb43: stopping tablet replica
I20260709 12:16:52.783288 13310 raft_consensus.cc:2243] T cf98d8060e1c43948ae8faab4f307450 P 3a53a546d39f43f492e8f714f7dafb43 [term 1 FOLLOWER]: Raft consensus shutting down.
I20260709 12:16:52.783776 13310 raft_consensus.cc:2272] T cf98d8060e1c43948ae8faab4f307450 P 3a53a546d39f43f492e8f714f7dafb43 [term 1 FOLLOWER]: Raft consensus is shut down!
I20260709 12:16:52.785995 13310 tablet_replica.cc:333] T a5227ca7fb05459e812a982991f6f586 P 3a53a546d39f43f492e8f714f7dafb43: stopping tablet replica
I20260709 12:16:52.786562 13310 raft_consensus.cc:2243] T a5227ca7fb05459e812a982991f6f586 P 3a53a546d39f43f492e8f714f7dafb43 [term 1 FOLLOWER]: Raft consensus shutting down.
I20260709 12:16:52.787036 13310 raft_consensus.cc:2272] T a5227ca7fb05459e812a982991f6f586 P 3a53a546d39f43f492e8f714f7dafb43 [term 1 FOLLOWER]: Raft consensus is shut down!
I20260709 12:16:52.788897 13310 tablet_replica.cc:333] T 75f3ebcd77d144c1ad073f738d2cdb37 P 3a53a546d39f43f492e8f714f7dafb43: stopping tablet replica
I20260709 12:16:52.789430 13310 raft_consensus.cc:2243] T 75f3ebcd77d144c1ad073f738d2cdb37 P 3a53a546d39f43f492e8f714f7dafb43 [term 4 FOLLOWER]: Raft consensus shutting down.
I20260709 12:16:52.789911 13310 raft_consensus.cc:2272] T 75f3ebcd77d144c1ad073f738d2cdb37 P 3a53a546d39f43f492e8f714f7dafb43 [term 4 FOLLOWER]: Raft consensus is shut down!
I20260709 12:16:52.791754 13310 tablet_replica.cc:333] T 29161b0d6f834519bbc2f1e93f9b520c P 3a53a546d39f43f492e8f714f7dafb43: stopping tablet replica
I20260709 12:16:52.792271 13310 raft_consensus.cc:2243] T 29161b0d6f834519bbc2f1e93f9b520c P 3a53a546d39f43f492e8f714f7dafb43 [term 3 FOLLOWER]: Raft consensus shutting down.
I20260709 12:16:52.792666 13310 raft_consensus.cc:2272] T 29161b0d6f834519bbc2f1e93f9b520c P 3a53a546d39f43f492e8f714f7dafb43 [term 3 FOLLOWER]: Raft consensus is shut down!
I20260709 12:16:52.794286 13310 tablet_replica.cc:333] T 9f8326fecd16424ead3e4a437262af9a P 3a53a546d39f43f492e8f714f7dafb43: stopping tablet replica
I20260709 12:16:52.794780 13310 raft_consensus.cc:2243] T 9f8326fecd16424ead3e4a437262af9a P 3a53a546d39f43f492e8f714f7dafb43 [term 2 FOLLOWER]: Raft consensus shutting down.
I20260709 12:16:52.795246 13310 raft_consensus.cc:2272] T 9f8326fecd16424ead3e4a437262af9a P 3a53a546d39f43f492e8f714f7dafb43 [term 2 FOLLOWER]: Raft consensus is shut down!
I20260709 12:16:52.796921 13310 tablet_replica.cc:333] T 7f0871effb44485f88e969200df7eb68 P 3a53a546d39f43f492e8f714f7dafb43: stopping tablet replica
I20260709 12:16:52.797405 13310 raft_consensus.cc:2243] T 7f0871effb44485f88e969200df7eb68 P 3a53a546d39f43f492e8f714f7dafb43 [term 4 LEADER]: Raft consensus shutting down.
I20260709 12:16:52.798175 13310 raft_consensus.cc:2272] T 7f0871effb44485f88e969200df7eb68 P 3a53a546d39f43f492e8f714f7dafb43 [term 4 FOLLOWER]: Raft consensus is shut down!
I20260709 12:16:52.799804 13310 tablet_replica.cc:333] T d6e2468f19b94ddf968ce2e3026d88d6 P 3a53a546d39f43f492e8f714f7dafb43: stopping tablet replica
I20260709 12:16:52.800308 13310 raft_consensus.cc:2243] T d6e2468f19b94ddf968ce2e3026d88d6 P 3a53a546d39f43f492e8f714f7dafb43 [term 4 FOLLOWER]: Raft consensus shutting down.
I20260709 12:16:52.800740 13310 raft_consensus.cc:2272] T d6e2468f19b94ddf968ce2e3026d88d6 P 3a53a546d39f43f492e8f714f7dafb43 [term 4 FOLLOWER]: Raft consensus is shut down!
I20260709 12:16:52.802911 13310 tablet_replica.cc:333] T 7a39014258024595ab6c58ee3d10b3b0 P 3a53a546d39f43f492e8f714f7dafb43: stopping tablet replica
I20260709 12:16:52.803370 13310 raft_consensus.cc:2243] T 7a39014258024595ab6c58ee3d10b3b0 P 3a53a546d39f43f492e8f714f7dafb43 [term 2 FOLLOWER]: Raft consensus shutting down.
I20260709 12:16:52.803761 13310 raft_consensus.cc:2272] T 7a39014258024595ab6c58ee3d10b3b0 P 3a53a546d39f43f492e8f714f7dafb43 [term 2 FOLLOWER]: Raft consensus is shut down!
I20260709 12:16:52.805413 13310 tablet_replica.cc:333] T 3e0ad2da14ff44f399d7efd75c4ad4c3 P 3a53a546d39f43f492e8f714f7dafb43: stopping tablet replica
I20260709 12:16:52.805881 13310 raft_consensus.cc:2243] T 3e0ad2da14ff44f399d7efd75c4ad4c3 P 3a53a546d39f43f492e8f714f7dafb43 [term 2 LEADER]: Raft consensus shutting down.
I20260709 12:16:52.806694 13310 raft_consensus.cc:2272] T 3e0ad2da14ff44f399d7efd75c4ad4c3 P 3a53a546d39f43f492e8f714f7dafb43 [term 2 FOLLOWER]: Raft consensus is shut down!
I20260709 12:16:52.808398 13310 tablet_replica.cc:333] T cf9ec40ce2f44183b62a90b2a3ca0681 P 3a53a546d39f43f492e8f714f7dafb43: stopping tablet replica
I20260709 12:16:52.809106 13310 raft_consensus.cc:2243] T cf9ec40ce2f44183b62a90b2a3ca0681 P 3a53a546d39f43f492e8f714f7dafb43 [term 5 LEADER]: Raft consensus shutting down.
I20260709 12:16:52.809993 13310 raft_consensus.cc:2272] T cf9ec40ce2f44183b62a90b2a3ca0681 P 3a53a546d39f43f492e8f714f7dafb43 [term 5 FOLLOWER]: Raft consensus is shut down!
I20260709 12:16:52.838820 13310 tablet_server.cc:196] TabletServer@127.12.255.130:0 shutdown complete.
I20260709 12:16:52.858575 13310 tablet_server.cc:179] TabletServer@127.12.255.131:0 shutting down...
I20260709 12:16:52.896288 13310 ts_tablet_manager.cc:1507] Shutting down tablet manager...
I20260709 12:16:52.897171 13310 tablet_replica.cc:333] T cf98d8060e1c43948ae8faab4f307450 P 648fbc00d7fd44fea107e9300f6a1f97: stopping tablet replica
I20260709 12:16:52.897892 13310 raft_consensus.cc:2243] T cf98d8060e1c43948ae8faab4f307450 P 648fbc00d7fd44fea107e9300f6a1f97 [term 1 LEADER]: Raft consensus shutting down.
W20260709 12:16:52.898888 14072 consensus_peers.cc:597] T 75f3ebcd77d144c1ad073f738d2cdb37 P 648fbc00d7fd44fea107e9300f6a1f97 -> Peer 3a53a546d39f43f492e8f714f7dafb43 (127.12.255.130:36417): Couldn't send request to peer 3a53a546d39f43f492e8f714f7dafb43. Status: Network error: Client connection negotiation failed: client connection to 127.12.255.130:36417: connect: Connection refused (error 111). This is attempt 1: this message will repeat every 5th retry.
I20260709 12:16:52.898908 13310 raft_consensus.cc:2272] T cf98d8060e1c43948ae8faab4f307450 P 648fbc00d7fd44fea107e9300f6a1f97 [term 1 FOLLOWER]: Raft consensus is shut down!
I20260709 12:16:52.900944 13310 tablet_replica.cc:333] T 75f3ebcd77d144c1ad073f738d2cdb37 P 648fbc00d7fd44fea107e9300f6a1f97: stopping tablet replica
I20260709 12:16:52.901491 13310 raft_consensus.cc:2243] T 75f3ebcd77d144c1ad073f738d2cdb37 P 648fbc00d7fd44fea107e9300f6a1f97 [term 4 LEADER]: Raft consensus shutting down.
I20260709 12:16:52.902220 13310 raft_consensus.cc:2272] T 75f3ebcd77d144c1ad073f738d2cdb37 P 648fbc00d7fd44fea107e9300f6a1f97 [term 4 FOLLOWER]: Raft consensus is shut down!
I20260709 12:16:52.903965 13310 tablet_replica.cc:333] T a5227ca7fb05459e812a982991f6f586 P 648fbc00d7fd44fea107e9300f6a1f97: stopping tablet replica
I20260709 12:16:52.904475 13310 raft_consensus.cc:2243] T a5227ca7fb05459e812a982991f6f586 P 648fbc00d7fd44fea107e9300f6a1f97 [term 1 FOLLOWER]: Raft consensus shutting down.
I20260709 12:16:52.904937 13310 raft_consensus.cc:2272] T a5227ca7fb05459e812a982991f6f586 P 648fbc00d7fd44fea107e9300f6a1f97 [term 1 FOLLOWER]: Raft consensus is shut down!
I20260709 12:16:52.906700 13310 tablet_replica.cc:333] T 7f0871effb44485f88e969200df7eb68 P 648fbc00d7fd44fea107e9300f6a1f97: stopping tablet replica
I20260709 12:16:52.907203 13310 raft_consensus.cc:2243] T 7f0871effb44485f88e969200df7eb68 P 648fbc00d7fd44fea107e9300f6a1f97 [term 4 FOLLOWER]: Raft consensus shutting down.
I20260709 12:16:52.907722 13310 raft_consensus.cc:2272] T 7f0871effb44485f88e969200df7eb68 P 648fbc00d7fd44fea107e9300f6a1f97 [term 4 FOLLOWER]: Raft consensus is shut down!
I20260709 12:16:52.909474 13310 tablet_replica.cc:333] T 29161b0d6f834519bbc2f1e93f9b520c P 648fbc00d7fd44fea107e9300f6a1f97: stopping tablet replica
I20260709 12:16:52.909981 13310 raft_consensus.cc:2243] T 29161b0d6f834519bbc2f1e93f9b520c P 648fbc00d7fd44fea107e9300f6a1f97 [term 3 FOLLOWER]: Raft consensus shutting down.
I20260709 12:16:52.910432 13310 raft_consensus.cc:2272] T 29161b0d6f834519bbc2f1e93f9b520c P 648fbc00d7fd44fea107e9300f6a1f97 [term 3 FOLLOWER]: Raft consensus is shut down!
I20260709 12:16:52.912128 13310 tablet_replica.cc:333] T 9f8326fecd16424ead3e4a437262af9a P 648fbc00d7fd44fea107e9300f6a1f97: stopping tablet replica
I20260709 12:16:52.912603 13310 raft_consensus.cc:2243] T 9f8326fecd16424ead3e4a437262af9a P 648fbc00d7fd44fea107e9300f6a1f97 [term 2 FOLLOWER]: Raft consensus shutting down.
I20260709 12:16:52.913010 13310 raft_consensus.cc:2272] T 9f8326fecd16424ead3e4a437262af9a P 648fbc00d7fd44fea107e9300f6a1f97 [term 2 FOLLOWER]: Raft consensus is shut down!
I20260709 12:16:52.914783 13310 tablet_replica.cc:333] T 3e0ad2da14ff44f399d7efd75c4ad4c3 P 648fbc00d7fd44fea107e9300f6a1f97: stopping tablet replica
I20260709 12:16:52.915266 13310 raft_consensus.cc:2243] T 3e0ad2da14ff44f399d7efd75c4ad4c3 P 648fbc00d7fd44fea107e9300f6a1f97 [term 2 FOLLOWER]: Raft consensus shutting down.
I20260709 12:16:52.915688 13310 raft_consensus.cc:2272] T 3e0ad2da14ff44f399d7efd75c4ad4c3 P 648fbc00d7fd44fea107e9300f6a1f97 [term 2 FOLLOWER]: Raft consensus is shut down!
I20260709 12:16:52.917224 13310 tablet_replica.cc:333] T cf9ec40ce2f44183b62a90b2a3ca0681 P 648fbc00d7fd44fea107e9300f6a1f97: stopping tablet replica
I20260709 12:16:52.917706 13310 raft_consensus.cc:2243] T cf9ec40ce2f44183b62a90b2a3ca0681 P 648fbc00d7fd44fea107e9300f6a1f97 [term 5 FOLLOWER]: Raft consensus shutting down.
I20260709 12:16:52.918154 13310 raft_consensus.cc:2272] T cf9ec40ce2f44183b62a90b2a3ca0681 P 648fbc00d7fd44fea107e9300f6a1f97 [term 5 FOLLOWER]: Raft consensus is shut down!
I20260709 12:16:52.919829 13310 tablet_replica.cc:333] T d6e2468f19b94ddf968ce2e3026d88d6 P 648fbc00d7fd44fea107e9300f6a1f97: stopping tablet replica
I20260709 12:16:52.920275 13310 raft_consensus.cc:2243] T d6e2468f19b94ddf968ce2e3026d88d6 P 648fbc00d7fd44fea107e9300f6a1f97 [term 4 LEADER]: Raft consensus shutting down.
I20260709 12:16:52.921012 13310 raft_consensus.cc:2272] T d6e2468f19b94ddf968ce2e3026d88d6 P 648fbc00d7fd44fea107e9300f6a1f97 [term 4 FOLLOWER]: Raft consensus is shut down!
I20260709 12:16:52.922708 13310 tablet_replica.cc:333] T 7a39014258024595ab6c58ee3d10b3b0 P 648fbc00d7fd44fea107e9300f6a1f97: stopping tablet replica
I20260709 12:16:52.923138 13310 raft_consensus.cc:2243] T 7a39014258024595ab6c58ee3d10b3b0 P 648fbc00d7fd44fea107e9300f6a1f97 [term 2 FOLLOWER]: Raft consensus shutting down.
I20260709 12:16:52.923560 13310 raft_consensus.cc:2272] T 7a39014258024595ab6c58ee3d10b3b0 P 648fbc00d7fd44fea107e9300f6a1f97 [term 2 FOLLOWER]: Raft consensus is shut down!
I20260709 12:16:52.952535 13310 tablet_server.cc:196] TabletServer@127.12.255.131:0 shutdown complete.
I20260709 12:16:52.972162 13310 master.cc:562] Master@127.12.255.190:41039 shutting down...
I20260709 12:16:52.997922 13310 raft_consensus.cc:2243] T 00000000000000000000000000000000 P 29adf2ac6cf0414ab0b36f0761875553 [term 1 LEADER]: Raft consensus shutting down.
I20260709 12:16:52.998602 13310 raft_consensus.cc:2272] T 00000000000000000000000000000000 P 29adf2ac6cf0414ab0b36f0761875553 [term 1 FOLLOWER]: Raft consensus is shut down!
I20260709 12:16:52.998901 13310 tablet_replica.cc:333] T 00000000000000000000000000000000 P 29adf2ac6cf0414ab0b36f0761875553: stopping tablet replica
I20260709 12:16:53.018229 13310 master.cc:584] Master@127.12.255.190:41039 shutdown complete.
3a53a546d39f43f492e8f714f7dafb43  4
5833974db1c442efb7adff32879d1efa  5
648fbc00d7fd44fea107e9300f6a1f97  1
3a53a546d39f43f492e8f714f7dafb43  4
5833974db1c442efb7adff32879d1efa  3
648fbc00d7fd44fea107e9300f6a1f97  3
3a53a546d39f43f492e8f714f7dafb43  1
5833974db1c442efb7adff32879d1efa  8
648fbc00d7fd44fea107e9300f6a1f97  1
3a53a546d39f43f492e8f714f7dafb43  3
5833974db1c442efb7adff32879d1efa  4
648fbc00d7fd44fea107e9300f6a1f97  3
[       OK ] LeaderRebalancerTest.FunctionalTestForNotDivided (29802 ms)
[ RUN      ] LeaderRebalancerTest.AddTserver
I20260709 12:16:53.061188 13310 internal_mini_cluster.cc:156] Creating distributed mini masters. Addrs: 127.12.255.190:36631
I20260709 12:16:53.062265 13310 file_cache.cc:504] Constructed file cache file cache with capacity 419430
W20260709 12:16:53.068315 14353 instance_detector.cc:116] could not retrieve Azure instance metadata: Network error: curl error: HTTP response code said error: The requested URL returned error: 404
W20260709 12:16:53.068336 14352 instance_detector.cc:116] could not retrieve AWS instance metadata: Network error: curl error: HTTP response code said error: The requested URL returned error: 404
W20260709 12:16:53.069262 14355 instance_detector.cc:116] could not retrieve OpenStack instance metadata: Network error: curl error: HTTP response code said error: The requested URL returned error: 404
I20260709 12:16:53.069701 13310 server_base.cc:1061] running on GCE node
I20260709 12:16:53.070758 13310 hybrid_clock.cc:584] initializing the hybrid clock with 'system_unsync' time source
W20260709 12:16:53.070937 13310 system_unsync_time.cc:38] NTP support is disabled. Clock error bounds will not be accurate. This configuration is not suitable for distributed clusters.
I20260709 12:16:53.071058 13310 hybrid_clock.cc:648] HybridClock initialized: now 1783599413071047 us; error 0 us; skew 500 ppm
I20260709 12:16:53.071520 13310 server_base.cc:861] Flag tcmalloc_max_total_thread_cache_bytes is not working since tcmalloc is not enabled.
