W20260709 12:16:23.266193 13834 instance_detector.cc:116] could not retrieve Azure instance metadata: Network error: curl error: HTTP response code said error: The requested URL returned error: 404
W20260709 12:16:23.266372 13833 instance_detector.cc:116] could not retrieve AWS instance metadata: Network error: curl error: HTTP response code said error: The requested URL returned error: 404
W20260709 12:16:23.266729 13836 instance_detector.cc:116] could not retrieve OpenStack instance metadata: Network error: curl error: HTTP response code said error: The requested URL returned error: 404
I20260709 12:16:23.267738 13310 server_base.cc:1061] running on GCE node
I20260709 12:16:23.268651 13310 hybrid_clock.cc:584] initializing the hybrid clock with 'system_unsync' time source
W20260709 12:16:23.268890 13310 system_unsync_time.cc:38] NTP support is disabled. Clock error bounds will not be accurate. This configuration is not suitable for distributed clusters.
I20260709 12:16:23.269053 13310 hybrid_clock.cc:648] HybridClock initialized: now 1783599383269029 us; error 0 us; skew 500 ppm
I20260709 12:16:23.269582 13310 server_base.cc:861] Flag tcmalloc_max_total_thread_cache_bytes is not working since tcmalloc is not enabled.
I20260709 12:16:23.271934 13310 webserver.cc:533] Webserver started at http://127.12.255.190:44569/ using document root <none> and password file <none>
I20260709 12:16:23.272421 13310 fs_manager.cc:362] Metadata directory not provided
I20260709 12:16:23.272619 13310 fs_manager.cc:368] Using write-ahead log directory (fs_wal_dir) as metadata directory
I20260709 12:16:23.272907 13310 server_base.cc:909] This appears to be a new deployment of Kudu; creating new FS layout
I20260709 12:16:23.274077 13310 fs_manager.cc:1068] Generated new instance metadata in path /tmp/dist-test-taskFXQLcL/test-tmp/auto_leader_rebalancer-test.0.LeaderRebalancerTest.FunctionalTestForNotDivided.1783599351848431-13310-0/minicluster-data/master-0-root/instance:
uuid: "29adf2ac6cf0414ab0b36f0761875553"
format_stamp: "Formatted at 2026-07-09 12:16:23 on dist-test-slave-bdgg"
I20260709 12:16:23.278858 13310 fs_manager.cc:696] Time spent creating directory manager: real 0.004s	user 0.002s	sys 0.001s
I20260709 12:16:23.282119 13841 log_block_manager.cc:4127] Time spent loading block containers with low live blocks: real 0.000s	user 0.000s	sys 0.000s
I20260709 12:16:23.282908 13310 fs_manager.cc:730] Time spent opening block manager: real 0.002s	user 0.002s	sys 0.001s
I20260709 12:16:23.283210 13310 fs_manager.cc:647] Opened local filesystem: /tmp/dist-test-taskFXQLcL/test-tmp/auto_leader_rebalancer-test.0.LeaderRebalancerTest.FunctionalTestForNotDivided.1783599351848431-13310-0/minicluster-data/master-0-root
uuid: "29adf2ac6cf0414ab0b36f0761875553"
format_stamp: "Formatted at 2026-07-09 12:16:23 on dist-test-slave-bdgg"
I20260709 12:16:23.283530 13310 fs_report.cc:389] FS layout report
--------------------
wal directory: /tmp/dist-test-taskFXQLcL/test-tmp/auto_leader_rebalancer-test.0.LeaderRebalancerTest.FunctionalTestForNotDivided.1783599351848431-13310-0/minicluster-data/master-0-root
metadata directory: /tmp/dist-test-taskFXQLcL/test-tmp/auto_leader_rebalancer-test.0.LeaderRebalancerTest.FunctionalTestForNotDivided.1783599351848431-13310-0/minicluster-data/master-0-root
1 data directories: /tmp/dist-test-taskFXQLcL/test-tmp/auto_leader_rebalancer-test.0.LeaderRebalancerTest.FunctionalTestForNotDivided.1783599351848431-13310-0/minicluster-data/master-0-root/data
Total live blocks: 0
Total live bytes: 0
Total live bytes (after alignment): 0
Total number of LBM containers: 0 (0 full)
Did not check for missing blocks
Did not check for orphaned blocks
Total full LBM containers with extra space: 0 (0 repaired)
Total full LBM container extra space in bytes: 0 (0 repaired)
Total incomplete LBM containers: 0 (0 repaired)
Total LBM partial records: 0 (0 repaired)
Total corrupted LBM metadata records in RocksDB: 0 (0 repaired)
I20260709 12:16:23.314599 13310 rpc_server.cc:225] running with OpenSSL 1.1.1  11 Sep 2018
I20260709 12:16:23.315954 13310 kserver.cc:163] Server-wide thread pool size limit: 3276
I20260709 12:16:23.354267 13310 rpc_server.cc:307] RPC server started. Bound to: 127.12.255.190:41039
I20260709 12:16:23.354362 13892 acceptor_pool.cc:272] collecting diagnostics on the listening RPC socket 127.12.255.190:41039 every 8 connection(s)
I20260709 12:16:23.358248 13893 data_dirs.cc:400] Could only allocate 1 dirs of requested 3 for tablet 00000000000000000000000000000000. 1 dirs total, 0 dirs full, 0 dirs failed
I20260709 12:16:23.367868 13893 tablet_bootstrap.cc:492] T 00000000000000000000000000000000 P 29adf2ac6cf0414ab0b36f0761875553: Bootstrap starting.
I20260709 12:16:23.372485 13893 tablet_bootstrap.cc:654] T 00000000000000000000000000000000 P 29adf2ac6cf0414ab0b36f0761875553: Neither blocks nor log segments found. Creating new log.
I20260709 12:16:23.376679 13893 tablet_bootstrap.cc:492] T 00000000000000000000000000000000 P 29adf2ac6cf0414ab0b36f0761875553: No bootstrap required, opened a new log
I20260709 12:16:23.378892 13893 raft_consensus.cc:359] T 00000000000000000000000000000000 P 29adf2ac6cf0414ab0b36f0761875553 [term 0 FOLLOWER]: Replica starting. Triggering 0 pending ops. Active config: opid_index: -1 OBSOLETE_local: true peers { permanent_uuid: "29adf2ac6cf0414ab0b36f0761875553" member_type: VOTER }
I20260709 12:16:23.379319 13893 raft_consensus.cc:385] T 00000000000000000000000000000000 P 29adf2ac6cf0414ab0b36f0761875553 [term 0 FOLLOWER]: Consensus starting up: Expiring failure detector timer to make a prompt election more likely
I20260709 12:16:23.379504 13893 raft_consensus.cc:740] T 00000000000000000000000000000000 P 29adf2ac6cf0414ab0b36f0761875553 [term 0 FOLLOWER]: Becoming Follower/Learner. State: Replica: 29adf2ac6cf0414ab0b36f0761875553, State: Initialized, Role: FOLLOWER
I20260709 12:16:23.380062 13893 consensus_queue.cc:260] T 00000000000000000000000000000000 P 29adf2ac6cf0414ab0b36f0761875553 [NON_LEADER]: Queue going to NON_LEADER mode. State: All replicated index: 0, Majority replicated index: 0, Committed index: 0, Last appended: 0.0, Last appended by leader: 0, Current term: 0, Majority size: -1, State: 0, Mode: NON_LEADER, active raft config: opid_index: -1 OBSOLETE_local: true peers { permanent_uuid: "29adf2ac6cf0414ab0b36f0761875553" member_type: VOTER }
I20260709 12:16:23.380501 13893 raft_consensus.cc:399] T 00000000000000000000000000000000 P 29adf2ac6cf0414ab0b36f0761875553 [term 0 FOLLOWER]: Only one voter in the Raft config. Triggering election immediately
I20260709 12:16:23.380693 13893 raft_consensus.cc:493] T 00000000000000000000000000000000 P 29adf2ac6cf0414ab0b36f0761875553 [term 0 FOLLOWER]: Starting leader election (initial election of a single-replica configuration)
I20260709 12:16:23.380905 13893 raft_consensus.cc:3060] T 00000000000000000000000000000000 P 29adf2ac6cf0414ab0b36f0761875553 [term 0 FOLLOWER]: Advancing to term 1
I20260709 12:16:23.384778 13893 raft_consensus.cc:515] T 00000000000000000000000000000000 P 29adf2ac6cf0414ab0b36f0761875553 [term 1 FOLLOWER]: Starting leader election with config: opid_index: -1 OBSOLETE_local: true peers { permanent_uuid: "29adf2ac6cf0414ab0b36f0761875553" member_type: VOTER }
I20260709 12:16:23.385339 13893 leader_election.cc:304] T 00000000000000000000000000000000 P 29adf2ac6cf0414ab0b36f0761875553 [CANDIDATE]: Term 1 election: Election decided. Result: candidate won. Election summary: received 1 responses out of 1 voters: 1 yes votes; 0 no votes. yes voters: 29adf2ac6cf0414ab0b36f0761875553; no voters: 
I20260709 12:16:23.386437 13893 leader_election.cc:290] T 00000000000000000000000000000000 P 29adf2ac6cf0414ab0b36f0761875553 [CANDIDATE]: Term 1 election: Requested vote from peers 
I20260709 12:16:23.386816 13896 raft_consensus.cc:2804] T 00000000000000000000000000000000 P 29adf2ac6cf0414ab0b36f0761875553 [term 1 FOLLOWER]: Leader election won for term 1
I20260709 12:16:23.388197 13896 raft_consensus.cc:697] T 00000000000000000000000000000000 P 29adf2ac6cf0414ab0b36f0761875553 [term 1 LEADER]: Becoming Leader. State: Replica: 29adf2ac6cf0414ab0b36f0761875553, State: Running, Role: LEADER
I20260709 12:16:23.388878 13896 consensus_queue.cc:237] T 00000000000000000000000000000000 P 29adf2ac6cf0414ab0b36f0761875553 [LEADER]: Queue going to LEADER mode. State: All replicated index: 0, Majority replicated index: 0, Committed index: 0, Last appended: 0.0, Last appended by leader: 0, Current term: 1, Majority size: 1, State: 0, Mode: LEADER, active raft config: opid_index: -1 OBSOLETE_local: true peers { permanent_uuid: "29adf2ac6cf0414ab0b36f0761875553" member_type: VOTER }
I20260709 12:16:23.389556 13893 sys_catalog.cc:565] T 00000000000000000000000000000000 P 29adf2ac6cf0414ab0b36f0761875553 [sys.catalog]: configured and running, proceeding with master startup.
I20260709 12:16:23.394042 13898 sys_catalog.cc:455] T 00000000000000000000000000000000 P 29adf2ac6cf0414ab0b36f0761875553 [sys.catalog]: SysCatalogTable state changed. Reason: New leader 29adf2ac6cf0414ab0b36f0761875553. Latest consensus state: current_term: 1 leader_uuid: "29adf2ac6cf0414ab0b36f0761875553" committed_config { opid_index: -1 OBSOLETE_local: true peers { permanent_uuid: "29adf2ac6cf0414ab0b36f0761875553" member_type: VOTER } }
I20260709 12:16:23.394775 13898 sys_catalog.cc:458] T 00000000000000000000000000000000 P 29adf2ac6cf0414ab0b36f0761875553 [sys.catalog]: This master's current role is: LEADER
I20260709 12:16:23.395092 13897 sys_catalog.cc:455] T 00000000000000000000000000000000 P 29adf2ac6cf0414ab0b36f0761875553 [sys.catalog]: SysCatalogTable state changed. Reason: RaftConsensus started. Latest consensus state: current_term: 1 leader_uuid: "29adf2ac6cf0414ab0b36f0761875553" committed_config { opid_index: -1 OBSOLETE_local: true peers { permanent_uuid: "29adf2ac6cf0414ab0b36f0761875553" member_type: VOTER } }
I20260709 12:16:23.395656 13897 sys_catalog.cc:458] T 00000000000000000000000000000000 P 29adf2ac6cf0414ab0b36f0761875553 [sys.catalog]: This master's current role is: LEADER
I20260709 12:16:23.396857 13903 catalog_manager.cc:1511] Loading table and tablet metadata into memory...
I20260709 12:16:23.401787 13903 catalog_manager.cc:1520] Initializing Kudu cluster ID...
I20260709 12:16:23.405539 13310 internal_mini_cluster.cc:184] Waiting to initialize catalog manager on master 0
I20260709 12:16:23.410261 13903 catalog_manager.cc:1383] Generated new cluster ID: 4079c93677e84e20a8a400f12c96fa01
I20260709 12:16:23.410580 13903 catalog_manager.cc:1531] Initializing Kudu internal certificate authority...
I20260709 12:16:23.450296 13903 catalog_manager.cc:1406] Generated new certificate authority record
I20260709 12:16:23.451535 13903 catalog_manager.cc:1540] Loading token signing keys...
I20260709 12:16:23.467556 13903 catalog_manager.cc:6070] T 00000000000000000000000000000000 P 29adf2ac6cf0414ab0b36f0761875553: Generated new TSK 0
I20260709 12:16:23.468164 13903 catalog_manager.cc:1550] Initializing in-progress tserver states...
I20260709 12:16:23.536029 13310 file_cache.cc:504] Constructed file cache file cache with capacity 419430
W20260709 12:16:23.541887 13914 instance_detector.cc:116] could not retrieve AWS instance metadata: Network error: curl error: HTTP response code said error: The requested URL returned error: 404
W20260709 12:16:23.542887 13915 instance_detector.cc:116] could not retrieve Azure instance metadata: Network error: curl error: HTTP response code said error: The requested URL returned error: 404
W20260709 12:16:23.544186 13917 instance_detector.cc:116] could not retrieve OpenStack instance metadata: Network error: curl error: HTTP response code said error: The requested URL returned error: 404
I20260709 12:16:23.544746 13310 server_base.cc:1061] running on GCE node
I20260709 12:16:23.545650 13310 hybrid_clock.cc:584] initializing the hybrid clock with 'system_unsync' time source
W20260709 12:16:23.545826 13310 system_unsync_time.cc:38] NTP support is disabled. Clock error bounds will not be accurate. This configuration is not suitable for distributed clusters.
I20260709 12:16:23.546029 13310 hybrid_clock.cc:648] HybridClock initialized: now 1783599383546009 us; error 0 us; skew 500 ppm
I20260709 12:16:23.546614 13310 server_base.cc:861] Flag tcmalloc_max_total_thread_cache_bytes is not working since tcmalloc is not enabled.
I20260709 12:16:23.548802 13310 webserver.cc:533] Webserver started at http://127.12.255.129:34707/ using document root <none> and password file <none>
I20260709 12:16:23.549292 13310 fs_manager.cc:362] Metadata directory not provided
I20260709 12:16:23.549499 13310 fs_manager.cc:368] Using write-ahead log directory (fs_wal_dir) as metadata directory
I20260709 12:16:23.549772 13310 server_base.cc:909] This appears to be a new deployment of Kudu; creating new FS layout
I20260709 12:16:23.550879 13310 fs_manager.cc:1068] Generated new instance metadata in path /tmp/dist-test-taskFXQLcL/test-tmp/auto_leader_rebalancer-test.0.LeaderRebalancerTest.FunctionalTestForNotDivided.1783599351848431-13310-0/minicluster-data/ts-0-root/instance:
uuid: "5833974db1c442efb7adff32879d1efa"
format_stamp: "Formatted at 2026-07-09 12:16:23 on dist-test-slave-bdgg"
I20260709 12:16:23.555231 13310 fs_manager.cc:696] Time spent creating directory manager: real 0.004s	user 0.001s	sys 0.003s
I20260709 12:16:23.558372 13922 log_block_manager.cc:4127] Time spent loading block containers with low live blocks: real 0.000s	user 0.000s	sys 0.000s
I20260709 12:16:23.559128 13310 fs_manager.cc:730] Time spent opening block manager: real 0.002s	user 0.002s	sys 0.001s
I20260709 12:16:23.559442 13310 fs_manager.cc:647] Opened local filesystem: /tmp/dist-test-taskFXQLcL/test-tmp/auto_leader_rebalancer-test.0.LeaderRebalancerTest.FunctionalTestForNotDivided.1783599351848431-13310-0/minicluster-data/ts-0-root
uuid: "5833974db1c442efb7adff32879d1efa"
format_stamp: "Formatted at 2026-07-09 12:16:23 on dist-test-slave-bdgg"
I20260709 12:16:23.559721 13310 fs_report.cc:389] FS layout report
--------------------
wal directory: /tmp/dist-test-taskFXQLcL/test-tmp/auto_leader_rebalancer-test.0.LeaderRebalancerTest.FunctionalTestForNotDivided.1783599351848431-13310-0/minicluster-data/ts-0-root
metadata directory: /tmp/dist-test-taskFXQLcL/test-tmp/auto_leader_rebalancer-test.0.LeaderRebalancerTest.FunctionalTestForNotDivided.1783599351848431-13310-0/minicluster-data/ts-0-root
1 data directories: /tmp/dist-test-taskFXQLcL/test-tmp/auto_leader_rebalancer-test.0.LeaderRebalancerTest.FunctionalTestForNotDivided.1783599351848431-13310-0/minicluster-data/ts-0-root/data
Total live blocks: 0
Total live bytes: 0
Total live bytes (after alignment): 0
Total number of LBM containers: 0 (0 full)
Did not check for missing blocks
Did not check for orphaned blocks
Total full LBM containers with extra space: 0 (0 repaired)
Total full LBM container extra space in bytes: 0 (0 repaired)
Total incomplete LBM containers: 0 (0 repaired)
Total LBM partial records: 0 (0 repaired)
Total corrupted LBM metadata records in RocksDB: 0 (0 repaired)
I20260709 12:16:23.584303 13310 rpc_server.cc:225] running with OpenSSL 1.1.1  11 Sep 2018
I20260709 12:16:23.585692 13310 kserver.cc:163] Server-wide thread pool size limit: 3276
I20260709 12:16:23.587185 13310 txn_system_client.cc:432] TxnSystemClient initialization is disabled...
I20260709 12:16:23.589409 13310 ts_tablet_manager.cc:585] Loaded tablet metadata (0 total tablets, 0 live tablets)
I20260709 12:16:23.589628 13310 ts_tablet_manager.cc:531] Time spent load tablet metadata: real 0.000s	user 0.000s	sys 0.000s
I20260709 12:16:23.589877 13310 ts_tablet_manager.cc:616] Registered 0 tablets
I20260709 12:16:23.590067 13310 ts_tablet_manager.cc:595] Time spent register tablets: real 0.000s	user 0.000s	sys 0.000s
I20260709 12:16:23.628989 13310 rpc_server.cc:307] RPC server started. Bound to: 127.12.255.129:39689
I20260709 12:16:23.629093 13984 acceptor_pool.cc:272] collecting diagnostics on the listening RPC socket 127.12.255.129:39689 every 8 connection(s)
I20260709 12:16:23.633562 13310 file_cache.cc:504] Constructed file cache file cache with capacity 419430
W20260709 12:16:23.641011 13989 instance_detector.cc:116] could not retrieve AWS instance metadata: Network error: curl error: HTTP response code said error: The requested URL returned error: 404
W20260709 12:16:23.642061 13990 instance_detector.cc:116] could not retrieve Azure instance metadata: Network error: curl error: HTTP response code said error: The requested URL returned error: 404
W20260709 12:16:23.644888 13992 instance_detector.cc:116] could not retrieve OpenStack instance metadata: Network error: curl error: HTTP response code said error: The requested URL returned error: 404
I20260709 12:16:23.645419 13310 server_base.cc:1061] running on GCE node
I20260709 12:16:23.647981 13310 hybrid_clock.cc:584] initializing the hybrid clock with 'system_unsync' time source
W20260709 12:16:23.648214 13310 system_unsync_time.cc:38] NTP support is disabled. Clock error bounds will not be accurate. This configuration is not suitable for distributed clusters.
I20260709 12:16:23.648403 13310 hybrid_clock.cc:648] HybridClock initialized: now 1783599383648386 us; error 0 us; skew 500 ppm
I20260709 12:16:23.649068 13310 server_base.cc:861] Flag tcmalloc_max_total_thread_cache_bytes is not working since tcmalloc is not enabled.
I20260709 12:16:23.650988 13985 heartbeater.cc:344] Connected to a master server at 127.12.255.190:41039
I20260709 12:16:23.651329 13985 heartbeater.cc:461] Registering TS with master...
I20260709 12:16:23.651993 13985 heartbeater.cc:507] Master 127.12.255.190:41039 requested a full tablet report, sending...
I20260709 12:16:23.652061 13310 webserver.cc:533] Webserver started at http://127.12.255.130:46649/ using document root <none> and password file <none>
I20260709 12:16:23.652648 13310 fs_manager.cc:362] Metadata directory not provided
I20260709 12:16:23.652877 13310 fs_manager.cc:368] Using write-ahead log directory (fs_wal_dir) as metadata directory
I20260709 12:16:23.653216 13310 server_base.cc:909] This appears to be a new deployment of Kudu; creating new FS layout
I20260709 12:16:23.654304 13858 ts_manager.cc:194] Registered new tserver with Master: 5833974db1c442efb7adff32879d1efa (127.12.255.129:39689)
I20260709 12:16:23.654785 13310 fs_manager.cc:1068] Generated new instance metadata in path /tmp/dist-test-taskFXQLcL/test-tmp/auto_leader_rebalancer-test.0.LeaderRebalancerTest.FunctionalTestForNotDivided.1783599351848431-13310-0/minicluster-data/ts-1-root/instance:
uuid: "3a53a546d39f43f492e8f714f7dafb43"
format_stamp: "Formatted at 2026-07-09 12:16:23 on dist-test-slave-bdgg"
I20260709 12:16:23.656751 13858 master_service.cc:502] Signed X509 certificate for tserver {username='slave'} at 127.0.0.1:40540
I20260709 12:16:23.660094 13310 fs_manager.cc:696] Time spent creating directory manager: real 0.005s	user 0.005s	sys 0.000s
I20260709 12:16:23.663354 13997 log_block_manager.cc:4127] Time spent loading block containers with low live blocks: real 0.000s	user 0.000s	sys 0.000s
I20260709 12:16:23.664029 13310 fs_manager.cc:730] Time spent opening block manager: real 0.002s	user 0.003s	sys 0.000s
I20260709 12:16:23.664261 13310 fs_manager.cc:647] Opened local filesystem: /tmp/dist-test-taskFXQLcL/test-tmp/auto_leader_rebalancer-test.0.LeaderRebalancerTest.FunctionalTestForNotDivided.1783599351848431-13310-0/minicluster-data/ts-1-root
uuid: "3a53a546d39f43f492e8f714f7dafb43"
format_stamp: "Formatted at 2026-07-09 12:16:23 on dist-test-slave-bdgg"
I20260709 12:16:23.664512 13310 fs_report.cc:389] FS layout report
--------------------
wal directory: /tmp/dist-test-taskFXQLcL/test-tmp/auto_leader_rebalancer-test.0.LeaderRebalancerTest.FunctionalTestForNotDivided.1783599351848431-13310-0/minicluster-data/ts-1-root
metadata directory: /tmp/dist-test-taskFXQLcL/test-tmp/auto_leader_rebalancer-test.0.LeaderRebalancerTest.FunctionalTestForNotDivided.1783599351848431-13310-0/minicluster-data/ts-1-root
1 data directories: /tmp/dist-test-taskFXQLcL/test-tmp/auto_leader_rebalancer-test.0.LeaderRebalancerTest.FunctionalTestForNotDivided.1783599351848431-13310-0/minicluster-data/ts-1-root/data
Total live blocks: 0
Total live bytes: 0
Total live bytes (after alignment): 0
Total number of LBM containers: 0 (0 full)
Did not check for missing blocks
Did not check for orphaned blocks
Total full LBM containers with extra space: 0 (0 repaired)
Total full LBM container extra space in bytes: 0 (0 repaired)
Total incomplete LBM containers: 0 (0 repaired)
Total LBM partial records: 0 (0 repaired)
Total corrupted LBM metadata records in RocksDB: 0 (0 repaired)
I20260709 12:16:23.677580 13310 rpc_server.cc:225] running with OpenSSL 1.1.1  11 Sep 2018
I20260709 12:16:23.678771 13310 kserver.cc:163] Server-wide thread pool size limit: 3276
I20260709 12:16:23.680105 13310 txn_system_client.cc:432] TxnSystemClient initialization is disabled...
I20260709 12:16:23.682276 13310 ts_tablet_manager.cc:585] Loaded tablet metadata (0 total tablets, 0 live tablets)
I20260709 12:16:23.682587 13310 ts_tablet_manager.cc:531] Time spent load tablet metadata: real 0.000s	user 0.001s	sys 0.000s
I20260709 12:16:23.682860 13310 ts_tablet_manager.cc:616] Registered 0 tablets
I20260709 12:16:23.683061 13310 ts_tablet_manager.cc:595] Time spent register tablets: real 0.000s	user 0.000s	sys 0.000s
I20260709 12:16:23.722025 13310 rpc_server.cc:307] RPC server started. Bound to: 127.12.255.130:36417
I20260709 12:16:23.722117 14059 acceptor_pool.cc:272] collecting diagnostics on the listening RPC socket 127.12.255.130:36417 every 8 connection(s)
I20260709 12:16:23.726825 13310 file_cache.cc:504] Constructed file cache file cache with capacity 419430
W20260709 12:16:23.734083 14063 instance_detector.cc:116] could not retrieve AWS instance metadata: Network error: curl error: HTTP response code said error: The requested URL returned error: 404
W20260709 12:16:23.736202 14064 instance_detector.cc:116] could not retrieve Azure instance metadata: Network error: curl error: HTTP response code said error: The requested URL returned error: 404
W20260709 12:16:23.737888 14067 instance_detector.cc:116] could not retrieve OpenStack instance metadata: Network error: curl error: HTTP response code said error: The requested URL returned error: 404
I20260709 12:16:23.738729 13310 server_base.cc:1061] running on GCE node
I20260709 12:16:23.739341 14060 heartbeater.cc:344] Connected to a master server at 127.12.255.190:41039
I20260709 12:16:23.739683 13310 hybrid_clock.cc:584] initializing the hybrid clock with 'system_unsync' time source
I20260709 12:16:23.739697 14060 heartbeater.cc:461] Registering TS with master...
W20260709 12:16:23.740041 13310 system_unsync_time.cc:38] NTP support is disabled. Clock error bounds will not be accurate. This configuration is not suitable for distributed clusters.
I20260709 12:16:23.740288 13310 hybrid_clock.cc:648] HybridClock initialized: now 1783599383740263 us; error 0 us; skew 500 ppm
I20260709 12:16:23.740706 14060 heartbeater.cc:507] Master 127.12.255.190:41039 requested a full tablet report, sending...
I20260709 12:16:23.740844 13310 server_base.cc:861] Flag tcmalloc_max_total_thread_cache_bytes is not working since tcmalloc is not enabled.
I20260709 12:16:23.742911 13858 ts_manager.cc:194] Registered new tserver with Master: 3a53a546d39f43f492e8f714f7dafb43 (127.12.255.130:36417)
I20260709 12:16:23.743986 13310 webserver.cc:533] Webserver started at http://127.12.255.131:38177/ using document root <none> and password file <none>
I20260709 12:16:23.744616 13310 fs_manager.cc:362] Metadata directory not provided
I20260709 12:16:23.744726 13858 master_service.cc:502] Signed X509 certificate for tserver {username='slave'} at 127.0.0.1:40548
I20260709 12:16:23.744889 13310 fs_manager.cc:368] Using write-ahead log directory (fs_wal_dir) as metadata directory
I20260709 12:16:23.745249 13310 server_base.cc:909] This appears to be a new deployment of Kudu; creating new FS layout
I20260709 12:16:23.746512 13310 fs_manager.cc:1068] Generated new instance metadata in path /tmp/dist-test-taskFXQLcL/test-tmp/auto_leader_rebalancer-test.0.LeaderRebalancerTest.FunctionalTestForNotDivided.1783599351848431-13310-0/minicluster-data/ts-2-root/instance:
uuid: "648fbc00d7fd44fea107e9300f6a1f97"
format_stamp: "Formatted at 2026-07-09 12:16:23 on dist-test-slave-bdgg"
I20260709 12:16:23.751073 13310 fs_manager.cc:696] Time spent creating directory manager: real 0.004s	user 0.004s	sys 0.000s
I20260709 12:16:23.754298 14071 log_block_manager.cc:4127] Time spent loading block containers with low live blocks: real 0.000s	user 0.000s	sys 0.000s
I20260709 12:16:23.755117 13310 fs_manager.cc:730] Time spent opening block manager: real 0.002s	user 0.002s	sys 0.001s
I20260709 12:16:23.755414 13310 fs_manager.cc:647] Opened local filesystem: /tmp/dist-test-taskFXQLcL/test-tmp/auto_leader_rebalancer-test.0.LeaderRebalancerTest.FunctionalTestForNotDivided.1783599351848431-13310-0/minicluster-data/ts-2-root
uuid: "648fbc00d7fd44fea107e9300f6a1f97"
format_stamp: "Formatted at 2026-07-09 12:16:23 on dist-test-slave-bdgg"
I20260709 12:16:23.755709 13310 fs_report.cc:389] FS layout report
--------------------
wal directory: /tmp/dist-test-taskFXQLcL/test-tmp/auto_leader_rebalancer-test.0.LeaderRebalancerTest.FunctionalTestForNotDivided.1783599351848431-13310-0/minicluster-data/ts-2-root
metadata directory: /tmp/dist-test-taskFXQLcL/test-tmp/auto_leader_rebalancer-test.0.LeaderRebalancerTest.FunctionalTestForNotDivided.1783599351848431-13310-0/minicluster-data/ts-2-root
1 data directories: /tmp/dist-test-taskFXQLcL/test-tmp/auto_leader_rebalancer-test.0.LeaderRebalancerTest.FunctionalTestForNotDivided.1783599351848431-13310-0/minicluster-data/ts-2-root/data
Total live blocks: 0
Total live bytes: 0
Total live bytes (after alignment): 0
Total number of LBM containers: 0 (0 full)
Did not check for missing blocks
Did not check for orphaned blocks
Total full LBM containers with extra space: 0 (0 repaired)
Total full LBM container extra space in bytes: 0 (0 repaired)
Total incomplete LBM containers: 0 (0 repaired)
Total LBM partial records: 0 (0 repaired)
Total corrupted LBM metadata records in RocksDB: 0 (0 repaired)
I20260709 12:16:23.777626 13310 rpc_server.cc:225] running with OpenSSL 1.1.1  11 Sep 2018
I20260709 12:16:23.778880 13310 kserver.cc:163] Server-wide thread pool size limit: 3276
I20260709 12:16:23.780295 13310 txn_system_client.cc:432] TxnSystemClient initialization is disabled...
I20260709 12:16:23.782222 13310 ts_tablet_manager.cc:585] Loaded tablet metadata (0 total tablets, 0 live tablets)
I20260709 12:16:23.782461 13310 ts_tablet_manager.cc:531] Time spent load tablet metadata: real 0.000s	user 0.000s	sys 0.000s
I20260709 12:16:23.782704 13310 ts_tablet_manager.cc:616] Registered 0 tablets
I20260709 12:16:23.782886 13310 ts_tablet_manager.cc:595] Time spent register tablets: real 0.000s	user 0.000s	sys 0.000s
I20260709 12:16:23.821231 13310 rpc_server.cc:307] RPC server started. Bound to: 127.12.255.131:34773
I20260709 12:16:23.821328 14133 acceptor_pool.cc:272] collecting diagnostics on the listening RPC socket 127.12.255.131:34773 every 8 connection(s)
I20260709 12:16:23.834666 14134 heartbeater.cc:344] Connected to a master server at 127.12.255.190:41039
I20260709 12:16:23.835048 14134 heartbeater.cc:461] Registering TS with master...
I20260709 12:16:23.835784 14134 heartbeater.cc:507] Master 127.12.255.190:41039 requested a full tablet report, sending...
I20260709 12:16:23.837812 13858 ts_manager.cc:194] Registered new tserver with Master: 648fbc00d7fd44fea107e9300f6a1f97 (127.12.255.131:34773)
I20260709 12:16:23.838887 13310 internal_mini_cluster.cc:371] 3 TS(s) registered with all masters after 0.014472691s
I20260709 12:16:23.839362 13858 master_service.cc:502] Signed X509 certificate for tserver {username='slave'} at 127.0.0.1:40556
I20260709 12:16:23.863653 13858 catalog_manager.cc:2283] Servicing CreateTable request from {username='slave'} at 127.0.0.1:40558:
name: "test-workload"
schema {
  columns {
    name: "key"
    type: INT32
    is_key: true
    is_nullable: false
    encoding: AUTO_ENCODING
    compression: DEFAULT_COMPRESSION
    cfile_block_size: 0
    immutable: false
  }
  columns {
    name: "int_val"
    type: INT32
    is_key: false
    is_nullable: false
    encoding: AUTO_ENCODING
    compression: DEFAULT_COMPRESSION
    cfile_block_size: 0
    immutable: false
  }
  columns {
    name: "string_val"
    type: STRING
    is_key: false
    is_nullable: true
    encoding: AUTO_ENCODING
    compression: DEFAULT_COMPRESSION
    cfile_block_size: 0
    immutable: false
  }
}
num_replicas: 3
split_rows_range_bounds {
  rows: "\004\001\000\314\314\314\014\004\001\000\230\231\231\031\004\001\000dff&\004\001\0000333\004\001\000\374\377\377?\004\001\000\310\314\314L\004\001\000\224\231\231Y\004\001\000`fff\004\001\000,33s""\004\001\000\314\314\314\014\004\001\000\230\231\231\031\004\001\000dff&\004\001\0000333\004\001\000\374\377\377?\004\001\000\310\314\314L\004\001\000\224\231\231Y\004\001\000`fff\004\001\000,33s"
  indirect_data: """"
}
partition_schema {
  range_schema {
    columns {
      name: "key"
    }
  }
}
W20260709 12:16:23.866508 13858 catalog_manager.cc:7077] The number of live tablet servers is not enough to re-replicate a tablet replica of the newly created table test-workload in case of a server failure: 4 tablet servers would be needed, 3 are available. Consider bringing up more tablet servers.
I20260709 12:16:23.937363 14024 tablet_service.cc:1511] Processing CreateTablet for tablet 7a39014258024595ab6c58ee3d10b3b0 (DEFAULT_TABLE table=test-workload [id=800c28ede3654800b8af2492473706e0]), partition=RANGE (key) PARTITION 214748364 <= VALUES < 429496728
I20260709 12:16:23.937582 14025 tablet_service.cc:1511] Processing CreateTablet for tablet d6e2468f19b94ddf968ce2e3026d88d6 (DEFAULT_TABLE table=test-workload [id=800c28ede3654800b8af2492473706e0]), partition=RANGE (key) PARTITION VALUES < 214748364
I20260709 12:16:23.939080 14024 data_dirs.cc:400] Could only allocate 1 dirs of requested 3 for tablet 7a39014258024595ab6c58ee3d10b3b0. 1 dirs total, 0 dirs full, 0 dirs failed
I20260709 12:16:23.939435 14023 tablet_service.cc:1511] Processing CreateTablet for tablet cf9ec40ce2f44183b62a90b2a3ca0681 (DEFAULT_TABLE table=test-workload [id=800c28ede3654800b8af2492473706e0]), partition=RANGE (key) PARTITION 429496728 <= VALUES < 644245092
I20260709 12:16:23.940721 14023 data_dirs.cc:400] Could only allocate 1 dirs of requested 3 for tablet cf9ec40ce2f44183b62a90b2a3ca0681. 1 dirs total, 0 dirs full, 0 dirs failed
I20260709 12:16:23.943100 14025 data_dirs.cc:400] Could only allocate 1 dirs of requested 3 for tablet d6e2468f19b94ddf968ce2e3026d88d6. 1 dirs total, 0 dirs full, 0 dirs failed
I20260709 12:16:23.943667 14022 tablet_service.cc:1511] Processing CreateTablet for tablet 9f8326fecd16424ead3e4a437262af9a (DEFAULT_TABLE table=test-workload [id=800c28ede3654800b8af2492473706e0]), partition=RANGE (key) PARTITION 644245092 <= VALUES < 858993456
I20260709 12:16:23.944932 14022 data_dirs.cc:400] Could only allocate 1 dirs of requested 3 for tablet 9f8326fecd16424ead3e4a437262af9a. 1 dirs total, 0 dirs full, 0 dirs failed
I20260709 12:16:23.970139 14021 tablet_service.cc:1511] Processing CreateTablet for tablet a5227ca7fb05459e812a982991f6f586 (DEFAULT_TABLE table=test-workload [id=800c28ede3654800b8af2492473706e0]), partition=RANGE (key) PARTITION 858993456 <= VALUES < 1073741820
I20260709 12:16:23.971650 14021 data_dirs.cc:400] Could only allocate 1 dirs of requested 3 for tablet a5227ca7fb05459e812a982991f6f586. 1 dirs total, 0 dirs full, 0 dirs failed
I20260709 12:16:23.977802 13946 tablet_service.cc:1511] Processing CreateTablet for tablet a5227ca7fb05459e812a982991f6f586 (DEFAULT_TABLE table=test-workload [id=800c28ede3654800b8af2492473706e0]), partition=RANGE (key) PARTITION 858993456 <= VALUES < 1073741820
I20260709 12:16:23.978193 13945 tablet_service.cc:1511] Processing CreateTablet for tablet 29161b0d6f834519bbc2f1e93f9b520c (DEFAULT_TABLE table=test-workload [id=800c28ede3654800b8af2492473706e0]), partition=RANGE (key) PARTITION 1073741820 <= VALUES < 1288490184
I20260709 12:16:23.979246 13946 data_dirs.cc:400] Could only allocate 1 dirs of requested 3 for tablet a5227ca7fb05459e812a982991f6f586. 1 dirs total, 0 dirs full, 0 dirs failed
I20260709 12:16:23.979862 13945 data_dirs.cc:400] Could only allocate 1 dirs of requested 3 for tablet 29161b0d6f834519bbc2f1e93f9b520c. 1 dirs total, 0 dirs full, 0 dirs failed
I20260709 12:16:23.979666 13947 tablet_service.cc:1511] Processing CreateTablet for tablet 9f8326fecd16424ead3e4a437262af9a (DEFAULT_TABLE table=test-workload [id=800c28ede3654800b8af2492473706e0]), partition=RANGE (key) PARTITION 644245092 <= VALUES < 858993456
I20260709 12:16:23.980948 13947 data_dirs.cc:400] Could only allocate 1 dirs of requested 3 for tablet 9f8326fecd16424ead3e4a437262af9a. 1 dirs total, 0 dirs full, 0 dirs failed
I20260709 12:16:23.983731 13949 tablet_service.cc:1511] Processing CreateTablet for tablet 7a39014258024595ab6c58ee3d10b3b0 (DEFAULT_TABLE table=test-workload [id=800c28ede3654800b8af2492473706e0]), partition=RANGE (key) PARTITION 214748364 <= VALUES < 429496728
I20260709 12:16:23.983875 13944 tablet_service.cc:1511] Processing CreateTablet for tablet 75f3ebcd77d144c1ad073f738d2cdb37 (DEFAULT_TABLE table=test-workload [id=800c28ede3654800b8af2492473706e0]), partition=RANGE (key) PARTITION 1288490184 <= VALUES < 1503238548
I20260709 12:16:23.985257 13944 data_dirs.cc:400] Could only allocate 1 dirs of requested 3 for tablet 75f3ebcd77d144c1ad073f738d2cdb37. 1 dirs total, 0 dirs full, 0 dirs failed
I20260709 12:16:23.988526 14020 tablet_service.cc:1511] Processing CreateTablet for tablet 29161b0d6f834519bbc2f1e93f9b520c (DEFAULT_TABLE table=test-workload [id=800c28ede3654800b8af2492473706e0]), partition=RANGE (key) PARTITION 1073741820 <= VALUES < 1288490184
I20260709 12:16:23.989475 13943 tablet_service.cc:1511] Processing CreateTablet for tablet 7f0871effb44485f88e969200df7eb68 (DEFAULT_TABLE table=test-workload [id=800c28ede3654800b8af2492473706e0]), partition=RANGE (key) PARTITION 1503238548 <= VALUES < 1717986912
I20260709 12:16:23.989945 14020 data_dirs.cc:400] Could only allocate 1 dirs of requested 3 for tablet 29161b0d6f834519bbc2f1e93f9b520c. 1 dirs total, 0 dirs full, 0 dirs failed
I20260709 12:16:23.990789 13943 data_dirs.cc:400] Could only allocate 1 dirs of requested 3 for tablet 7f0871effb44485f88e969200df7eb68. 1 dirs total, 0 dirs full, 0 dirs failed
I20260709 12:16:23.991652 14019 tablet_service.cc:1511] Processing CreateTablet for tablet 75f3ebcd77d144c1ad073f738d2cdb37 (DEFAULT_TABLE table=test-workload [id=800c28ede3654800b8af2492473706e0]), partition=RANGE (key) PARTITION 1288490184 <= VALUES < 1503238548
I20260709 12:16:23.992952 14019 data_dirs.cc:400] Could only allocate 1 dirs of requested 3 for tablet 75f3ebcd77d144c1ad073f738d2cdb37. 1 dirs total, 0 dirs full, 0 dirs failed
I20260709 12:16:23.995177 13949 data_dirs.cc:400] Could only allocate 1 dirs of requested 3 for tablet 7a39014258024595ab6c58ee3d10b3b0. 1 dirs total, 0 dirs full, 0 dirs failed
I20260709 12:16:23.978207 13948 tablet_service.cc:1511] Processing CreateTablet for tablet cf9ec40ce2f44183b62a90b2a3ca0681 (DEFAULT_TABLE table=test-workload [id=800c28ede3654800b8af2492473706e0]), partition=RANGE (key) PARTITION 429496728 <= VALUES < 644245092
I20260709 12:16:23.996721 13948 data_dirs.cc:400] Could only allocate 1 dirs of requested 3 for tablet cf9ec40ce2f44183b62a90b2a3ca0681. 1 dirs total, 0 dirs full, 0 dirs failed
I20260709 12:16:23.994820 13950 tablet_service.cc:1511] Processing CreateTablet for tablet d6e2468f19b94ddf968ce2e3026d88d6 (DEFAULT_TABLE table=test-workload [id=800c28ede3654800b8af2492473706e0]), partition=RANGE (key) PARTITION VALUES < 214748364
I20260709 12:16:23.998025 13950 data_dirs.cc:400] Could only allocate 1 dirs of requested 3 for tablet d6e2468f19b94ddf968ce2e3026d88d6. 1 dirs total, 0 dirs full, 0 dirs failed
I20260709 12:16:24.003463 14018 tablet_service.cc:1511] Processing CreateTablet for tablet 7f0871effb44485f88e969200df7eb68 (DEFAULT_TABLE table=test-workload [id=800c28ede3654800b8af2492473706e0]), partition=RANGE (key) PARTITION 1503238548 <= VALUES < 1717986912
I20260709 12:16:24.004979 14018 data_dirs.cc:400] Could only allocate 1 dirs of requested 3 for tablet 7f0871effb44485f88e969200df7eb68. 1 dirs total, 0 dirs full, 0 dirs failed
I20260709 12:16:24.047741 14098 tablet_service.cc:1511] Processing CreateTablet for tablet 7a39014258024595ab6c58ee3d10b3b0 (DEFAULT_TABLE table=test-workload [id=800c28ede3654800b8af2492473706e0]), partition=RANGE (key) PARTITION 214748364 <= VALUES < 429496728
I20260709 12:16:24.049232 14098 data_dirs.cc:400] Could only allocate 1 dirs of requested 3 for tablet 7a39014258024595ab6c58ee3d10b3b0. 1 dirs total, 0 dirs full, 0 dirs failed
I20260709 12:16:24.049672 14099 tablet_service.cc:1511] Processing CreateTablet for tablet d6e2468f19b94ddf968ce2e3026d88d6 (DEFAULT_TABLE table=test-workload [id=800c28ede3654800b8af2492473706e0]), partition=RANGE (key) PARTITION VALUES < 214748364
I20260709 12:16:24.050976 14099 data_dirs.cc:400] Could only allocate 1 dirs of requested 3 for tablet d6e2468f19b94ddf968ce2e3026d88d6. 1 dirs total, 0 dirs full, 0 dirs failed
I20260709 12:16:24.051633 14096 tablet_service.cc:1511] Processing CreateTablet for tablet 9f8326fecd16424ead3e4a437262af9a (DEFAULT_TABLE table=test-workload [id=800c28ede3654800b8af2492473706e0]), partition=RANGE (key) PARTITION 644245092 <= VALUES < 858993456
I20260709 12:16:24.052981 14096 data_dirs.cc:400] Could only allocate 1 dirs of requested 3 for tablet 9f8326fecd16424ead3e4a437262af9a. 1 dirs total, 0 dirs full, 0 dirs failed
I20260709 12:16:24.053632 14097 tablet_service.cc:1511] Processing CreateTablet for tablet cf9ec40ce2f44183b62a90b2a3ca0681 (DEFAULT_TABLE table=test-workload [id=800c28ede3654800b8af2492473706e0]), partition=RANGE (key) PARTITION 429496728 <= VALUES < 644245092
I20260709 12:16:24.054934 14097 data_dirs.cc:400] Could only allocate 1 dirs of requested 3 for tablet cf9ec40ce2f44183b62a90b2a3ca0681. 1 dirs total, 0 dirs full, 0 dirs failed
I20260709 12:16:24.058013 13948 tablet_service.cc:1511] Processing CreateTablet for tablet 3e0ad2da14ff44f399d7efd75c4ad4c3 (DEFAULT_TABLE table=test-workload [id=800c28ede3654800b8af2492473706e0]), partition=RANGE (key) PARTITION 1717986912 <= VALUES < 1932735276
I20260709 12:16:24.058799 14095 tablet_service.cc:1511] Processing CreateTablet for tablet a5227ca7fb05459e812a982991f6f586 (DEFAULT_TABLE table=test-workload [id=800c28ede3654800b8af2492473706e0]), partition=RANGE (key) PARTITION 858993456 <= VALUES < 1073741820
I20260709 12:16:24.059276 13948 data_dirs.cc:400] Could only allocate 1 dirs of requested 3 for tablet 3e0ad2da14ff44f399d7efd75c4ad4c3. 1 dirs total, 0 dirs full, 0 dirs failed
I20260709 12:16:24.060082 14095 data_dirs.cc:400] Could only allocate 1 dirs of requested 3 for tablet a5227ca7fb05459e812a982991f6f586. 1 dirs total, 0 dirs full, 0 dirs failed
I20260709 12:16:24.062361 14094 tablet_service.cc:1511] Processing CreateTablet for tablet 29161b0d6f834519bbc2f1e93f9b520c (DEFAULT_TABLE table=test-workload [id=800c28ede3654800b8af2492473706e0]), partition=RANGE (key) PARTITION 1073741820 <= VALUES < 1288490184
I20260709 12:16:24.063712 14094 data_dirs.cc:400] Could only allocate 1 dirs of requested 3 for tablet 29161b0d6f834519bbc2f1e93f9b520c. 1 dirs total, 0 dirs full, 0 dirs failed
I20260709 12:16:24.067430 14093 tablet_service.cc:1511] Processing CreateTablet for tablet 75f3ebcd77d144c1ad073f738d2cdb37 (DEFAULT_TABLE table=test-workload [id=800c28ede3654800b8af2492473706e0]), partition=RANGE (key) PARTITION 1288490184 <= VALUES < 1503238548
I20260709 12:16:24.068728 14093 data_dirs.cc:400] Could only allocate 1 dirs of requested 3 for tablet 75f3ebcd77d144c1ad073f738d2cdb37. 1 dirs total, 0 dirs full, 0 dirs failed
I20260709 12:16:24.072075 14092 tablet_service.cc:1511] Processing CreateTablet for tablet 7f0871effb44485f88e969200df7eb68 (DEFAULT_TABLE table=test-workload [id=800c28ede3654800b8af2492473706e0]), partition=RANGE (key) PARTITION 1503238548 <= VALUES < 1717986912
I20260709 12:16:24.073746 14092 data_dirs.cc:400] Could only allocate 1 dirs of requested 3 for tablet 7f0871effb44485f88e969200df7eb68. 1 dirs total, 0 dirs full, 0 dirs failed
I20260709 12:16:24.078837 14149 tablet_bootstrap.cc:492] T 29161b0d6f834519bbc2f1e93f9b520c P 5833974db1c442efb7adff32879d1efa: Bootstrap starting.
I20260709 12:16:24.093577 14020 tablet_service.cc:1511] Processing CreateTablet for tablet 3e0ad2da14ff44f399d7efd75c4ad4c3 (DEFAULT_TABLE table=test-workload [id=800c28ede3654800b8af2492473706e0]), partition=RANGE (key) PARTITION 1717986912 <= VALUES < 1932735276
I20260709 12:16:24.095033 14020 data_dirs.cc:400] Could only allocate 1 dirs of requested 3 for tablet 3e0ad2da14ff44f399d7efd75c4ad4c3. 1 dirs total, 0 dirs full, 0 dirs failed
I20260709 12:16:24.100351 13946 tablet_service.cc:1511] Processing CreateTablet for tablet cf98d8060e1c43948ae8faab4f307450 (DEFAULT_TABLE table=test-workload [id=800c28ede3654800b8af2492473706e0]), partition=RANGE (key) PARTITION 1932735276 <= VALUES
I20260709 12:16:24.103272 13946 data_dirs.cc:400] Could only allocate 1 dirs of requested 3 for tablet cf98d8060e1c43948ae8faab4f307450. 1 dirs total, 0 dirs full, 0 dirs failed
I20260709 12:16:24.111511 14149 tablet_bootstrap.cc:654] T 29161b0d6f834519bbc2f1e93f9b520c P 5833974db1c442efb7adff32879d1efa: Neither blocks nor log segments found. Creating new log.
I20260709 12:16:24.119513 14148 tablet_bootstrap.cc:492] T cf9ec40ce2f44183b62a90b2a3ca0681 P 3a53a546d39f43f492e8f714f7dafb43: Bootstrap starting.
I20260709 12:16:24.111654 14091 tablet_service.cc:1511] Processing CreateTablet for tablet 3e0ad2da14ff44f399d7efd75c4ad4c3 (DEFAULT_TABLE table=test-workload [id=800c28ede3654800b8af2492473706e0]), partition=RANGE (key) PARTITION 1717986912 <= VALUES < 1932735276
I20260709 12:16:24.123759 14091 data_dirs.cc:400] Could only allocate 1 dirs of requested 3 for tablet 3e0ad2da14ff44f399d7efd75c4ad4c3. 1 dirs total, 0 dirs full, 0 dirs failed
I20260709 12:16:24.139472 14148 tablet_bootstrap.cc:654] T cf9ec40ce2f44183b62a90b2a3ca0681 P 3a53a546d39f43f492e8f714f7dafb43: Neither blocks nor log segments found. Creating new log.
I20260709 12:16:24.169204 14023 tablet_service.cc:1511] Processing CreateTablet for tablet cf98d8060e1c43948ae8faab4f307450 (DEFAULT_TABLE table=test-workload [id=800c28ede3654800b8af2492473706e0]), partition=RANGE (key) PARTITION 1932735276 <= VALUES
I20260709 12:16:24.170683 14023 data_dirs.cc:400] Could only allocate 1 dirs of requested 3 for tablet cf98d8060e1c43948ae8faab4f307450. 1 dirs total, 0 dirs full, 0 dirs failed
I20260709 12:16:24.169231 14150 tablet_bootstrap.cc:492] T 7a39014258024595ab6c58ee3d10b3b0 P 648fbc00d7fd44fea107e9300f6a1f97: Bootstrap starting.
I20260709 12:16:24.173448 14099 tablet_service.cc:1511] Processing CreateTablet for tablet cf98d8060e1c43948ae8faab4f307450 (DEFAULT_TABLE table=test-workload [id=800c28ede3654800b8af2492473706e0]), partition=RANGE (key) PARTITION 1932735276 <= VALUES
I20260709 12:16:24.178421 14149 tablet_bootstrap.cc:492] T 29161b0d6f834519bbc2f1e93f9b520c P 5833974db1c442efb7adff32879d1efa: No bootstrap required, opened a new log
I20260709 12:16:24.178967 14149 ts_tablet_manager.cc:1403] T 29161b0d6f834519bbc2f1e93f9b520c P 5833974db1c442efb7adff32879d1efa: Time spent bootstrapping tablet: real 0.101s	user 0.020s	sys 0.030s
I20260709 12:16:24.179318 14099 data_dirs.cc:400] Could only allocate 1 dirs of requested 3 for tablet cf98d8060e1c43948ae8faab4f307450. 1 dirs total, 0 dirs full, 0 dirs failed
I20260709 12:16:24.182401 14148 tablet_bootstrap.cc:492] T cf9ec40ce2f44183b62a90b2a3ca0681 P 3a53a546d39f43f492e8f714f7dafb43: No bootstrap required, opened a new log
I20260709 12:16:24.181977 14149 raft_consensus.cc:359] T 29161b0d6f834519bbc2f1e93f9b520c P 5833974db1c442efb7adff32879d1efa [term 0 FOLLOWER]: Replica starting. Triggering 0 pending ops. Active config: opid_index: -1 OBSOLETE_local: false peers { permanent_uuid: "5833974db1c442efb7adff32879d1efa" member_type: VOTER last_known_addr { host: "127.12.255.129" port: 39689 } } peers { permanent_uuid: "3a53a546d39f43f492e8f714f7dafb43" member_type: VOTER last_known_addr { host: "127.12.255.130" port: 36417 } } peers { permanent_uuid: "648fbc00d7fd44fea107e9300f6a1f97" member_type: VOTER last_known_addr { host: "127.12.255.131" port: 34773 } }
I20260709 12:16:24.182941 14148 ts_tablet_manager.cc:1403] T cf9ec40ce2f44183b62a90b2a3ca0681 P 3a53a546d39f43f492e8f714f7dafb43: Time spent bootstrapping tablet: real 0.064s	user 0.023s	sys 0.000s
I20260709 12:16:24.186187 14148 raft_consensus.cc:359] T cf9ec40ce2f44183b62a90b2a3ca0681 P 3a53a546d39f43f492e8f714f7dafb43 [term 0 FOLLOWER]: Replica starting. Triggering 0 pending ops. Active config: opid_index: -1 OBSOLETE_local: false peers { permanent_uuid: "5833974db1c442efb7adff32879d1efa" member_type: VOTER last_known_addr { host: "127.12.255.129" port: 39689 } } peers { permanent_uuid: "3a53a546d39f43f492e8f714f7dafb43" member_type: VOTER last_known_addr { host: "127.12.255.130" port: 36417 } } peers { permanent_uuid: "648fbc00d7fd44fea107e9300f6a1f97" member_type: VOTER last_known_addr { host: "127.12.255.131" port: 34773 } }
I20260709 12:16:24.187033 14148 raft_consensus.cc:385] T cf9ec40ce2f44183b62a90b2a3ca0681 P 3a53a546d39f43f492e8f714f7dafb43 [term 0 FOLLOWER]: Consensus starting up: Expiring failure detector timer to make a prompt election more likely
I20260709 12:16:24.187386 14148 raft_consensus.cc:740] T cf9ec40ce2f44183b62a90b2a3ca0681 P 3a53a546d39f43f492e8f714f7dafb43 [term 0 FOLLOWER]: Becoming Follower/Learner. State: Replica: 3a53a546d39f43f492e8f714f7dafb43, State: Initialized, Role: FOLLOWER
I20260709 12:16:24.177914 14150 tablet_bootstrap.cc:654] T 7a39014258024595ab6c58ee3d10b3b0 P 648fbc00d7fd44fea107e9300f6a1f97: Neither blocks nor log segments found. Creating new log.
I20260709 12:16:24.182910 14149 raft_consensus.cc:385] T 29161b0d6f834519bbc2f1e93f9b520c P 5833974db1c442efb7adff32879d1efa [term 0 FOLLOWER]: Consensus starting up: Expiring failure detector timer to make a prompt election more likely
I20260709 12:16:24.188354 14149 raft_consensus.cc:740] T 29161b0d6f834519bbc2f1e93f9b520c P 5833974db1c442efb7adff32879d1efa [term 0 FOLLOWER]: Becoming Follower/Learner. State: Replica: 5833974db1c442efb7adff32879d1efa, State: Initialized, Role: FOLLOWER
I20260709 12:16:24.188254 14148 consensus_queue.cc:260] T cf9ec40ce2f44183b62a90b2a3ca0681 P 3a53a546d39f43f492e8f714f7dafb43 [NON_LEADER]: Queue going to NON_LEADER mode. State: All replicated index: 0, Majority replicated index: 0, Committed index: 0, Last appended: 0.0, Last appended by leader: 0, Current term: 0, Majority size: -1, State: 0, Mode: NON_LEADER, active raft config: opid_index: -1 OBSOLETE_local: false peers { permanent_uuid: "5833974db1c442efb7adff32879d1efa" member_type: VOTER last_known_addr { host: "127.12.255.129" port: 39689 } } peers { permanent_uuid: "3a53a546d39f43f492e8f714f7dafb43" member_type: VOTER last_known_addr { host: "127.12.255.130" port: 36417 } } peers { permanent_uuid: "648fbc00d7fd44fea107e9300f6a1f97" member_type: VOTER last_known_addr { host: "127.12.255.131" port: 34773 } }
I20260709 12:16:24.189276 14149 consensus_queue.cc:260] T 29161b0d6f834519bbc2f1e93f9b520c P 5833974db1c442efb7adff32879d1efa [NON_LEADER]: Queue going to NON_LEADER mode. State: All replicated index: 0, Majority replicated index: 0, Committed index: 0, Last appended: 0.0, Last appended by leader: 0, Current term: 0, Majority size: -1, State: 0, Mode: NON_LEADER, active raft config: opid_index: -1 OBSOLETE_local: false peers { permanent_uuid: "5833974db1c442efb7adff32879d1efa" member_type: VOTER last_known_addr { host: "127.12.255.129" port: 39689 } } peers { permanent_uuid: "3a53a546d39f43f492e8f714f7dafb43" member_type: VOTER last_known_addr { host: "127.12.255.130" port: 36417 } } peers { permanent_uuid: "648fbc00d7fd44fea107e9300f6a1f97" member_type: VOTER last_known_addr { host: "127.12.255.131" port: 34773 } }
I20260709 12:16:24.196873 14060 heartbeater.cc:499] Master 127.12.255.190:41039 was elected leader, sending a full tablet report...
I20260709 12:16:24.197715 14148 ts_tablet_manager.cc:1434] T cf9ec40ce2f44183b62a90b2a3ca0681 P 3a53a546d39f43f492e8f714f7dafb43: Time spent starting tablet: real 0.014s	user 0.007s	sys 0.005s
I20260709 12:16:24.198216 13985 heartbeater.cc:499] Master 127.12.255.190:41039 was elected leader, sending a full tablet report...
I20260709 12:16:24.198698 14148 tablet_bootstrap.cc:492] T 7a39014258024595ab6c58ee3d10b3b0 P 3a53a546d39f43f492e8f714f7dafb43: Bootstrap starting.
I20260709 12:16:24.200682 14150 tablet_bootstrap.cc:492] T 7a39014258024595ab6c58ee3d10b3b0 P 648fbc00d7fd44fea107e9300f6a1f97: No bootstrap required, opened a new log
I20260709 12:16:24.201192 14150 ts_tablet_manager.cc:1403] T 7a39014258024595ab6c58ee3d10b3b0 P 648fbc00d7fd44fea107e9300f6a1f97: Time spent bootstrapping tablet: real 0.032s	user 0.000s	sys 0.016s
