I20260709 12:16:23.217876 11584 data_dirs.cc:400] Could only allocate 1 dirs of requested 3 for tablet a20a23160d85425ea8f8cc713c7f6807. 1 dirs total, 0 dirs full, 0 dirs failed
I20260709 12:16:23.218580 11583 data_dirs.cc:400] Could only allocate 1 dirs of requested 3 for tablet e3978a38df7342de8e49fd862a9726d0. 1 dirs total, 0 dirs full, 0 dirs failed
I20260709 12:16:23.219210 11586 data_dirs.cc:400] Could only allocate 1 dirs of requested 3 for tablet 4d575778ad4a49fdb765dabd83dfee6f. 1 dirs total, 0 dirs full, 0 dirs failed
I20260709 12:16:23.217236 11734 data_dirs.cc:400] Could only allocate 1 dirs of requested 3 for tablet afc68eff232c461d9e0e3d60c9fddca8. 1 dirs total, 0 dirs full, 0 dirs failed
I20260709 12:16:23.225306 11730 data_dirs.cc:400] Could only allocate 1 dirs of requested 3 for tablet 6aba4a784a154b8e8e66220bc7bf8ceb. 1 dirs total, 0 dirs full, 0 dirs failed
I20260709 12:16:23.229254 11732 data_dirs.cc:400] Could only allocate 1 dirs of requested 3 for tablet e3978a38df7342de8e49fd862a9726d0. 1 dirs total, 0 dirs full, 0 dirs failed
I20260709 12:16:23.356328 11791 tablet_bootstrap.cc:492] T da8bb5337cb841d995cf431ba0f48b50 P 342a261dcebd4f0686dba33feb9f8f3b: Bootstrap starting.
I20260709 12:16:23.361614 11789 tablet_bootstrap.cc:492] T 14258562805f44118e12c7057c6308cf P 249e16cae79a475b8c81bc74a206c264: Bootstrap starting.
I20260709 12:16:23.366739 11791 tablet_bootstrap.cc:654] T da8bb5337cb841d995cf431ba0f48b50 P 342a261dcebd4f0686dba33feb9f8f3b: Neither blocks nor log segments found. Creating new log.
I20260709 12:16:23.367334 11789 tablet_bootstrap.cc:654] T 14258562805f44118e12c7057c6308cf P 249e16cae79a475b8c81bc74a206c264: Neither blocks nor log segments found. Creating new log.
I20260709 12:16:23.381114 11790 tablet_bootstrap.cc:492] T a20a23160d85425ea8f8cc713c7f6807 P 28f349fb3d734fb2b5ba8eeec876bac0: Bootstrap starting.
I20260709 12:16:23.390671 11790 tablet_bootstrap.cc:654] T a20a23160d85425ea8f8cc713c7f6807 P 28f349fb3d734fb2b5ba8eeec876bac0: Neither blocks nor log segments found. Creating new log.
I20260709 12:16:23.390823 11789 tablet_bootstrap.cc:492] T 14258562805f44118e12c7057c6308cf P 249e16cae79a475b8c81bc74a206c264: No bootstrap required, opened a new log
I20260709 12:16:23.391379 11789 ts_tablet_manager.cc:1403] T 14258562805f44118e12c7057c6308cf P 249e16cae79a475b8c81bc74a206c264: Time spent bootstrapping tablet: real 0.030s	user 0.020s	sys 0.005s
I20260709 12:16:23.394296 11789 raft_consensus.cc:359] T 14258562805f44118e12c7057c6308cf P 249e16cae79a475b8c81bc74a206c264 [term 0 FOLLOWER]: Replica starting. Triggering 0 pending ops. Active config: opid_index: -1 OBSOLETE_local: false peers { permanent_uuid: "342a261dcebd4f0686dba33feb9f8f3b" member_type: VOTER last_known_addr { host: "127.10.177.67" port: 43741 } } peers { permanent_uuid: "249e16cae79a475b8c81bc74a206c264" member_type: VOTER last_known_addr { host: "127.10.177.65" port: 42353 } } peers { permanent_uuid: "28f349fb3d734fb2b5ba8eeec876bac0" member_type: VOTER last_known_addr { host: "127.10.177.66" port: 35455 } }
I20260709 12:16:23.395077 11789 raft_consensus.cc:385] T 14258562805f44118e12c7057c6308cf P 249e16cae79a475b8c81bc74a206c264 [term 0 FOLLOWER]: Consensus starting up: Expiring failure detector timer to make a prompt election more likely
I20260709 12:16:23.395423 11789 raft_consensus.cc:740] T 14258562805f44118e12c7057c6308cf P 249e16cae79a475b8c81bc74a206c264 [term 0 FOLLOWER]: Becoming Follower/Learner. State: Replica: 249e16cae79a475b8c81bc74a206c264, State: Initialized, Role: FOLLOWER
I20260709 12:16:23.397102 11791 tablet_bootstrap.cc:492] T da8bb5337cb841d995cf431ba0f48b50 P 342a261dcebd4f0686dba33feb9f8f3b: No bootstrap required, opened a new log
I20260709 12:16:23.396661 11789 consensus_queue.cc:260] T 14258562805f44118e12c7057c6308cf P 249e16cae79a475b8c81bc74a206c264 [NON_LEADER]: Queue going to NON_LEADER mode. State: All replicated index: 0, Majority replicated index: 0, Committed index: 0, Last appended: 0.0, Last appended by leader: 0, Current term: 0, Majority size: -1, State: 0, Mode: NON_LEADER, active raft config: opid_index: -1 OBSOLETE_local: false peers { permanent_uuid: "342a261dcebd4f0686dba33feb9f8f3b" member_type: VOTER last_known_addr { host: "127.10.177.67" port: 43741 } } peers { permanent_uuid: "249e16cae79a475b8c81bc74a206c264" member_type: VOTER last_known_addr { host: "127.10.177.65" port: 42353 } } peers { permanent_uuid: "28f349fb3d734fb2b5ba8eeec876bac0" member_type: VOTER last_known_addr { host: "127.10.177.66" port: 35455 } }
I20260709 12:16:23.397579 11791 ts_tablet_manager.cc:1403] T da8bb5337cb841d995cf431ba0f48b50 P 342a261dcebd4f0686dba33feb9f8f3b: Time spent bootstrapping tablet: real 0.042s	user 0.012s	sys 0.013s
I20260709 12:16:23.401021 11625 heartbeater.cc:499] Master 127.10.177.126:41635 was elected leader, sending a full tablet report...
I20260709 12:16:23.401300 11789 ts_tablet_manager.cc:1434] T 14258562805f44118e12c7057c6308cf P 249e16cae79a475b8c81bc74a206c264: Time spent starting tablet: real 0.010s	user 0.009s	sys 0.000s
I20260709 12:16:23.401118 11791 raft_consensus.cc:359] T da8bb5337cb841d995cf431ba0f48b50 P 342a261dcebd4f0686dba33feb9f8f3b [term 0 FOLLOWER]: Replica starting. Triggering 0 pending ops. Active config: opid_index: -1 OBSOLETE_local: false peers { permanent_uuid: "249e16cae79a475b8c81bc74a206c264" member_type: VOTER last_known_addr { host: "127.10.177.65" port: 42353 } } peers { permanent_uuid: "28f349fb3d734fb2b5ba8eeec876bac0" member_type: VOTER last_known_addr { host: "127.10.177.66" port: 35455 } } peers { permanent_uuid: "342a261dcebd4f0686dba33feb9f8f3b" member_type: VOTER last_known_addr { host: "127.10.177.67" port: 43741 } }
I20260709 12:16:23.402050 11791 raft_consensus.cc:385] T da8bb5337cb841d995cf431ba0f48b50 P 342a261dcebd4f0686dba33feb9f8f3b [term 0 FOLLOWER]: Consensus starting up: Expiring failure detector timer to make a prompt election more likely
I20260709 12:16:23.402350 11791 raft_consensus.cc:740] T da8bb5337cb841d995cf431ba0f48b50 P 342a261dcebd4f0686dba33feb9f8f3b [term 0 FOLLOWER]: Becoming Follower/Learner. State: Replica: 342a261dcebd4f0686dba33feb9f8f3b, State: Initialized, Role: FOLLOWER
I20260709 12:16:23.402684 11789 tablet_bootstrap.cc:492] T 6aba4a784a154b8e8e66220bc7bf8ceb P 249e16cae79a475b8c81bc74a206c264: Bootstrap starting.
I20260709 12:16:23.403782 11791 consensus_queue.cc:260] T da8bb5337cb841d995cf431ba0f48b50 P 342a261dcebd4f0686dba33feb9f8f3b [NON_LEADER]: Queue going to NON_LEADER mode. State: All replicated index: 0, Majority replicated index: 0, Committed index: 0, Last appended: 0.0, Last appended by leader: 0, Current term: 0, Majority size: -1, State: 0, Mode: NON_LEADER, active raft config: opid_index: -1 OBSOLETE_local: false peers { permanent_uuid: "249e16cae79a475b8c81bc74a206c264" member_type: VOTER last_known_addr { host: "127.10.177.65" port: 42353 } } peers { permanent_uuid: "28f349fb3d734fb2b5ba8eeec876bac0" member_type: VOTER last_known_addr { host: "127.10.177.66" port: 35455 } } peers { permanent_uuid: "342a261dcebd4f0686dba33feb9f8f3b" member_type: VOTER last_known_addr { host: "127.10.177.67" port: 43741 } }
I20260709 12:16:23.405874 11790 tablet_bootstrap.cc:492] T a20a23160d85425ea8f8cc713c7f6807 P 28f349fb3d734fb2b5ba8eeec876bac0: No bootstrap required, opened a new log
I20260709 12:16:23.406345 11790 ts_tablet_manager.cc:1403] T a20a23160d85425ea8f8cc713c7f6807 P 28f349fb3d734fb2b5ba8eeec876bac0: Time spent bootstrapping tablet: real 0.026s	user 0.018s	sys 0.003s
I20260709 12:16:23.409262 11790 raft_consensus.cc:359] T a20a23160d85425ea8f8cc713c7f6807 P 28f349fb3d734fb2b5ba8eeec876bac0 [term 0 FOLLOWER]: Replica starting. Triggering 0 pending ops. Active config: opid_index: -1 OBSOLETE_local: false peers { permanent_uuid: "249e16cae79a475b8c81bc74a206c264" member_type: VOTER last_known_addr { host: "127.10.177.65" port: 42353 } } peers { permanent_uuid: "28f349fb3d734fb2b5ba8eeec876bac0" member_type: VOTER last_known_addr { host: "127.10.177.66" port: 35455 } } peers { permanent_uuid: "342a261dcebd4f0686dba33feb9f8f3b" member_type: VOTER last_known_addr { host: "127.10.177.67" port: 43741 } }
I20260709 12:16:23.410050 11790 raft_consensus.cc:385] T a20a23160d85425ea8f8cc713c7f6807 P 28f349fb3d734fb2b5ba8eeec876bac0 [term 0 FOLLOWER]: Consensus starting up: Expiring failure detector timer to make a prompt election more likely
I20260709 12:16:23.410359 11790 raft_consensus.cc:740] T a20a23160d85425ea8f8cc713c7f6807 P 28f349fb3d734fb2b5ba8eeec876bac0 [term 0 FOLLOWER]: Becoming Follower/Learner. State: Replica: 28f349fb3d734fb2b5ba8eeec876bac0, State: Initialized, Role: FOLLOWER
I20260709 12:16:23.411571 11789 tablet_bootstrap.cc:654] T 6aba4a784a154b8e8e66220bc7bf8ceb P 249e16cae79a475b8c81bc74a206c264: Neither blocks nor log segments found. Creating new log.
I20260709 12:16:23.411345 11790 consensus_queue.cc:260] T a20a23160d85425ea8f8cc713c7f6807 P 28f349fb3d734fb2b5ba8eeec876bac0 [NON_LEADER]: Queue going to NON_LEADER mode. State: All replicated index: 0, Majority replicated index: 0, Committed index: 0, Last appended: 0.0, Last appended by leader: 0, Current term: 0, Majority size: -1, State: 0, Mode: NON_LEADER, active raft config: opid_index: -1 OBSOLETE_local: false peers { permanent_uuid: "249e16cae79a475b8c81bc74a206c264" member_type: VOTER last_known_addr { host: "127.10.177.65" port: 42353 } } peers { permanent_uuid: "28f349fb3d734fb2b5ba8eeec876bac0" member_type: VOTER last_known_addr { host: "127.10.177.66" port: 35455 } } peers { permanent_uuid: "342a261dcebd4f0686dba33feb9f8f3b" member_type: VOTER last_known_addr { host: "127.10.177.67" port: 43741 } }
I20260709 12:16:23.414021 11774 heartbeater.cc:499] Master 127.10.177.126:41635 was elected leader, sending a full tablet report...
I20260709 12:16:23.414535 11791 ts_tablet_manager.cc:1434] T da8bb5337cb841d995cf431ba0f48b50 P 342a261dcebd4f0686dba33feb9f8f3b: Time spent starting tablet: real 0.017s	user 0.008s	sys 0.008s
I20260709 12:16:23.415800 11791 tablet_bootstrap.cc:492] T a3cc734789184cc39fe8cb1ee0a27efa P 342a261dcebd4f0686dba33feb9f8f3b: Bootstrap starting.
I20260709 12:16:23.418809 11790 ts_tablet_manager.cc:1434] T a20a23160d85425ea8f8cc713c7f6807 P 28f349fb3d734fb2b5ba8eeec876bac0: Time spent starting tablet: real 0.012s	user 0.007s	sys 0.004s
I20260709 12:16:23.419533 11700 heartbeater.cc:499] Master 127.10.177.126:41635 was elected leader, sending a full tablet report...
I20260709 12:16:23.425249 11791 tablet_bootstrap.cc:654] T a3cc734789184cc39fe8cb1ee0a27efa P 342a261dcebd4f0686dba33feb9f8f3b: Neither blocks nor log segments found. Creating new log.
I20260709 12:16:23.428124 11790 tablet_bootstrap.cc:492] T a3cc734789184cc39fe8cb1ee0a27efa P 28f349fb3d734fb2b5ba8eeec876bac0: Bootstrap starting.
I20260709 12:16:23.435361 11790 tablet_bootstrap.cc:654] T a3cc734789184cc39fe8cb1ee0a27efa P 28f349fb3d734fb2b5ba8eeec876bac0: Neither blocks nor log segments found. Creating new log.
I20260709 12:16:23.440591 11789 tablet_bootstrap.cc:492] T 6aba4a784a154b8e8e66220bc7bf8ceb P 249e16cae79a475b8c81bc74a206c264: No bootstrap required, opened a new log
I20260709 12:16:23.441583 11789 ts_tablet_manager.cc:1403] T 6aba4a784a154b8e8e66220bc7bf8ceb P 249e16cae79a475b8c81bc74a206c264: Time spent bootstrapping tablet: real 0.039s	user 0.029s	sys 0.007s
I20260709 12:16:23.446080 11789 raft_consensus.cc:359] T 6aba4a784a154b8e8e66220bc7bf8ceb P 249e16cae79a475b8c81bc74a206c264 [term 0 FOLLOWER]: Replica starting. Triggering 0 pending ops. Active config: opid_index: -1 OBSOLETE_local: false peers { permanent_uuid: "249e16cae79a475b8c81bc74a206c264" member_type: VOTER last_known_addr { host: "127.10.177.65" port: 42353 } } peers { permanent_uuid: "28f349fb3d734fb2b5ba8eeec876bac0" member_type: VOTER last_known_addr { host: "127.10.177.66" port: 35455 } } peers { permanent_uuid: "342a261dcebd4f0686dba33feb9f8f3b" member_type: VOTER last_known_addr { host: "127.10.177.67" port: 43741 } }
I20260709 12:16:23.447243 11789 raft_consensus.cc:385] T 6aba4a784a154b8e8e66220bc7bf8ceb P 249e16cae79a475b8c81bc74a206c264 [term 0 FOLLOWER]: Consensus starting up: Expiring failure detector timer to make a prompt election more likely
I20260709 12:16:23.447746 11789 raft_consensus.cc:740] T 6aba4a784a154b8e8e66220bc7bf8ceb P 249e16cae79a475b8c81bc74a206c264 [term 0 FOLLOWER]: Becoming Follower/Learner. State: Replica: 249e16cae79a475b8c81bc74a206c264, State: Initialized, Role: FOLLOWER
I20260709 12:16:23.448604 11790 tablet_bootstrap.cc:492] T a3cc734789184cc39fe8cb1ee0a27efa P 28f349fb3d734fb2b5ba8eeec876bac0: No bootstrap required, opened a new log
I20260709 12:16:23.449153 11790 ts_tablet_manager.cc:1403] T a3cc734789184cc39fe8cb1ee0a27efa P 28f349fb3d734fb2b5ba8eeec876bac0: Time spent bootstrapping tablet: real 0.021s	user 0.010s	sys 0.009s
I20260709 12:16:23.448961 11789 consensus_queue.cc:260] T 6aba4a784a154b8e8e66220bc7bf8ceb P 249e16cae79a475b8c81bc74a206c264 [NON_LEADER]: Queue going to NON_LEADER mode. State: All replicated index: 0, Majority replicated index: 0, Committed index: 0, Last appended: 0.0, Last appended by leader: 0, Current term: 0, Majority size: -1, State: 0, Mode: NON_LEADER, active raft config: opid_index: -1 OBSOLETE_local: false peers { permanent_uuid: "249e16cae79a475b8c81bc74a206c264" member_type: VOTER last_known_addr { host: "127.10.177.65" port: 42353 } } peers { permanent_uuid: "28f349fb3d734fb2b5ba8eeec876bac0" member_type: VOTER last_known_addr { host: "127.10.177.66" port: 35455 } } peers { permanent_uuid: "342a261dcebd4f0686dba33feb9f8f3b" member_type: VOTER last_known_addr { host: "127.10.177.67" port: 43741 } }
I20260709 12:16:23.452087 11789 ts_tablet_manager.cc:1434] T 6aba4a784a154b8e8e66220bc7bf8ceb P 249e16cae79a475b8c81bc74a206c264: Time spent starting tablet: real 0.010s	user 0.004s	sys 0.004s
I20260709 12:16:23.453243 11795 raft_consensus.cc:493] T 6aba4a784a154b8e8e66220bc7bf8ceb P 249e16cae79a475b8c81bc74a206c264 [term 0 FOLLOWER]: Starting pre-election (no leader contacted us within the election timeout)
I20260709 12:16:23.453794 11789 tablet_bootstrap.cc:492] T da8bb5337cb841d995cf431ba0f48b50 P 249e16cae79a475b8c81bc74a206c264: Bootstrap starting.
I20260709 12:16:23.453794 11795 raft_consensus.cc:515] T 6aba4a784a154b8e8e66220bc7bf8ceb P 249e16cae79a475b8c81bc74a206c264 [term 0 FOLLOWER]: Starting pre-election with config: opid_index: -1 OBSOLETE_local: false peers { permanent_uuid: "249e16cae79a475b8c81bc74a206c264" member_type: VOTER last_known_addr { host: "127.10.177.65" port: 42353 } } peers { permanent_uuid: "28f349fb3d734fb2b5ba8eeec876bac0" member_type: VOTER last_known_addr { host: "127.10.177.66" port: 35455 } } peers { permanent_uuid: "342a261dcebd4f0686dba33feb9f8f3b" member_type: VOTER last_known_addr { host: "127.10.177.67" port: 43741 } }
I20260709 12:16:23.463357 11789 tablet_bootstrap.cc:654] T da8bb5337cb841d995cf431ba0f48b50 P 249e16cae79a475b8c81bc74a206c264: Neither blocks nor log segments found. Creating new log.
I20260709 12:16:23.466773 11795 leader_election.cc:290] T 6aba4a784a154b8e8e66220bc7bf8ceb P 249e16cae79a475b8c81bc74a206c264 [CANDIDATE]: Term 1 pre-election: Requested pre-vote from peers 28f349fb3d734fb2b5ba8eeec876bac0 (127.10.177.66:35455), 342a261dcebd4f0686dba33feb9f8f3b (127.10.177.67:43741)
I20260709 12:16:23.477126 11789 tablet_bootstrap.cc:492] T da8bb5337cb841d995cf431ba0f48b50 P 249e16cae79a475b8c81bc74a206c264: No bootstrap required, opened a new log
I20260709 12:16:23.477991 11789 ts_tablet_manager.cc:1403] T da8bb5337cb841d995cf431ba0f48b50 P 249e16cae79a475b8c81bc74a206c264: Time spent bootstrapping tablet: real 0.025s	user 0.019s	sys 0.004s
I20260709 12:16:23.453243 11790 raft_consensus.cc:359] T a3cc734789184cc39fe8cb1ee0a27efa P 28f349fb3d734fb2b5ba8eeec876bac0 [term 0 FOLLOWER]: Replica starting. Triggering 0 pending ops. Active config: opid_index: -1 OBSOLETE_local: false peers { permanent_uuid: "249e16cae79a475b8c81bc74a206c264" member_type: VOTER last_known_addr { host: "127.10.177.65" port: 42353 } } peers { permanent_uuid: "28f349fb3d734fb2b5ba8eeec876bac0" member_type: VOTER last_known_addr { host: "127.10.177.66" port: 35455 } } peers { permanent_uuid: "342a261dcebd4f0686dba33feb9f8f3b" member_type: VOTER last_known_addr { host: "127.10.177.67" port: 43741 } }
I20260709 12:16:23.478900 11790 raft_consensus.cc:385] T a3cc734789184cc39fe8cb1ee0a27efa P 28f349fb3d734fb2b5ba8eeec876bac0 [term 0 FOLLOWER]: Consensus starting up: Expiring failure detector timer to make a prompt election more likely
I20260709 12:16:23.479215 11790 raft_consensus.cc:740] T a3cc734789184cc39fe8cb1ee0a27efa P 28f349fb3d734fb2b5ba8eeec876bac0 [term 0 FOLLOWER]: Becoming Follower/Learner. State: Replica: 28f349fb3d734fb2b5ba8eeec876bac0, State: Initialized, Role: FOLLOWER
I20260709 12:16:23.482517 11789 raft_consensus.cc:359] T da8bb5337cb841d995cf431ba0f48b50 P 249e16cae79a475b8c81bc74a206c264 [term 0 FOLLOWER]: Replica starting. Triggering 0 pending ops. Active config: opid_index: -1 OBSOLETE_local: false peers { permanent_uuid: "249e16cae79a475b8c81bc74a206c264" member_type: VOTER last_known_addr { host: "127.10.177.65" port: 42353 } } peers { permanent_uuid: "28f349fb3d734fb2b5ba8eeec876bac0" member_type: VOTER last_known_addr { host: "127.10.177.66" port: 35455 } } peers { permanent_uuid: "342a261dcebd4f0686dba33feb9f8f3b" member_type: VOTER last_known_addr { host: "127.10.177.67" port: 43741 } }
I20260709 12:16:23.483650 11789 raft_consensus.cc:385] T da8bb5337cb841d995cf431ba0f48b50 P 249e16cae79a475b8c81bc74a206c264 [term 0 FOLLOWER]: Consensus starting up: Expiring failure detector timer to make a prompt election more likely
I20260709 12:16:23.484159 11789 raft_consensus.cc:740] T da8bb5337cb841d995cf431ba0f48b50 P 249e16cae79a475b8c81bc74a206c264 [term 0 FOLLOWER]: Becoming Follower/Learner. State: Replica: 249e16cae79a475b8c81bc74a206c264, State: Initialized, Role: FOLLOWER
I20260709 12:16:23.485091 11789 consensus_queue.cc:260] T da8bb5337cb841d995cf431ba0f48b50 P 249e16cae79a475b8c81bc74a206c264 [NON_LEADER]: Queue going to NON_LEADER mode. State: All replicated index: 0, Majority replicated index: 0, Committed index: 0, Last appended: 0.0, Last appended by leader: 0, Current term: 0, Majority size: -1, State: 0, Mode: NON_LEADER, active raft config: opid_index: -1 OBSOLETE_local: false peers { permanent_uuid: "249e16cae79a475b8c81bc74a206c264" member_type: VOTER last_known_addr { host: "127.10.177.65" port: 42353 } } peers { permanent_uuid: "28f349fb3d734fb2b5ba8eeec876bac0" member_type: VOTER last_known_addr { host: "127.10.177.66" port: 35455 } } peers { permanent_uuid: "342a261dcebd4f0686dba33feb9f8f3b" member_type: VOTER last_known_addr { host: "127.10.177.67" port: 43741 } }
I20260709 12:16:23.486876 11791 tablet_bootstrap.cc:492] T a3cc734789184cc39fe8cb1ee0a27efa P 342a261dcebd4f0686dba33feb9f8f3b: No bootstrap required, opened a new log
I20260709 12:16:23.487419 11791 ts_tablet_manager.cc:1403] T a3cc734789184cc39fe8cb1ee0a27efa P 342a261dcebd4f0686dba33feb9f8f3b: Time spent bootstrapping tablet: real 0.072s	user 0.031s	sys 0.035s
I20260709 12:16:23.487604 11789 ts_tablet_manager.cc:1434] T da8bb5337cb841d995cf431ba0f48b50 P 249e16cae79a475b8c81bc74a206c264: Time spent starting tablet: real 0.009s	user 0.008s	sys 0.000s
I20260709 12:16:23.488710 11789 tablet_bootstrap.cc:492] T e3978a38df7342de8e49fd862a9726d0 P 249e16cae79a475b8c81bc74a206c264: Bootstrap starting.
I20260709 12:16:23.490396 11791 raft_consensus.cc:359] T a3cc734789184cc39fe8cb1ee0a27efa P 342a261dcebd4f0686dba33feb9f8f3b [term 0 FOLLOWER]: Replica starting. Triggering 0 pending ops. Active config: opid_index: -1 OBSOLETE_local: false peers { permanent_uuid: "249e16cae79a475b8c81bc74a206c264" member_type: VOTER last_known_addr { host: "127.10.177.65" port: 42353 } } peers { permanent_uuid: "28f349fb3d734fb2b5ba8eeec876bac0" member_type: VOTER last_known_addr { host: "127.10.177.66" port: 35455 } } peers { permanent_uuid: "342a261dcebd4f0686dba33feb9f8f3b" member_type: VOTER last_known_addr { host: "127.10.177.67" port: 43741 } }
I20260709 12:16:23.491137 11791 raft_consensus.cc:385] T a3cc734789184cc39fe8cb1ee0a27efa P 342a261dcebd4f0686dba33feb9f8f3b [term 0 FOLLOWER]: Consensus starting up: Expiring failure detector timer to make a prompt election more likely
I20260709 12:16:23.491446 11791 raft_consensus.cc:740] T a3cc734789184cc39fe8cb1ee0a27efa P 342a261dcebd4f0686dba33feb9f8f3b [term 0 FOLLOWER]: Becoming Follower/Learner. State: Replica: 342a261dcebd4f0686dba33feb9f8f3b, State: Initialized, Role: FOLLOWER
I20260709 12:16:23.492302 11791 consensus_queue.cc:260] T a3cc734789184cc39fe8cb1ee0a27efa P 342a261dcebd4f0686dba33feb9f8f3b [NON_LEADER]: Queue going to NON_LEADER mode. State: All replicated index: 0, Majority replicated index: 0, Committed index: 0, Last appended: 0.0, Last appended by leader: 0, Current term: 0, Majority size: -1, State: 0, Mode: NON_LEADER, active raft config: opid_index: -1 OBSOLETE_local: false peers { permanent_uuid: "249e16cae79a475b8c81bc74a206c264" member_type: VOTER last_known_addr { host: "127.10.177.65" port: 42353 } } peers { permanent_uuid: "28f349fb3d734fb2b5ba8eeec876bac0" member_type: VOTER last_known_addr { host: "127.10.177.66" port: 35455 } } peers { permanent_uuid: "342a261dcebd4f0686dba33feb9f8f3b" member_type: VOTER last_known_addr { host: "127.10.177.67" port: 43741 } }
I20260709 12:16:23.494457 11791 ts_tablet_manager.cc:1434] T a3cc734789184cc39fe8cb1ee0a27efa P 342a261dcebd4f0686dba33feb9f8f3b: Time spent starting tablet: real 0.007s	user 0.007s	sys 0.000s
I20260709 12:16:23.495354 11791 tablet_bootstrap.cc:492] T 4d575778ad4a49fdb765dabd83dfee6f P 342a261dcebd4f0686dba33feb9f8f3b: Bootstrap starting.
I20260709 12:16:23.495931 11789 tablet_bootstrap.cc:654] T e3978a38df7342de8e49fd862a9726d0 P 249e16cae79a475b8c81bc74a206c264: Neither blocks nor log segments found. Creating new log.
I20260709 12:16:23.501566 11791 tablet_bootstrap.cc:654] T 4d575778ad4a49fdb765dabd83dfee6f P 342a261dcebd4f0686dba33feb9f8f3b: Neither blocks nor log segments found. Creating new log.
I20260709 12:16:23.483886 11790 consensus_queue.cc:260] T a3cc734789184cc39fe8cb1ee0a27efa P 28f349fb3d734fb2b5ba8eeec876bac0 [NON_LEADER]: Queue going to NON_LEADER mode. State: All replicated index: 0, Majority replicated index: 0, Committed index: 0, Last appended: 0.0, Last appended by leader: 0, Current term: 0, Majority size: -1, State: 0, Mode: NON_LEADER, active raft config: opid_index: -1 OBSOLETE_local: false peers { permanent_uuid: "249e16cae79a475b8c81bc74a206c264" member_type: VOTER last_known_addr { host: "127.10.177.65" port: 42353 } } peers { permanent_uuid: "28f349fb3d734fb2b5ba8eeec876bac0" member_type: VOTER last_known_addr { host: "127.10.177.66" port: 35455 } } peers { permanent_uuid: "342a261dcebd4f0686dba33feb9f8f3b" member_type: VOTER last_known_addr { host: "127.10.177.67" port: 43741 } }
I20260709 12:16:23.511109 11749 tablet_service.cc:1917] Received RequestConsensusVote() RPC: tablet_id: "6aba4a784a154b8e8e66220bc7bf8ceb" candidate_uuid: "249e16cae79a475b8c81bc74a206c264" candidate_term: 1 candidate_status { last_received { term: 0 index: 0 } } ignore_live_leader: false dest_uuid: "342a261dcebd4f0686dba33feb9f8f3b" is_pre_election: true
W20260709 12:16:23.513360 11565 leader_election.cc:343] T 6aba4a784a154b8e8e66220bc7bf8ceb P 249e16cae79a475b8c81bc74a206c264 [CANDIDATE]: Term 1 pre-election: Tablet error from VoteRequest() call to peer 342a261dcebd4f0686dba33feb9f8f3b (127.10.177.67:43741): Illegal state: must be running to vote when last-logged opid is not known
I20260709 12:16:23.514338 11789 tablet_bootstrap.cc:492] T e3978a38df7342de8e49fd862a9726d0 P 249e16cae79a475b8c81bc74a206c264: No bootstrap required, opened a new log
I20260709 12:16:23.514781 11789 ts_tablet_manager.cc:1403] T e3978a38df7342de8e49fd862a9726d0 P 249e16cae79a475b8c81bc74a206c264: Time spent bootstrapping tablet: real 0.026s	user 0.013s	sys 0.007s
I20260709 12:16:23.516803 11789 raft_consensus.cc:359] T e3978a38df7342de8e49fd862a9726d0 P 249e16cae79a475b8c81bc74a206c264 [term 0 FOLLOWER]: Replica starting. Triggering 0 pending ops. Active config: opid_index: -1 OBSOLETE_local: false peers { permanent_uuid: "249e16cae79a475b8c81bc74a206c264" member_type: VOTER last_known_addr { host: "127.10.177.65" port: 42353 } } peers { permanent_uuid: "28f349fb3d734fb2b5ba8eeec876bac0" member_type: VOTER last_known_addr { host: "127.10.177.66" port: 35455 } } peers { permanent_uuid: "342a261dcebd4f0686dba33feb9f8f3b" member_type: VOTER last_known_addr { host: "127.10.177.67" port: 43741 } }
I20260709 12:16:23.517594 11789 raft_consensus.cc:385] T e3978a38df7342de8e49fd862a9726d0 P 249e16cae79a475b8c81bc74a206c264 [term 0 FOLLOWER]: Consensus starting up: Expiring failure detector timer to make a prompt election more likely
I20260709 12:16:23.517913 11789 raft_consensus.cc:740] T e3978a38df7342de8e49fd862a9726d0 P 249e16cae79a475b8c81bc74a206c264 [term 0 FOLLOWER]: Becoming Follower/Learner. State: Replica: 249e16cae79a475b8c81bc74a206c264, State: Initialized, Role: FOLLOWER
I20260709 12:16:23.518579 11789 consensus_queue.cc:260] T e3978a38df7342de8e49fd862a9726d0 P 249e16cae79a475b8c81bc74a206c264 [NON_LEADER]: Queue going to NON_LEADER mode. State: All replicated index: 0, Majority replicated index: 0, Committed index: 0, Last appended: 0.0, Last appended by leader: 0, Current term: 0, Majority size: -1, State: 0, Mode: NON_LEADER, active raft config: opid_index: -1 OBSOLETE_local: false peers { permanent_uuid: "249e16cae79a475b8c81bc74a206c264" member_type: VOTER last_known_addr { host: "127.10.177.65" port: 42353 } } peers { permanent_uuid: "28f349fb3d734fb2b5ba8eeec876bac0" member_type: VOTER last_known_addr { host: "127.10.177.66" port: 35455 } } peers { permanent_uuid: "342a261dcebd4f0686dba33feb9f8f3b" member_type: VOTER last_known_addr { host: "127.10.177.67" port: 43741 } }
I20260709 12:16:23.519948 11791 tablet_bootstrap.cc:492] T 4d575778ad4a49fdb765dabd83dfee6f P 342a261dcebd4f0686dba33feb9f8f3b: No bootstrap required, opened a new log
I20260709 12:16:23.520460 11791 ts_tablet_manager.cc:1403] T 4d575778ad4a49fdb765dabd83dfee6f P 342a261dcebd4f0686dba33feb9f8f3b: Time spent bootstrapping tablet: real 0.025s	user 0.020s	sys 0.004s
I20260709 12:16:23.520722 11789 ts_tablet_manager.cc:1434] T e3978a38df7342de8e49fd862a9726d0 P 249e16cae79a475b8c81bc74a206c264: Time spent starting tablet: real 0.006s	user 0.000s	sys 0.004s
I20260709 12:16:23.521725 11789 tablet_bootstrap.cc:492] T 8dd4b0955eb044d295a06bd8e080e7e2 P 249e16cae79a475b8c81bc74a206c264: Bootstrap starting.
I20260709 12:16:23.521741 11790 ts_tablet_manager.cc:1434] T a3cc734789184cc39fe8cb1ee0a27efa P 28f349fb3d734fb2b5ba8eeec876bac0: Time spent starting tablet: real 0.072s	user 0.005s	sys 0.002s
I20260709 12:16:23.523432 11791 raft_consensus.cc:359] T 4d575778ad4a49fdb765dabd83dfee6f P 342a261dcebd4f0686dba33feb9f8f3b [term 0 FOLLOWER]: Replica starting. Triggering 0 pending ops. Active config: opid_index: -1 OBSOLETE_local: false peers { permanent_uuid: "249e16cae79a475b8c81bc74a206c264" member_type: VOTER last_known_addr { host: "127.10.177.65" port: 42353 } } peers { permanent_uuid: "28f349fb3d734fb2b5ba8eeec876bac0" member_type: VOTER last_known_addr { host: "127.10.177.66" port: 35455 } } peers { permanent_uuid: "342a261dcebd4f0686dba33feb9f8f3b" member_type: VOTER last_known_addr { host: "127.10.177.67" port: 43741 } }
I20260709 12:16:23.524170 11791 raft_consensus.cc:385] T 4d575778ad4a49fdb765dabd83dfee6f P 342a261dcebd4f0686dba33feb9f8f3b [term 0 FOLLOWER]: Consensus starting up: Expiring failure detector timer to make a prompt election more likely
I20260709 12:16:23.524339 11790 tablet_bootstrap.cc:492] T 6aba4a784a154b8e8e66220bc7bf8ceb P 28f349fb3d734fb2b5ba8eeec876bac0: Bootstrap starting.
I20260709 12:16:23.524549 11791 raft_consensus.cc:740] T 4d575778ad4a49fdb765dabd83dfee6f P 342a261dcebd4f0686dba33feb9f8f3b [term 0 FOLLOWER]: Becoming Follower/Learner. State: Replica: 342a261dcebd4f0686dba33feb9f8f3b, State: Initialized, Role: FOLLOWER
I20260709 12:16:23.525636 11791 consensus_queue.cc:260] T 4d575778ad4a49fdb765dabd83dfee6f P 342a261dcebd4f0686dba33feb9f8f3b [NON_LEADER]: Queue going to NON_LEADER mode. State: All replicated index: 0, Majority replicated index: 0, Committed index: 0, Last appended: 0.0, Last appended by leader: 0, Current term: 0, Majority size: -1, State: 0, Mode: NON_LEADER, active raft config: opid_index: -1 OBSOLETE_local: false peers { permanent_uuid: "249e16cae79a475b8c81bc74a206c264" member_type: VOTER last_known_addr { host: "127.10.177.65" port: 42353 } } peers { permanent_uuid: "28f349fb3d734fb2b5ba8eeec876bac0" member_type: VOTER last_known_addr { host: "127.10.177.66" port: 35455 } } peers { permanent_uuid: "342a261dcebd4f0686dba33feb9f8f3b" member_type: VOTER last_known_addr { host: "127.10.177.67" port: 43741 } }
I20260709 12:16:23.528151 11789 tablet_bootstrap.cc:654] T 8dd4b0955eb044d295a06bd8e080e7e2 P 249e16cae79a475b8c81bc74a206c264: Neither blocks nor log segments found. Creating new log.
I20260709 12:16:23.529902 11791 ts_tablet_manager.cc:1434] T 4d575778ad4a49fdb765dabd83dfee6f P 342a261dcebd4f0686dba33feb9f8f3b: Time spent starting tablet: real 0.009s	user 0.006s	sys 0.000s
I20260709 12:16:23.531041 11791 tablet_bootstrap.cc:492] T afc68eff232c461d9e0e3d60c9fddca8 P 342a261dcebd4f0686dba33feb9f8f3b: Bootstrap starting.
I20260709 12:16:23.531785 11795 raft_consensus.cc:493] T 14258562805f44118e12c7057c6308cf P 249e16cae79a475b8c81bc74a206c264 [term 0 FOLLOWER]: Starting pre-election (no leader contacted us within the election timeout)
I20260709 12:16:23.532261 11795 raft_consensus.cc:515] T 14258562805f44118e12c7057c6308cf P 249e16cae79a475b8c81bc74a206c264 [term 0 FOLLOWER]: Starting pre-election with config: opid_index: -1 OBSOLETE_local: false peers { permanent_uuid: "342a261dcebd4f0686dba33feb9f8f3b" member_type: VOTER last_known_addr { host: "127.10.177.67" port: 43741 } } peers { permanent_uuid: "249e16cae79a475b8c81bc74a206c264" member_type: VOTER last_known_addr { host: "127.10.177.65" port: 42353 } } peers { permanent_uuid: "28f349fb3d734fb2b5ba8eeec876bac0" member_type: VOTER last_known_addr { host: "127.10.177.66" port: 35455 } }
I20260709 12:16:23.534394 11795 leader_election.cc:290] T 14258562805f44118e12c7057c6308cf P 249e16cae79a475b8c81bc74a206c264 [CANDIDATE]: Term 1 pre-election: Requested pre-vote from peers 342a261dcebd4f0686dba33feb9f8f3b (127.10.177.67:43741), 28f349fb3d734fb2b5ba8eeec876bac0 (127.10.177.66:35455)
I20260709 12:16:23.536239 11675 tablet_service.cc:1917] Received RequestConsensusVote() RPC: tablet_id: "6aba4a784a154b8e8e66220bc7bf8ceb" candidate_uuid: "249e16cae79a475b8c81bc74a206c264" candidate_term: 1 candidate_status { last_received { term: 0 index: 0 } } ignore_live_leader: false dest_uuid: "28f349fb3d734fb2b5ba8eeec876bac0" is_pre_election: true
I20260709 12:16:23.536715 11749 tablet_service.cc:1917] Received RequestConsensusVote() RPC: tablet_id: "14258562805f44118e12c7057c6308cf" candidate_uuid: "249e16cae79a475b8c81bc74a206c264" candidate_term: 1 candidate_status { last_received { term: 0 index: 0 } } ignore_live_leader: false dest_uuid: "342a261dcebd4f0686dba33feb9f8f3b" is_pre_election: true
I20260709 12:16:23.538563 11675 tablet_service.cc:1917] Received RequestConsensusVote() RPC: tablet_id: "14258562805f44118e12c7057c6308cf" candidate_uuid: "249e16cae79a475b8c81bc74a206c264" candidate_term: 1 candidate_status { last_received { term: 0 index: 0 } } ignore_live_leader: false dest_uuid: "28f349fb3d734fb2b5ba8eeec876bac0" is_pre_election: true
W20260709 12:16:23.538784 11565 leader_election.cc:343] T 14258562805f44118e12c7057c6308cf P 249e16cae79a475b8c81bc74a206c264 [CANDIDATE]: Term 1 pre-election: Tablet error from VoteRequest() call to peer 342a261dcebd4f0686dba33feb9f8f3b (127.10.177.67:43741): Illegal state: must be running to vote when last-logged opid is not known
I20260709 12:16:23.540169 11791 tablet_bootstrap.cc:654] T afc68eff232c461d9e0e3d60c9fddca8 P 342a261dcebd4f0686dba33feb9f8f3b: Neither blocks nor log segments found. Creating new log.
I20260709 12:16:23.541584 11796 raft_consensus.cc:493] T a3cc734789184cc39fe8cb1ee0a27efa P 342a261dcebd4f0686dba33feb9f8f3b [term 0 FOLLOWER]: Starting pre-election (no leader contacted us within the election timeout)
W20260709 12:16:23.542778 11564 leader_election.cc:343] T 6aba4a784a154b8e8e66220bc7bf8ceb P 249e16cae79a475b8c81bc74a206c264 [CANDIDATE]: Term 1 pre-election: Tablet error from VoteRequest() call to peer 28f349fb3d734fb2b5ba8eeec876bac0 (127.10.177.66:35455): Illegal state: must be running to vote when last-logged opid is not known
I20260709 12:16:23.542254 11796 raft_consensus.cc:515] T a3cc734789184cc39fe8cb1ee0a27efa P 342a261dcebd4f0686dba33feb9f8f3b [term 0 FOLLOWER]: Starting pre-election with config: opid_index: -1 OBSOLETE_local: false peers { permanent_uuid: "249e16cae79a475b8c81bc74a206c264" member_type: VOTER last_known_addr { host: "127.10.177.65" port: 42353 } } peers { permanent_uuid: "28f349fb3d734fb2b5ba8eeec876bac0" member_type: VOTER last_known_addr { host: "127.10.177.66" port: 35455 } } peers { permanent_uuid: "342a261dcebd4f0686dba33feb9f8f3b" member_type: VOTER last_known_addr { host: "127.10.177.67" port: 43741 } }
I20260709 12:16:23.543246 11564 leader_election.cc:304] T 6aba4a784a154b8e8e66220bc7bf8ceb P 249e16cae79a475b8c81bc74a206c264 [CANDIDATE]: Term 1 pre-election: Election decided. Result: candidate lost. Election summary: received 3 responses out of 3 voters: 1 yes votes; 2 no votes. yes voters: 249e16cae79a475b8c81bc74a206c264; no voters: 28f349fb3d734fb2b5ba8eeec876bac0, 342a261dcebd4f0686dba33feb9f8f3b
I20260709 12:16:23.544088 11795 raft_consensus.cc:2749] T 6aba4a784a154b8e8e66220bc7bf8ceb P 249e16cae79a475b8c81bc74a206c264 [term 0 FOLLOWER]: Leader pre-election lost for term 1. Reason: could not achieve majority
W20260709 12:16:23.545432 11564 leader_election.cc:343] T 14258562805f44118e12c7057c6308cf P 249e16cae79a475b8c81bc74a206c264 [CANDIDATE]: Term 1 pre-election: Tablet error from VoteRequest() call to peer 28f349fb3d734fb2b5ba8eeec876bac0 (127.10.177.66:35455): Illegal state: must be running to vote when last-logged opid is not known
I20260709 12:16:23.545887 11564 leader_election.cc:304] T 14258562805f44118e12c7057c6308cf P 249e16cae79a475b8c81bc74a206c264 [CANDIDATE]: Term 1 pre-election: Election decided. Result: candidate lost. Election summary: received 3 responses out of 3 voters: 1 yes votes; 2 no votes. yes voters: 249e16cae79a475b8c81bc74a206c264; no voters: 28f349fb3d734fb2b5ba8eeec876bac0, 342a261dcebd4f0686dba33feb9f8f3b
I20260709 12:16:23.546725 11795 raft_consensus.cc:2749] T 14258562805f44118e12c7057c6308cf P 249e16cae79a475b8c81bc74a206c264 [term 0 FOLLOWER]: Leader pre-election lost for term 1. Reason: could not achieve majority
I20260709 12:16:23.550408 11789 tablet_bootstrap.cc:492] T 8dd4b0955eb044d295a06bd8e080e7e2 P 249e16cae79a475b8c81bc74a206c264: No bootstrap required, opened a new log
I20260709 12:16:23.550972 11796 leader_election.cc:290] T a3cc734789184cc39fe8cb1ee0a27efa P 342a261dcebd4f0686dba33feb9f8f3b [CANDIDATE]: Term 1 pre-election: Requested pre-vote from peers 249e16cae79a475b8c81bc74a206c264 (127.10.177.65:42353), 28f349fb3d734fb2b5ba8eeec876bac0 (127.10.177.66:35455)
I20260709 12:16:23.551561 11789 ts_tablet_manager.cc:1403] T 8dd4b0955eb044d295a06bd8e080e7e2 P 249e16cae79a475b8c81bc74a206c264: Time spent bootstrapping tablet: real 0.030s	user 0.014s	sys 0.013s
I20260709 12:16:23.554915 11789 raft_consensus.cc:359] T 8dd4b0955eb044d295a06bd8e080e7e2 P 249e16cae79a475b8c81bc74a206c264 [term 0 FOLLOWER]: Replica starting. Triggering 0 pending ops. Active config: opid_index: -1 OBSOLETE_local: false peers { permanent_uuid: "249e16cae79a475b8c81bc74a206c264" member_type: VOTER last_known_addr { host: "127.10.177.65" port: 42353 } } peers { permanent_uuid: "28f349fb3d734fb2b5ba8eeec876bac0" member_type: VOTER last_known_addr { host: "127.10.177.66" port: 35455 } } peers { permanent_uuid: "342a261dcebd4f0686dba33feb9f8f3b" member_type: VOTER last_known_addr { host: "127.10.177.67" port: 43741 } }
I20260709 12:16:23.555757 11789 raft_consensus.cc:385] T 8dd4b0955eb044d295a06bd8e080e7e2 P 249e16cae79a475b8c81bc74a206c264 [term 0 FOLLOWER]: Consensus starting up: Expiring failure detector timer to make a prompt election more likely
I20260709 12:16:23.556118 11796 raft_consensus.cc:493] T da8bb5337cb841d995cf431ba0f48b50 P 342a261dcebd4f0686dba33feb9f8f3b [term 0 FOLLOWER]: Starting pre-election (no leader contacted us within the election timeout)
I20260709 12:16:23.556129 11789 raft_consensus.cc:740] T 8dd4b0955eb044d295a06bd8e080e7e2 P 249e16cae79a475b8c81bc74a206c264 [term 0 FOLLOWER]: Becoming Follower/Learner. State: Replica: 249e16cae79a475b8c81bc74a206c264, State: Initialized, Role: FOLLOWER
I20260709 12:16:23.556800 11796 raft_consensus.cc:515] T da8bb5337cb841d995cf431ba0f48b50 P 342a261dcebd4f0686dba33feb9f8f3b [term 0 FOLLOWER]: Starting pre-election with config: opid_index: -1 OBSOLETE_local: false peers { permanent_uuid: "249e16cae79a475b8c81bc74a206c264" member_type: VOTER last_known_addr { host: "127.10.177.65" port: 42353 } } peers { permanent_uuid: "28f349fb3d734fb2b5ba8eeec876bac0" member_type: VOTER last_known_addr { host: "127.10.177.66" port: 35455 } } peers { permanent_uuid: "342a261dcebd4f0686dba33feb9f8f3b" member_type: VOTER last_known_addr { host: "127.10.177.67" port: 43741 } }
I20260709 12:16:23.557237 11789 consensus_queue.cc:260] T 8dd4b0955eb044d295a06bd8e080e7e2 P 249e16cae79a475b8c81bc74a206c264 [NON_LEADER]: Queue going to NON_LEADER mode. State: All replicated index: 0, Majority replicated index: 0, Committed index: 0, Last appended: 0.0, Last appended by leader: 0, Current term: 0, Majority size: -1, State: 0, Mode: NON_LEADER, active raft config: opid_index: -1 OBSOLETE_local: false peers { permanent_uuid: "249e16cae79a475b8c81bc74a206c264" member_type: VOTER last_known_addr { host: "127.10.177.65" port: 42353 } } peers { permanent_uuid: "28f349fb3d734fb2b5ba8eeec876bac0" member_type: VOTER last_known_addr { host: "127.10.177.66" port: 35455 } } peers { permanent_uuid: "342a261dcebd4f0686dba33feb9f8f3b" member_type: VOTER last_known_addr { host: "127.10.177.67" port: 43741 } }
I20260709 12:16:23.558987 11791 tablet_bootstrap.cc:492] T afc68eff232c461d9e0e3d60c9fddca8 P 342a261dcebd4f0686dba33feb9f8f3b: No bootstrap required, opened a new log
I20260709 12:16:23.559501 11791 ts_tablet_manager.cc:1403] T afc68eff232c461d9e0e3d60c9fddca8 P 342a261dcebd4f0686dba33feb9f8f3b: Time spent bootstrapping tablet: real 0.029s	user 0.015s	sys 0.000s
I20260709 12:16:23.559640 11796 leader_election.cc:290] T da8bb5337cb841d995cf431ba0f48b50 P 342a261dcebd4f0686dba33feb9f8f3b [CANDIDATE]: Term 1 pre-election: Requested pre-vote from peers 249e16cae79a475b8c81bc74a206c264 (127.10.177.65:42353), 28f349fb3d734fb2b5ba8eeec876bac0 (127.10.177.66:35455)
I20260709 12:16:23.559870 11789 ts_tablet_manager.cc:1434] T 8dd4b0955eb044d295a06bd8e080e7e2 P 249e16cae79a475b8c81bc74a206c264: Time spent starting tablet: real 0.008s	user 0.007s	sys 0.000s
I20260709 12:16:23.560948 11789 tablet_bootstrap.cc:492] T afc68eff232c461d9e0e3d60c9fddca8 P 249e16cae79a475b8c81bc74a206c264: Bootstrap starting.
I20260709 12:16:23.562347 11790 tablet_bootstrap.cc:654] T 6aba4a784a154b8e8e66220bc7bf8ceb P 28f349fb3d734fb2b5ba8eeec876bac0: Neither blocks nor log segments found. Creating new log.
I20260709 12:16:23.562544 11791 raft_consensus.cc:359] T afc68eff232c461d9e0e3d60c9fddca8 P 342a261dcebd4f0686dba33feb9f8f3b [term 0 FOLLOWER]: Replica starting. Triggering 0 pending ops. Active config: opid_index: -1 OBSOLETE_local: false peers { permanent_uuid: "249e16cae79a475b8c81bc74a206c264" member_type: VOTER last_known_addr { host: "127.10.177.65" port: 42353 } } peers { permanent_uuid: "28f349fb3d734fb2b5ba8eeec876bac0" member_type: VOTER last_known_addr { host: "127.10.177.66" port: 35455 } } peers { permanent_uuid: "342a261dcebd4f0686dba33feb9f8f3b" member_type: VOTER last_known_addr { host: "127.10.177.67" port: 43741 } }
I20260709 12:16:23.563283 11791 raft_consensus.cc:385] T afc68eff232c461d9e0e3d60c9fddca8 P 342a261dcebd4f0686dba33feb9f8f3b [term 0 FOLLOWER]: Consensus starting up: Expiring failure detector timer to make a prompt election more likely
I20260709 12:16:23.563565 11791 raft_consensus.cc:740] T afc68eff232c461d9e0e3d60c9fddca8 P 342a261dcebd4f0686dba33feb9f8f3b [term 0 FOLLOWER]: Becoming Follower/Learner. State: Replica: 342a261dcebd4f0686dba33feb9f8f3b, State: Initialized, Role: FOLLOWER
I20260709 12:16:23.564317 11791 consensus_queue.cc:260] T afc68eff232c461d9e0e3d60c9fddca8 P 342a261dcebd4f0686dba33feb9f8f3b [NON_LEADER]: Queue going to NON_LEADER mode. State: All replicated index: 0, Majority replicated index: 0, Committed index: 0, Last appended: 0.0, Last appended by leader: 0, Current term: 0, Majority size: -1, State: 0, Mode: NON_LEADER, active raft config: opid_index: -1 OBSOLETE_local: false peers { permanent_uuid: "249e16cae79a475b8c81bc74a206c264" member_type: VOTER last_known_addr { host: "127.10.177.65" port: 42353 } } peers { permanent_uuid: "28f349fb3d734fb2b5ba8eeec876bac0" member_type: VOTER last_known_addr { host: "127.10.177.66" port: 35455 } } peers { permanent_uuid: "342a261dcebd4f0686dba33feb9f8f3b" member_type: VOTER last_known_addr { host: "127.10.177.67" port: 43741 } }
I20260709 12:16:23.566582 11791 ts_tablet_manager.cc:1434] T afc68eff232c461d9e0e3d60c9fddca8 P 342a261dcebd4f0686dba33feb9f8f3b: Time spent starting tablet: real 0.007s	user 0.005s	sys 0.000s
I20260709 12:16:23.567411 11789 tablet_bootstrap.cc:654] T afc68eff232c461d9e0e3d60c9fddca8 P 249e16cae79a475b8c81bc74a206c264: Neither blocks nor log segments found. Creating new log.
I20260709 12:16:23.573552 11791 tablet_bootstrap.cc:492] T e3978a38df7342de8e49fd862a9726d0 P 342a261dcebd4f0686dba33feb9f8f3b: Bootstrap starting.
I20260709 12:16:23.580137 11791 tablet_bootstrap.cc:654] T e3978a38df7342de8e49fd862a9726d0 P 342a261dcebd4f0686dba33feb9f8f3b: Neither blocks nor log segments found. Creating new log.
I20260709 12:16:23.585803 11675 tablet_service.cc:1917] Received RequestConsensusVote() RPC: tablet_id: "a3cc734789184cc39fe8cb1ee0a27efa" candidate_uuid: "342a261dcebd4f0686dba33feb9f8f3b" candidate_term: 1 candidate_status { last_received { term: 0 index: 0 } } ignore_live_leader: false dest_uuid: "28f349fb3d734fb2b5ba8eeec876bac0" is_pre_election: true
I20260709 12:16:23.586526 11675 raft_consensus.cc:2468] T a3cc734789184cc39fe8cb1ee0a27efa P 28f349fb3d734fb2b5ba8eeec876bac0 [term 0 FOLLOWER]: Leader pre-election vote request: Granting yes vote for candidate 342a261dcebd4f0686dba33feb9f8f3b in term 0.
I20260709 12:16:23.586650 11600 tablet_service.cc:1917] Received RequestConsensusVote() RPC: tablet_id: "a3cc734789184cc39fe8cb1ee0a27efa" candidate_uuid: "342a261dcebd4f0686dba33feb9f8f3b" candidate_term: 1 candidate_status { last_received { term: 0 index: 0 } } ignore_live_leader: false dest_uuid: "249e16cae79a475b8c81bc74a206c264" is_pre_election: true
I20260709 12:16:23.586907 11789 tablet_bootstrap.cc:492] T afc68eff232c461d9e0e3d60c9fddca8 P 249e16cae79a475b8c81bc74a206c264: No bootstrap required, opened a new log
I20260709 12:16:23.587702 11789 ts_tablet_manager.cc:1403] T afc68eff232c461d9e0e3d60c9fddca8 P 249e16cae79a475b8c81bc74a206c264: Time spent bootstrapping tablet: real 0.027s	user 0.019s	sys 0.004s
I20260709 12:16:23.587741 11674 tablet_service.cc:1917] Received RequestConsensusVote() RPC: tablet_id: "da8bb5337cb841d995cf431ba0f48b50" candidate_uuid: "342a261dcebd4f0686dba33feb9f8f3b" candidate_term: 1 candidate_status { last_received { term: 0 index: 0 } } ignore_live_leader: false dest_uuid: "28f349fb3d734fb2b5ba8eeec876bac0" is_pre_election: true
I20260709 12:16:23.588094 11599 tablet_service.cc:1917] Received RequestConsensusVote() RPC: tablet_id: "da8bb5337cb841d995cf431ba0f48b50" candidate_uuid: "342a261dcebd4f0686dba33feb9f8f3b" candidate_term: 1 candidate_status { last_received { term: 0 index: 0 } } ignore_live_leader: false dest_uuid: "249e16cae79a475b8c81bc74a206c264" is_pre_election: true
I20260709 12:16:23.588742 11599 raft_consensus.cc:2468] T da8bb5337cb841d995cf431ba0f48b50 P 249e16cae79a475b8c81bc74a206c264 [term 0 FOLLOWER]: Leader pre-election vote request: Granting yes vote for candidate 342a261dcebd4f0686dba33feb9f8f3b in term 0.
I20260709 12:16:23.589704 11713 leader_election.cc:304] T a3cc734789184cc39fe8cb1ee0a27efa P 342a261dcebd4f0686dba33feb9f8f3b [CANDIDATE]: Term 1 pre-election: Election decided. Result: candidate won. Election summary: received 2 responses out of 3 voters: 2 yes votes; 0 no votes. yes voters: 28f349fb3d734fb2b5ba8eeec876bac0, 342a261dcebd4f0686dba33feb9f8f3b; no voters: 
W20260709 12:16:23.590647 11713 leader_election.cc:343] T da8bb5337cb841d995cf431ba0f48b50 P 342a261dcebd4f0686dba33feb9f8f3b [CANDIDATE]: Term 1 pre-election: Tablet error from VoteRequest() call to peer 28f349fb3d734fb2b5ba8eeec876bac0 (127.10.177.66:35455): Illegal state: must be running to vote when last-logged opid is not known
I20260709 12:16:23.591316 11796 raft_consensus.cc:2804] T a3cc734789184cc39fe8cb1ee0a27efa P 342a261dcebd4f0686dba33feb9f8f3b [term 0 FOLLOWER]: Leader pre-election won for term 1
I20260709 12:16:23.591681 11796 raft_consensus.cc:493] T a3cc734789184cc39fe8cb1ee0a27efa P 342a261dcebd4f0686dba33feb9f8f3b [term 0 FOLLOWER]: Starting leader election (no leader contacted us within the election timeout)
I20260709 12:16:23.592025 11796 raft_consensus.cc:3060] T a3cc734789184cc39fe8cb1ee0a27efa P 342a261dcebd4f0686dba33feb9f8f3b [term 0 FOLLOWER]: Advancing to term 1
I20260709 12:16:23.592584 11790 tablet_bootstrap.cc:492] T 6aba4a784a154b8e8e66220bc7bf8ceb P 28f349fb3d734fb2b5ba8eeec876bac0: No bootstrap required, opened a new log
I20260709 12:16:23.591938 11789 raft_consensus.cc:359] T afc68eff232c461d9e0e3d60c9fddca8 P 249e16cae79a475b8c81bc74a206c264 [term 0 FOLLOWER]: Replica starting. Triggering 0 pending ops. Active config: opid_index: -1 OBSOLETE_local: false peers { permanent_uuid: "249e16cae79a475b8c81bc74a206c264" member_type: VOTER last_known_addr { host: "127.10.177.65" port: 42353 } } peers { permanent_uuid: "28f349fb3d734fb2b5ba8eeec876bac0" member_type: VOTER last_known_addr { host: "127.10.177.66" port: 35455 } } peers { permanent_uuid: "342a261dcebd4f0686dba33feb9f8f3b" member_type: VOTER last_known_addr { host: "127.10.177.67" port: 43741 } }
I20260709 12:16:23.593078 11790 ts_tablet_manager.cc:1403] T 6aba4a784a154b8e8e66220bc7bf8ceb P 28f349fb3d734fb2b5ba8eeec876bac0: Time spent bootstrapping tablet: real 0.069s	user 0.011s	sys 0.001s
I20260709 12:16:23.593250 11789 raft_consensus.cc:385] T afc68eff232c461d9e0e3d60c9fddca8 P 249e16cae79a475b8c81bc74a206c264 [term 0 FOLLOWER]: Consensus starting up: Expiring failure detector timer to make a prompt election more likely
I20260709 12:16:23.593789 11789 raft_consensus.cc:740] T afc68eff232c461d9e0e3d60c9fddca8 P 249e16cae79a475b8c81bc74a206c264 [term 0 FOLLOWER]: Becoming Follower/Learner. State: Replica: 249e16cae79a475b8c81bc74a206c264, State: Initialized, Role: FOLLOWER
I20260709 12:16:23.594837 11789 consensus_queue.cc:260] T afc68eff232c461d9e0e3d60c9fddca8 P 249e16cae79a475b8c81bc74a206c264 [NON_LEADER]: Queue going to NON_LEADER mode. State: All replicated index: 0, Majority replicated index: 0, Committed index: 0, Last appended: 0.0, Last appended by leader: 0, Current term: 0, Majority size: -1, State: 0, Mode: NON_LEADER, active raft config: opid_index: -1 OBSOLETE_local: false peers { permanent_uuid: "249e16cae79a475b8c81bc74a206c264" member_type: VOTER last_known_addr { host: "127.10.177.65" port: 42353 } } peers { permanent_uuid: "28f349fb3d734fb2b5ba8eeec876bac0" member_type: VOTER last_known_addr { host: "127.10.177.66" port: 35455 } } peers { permanent_uuid: "342a261dcebd4f0686dba33feb9f8f3b" member_type: VOTER last_known_addr { host: "127.10.177.67" port: 43741 } }
W20260709 12:16:23.597036 11715 leader_election.cc:343] T a3cc734789184cc39fe8cb1ee0a27efa P 342a261dcebd4f0686dba33feb9f8f3b [CANDIDATE]: Term 1 pre-election: Tablet error from VoteRequest() call to peer 249e16cae79a475b8c81bc74a206c264 (127.10.177.65:42353): Illegal state: must be running to vote when last-logged opid is not known
I20260709 12:16:23.598196 11789 ts_tablet_manager.cc:1434] T afc68eff232c461d9e0e3d60c9fddca8 P 249e16cae79a475b8c81bc74a206c264: Time spent starting tablet: real 0.010s	user 0.005s	sys 0.004s
I20260709 12:16:23.599704 11789 tablet_bootstrap.cc:492] T a20a23160d85425ea8f8cc713c7f6807 P 249e16cae79a475b8c81bc74a206c264: Bootstrap starting.
I20260709 12:16:23.600375 11715 leader_election.cc:304] T da8bb5337cb841d995cf431ba0f48b50 P 342a261dcebd4f0686dba33feb9f8f3b [CANDIDATE]: Term 1 pre-election: Election decided. Result: candidate won. Election summary: received 3 responses out of 3 voters: 2 yes votes; 1 no votes. yes voters: 249e16cae79a475b8c81bc74a206c264, 342a261dcebd4f0686dba33feb9f8f3b; no voters: 28f349fb3d734fb2b5ba8eeec876bac0
