I20260709 12:16:53.595175 12360 raft_consensus.cc:493] T 0e294f7d07ba4830b63753f8e20a630d P 98c6cfa7d6014c899881f4e4186834b5 [term 0 FOLLOWER]: Starting pre-election (no leader contacted us within the election timeout)
I20260709 12:16:53.595706 12360 raft_consensus.cc:515] T 0e294f7d07ba4830b63753f8e20a630d P 98c6cfa7d6014c899881f4e4186834b5 [term 0 FOLLOWER]: Starting pre-election with config: opid_index: -1 OBSOLETE_local: false peers { permanent_uuid: "21cebf83068b411f92a46d8dee40b767" member_type: VOTER last_known_addr { host: "127.10.177.65" port: 37061 } } peers { permanent_uuid: "f912103b016f4f2d9a0250adda42129d" member_type: VOTER last_known_addr { host: "127.10.177.66" port: 38949 } } peers { permanent_uuid: "98c6cfa7d6014c899881f4e4186834b5" member_type: VOTER last_known_addr { host: "127.10.177.67" port: 40185 } }
I20260709 12:16:53.597193 12315 tablet_bootstrap.cc:492] T f538fa85c06e4338b29a7c71c0d1f3dc P 98c6cfa7d6014c899881f4e4186834b5: Bootstrap starting.
I20260709 12:16:53.599087 12125 tablet_service.cc:1917] Received RequestConsensusVote() RPC: tablet_id: "0e294f7d07ba4830b63753f8e20a630d" candidate_uuid: "98c6cfa7d6014c899881f4e4186834b5" candidate_term: 1 candidate_status { last_received { term: 0 index: 0 } } ignore_live_leader: false dest_uuid: "21cebf83068b411f92a46d8dee40b767" is_pre_election: true
I20260709 12:16:53.599828 12360 leader_election.cc:290] T 0e294f7d07ba4830b63753f8e20a630d P 98c6cfa7d6014c899881f4e4186834b5 [CANDIDATE]: Term 1 pre-election: Requested pre-vote from peers 21cebf83068b411f92a46d8dee40b767 (127.10.177.65:37061), f912103b016f4f2d9a0250adda42129d (127.10.177.66:38949)
I20260709 12:16:53.594040 12316 raft_consensus.cc:359] T f538fa85c06e4338b29a7c71c0d1f3dc P f912103b016f4f2d9a0250adda42129d [term 0 FOLLOWER]: Replica starting. Triggering 0 pending ops. Active config: opid_index: -1 OBSOLETE_local: false peers { permanent_uuid: "21cebf83068b411f92a46d8dee40b767" member_type: VOTER last_known_addr { host: "127.10.177.65" port: 37061 } } peers { permanent_uuid: "f912103b016f4f2d9a0250adda42129d" member_type: VOTER last_known_addr { host: "127.10.177.66" port: 38949 } } peers { permanent_uuid: "98c6cfa7d6014c899881f4e4186834b5" member_type: VOTER last_known_addr { host: "127.10.177.67" port: 40185 } }
W20260709 12:16:53.594501 12089 leader_election.cc:343] T f538fa85c06e4338b29a7c71c0d1f3dc P 21cebf83068b411f92a46d8dee40b767 [CANDIDATE]: Term 1 pre-election: Tablet error from VoteRequest() call to peer f912103b016f4f2d9a0250adda42129d (127.10.177.66:38949): Illegal state: must be running to vote when last-logged opid is not known
I20260709 12:16:53.599915 12125 raft_consensus.cc:2468] T 0e294f7d07ba4830b63753f8e20a630d P 21cebf83068b411f92a46d8dee40b767 [term 0 FOLLOWER]: Leader pre-election vote request: Granting yes vote for candidate 98c6cfa7d6014c899881f4e4186834b5 in term 0.
I20260709 12:16:53.600555 12316 raft_consensus.cc:385] T f538fa85c06e4338b29a7c71c0d1f3dc P f912103b016f4f2d9a0250adda42129d [term 0 FOLLOWER]: Consensus starting up: Expiring failure detector timer to make a prompt election more likely
W20260709 12:16:53.605173 12090 leader_election.cc:343] T f538fa85c06e4338b29a7c71c0d1f3dc P 21cebf83068b411f92a46d8dee40b767 [CANDIDATE]: Term 1 pre-election: Tablet error from VoteRequest() call to peer 98c6cfa7d6014c899881f4e4186834b5 (127.10.177.67:40185): Illegal state: must be running to vote when last-logged opid is not known
I20260709 12:16:53.607336 12090 leader_election.cc:304] T f538fa85c06e4338b29a7c71c0d1f3dc P 21cebf83068b411f92a46d8dee40b767 [CANDIDATE]: Term 1 pre-election: Election decided. Result: candidate lost. Election summary: received 3 responses out of 3 voters: 1 yes votes; 2 no votes. yes voters: 21cebf83068b411f92a46d8dee40b767; no voters: 98c6cfa7d6014c899881f4e4186834b5, f912103b016f4f2d9a0250adda42129d
I20260709 12:16:53.609123 12322 raft_consensus.cc:2749] T f538fa85c06e4338b29a7c71c0d1f3dc P 21cebf83068b411f92a46d8dee40b767 [term 0 FOLLOWER]: Leader pre-election lost for term 1. Reason: could not achieve majority
I20260709 12:16:53.610227 12316 raft_consensus.cc:740] T f538fa85c06e4338b29a7c71c0d1f3dc P f912103b016f4f2d9a0250adda42129d [term 0 FOLLOWER]: Becoming Follower/Learner. State: Replica: f912103b016f4f2d9a0250adda42129d, State: Initialized, Role: FOLLOWER
I20260709 12:16:53.611737 12316 consensus_queue.cc:260] T f538fa85c06e4338b29a7c71c0d1f3dc P f912103b016f4f2d9a0250adda42129d [NON_LEADER]: Queue going to NON_LEADER mode. State: All replicated index: 0, Majority replicated index: 0, Committed index: 0, Last appended: 0.0, Last appended by leader: 0, Current term: 0, Majority size: -1, State: 0, Mode: NON_LEADER, active raft config: opid_index: -1 OBSOLETE_local: false peers { permanent_uuid: "21cebf83068b411f92a46d8dee40b767" member_type: VOTER last_known_addr { host: "127.10.177.65" port: 37061 } } peers { permanent_uuid: "f912103b016f4f2d9a0250adda42129d" member_type: VOTER last_known_addr { host: "127.10.177.66" port: 38949 } } peers { permanent_uuid: "98c6cfa7d6014c899881f4e4186834b5" member_type: VOTER last_known_addr { host: "127.10.177.67" port: 40185 } }
I20260709 12:16:53.617691 12315 tablet_bootstrap.cc:654] T f538fa85c06e4338b29a7c71c0d1f3dc P 98c6cfa7d6014c899881f4e4186834b5: Neither blocks nor log segments found. Creating new log.
I20260709 12:16:53.610239 12200 tablet_service.cc:1917] Received RequestConsensusVote() RPC: tablet_id: "0e294f7d07ba4830b63753f8e20a630d" candidate_uuid: "98c6cfa7d6014c899881f4e4186834b5" candidate_term: 1 candidate_status { last_received { term: 0 index: 0 } } ignore_live_leader: false dest_uuid: "f912103b016f4f2d9a0250adda42129d" is_pre_election: true
I20260709 12:16:53.629776 12340 consensus_queue.cc:1048] T 7209db199fe340b9b4c028106a39eaa0 P 98c6cfa7d6014c899881f4e4186834b5 [LEADER]: Connected to new peer: Peer: permanent_uuid: "21cebf83068b411f92a46d8dee40b767" member_type: VOTER last_known_addr { host: "127.10.177.65" port: 37061 }, Status: LMP_MISMATCH, Last received: 0.0, Next index: 1, Last known committed idx: 0, Time since last communication: 0.001s
I20260709 12:16:53.631246 12182 tablet_service.cc:1511] Processing CreateTablet for tablet 4b6094ecac8b41b58999e53270a35b19 (DEFAULT_TABLE table=test-workload [id=1785253821b443d8a9df425cc44d7c42]), partition=RANGE (key) PARTITION 1601513188 <= VALUES < 1637911215
I20260709 12:16:53.624804 12106 data_dirs.cc:400] Could only allocate 1 dirs of requested 3 for tablet 4b6094ecac8b41b58999e53270a35b19. 1 dirs total, 0 dirs full, 0 dirs failed
I20260709 12:16:53.632915 12182 data_dirs.cc:400] Could only allocate 1 dirs of requested 3 for tablet 4b6094ecac8b41b58999e53270a35b19. 1 dirs total, 0 dirs full, 0 dirs failed
I20260709 12:16:53.636019 12316 ts_tablet_manager.cc:1434] T f538fa85c06e4338b29a7c71c0d1f3dc P f912103b016f4f2d9a0250adda42129d: Time spent starting tablet: real 0.045s	user 0.008s	sys 0.001s
I20260709 12:16:53.637223 12316 tablet_bootstrap.cc:492] T fd89bdc87b6e4bc9bd57627a123c36fe P f912103b016f4f2d9a0250adda42129d: Bootstrap starting.
I20260709 12:16:53.644443 12239 leader_election.cc:304] T 0e294f7d07ba4830b63753f8e20a630d P 98c6cfa7d6014c899881f4e4186834b5 [CANDIDATE]: Term 1 pre-election: Election decided. Result: candidate won. Election summary: received 2 responses out of 3 voters: 2 yes votes; 0 no votes. yes voters: 21cebf83068b411f92a46d8dee40b767, 98c6cfa7d6014c899881f4e4186834b5; no voters: 
I20260709 12:16:53.645691 12340 raft_consensus.cc:2804] T 0e294f7d07ba4830b63753f8e20a630d P 98c6cfa7d6014c899881f4e4186834b5 [term 0 FOLLOWER]: Leader pre-election won for term 1
W20260709 12:16:53.645931 12239 leader_election.cc:343] T 0e294f7d07ba4830b63753f8e20a630d P 98c6cfa7d6014c899881f4e4186834b5 [CANDIDATE]: Term 1 pre-election: Tablet error from VoteRequest() call to peer f912103b016f4f2d9a0250adda42129d (127.10.177.66:38949): Illegal state: must be running to vote when last-logged opid is not known
I20260709 12:16:53.646307 12340 raft_consensus.cc:493] T 0e294f7d07ba4830b63753f8e20a630d P 98c6cfa7d6014c899881f4e4186834b5 [term 0 FOLLOWER]: Starting leader election (no leader contacted us within the election timeout)
I20260709 12:16:53.646832 12340 raft_consensus.cc:3060] T 0e294f7d07ba4830b63753f8e20a630d P 98c6cfa7d6014c899881f4e4186834b5 [term 0 FOLLOWER]: Advancing to term 1
I20260709 12:16:53.677706 12256 tablet_service.cc:1511] Processing CreateTablet for tablet 4b6094ecac8b41b58999e53270a35b19 (DEFAULT_TABLE table=test-workload [id=1785253821b443d8a9df425cc44d7c42]), partition=RANGE (key) PARTITION 1601513188 <= VALUES < 1637911215
I20260709 12:16:53.679955 12256 data_dirs.cc:400] Could only allocate 1 dirs of requested 3 for tablet 4b6094ecac8b41b58999e53270a35b19. 1 dirs total, 0 dirs full, 0 dirs failed
I20260709 12:16:53.688738 12113 tablet_service.cc:1511] Processing CreateTablet for tablet 1e279d3002e54927918a75ddfd47a326 (DEFAULT_TABLE table=test-workload [id=1785253821b443d8a9df425cc44d7c42]), partition=RANGE (key) PARTITION 1637911215 <= VALUES < 1674309242
I20260709 12:16:53.690311 12113 data_dirs.cc:400] Could only allocate 1 dirs of requested 3 for tablet 1e279d3002e54927918a75ddfd47a326. 1 dirs total, 0 dirs full, 0 dirs failed
I20260709 12:16:53.689752 12186 tablet_service.cc:1511] Processing CreateTablet for tablet 1e279d3002e54927918a75ddfd47a326 (DEFAULT_TABLE table=test-workload [id=1785253821b443d8a9df425cc44d7c42]), partition=RANGE (key) PARTITION 1637911215 <= VALUES < 1674309242
I20260709 12:16:53.689977 12340 raft_consensus.cc:515] T 0e294f7d07ba4830b63753f8e20a630d P 98c6cfa7d6014c899881f4e4186834b5 [term 1 FOLLOWER]: Starting leader election with config: opid_index: -1 OBSOLETE_local: false peers { permanent_uuid: "21cebf83068b411f92a46d8dee40b767" member_type: VOTER last_known_addr { host: "127.10.177.65" port: 37061 } } peers { permanent_uuid: "f912103b016f4f2d9a0250adda42129d" member_type: VOTER last_known_addr { host: "127.10.177.66" port: 38949 } } peers { permanent_uuid: "98c6cfa7d6014c899881f4e4186834b5" member_type: VOTER last_known_addr { host: "127.10.177.67" port: 40185 } }
I20260709 12:16:53.691581 12186 data_dirs.cc:400] Could only allocate 1 dirs of requested 3 for tablet 1e279d3002e54927918a75ddfd47a326. 1 dirs total, 0 dirs full, 0 dirs failed
I20260709 12:16:53.694628 12340 leader_election.cc:290] T 0e294f7d07ba4830b63753f8e20a630d P 98c6cfa7d6014c899881f4e4186834b5 [CANDIDATE]: Term 1 election: Requested vote from peers 21cebf83068b411f92a46d8dee40b767 (127.10.177.65:37061), f912103b016f4f2d9a0250adda42129d (127.10.177.66:38949)
I20260709 12:16:53.694881 12199 tablet_service.cc:1917] Received RequestConsensusVote() RPC: tablet_id: "0e294f7d07ba4830b63753f8e20a630d" candidate_uuid: "98c6cfa7d6014c899881f4e4186834b5" candidate_term: 1 candidate_status { last_received { term: 0 index: 0 } } ignore_live_leader: false dest_uuid: "f912103b016f4f2d9a0250adda42129d"
W20260709 12:16:53.697172 12239 leader_election.cc:343] T 0e294f7d07ba4830b63753f8e20a630d P 98c6cfa7d6014c899881f4e4186834b5 [CANDIDATE]: Term 1 election: Tablet error from VoteRequest() call to peer f912103b016f4f2d9a0250adda42129d (127.10.177.66:38949): Illegal state: must be running to vote when last-logged opid is not known
I20260709 12:16:53.695397 12125 tablet_service.cc:1917] Received RequestConsensusVote() RPC: tablet_id: "0e294f7d07ba4830b63753f8e20a630d" candidate_uuid: "98c6cfa7d6014c899881f4e4186834b5" candidate_term: 1 candidate_status { last_received { term: 0 index: 0 } } ignore_live_leader: false dest_uuid: "21cebf83068b411f92a46d8dee40b767"
I20260709 12:16:53.697860 12125 raft_consensus.cc:3060] T 0e294f7d07ba4830b63753f8e20a630d P 21cebf83068b411f92a46d8dee40b767 [term 0 FOLLOWER]: Advancing to term 1
I20260709 12:16:53.699240 12316 tablet_bootstrap.cc:654] T fd89bdc87b6e4bc9bd57627a123c36fe P f912103b016f4f2d9a0250adda42129d: Neither blocks nor log segments found. Creating new log.
I20260709 12:16:53.707978 12317 tablet_bootstrap.cc:492] T b28686de0238470e995667054e3ce56b P 21cebf83068b411f92a46d8dee40b767: No bootstrap required, opened a new log
I20260709 12:16:53.708528 12317 ts_tablet_manager.cc:1403] T b28686de0238470e995667054e3ce56b P 21cebf83068b411f92a46d8dee40b767: Time spent bootstrapping tablet: real 0.148s	user 0.026s	sys 0.004s
I20260709 12:16:53.709728 12315 tablet_bootstrap.cc:492] T f538fa85c06e4338b29a7c71c0d1f3dc P 98c6cfa7d6014c899881f4e4186834b5: No bootstrap required, opened a new log
I20260709 12:16:53.713975 12107 tablet_service.cc:1511] Processing CreateTablet for tablet 2673af5353e8407fa233619075c90407 (DEFAULT_TABLE table=test-workload [id=1785253821b443d8a9df425cc44d7c42]), partition=RANGE (key) PARTITION 1674309242 <= VALUES < 1710707269
I20260709 12:16:53.714711 12317 raft_consensus.cc:359] T b28686de0238470e995667054e3ce56b P 21cebf83068b411f92a46d8dee40b767 [term 0 FOLLOWER]: Replica starting. Triggering 0 pending ops. Active config: opid_index: -1 OBSOLETE_local: false peers { permanent_uuid: "21cebf83068b411f92a46d8dee40b767" member_type: VOTER last_known_addr { host: "127.10.177.65" port: 37061 } } peers { permanent_uuid: "f912103b016f4f2d9a0250adda42129d" member_type: VOTER last_known_addr { host: "127.10.177.66" port: 38949 } } peers { permanent_uuid: "98c6cfa7d6014c899881f4e4186834b5" member_type: VOTER last_known_addr { host: "127.10.177.67" port: 40185 } }
I20260709 12:16:53.715468 12107 data_dirs.cc:400] Could only allocate 1 dirs of requested 3 for tablet 2673af5353e8407fa233619075c90407. 1 dirs total, 0 dirs full, 0 dirs failed
I20260709 12:16:53.715718 12317 raft_consensus.cc:385] T b28686de0238470e995667054e3ce56b P 21cebf83068b411f92a46d8dee40b767 [term 0 FOLLOWER]: Consensus starting up: Expiring failure detector timer to make a prompt election more likely
I20260709 12:16:53.716140 12317 raft_consensus.cc:740] T b28686de0238470e995667054e3ce56b P 21cebf83068b411f92a46d8dee40b767 [term 0 FOLLOWER]: Becoming Follower/Learner. State: Replica: 21cebf83068b411f92a46d8dee40b767, State: Initialized, Role: FOLLOWER
I20260709 12:16:53.717082 12315 ts_tablet_manager.cc:1403] T f538fa85c06e4338b29a7c71c0d1f3dc P 98c6cfa7d6014c899881f4e4186834b5: Time spent bootstrapping tablet: real 0.120s	user 0.023s	sys 0.040s
I20260709 12:16:53.725667 12263 tablet_service.cc:1511] Processing CreateTablet for tablet 2673af5353e8407fa233619075c90407 (DEFAULT_TABLE table=test-workload [id=1785253821b443d8a9df425cc44d7c42]), partition=RANGE (key) PARTITION 1674309242 <= VALUES < 1710707269
I20260709 12:16:53.727769 12263 data_dirs.cc:400] Could only allocate 1 dirs of requested 3 for tablet 2673af5353e8407fa233619075c90407. 1 dirs total, 0 dirs full, 0 dirs failed
I20260709 12:16:53.721128 12317 consensus_queue.cc:260] T b28686de0238470e995667054e3ce56b P 21cebf83068b411f92a46d8dee40b767 [NON_LEADER]: Queue going to NON_LEADER mode. State: All replicated index: 0, Majority replicated index: 0, Committed index: 0, Last appended: 0.0, Last appended by leader: 0, Current term: 0, Majority size: -1, State: 0, Mode: NON_LEADER, active raft config: opid_index: -1 OBSOLETE_local: false peers { permanent_uuid: "21cebf83068b411f92a46d8dee40b767" member_type: VOTER last_known_addr { host: "127.10.177.65" port: 37061 } } peers { permanent_uuid: "f912103b016f4f2d9a0250adda42129d" member_type: VOTER last_known_addr { host: "127.10.177.66" port: 38949 } } peers { permanent_uuid: "98c6cfa7d6014c899881f4e4186834b5" member_type: VOTER last_known_addr { host: "127.10.177.67" port: 40185 } }
I20260709 12:16:53.731186 12258 tablet_service.cc:1511] Processing CreateTablet for tablet aa5ea994644b4dd6b81e1c719856b594 (DEFAULT_TABLE table=test-workload [id=1785253821b443d8a9df425cc44d7c42]), partition=RANGE (key) PARTITION 1710707269 <= VALUES < 1747105296
I20260709 12:16:53.732059 12317 ts_tablet_manager.cc:1434] T b28686de0238470e995667054e3ce56b P 21cebf83068b411f92a46d8dee40b767: Time spent starting tablet: real 0.023s	user 0.008s	sys 0.000s
I20260709 12:16:53.736368 12315 raft_consensus.cc:359] T f538fa85c06e4338b29a7c71c0d1f3dc P 98c6cfa7d6014c899881f4e4186834b5 [term 0 FOLLOWER]: Replica starting. Triggering 0 pending ops. Active config: opid_index: -1 OBSOLETE_local: false peers { permanent_uuid: "21cebf83068b411f92a46d8dee40b767" member_type: VOTER last_known_addr { host: "127.10.177.65" port: 37061 } } peers { permanent_uuid: "f912103b016f4f2d9a0250adda42129d" member_type: VOTER last_known_addr { host: "127.10.177.66" port: 38949 } } peers { permanent_uuid: "98c6cfa7d6014c899881f4e4186834b5" member_type: VOTER last_known_addr { host: "127.10.177.67" port: 40185 } }
I20260709 12:16:53.737025 12106 tablet_service.cc:1511] Processing CreateTablet for tablet aa5ea994644b4dd6b81e1c719856b594 (DEFAULT_TABLE table=test-workload [id=1785253821b443d8a9df425cc44d7c42]), partition=RANGE (key) PARTITION 1710707269 <= VALUES < 1747105296
I20260709 12:16:53.738554 12106 data_dirs.cc:400] Could only allocate 1 dirs of requested 3 for tablet aa5ea994644b4dd6b81e1c719856b594. 1 dirs total, 0 dirs full, 0 dirs failed
I20260709 12:16:53.734954 12258 data_dirs.cc:400] Could only allocate 1 dirs of requested 3 for tablet aa5ea994644b4dd6b81e1c719856b594. 1 dirs total, 0 dirs full, 0 dirs failed
I20260709 12:16:53.741767 12260 tablet_service.cc:1511] Processing CreateTablet for tablet 1e279d3002e54927918a75ddfd47a326 (DEFAULT_TABLE table=test-workload [id=1785253821b443d8a9df425cc44d7c42]), partition=RANGE (key) PARTITION 1637911215 <= VALUES < 1674309242
I20260709 12:16:53.743551 12260 data_dirs.cc:400] Could only allocate 1 dirs of requested 3 for tablet 1e279d3002e54927918a75ddfd47a326. 1 dirs total, 0 dirs full, 0 dirs failed
I20260709 12:16:53.737390 12315 raft_consensus.cc:385] T f538fa85c06e4338b29a7c71c0d1f3dc P 98c6cfa7d6014c899881f4e4186834b5 [term 0 FOLLOWER]: Consensus starting up: Expiring failure detector timer to make a prompt election more likely
I20260709 12:16:53.737185 12187 tablet_service.cc:1511] Processing CreateTablet for tablet aa5ea994644b4dd6b81e1c719856b594 (DEFAULT_TABLE table=test-workload [id=1785253821b443d8a9df425cc44d7c42]), partition=RANGE (key) PARTITION 1710707269 <= VALUES < 1747105296
I20260709 12:16:53.747346 12182 tablet_service.cc:1511] Processing CreateTablet for tablet 2673af5353e8407fa233619075c90407 (DEFAULT_TABLE table=test-workload [id=1785253821b443d8a9df425cc44d7c42]), partition=RANGE (key) PARTITION 1674309242 <= VALUES < 1710707269
I20260709 12:16:53.751209 12113 tablet_service.cc:1511] Processing CreateTablet for tablet d96a0482a7734a49b6ca6f7db120d5b7 (DEFAULT_TABLE table=test-workload [id=1785253821b443d8a9df425cc44d7c42]), partition=RANGE (key) PARTITION 1747105296 <= VALUES < 1783503323
I20260709 12:16:53.752593 12113 data_dirs.cc:400] Could only allocate 1 dirs of requested 3 for tablet d96a0482a7734a49b6ca6f7db120d5b7. 1 dirs total, 0 dirs full, 0 dirs failed
I20260709 12:16:53.753644 12187 data_dirs.cc:400] Could only allocate 1 dirs of requested 3 for tablet aa5ea994644b4dd6b81e1c719856b594. 1 dirs total, 0 dirs full, 0 dirs failed
I20260709 12:16:53.754050 12188 tablet_service.cc:1511] Processing CreateTablet for tablet d96a0482a7734a49b6ca6f7db120d5b7 (DEFAULT_TABLE table=test-workload [id=1785253821b443d8a9df425cc44d7c42]), partition=RANGE (key) PARTITION 1747105296 <= VALUES < 1783503323
I20260709 12:16:53.757802 12188 data_dirs.cc:400] Could only allocate 1 dirs of requested 3 for tablet d96a0482a7734a49b6ca6f7db120d5b7. 1 dirs total, 0 dirs full, 0 dirs failed
I20260709 12:16:53.747097 12315 raft_consensus.cc:740] T f538fa85c06e4338b29a7c71c0d1f3dc P 98c6cfa7d6014c899881f4e4186834b5 [term 0 FOLLOWER]: Becoming Follower/Learner. State: Replica: 98c6cfa7d6014c899881f4e4186834b5, State: Initialized, Role: FOLLOWER
I20260709 12:16:53.762306 12315 consensus_queue.cc:260] T f538fa85c06e4338b29a7c71c0d1f3dc P 98c6cfa7d6014c899881f4e4186834b5 [NON_LEADER]: Queue going to NON_LEADER mode. State: All replicated index: 0, Majority replicated index: 0, Committed index: 0, Last appended: 0.0, Last appended by leader: 0, Current term: 0, Majority size: -1, State: 0, Mode: NON_LEADER, active raft config: opid_index: -1 OBSOLETE_local: false peers { permanent_uuid: "21cebf83068b411f92a46d8dee40b767" member_type: VOTER last_known_addr { host: "127.10.177.65" port: 37061 } } peers { permanent_uuid: "f912103b016f4f2d9a0250adda42129d" member_type: VOTER last_known_addr { host: "127.10.177.66" port: 38949 } } peers { permanent_uuid: "98c6cfa7d6014c899881f4e4186834b5" member_type: VOTER last_known_addr { host: "127.10.177.67" port: 40185 } }
I20260709 12:16:53.769280 12182 data_dirs.cc:400] Could only allocate 1 dirs of requested 3 for tablet 2673af5353e8407fa233619075c90407. 1 dirs total, 0 dirs full, 0 dirs failed
I20260709 12:16:53.776485 12315 ts_tablet_manager.cc:1434] T f538fa85c06e4338b29a7c71c0d1f3dc P 98c6cfa7d6014c899881f4e4186834b5: Time spent starting tablet: real 0.059s	user 0.000s	sys 0.008s
I20260709 12:16:53.777763 12315 tablet_bootstrap.cc:492] T 37e6ec7818954e4bb4a0dfe97a208715 P 98c6cfa7d6014c899881f4e4186834b5: Bootstrap starting.
I20260709 12:16:53.778285 12316 tablet_bootstrap.cc:492] T fd89bdc87b6e4bc9bd57627a123c36fe P f912103b016f4f2d9a0250adda42129d: No bootstrap required, opened a new log
I20260709 12:16:53.778725 12316 ts_tablet_manager.cc:1403] T fd89bdc87b6e4bc9bd57627a123c36fe P f912103b016f4f2d9a0250adda42129d: Time spent bootstrapping tablet: real 0.142s	user 0.022s	sys 0.009s
I20260709 12:16:53.781553 12316 raft_consensus.cc:359] T fd89bdc87b6e4bc9bd57627a123c36fe P f912103b016f4f2d9a0250adda42129d [term 0 FOLLOWER]: Replica starting. Triggering 0 pending ops. Active config: opid_index: -1 OBSOLETE_local: false peers { permanent_uuid: "21cebf83068b411f92a46d8dee40b767" member_type: VOTER last_known_addr { host: "127.10.177.65" port: 37061 } } peers { permanent_uuid: "f912103b016f4f2d9a0250adda42129d" member_type: VOTER last_known_addr { host: "127.10.177.66" port: 38949 } } peers { permanent_uuid: "98c6cfa7d6014c899881f4e4186834b5" member_type: VOTER last_known_addr { host: "127.10.177.67" port: 40185 } }
I20260709 12:16:53.782333 12316 raft_consensus.cc:385] T fd89bdc87b6e4bc9bd57627a123c36fe P f912103b016f4f2d9a0250adda42129d [term 0 FOLLOWER]: Consensus starting up: Expiring failure detector timer to make a prompt election more likely
I20260709 12:16:53.782656 12316 raft_consensus.cc:740] T fd89bdc87b6e4bc9bd57627a123c36fe P f912103b016f4f2d9a0250adda42129d [term 0 FOLLOWER]: Becoming Follower/Learner. State: Replica: f912103b016f4f2d9a0250adda42129d, State: Initialized, Role: FOLLOWER
I20260709 12:16:53.783372 12316 consensus_queue.cc:260] T fd89bdc87b6e4bc9bd57627a123c36fe P f912103b016f4f2d9a0250adda42129d [NON_LEADER]: Queue going to NON_LEADER mode. State: All replicated index: 0, Majority replicated index: 0, Committed index: 0, Last appended: 0.0, Last appended by leader: 0, Current term: 0, Majority size: -1, State: 0, Mode: NON_LEADER, active raft config: opid_index: -1 OBSOLETE_local: false peers { permanent_uuid: "21cebf83068b411f92a46d8dee40b767" member_type: VOTER last_known_addr { host: "127.10.177.65" port: 37061 } } peers { permanent_uuid: "f912103b016f4f2d9a0250adda42129d" member_type: VOTER last_known_addr { host: "127.10.177.66" port: 38949 } } peers { permanent_uuid: "98c6cfa7d6014c899881f4e4186834b5" member_type: VOTER last_known_addr { host: "127.10.177.67" port: 40185 } }
I20260709 12:16:53.787057 12258 tablet_service.cc:1511] Processing CreateTablet for tablet d96a0482a7734a49b6ca6f7db120d5b7 (DEFAULT_TABLE table=test-workload [id=1785253821b443d8a9df425cc44d7c42]), partition=RANGE (key) PARTITION 1747105296 <= VALUES < 1783503323
I20260709 12:16:53.788341 12258 data_dirs.cc:400] Could only allocate 1 dirs of requested 3 for tablet d96a0482a7734a49b6ca6f7db120d5b7. 1 dirs total, 0 dirs full, 0 dirs failed
I20260709 12:16:53.769493 12317 tablet_bootstrap.cc:492] T 8952fc52ed5c4d20bab1dbedbd9e73d9 P 21cebf83068b411f92a46d8dee40b767: Bootstrap starting.
I20260709 12:16:53.789480 12316 ts_tablet_manager.cc:1434] T fd89bdc87b6e4bc9bd57627a123c36fe P f912103b016f4f2d9a0250adda42129d: Time spent starting tablet: real 0.010s	user 0.006s	sys 0.001s
I20260709 12:16:53.796072 12316 tablet_bootstrap.cc:492] T 37e6ec7818954e4bb4a0dfe97a208715 P f912103b016f4f2d9a0250adda42129d: Bootstrap starting.
I20260709 12:16:53.797796 12125 raft_consensus.cc:2468] T 0e294f7d07ba4830b63753f8e20a630d P 21cebf83068b411f92a46d8dee40b767 [term 1 FOLLOWER]: Leader election vote request: Granting yes vote for candidate 98c6cfa7d6014c899881f4e4186834b5 in term 1.
I20260709 12:16:53.793773 12107 tablet_service.cc:1511] Processing CreateTablet for tablet 0d528eebd4824ab7aada1902f2d436e8 (DEFAULT_TABLE table=test-workload [id=1785253821b443d8a9df425cc44d7c42]), partition=RANGE (key) PARTITION 1783503323 <= VALUES < 1819901350
I20260709 12:16:53.812244 12107 data_dirs.cc:400] Could only allocate 1 dirs of requested 3 for tablet 0d528eebd4824ab7aada1902f2d436e8. 1 dirs total, 0 dirs full, 0 dirs failed
I20260709 12:16:53.812328 12239 leader_election.cc:304] T 0e294f7d07ba4830b63753f8e20a630d P 98c6cfa7d6014c899881f4e4186834b5 [CANDIDATE]: Term 1 election: Election decided. Result: candidate won. Election summary: received 3 responses out of 3 voters: 2 yes votes; 1 no votes. yes voters: 21cebf83068b411f92a46d8dee40b767, 98c6cfa7d6014c899881f4e4186834b5; no voters: f912103b016f4f2d9a0250adda42129d
I20260709 12:16:53.812933 12340 raft_consensus.cc:493] T 99fafbbc99704e309c3ea3916984e5e6 P 98c6cfa7d6014c899881f4e4186834b5 [term 0 FOLLOWER]: Starting pre-election (no leader contacted us within the election timeout)
I20260709 12:16:53.813432 12340 raft_consensus.cc:515] T 99fafbbc99704e309c3ea3916984e5e6 P 98c6cfa7d6014c899881f4e4186834b5 [term 0 FOLLOWER]: Starting pre-election with config: opid_index: -1 OBSOLETE_local: false peers { permanent_uuid: "21cebf83068b411f92a46d8dee40b767" member_type: VOTER last_known_addr { host: "127.10.177.65" port: 37061 } } peers { permanent_uuid: "f912103b016f4f2d9a0250adda42129d" member_type: VOTER last_known_addr { host: "127.10.177.66" port: 38949 } } peers { permanent_uuid: "98c6cfa7d6014c899881f4e4186834b5" member_type: VOTER last_known_addr { host: "127.10.177.67" port: 40185 } }
I20260709 12:16:53.814219 12361 raft_consensus.cc:2804] T 0e294f7d07ba4830b63753f8e20a630d P 98c6cfa7d6014c899881f4e4186834b5 [term 1 FOLLOWER]: Leader election won for term 1
I20260709 12:16:53.814723 12361 raft_consensus.cc:697] T 0e294f7d07ba4830b63753f8e20a630d P 98c6cfa7d6014c899881f4e4186834b5 [term 1 LEADER]: Becoming Leader. State: Replica: 98c6cfa7d6014c899881f4e4186834b5, State: Running, Role: LEADER
I20260709 12:16:53.815418 12315 tablet_bootstrap.cc:654] T 37e6ec7818954e4bb4a0dfe97a208715 P 98c6cfa7d6014c899881f4e4186834b5: Neither blocks nor log segments found. Creating new log.
I20260709 12:16:53.815524 12361 consensus_queue.cc:237] T 0e294f7d07ba4830b63753f8e20a630d P 98c6cfa7d6014c899881f4e4186834b5 [LEADER]: Queue going to LEADER mode. State: All replicated index: 0, Majority replicated index: 0, Committed index: 0, Last appended: 0.0, Last appended by leader: 0, Current term: 1, Majority size: 2, State: 0, Mode: LEADER, active raft config: opid_index: -1 OBSOLETE_local: false peers { permanent_uuid: "21cebf83068b411f92a46d8dee40b767" member_type: VOTER last_known_addr { host: "127.10.177.65" port: 37061 } } peers { permanent_uuid: "f912103b016f4f2d9a0250adda42129d" member_type: VOTER last_known_addr { host: "127.10.177.66" port: 38949 } } peers { permanent_uuid: "98c6cfa7d6014c899881f4e4186834b5" member_type: VOTER last_known_addr { host: "127.10.177.67" port: 40185 } }
I20260709 12:16:53.818471 12261 tablet_service.cc:1511] Processing CreateTablet for tablet 0d528eebd4824ab7aada1902f2d436e8 (DEFAULT_TABLE table=test-workload [id=1785253821b443d8a9df425cc44d7c42]), partition=RANGE (key) PARTITION 1783503323 <= VALUES < 1819901350
I20260709 12:16:53.819829 12261 data_dirs.cc:400] Could only allocate 1 dirs of requested 3 for tablet 0d528eebd4824ab7aada1902f2d436e8. 1 dirs total, 0 dirs full, 0 dirs failed
I20260709 12:16:53.828805 12187 tablet_service.cc:1511] Processing CreateTablet for tablet 0d528eebd4824ab7aada1902f2d436e8 (DEFAULT_TABLE table=test-workload [id=1785253821b443d8a9df425cc44d7c42]), partition=RANGE (key) PARTITION 1783503323 <= VALUES < 1819901350
I20260709 12:16:53.815595 12340 leader_election.cc:290] T 99fafbbc99704e309c3ea3916984e5e6 P 98c6cfa7d6014c899881f4e4186834b5 [CANDIDATE]: Term 1 pre-election: Requested pre-vote from peers 21cebf83068b411f92a46d8dee40b767 (127.10.177.65:37061), f912103b016f4f2d9a0250adda42129d (127.10.177.66:38949)
I20260709 12:16:53.841634 12317 tablet_bootstrap.cc:654] T 8952fc52ed5c4d20bab1dbedbd9e73d9 P 21cebf83068b411f92a46d8dee40b767: Neither blocks nor log segments found. Creating new log.
I20260709 12:16:53.844261 12316 tablet_bootstrap.cc:654] T 37e6ec7818954e4bb4a0dfe97a208715 P f912103b016f4f2d9a0250adda42129d: Neither blocks nor log segments found. Creating new log.
I20260709 12:16:53.845467 12125 tablet_service.cc:1917] Received RequestConsensusVote() RPC: tablet_id: "99fafbbc99704e309c3ea3916984e5e6" candidate_uuid: "98c6cfa7d6014c899881f4e4186834b5" candidate_term: 1 candidate_status { last_received { term: 0 index: 0 } } ignore_live_leader: false dest_uuid: "21cebf83068b411f92a46d8dee40b767" is_pre_election: true
W20260709 12:16:53.847155 12239 leader_election.cc:343] T 99fafbbc99704e309c3ea3916984e5e6 P 98c6cfa7d6014c899881f4e4186834b5 [CANDIDATE]: Term 1 pre-election: Tablet error from VoteRequest() call to peer 21cebf83068b411f92a46d8dee40b767 (127.10.177.65:37061): Illegal state: must be running to vote when last-logged opid is not known
I20260709 12:16:53.847440 12183 tablet_service.cc:1511] Processing CreateTablet for tablet 6fd9855f56f24c819192bbc05f7c9cff (DEFAULT_TABLE table=test-workload [id=1785253821b443d8a9df425cc44d7c42]), partition=RANGE (key) PARTITION 1819901350 <= VALUES < 1856299377
I20260709 12:16:53.844996 12106 tablet_service.cc:1511] Processing CreateTablet for tablet 6fd9855f56f24c819192bbc05f7c9cff (DEFAULT_TABLE table=test-workload [id=1785253821b443d8a9df425cc44d7c42]), partition=RANGE (key) PARTITION 1819901350 <= VALUES < 1856299377
I20260709 12:16:53.849284 12260 tablet_service.cc:1511] Processing CreateTablet for tablet 6fd9855f56f24c819192bbc05f7c9cff (DEFAULT_TABLE table=test-workload [id=1785253821b443d8a9df425cc44d7c42]), partition=RANGE (key) PARTITION 1819901350 <= VALUES < 1856299377
I20260709 12:16:53.850167 12106 data_dirs.cc:400] Could only allocate 1 dirs of requested 3 for tablet 6fd9855f56f24c819192bbc05f7c9cff. 1 dirs total, 0 dirs full, 0 dirs failed
I20260709 12:16:53.850579 12260 data_dirs.cc:400] Could only allocate 1 dirs of requested 3 for tablet 6fd9855f56f24c819192bbc05f7c9cff. 1 dirs total, 0 dirs full, 0 dirs failed
I20260709 12:16:53.851800 12187 data_dirs.cc:400] Could only allocate 1 dirs of requested 3 for tablet 0d528eebd4824ab7aada1902f2d436e8. 1 dirs total, 0 dirs full, 0 dirs failed
I20260709 12:16:53.851733 12199 tablet_service.cc:1917] Received RequestConsensusVote() RPC: tablet_id: "99fafbbc99704e309c3ea3916984e5e6" candidate_uuid: "98c6cfa7d6014c899881f4e4186834b5" candidate_term: 1 candidate_status { last_received { term: 0 index: 0 } } ignore_live_leader: false dest_uuid: "f912103b016f4f2d9a0250adda42129d" is_pre_election: true
I20260709 12:16:53.852599 12199 raft_consensus.cc:2468] T 99fafbbc99704e309c3ea3916984e5e6 P f912103b016f4f2d9a0250adda42129d [term 0 FOLLOWER]: Leader pre-election vote request: Granting yes vote for candidate 98c6cfa7d6014c899881f4e4186834b5 in term 0.
I20260709 12:16:53.854007 12239 leader_election.cc:304] T 99fafbbc99704e309c3ea3916984e5e6 P 98c6cfa7d6014c899881f4e4186834b5 [CANDIDATE]: Term 1 pre-election: Election decided. Result: candidate won. Election summary: received 3 responses out of 3 voters: 2 yes votes; 1 no votes. yes voters: 98c6cfa7d6014c899881f4e4186834b5, f912103b016f4f2d9a0250adda42129d; no voters: 21cebf83068b411f92a46d8dee40b767
I20260709 12:16:53.854990 12340 raft_consensus.cc:2804] T 99fafbbc99704e309c3ea3916984e5e6 P 98c6cfa7d6014c899881f4e4186834b5 [term 0 FOLLOWER]: Leader pre-election won for term 1
I20260709 12:16:53.855391 12340 raft_consensus.cc:493] T 99fafbbc99704e309c3ea3916984e5e6 P 98c6cfa7d6014c899881f4e4186834b5 [term 0 FOLLOWER]: Starting leader election (no leader contacted us within the election timeout)
I20260709 12:16:53.855751 12340 raft_consensus.cc:3060] T 99fafbbc99704e309c3ea3916984e5e6 P 98c6cfa7d6014c899881f4e4186834b5 [term 0 FOLLOWER]: Advancing to term 1
I20260709 12:16:53.856001 12113 tablet_service.cc:1511] Processing CreateTablet for tablet 246dbb59e68748d1b61812fb425a7a15 (DEFAULT_TABLE table=test-workload [id=1785253821b443d8a9df425cc44d7c42]), partition=RANGE (key) PARTITION 1856299377 <= VALUES < 1892697404
I20260709 12:16:53.859707 12183 data_dirs.cc:400] Could only allocate 1 dirs of requested 3 for tablet 6fd9855f56f24c819192bbc05f7c9cff. 1 dirs total, 0 dirs full, 0 dirs failed
I20260709 12:16:53.865231 12182 tablet_service.cc:1511] Processing CreateTablet for tablet 246dbb59e68748d1b61812fb425a7a15 (DEFAULT_TABLE table=test-workload [id=1785253821b443d8a9df425cc44d7c42]), partition=RANGE (key) PARTITION 1856299377 <= VALUES < 1892697404
I20260709 12:16:53.866631 12263 tablet_service.cc:1511] Processing CreateTablet for tablet 246dbb59e68748d1b61812fb425a7a15 (DEFAULT_TABLE table=test-workload [id=1785253821b443d8a9df425cc44d7c42]), partition=RANGE (key) PARTITION 1856299377 <= VALUES < 1892697404
I20260709 12:16:53.868079 12263 data_dirs.cc:400] Could only allocate 1 dirs of requested 3 for tablet 246dbb59e68748d1b61812fb425a7a15. 1 dirs total, 0 dirs full, 0 dirs failed
I20260709 12:16:53.868644 12322 raft_consensus.cc:493] T 6819922fac424259bdf81a5ab620941f P 21cebf83068b411f92a46d8dee40b767 [term 0 FOLLOWER]: Starting pre-election (no leader contacted us within the election timeout)
W20260709 12:16:53.869019 12165 outbound_call.cc:321] RPC callback for RPC call kudu.consensus.ConsensusService.UpdateConsensus -> {remote=127.10.177.67:40185, user_credentials={real_user=slave}} blocked reactor thread for 47464.1us
I20260709 12:16:53.869251 12322 raft_consensus.cc:515] T 6819922fac424259bdf81a5ab620941f P 21cebf83068b411f92a46d8dee40b767 [term 0 FOLLOWER]: Starting pre-election with config: opid_index: -1 OBSOLETE_local: false peers { permanent_uuid: "21cebf83068b411f92a46d8dee40b767" member_type: VOTER last_known_addr { host: "127.10.177.65" port: 37061 } } peers { permanent_uuid: "f912103b016f4f2d9a0250adda42129d" member_type: VOTER last_known_addr { host: "127.10.177.66" port: 38949 } } peers { permanent_uuid: "98c6cfa7d6014c899881f4e4186834b5" member_type: VOTER last_known_addr { host: "127.10.177.67" port: 40185 } }
I20260709 12:16:53.869870 12323 consensus_queue.cc:1048] T 6819922fac424259bdf81a5ab620941f P f912103b016f4f2d9a0250adda42129d [LEADER]: Connected to new peer: Peer: permanent_uuid: "98c6cfa7d6014c899881f4e4186834b5" member_type: VOTER last_known_addr { host: "127.10.177.67" port: 40185 }, Status: LMP_MISMATCH, Last received: 0.0, Next index: 1, Last known committed idx: 0, Time since last communication: 0.000s
I20260709 12:16:53.871102 12316 tablet_bootstrap.cc:492] T 37e6ec7818954e4bb4a0dfe97a208715 P f912103b016f4f2d9a0250adda42129d: No bootstrap required, opened a new log
I20260709 12:16:53.873023 12274 tablet_service.cc:1917] Received RequestConsensusVote() RPC: tablet_id: "6819922fac424259bdf81a5ab620941f" candidate_uuid: "21cebf83068b411f92a46d8dee40b767" candidate_term: 1 candidate_status { last_received { term: 0 index: 0 } } ignore_live_leader: false dest_uuid: "98c6cfa7d6014c899881f4e4186834b5" is_pre_election: true
I20260709 12:16:53.874006 12322 leader_election.cc:290] T 6819922fac424259bdf81a5ab620941f P 21cebf83068b411f92a46d8dee40b767 [CANDIDATE]: Term 1 pre-election: Requested pre-vote from peers f912103b016f4f2d9a0250adda42129d (127.10.177.66:38949), 98c6cfa7d6014c899881f4e4186834b5 (127.10.177.67:40185)
I20260709 12:16:53.875411 12199 tablet_service.cc:1917] Received RequestConsensusVote() RPC: tablet_id: "6819922fac424259bdf81a5ab620941f" candidate_uuid: "21cebf83068b411f92a46d8dee40b767" candidate_term: 1 candidate_status { last_received { term: 0 index: 0 } } ignore_live_leader: false dest_uuid: "f912103b016f4f2d9a0250adda42129d" is_pre_election: true
I20260709 12:16:53.879561 12089 leader_election.cc:304] T 6819922fac424259bdf81a5ab620941f P 21cebf83068b411f92a46d8dee40b767 [CANDIDATE]: Term 1 pre-election: Election decided. Result: candidate lost. Election summary: received 3 responses out of 3 voters: 1 yes votes; 2 no votes. yes voters: 21cebf83068b411f92a46d8dee40b767; no voters: 98c6cfa7d6014c899881f4e4186834b5, f912103b016f4f2d9a0250adda42129d
I20260709 12:16:53.880769 12322 raft_consensus.cc:2749] T 6819922fac424259bdf81a5ab620941f P 21cebf83068b411f92a46d8dee40b767 [term 0 FOLLOWER]: Leader pre-election lost for term 1. Reason: could not achieve majority
I20260709 12:16:53.881479 12113 data_dirs.cc:400] Could only allocate 1 dirs of requested 3 for tablet 246dbb59e68748d1b61812fb425a7a15. 1 dirs total, 0 dirs full, 0 dirs failed
I20260709 12:16:53.882359 12316 ts_tablet_manager.cc:1403] T 37e6ec7818954e4bb4a0dfe97a208715 P f912103b016f4f2d9a0250adda42129d: Time spent bootstrapping tablet: real 0.086s	user 0.014s	sys 0.004s
I20260709 12:16:53.885885 12316 raft_consensus.cc:359] T 37e6ec7818954e4bb4a0dfe97a208715 P f912103b016f4f2d9a0250adda42129d [term 0 FOLLOWER]: Replica starting. Triggering 0 pending ops. Active config: opid_index: -1 OBSOLETE_local: false peers { permanent_uuid: "21cebf83068b411f92a46d8dee40b767" member_type: VOTER last_known_addr { host: "127.10.177.65" port: 37061 } } peers { permanent_uuid: "f912103b016f4f2d9a0250adda42129d" member_type: VOTER last_known_addr { host: "127.10.177.66" port: 38949 } } peers { permanent_uuid: "98c6cfa7d6014c899881f4e4186834b5" member_type: VOTER last_known_addr { host: "127.10.177.67" port: 40185 } }
I20260709 12:16:53.886246 12115 tablet_service.cc:1511] Processing CreateTablet for tablet cdaa6c0ce3a64bb7b2669198ac415835 (DEFAULT_TABLE table=test-workload [id=1785253821b443d8a9df425cc44d7c42]), partition=RANGE (key) PARTITION 1892697404 <= VALUES < 1929095431
I20260709 12:16:53.891549 12339 consensus_queue.cc:1048] T 36e789921a1a4eb7ba83796ec7c74fc7 P f912103b016f4f2d9a0250adda42129d [LEADER]: Connected to new peer: Peer: permanent_uuid: "98c6cfa7d6014c899881f4e4186834b5" member_type: VOTER last_known_addr { host: "127.10.177.67" port: 40185 }, Status: LMP_MISMATCH, Last received: 0.0, Next index: 1, Last known committed idx: 0, Time since last communication: 0.001s
I20260709 12:16:53.893106 12316 raft_consensus.cc:385] T 37e6ec7818954e4bb4a0dfe97a208715 P f912103b016f4f2d9a0250adda42129d [term 0 FOLLOWER]: Consensus starting up: Expiring failure detector timer to make a prompt election more likely
I20260709 12:16:53.866667 12182 data_dirs.cc:400] Could only allocate 1 dirs of requested 3 for tablet 246dbb59e68748d1b61812fb425a7a15. 1 dirs total, 0 dirs full, 0 dirs failed
I20260709 12:16:53.895180 12316 raft_consensus.cc:740] T 37e6ec7818954e4bb4a0dfe97a208715 P f912103b016f4f2d9a0250adda42129d [term 0 FOLLOWER]: Becoming Follower/Learner. State: Replica: f912103b016f4f2d9a0250adda42129d, State: Initialized, Role: FOLLOWER
I20260709 12:16:53.896203 12316 consensus_queue.cc:260] T 37e6ec7818954e4bb4a0dfe97a208715 P f912103b016f4f2d9a0250adda42129d [NON_LEADER]: Queue going to NON_LEADER mode. State: All replicated index: 0, Majority replicated index: 0, Committed index: 0, Last appended: 0.0, Last appended by leader: 0, Current term: 0, Majority size: -1, State: 0, Mode: NON_LEADER, active raft config: opid_index: -1 OBSOLETE_local: false peers { permanent_uuid: "21cebf83068b411f92a46d8dee40b767" member_type: VOTER last_known_addr { host: "127.10.177.65" port: 37061 } } peers { permanent_uuid: "f912103b016f4f2d9a0250adda42129d" member_type: VOTER last_known_addr { host: "127.10.177.66" port: 38949 } } peers { permanent_uuid: "98c6cfa7d6014c899881f4e4186834b5" member_type: VOTER last_known_addr { host: "127.10.177.67" port: 40185 } }
I20260709 12:16:53.898141 12315 tablet_bootstrap.cc:492] T 37e6ec7818954e4bb4a0dfe97a208715 P 98c6cfa7d6014c899881f4e4186834b5: No bootstrap required, opened a new log
I20260709 12:16:53.898705 12315 ts_tablet_manager.cc:1403] T 37e6ec7818954e4bb4a0dfe97a208715 P 98c6cfa7d6014c899881f4e4186834b5: Time spent bootstrapping tablet: real 0.121s	user 0.014s	sys 0.006s
I20260709 12:16:53.884491 12340 raft_consensus.cc:515] T 99fafbbc99704e309c3ea3916984e5e6 P 98c6cfa7d6014c899881f4e4186834b5 [term 1 FOLLOWER]: Starting leader election with config: opid_index: -1 OBSOLETE_local: false peers { permanent_uuid: "21cebf83068b411f92a46d8dee40b767" member_type: VOTER last_known_addr { host: "127.10.177.65" port: 37061 } } peers { permanent_uuid: "f912103b016f4f2d9a0250adda42129d" member_type: VOTER last_known_addr { host: "127.10.177.66" port: 38949 } } peers { permanent_uuid: "98c6cfa7d6014c899881f4e4186834b5" member_type: VOTER last_known_addr { host: "127.10.177.67" port: 40185 } }
I20260709 12:16:53.900034 12115 data_dirs.cc:400] Could only allocate 1 dirs of requested 3 for tablet cdaa6c0ce3a64bb7b2669198ac415835. 1 dirs total, 0 dirs full, 0 dirs failed
I20260709 12:16:53.906131 12188 tablet_service.cc:1511] Processing CreateTablet for tablet cdaa6c0ce3a64bb7b2669198ac415835 (DEFAULT_TABLE table=test-workload [id=1785253821b443d8a9df425cc44d7c42]), partition=RANGE (key) PARTITION 1892697404 <= VALUES < 1929095431
I20260709 12:16:53.907343 12188 data_dirs.cc:400] Could only allocate 1 dirs of requested 3 for tablet cdaa6c0ce3a64bb7b2669198ac415835. 1 dirs total, 0 dirs full, 0 dirs failed
I20260709 12:16:53.907578 12315 raft_consensus.cc:359] T 37e6ec7818954e4bb4a0dfe97a208715 P 98c6cfa7d6014c899881f4e4186834b5 [term 0 FOLLOWER]: Replica starting. Triggering 0 pending ops. Active config: opid_index: -1 OBSOLETE_local: false peers { permanent_uuid: "21cebf83068b411f92a46d8dee40b767" member_type: VOTER last_known_addr { host: "127.10.177.65" port: 37061 } } peers { permanent_uuid: "f912103b016f4f2d9a0250adda42129d" member_type: VOTER last_known_addr { host: "127.10.177.66" port: 38949 } } peers { permanent_uuid: "98c6cfa7d6014c899881f4e4186834b5" member_type: VOTER last_known_addr { host: "127.10.177.67" port: 40185 } }
I20260709 12:16:53.908267 12315 raft_consensus.cc:385] T 37e6ec7818954e4bb4a0dfe97a208715 P 98c6cfa7d6014c899881f4e4186834b5 [term 0 FOLLOWER]: Consensus starting up: Expiring failure detector timer to make a prompt election more likely
I20260709 12:16:53.908555 12315 raft_consensus.cc:740] T 37e6ec7818954e4bb4a0dfe97a208715 P 98c6cfa7d6014c899881f4e4186834b5 [term 0 FOLLOWER]: Becoming Follower/Learner. State: Replica: 98c6cfa7d6014c899881f4e4186834b5, State: Initialized, Role: FOLLOWER
I20260709 12:16:53.910205 12340 leader_election.cc:290] T 99fafbbc99704e309c3ea3916984e5e6 P 98c6cfa7d6014c899881f4e4186834b5 [CANDIDATE]: Term 1 election: Requested vote from peers 21cebf83068b411f92a46d8dee40b767 (127.10.177.65:37061), f912103b016f4f2d9a0250adda42129d (127.10.177.66:38949)
I20260709 12:16:53.911168 12317 tablet_bootstrap.cc:492] T 8952fc52ed5c4d20bab1dbedbd9e73d9 P 21cebf83068b411f92a46d8dee40b767: No bootstrap required, opened a new log
I20260709 12:16:53.911266 12258 tablet_service.cc:1511] Processing CreateTablet for tablet cdaa6c0ce3a64bb7b2669198ac415835 (DEFAULT_TABLE table=test-workload [id=1785253821b443d8a9df425cc44d7c42]), partition=RANGE (key) PARTITION 1892697404 <= VALUES < 1929095431
I20260709 12:16:53.913913 12125 tablet_service.cc:1917] Received RequestConsensusVote() RPC: tablet_id: "99fafbbc99704e309c3ea3916984e5e6" candidate_uuid: "98c6cfa7d6014c899881f4e4186834b5" candidate_term: 1 candidate_status { last_received { term: 0 index: 0 } } ignore_live_leader: false dest_uuid: "21cebf83068b411f92a46d8dee40b767"
I20260709 12:16:53.917409 12199 tablet_service.cc:1917] Received RequestConsensusVote() RPC: tablet_id: "99fafbbc99704e309c3ea3916984e5e6" candidate_uuid: "98c6cfa7d6014c899881f4e4186834b5" candidate_term: 1 candidate_status { last_received { term: 0 index: 0 } } ignore_live_leader: false dest_uuid: "f912103b016f4f2d9a0250adda42129d"
I20260709 12:16:53.918840 12123 raft_consensus.cc:3060] T 6819922fac424259bdf81a5ab620941f P 21cebf83068b411f92a46d8dee40b767 [term 0 FOLLOWER]: Advancing to term 1
I20260709 12:16:53.922672 12258 data_dirs.cc:400] Could only allocate 1 dirs of requested 3 for tablet cdaa6c0ce3a64bb7b2669198ac415835. 1 dirs total, 0 dirs full, 0 dirs failed
I20260709 12:16:53.932528 12199 raft_consensus.cc:3060] T 99fafbbc99704e309c3ea3916984e5e6 P f912103b016f4f2d9a0250adda42129d [term 0 FOLLOWER]: Advancing to term 1
I20260709 12:16:53.934347 12107 tablet_service.cc:1511] Processing CreateTablet for tablet ddfc14120b3a451292bd9859a613aa8b (DEFAULT_TABLE table=test-workload [id=1785253821b443d8a9df425cc44d7c42]), partition=RANGE (key) PARTITION 1929095431 <= VALUES < 1965493458
I20260709 12:16:53.935688 12107 data_dirs.cc:400] Could only allocate 1 dirs of requested 3 for tablet ddfc14120b3a451292bd9859a613aa8b. 1 dirs total, 0 dirs full, 0 dirs failed
W20260709 12:16:53.937489 12239 leader_election.cc:343] T 99fafbbc99704e309c3ea3916984e5e6 P 98c6cfa7d6014c899881f4e4186834b5 [CANDIDATE]: Term 1 election: Tablet error from VoteRequest() call to peer 21cebf83068b411f92a46d8dee40b767 (127.10.177.65:37061): Illegal state: must be running to vote when last-logged opid is not known
I20260709 12:16:53.938042 12317 ts_tablet_manager.cc:1403] T 8952fc52ed5c4d20bab1dbedbd9e73d9 P 21cebf83068b411f92a46d8dee40b767: Time spent bootstrapping tablet: real 0.189s	user 0.017s	sys 0.005s
I20260709 12:16:53.941310 12315 consensus_queue.cc:260] T 37e6ec7818954e4bb4a0dfe97a208715 P 98c6cfa7d6014c899881f4e4186834b5 [NON_LEADER]: Queue going to NON_LEADER mode. State: All replicated index: 0, Majority replicated index: 0, Committed index: 0, Last appended: 0.0, Last appended by leader: 0, Current term: 0, Majority size: -1, State: 0, Mode: NON_LEADER, active raft config: opid_index: -1 OBSOLETE_local: false peers { permanent_uuid: "21cebf83068b411f92a46d8dee40b767" member_type: VOTER last_known_addr { host: "127.10.177.65" port: 37061 } } peers { permanent_uuid: "f912103b016f4f2d9a0250adda42129d" member_type: VOTER last_known_addr { host: "127.10.177.66" port: 38949 } } peers { permanent_uuid: "98c6cfa7d6014c899881f4e4186834b5" member_type: VOTER last_known_addr { host: "127.10.177.67" port: 40185 } }
I20260709 12:16:53.945178 12187 tablet_service.cc:1511] Processing CreateTablet for tablet ddfc14120b3a451292bd9859a613aa8b (DEFAULT_TABLE table=test-workload [id=1785253821b443d8a9df425cc44d7c42]), partition=RANGE (key) PARTITION 1929095431 <= VALUES < 1965493458
I20260709 12:16:53.946272 12187 data_dirs.cc:400] Could only allocate 1 dirs of requested 3 for tablet ddfc14120b3a451292bd9859a613aa8b. 1 dirs total, 0 dirs full, 0 dirs failed
I20260709 12:16:53.947763 12111 tablet_service.cc:1511] Processing CreateTablet for tablet 6466ee56ca1043048e5a6a4143896148 (DEFAULT_TABLE table=test-workload [id=1785253821b443d8a9df425cc44d7c42]), partition=RANGE (key) PARTITION 1965493458 <= VALUES < 2001891485
I20260709 12:16:53.953685 12315 ts_tablet_manager.cc:1434] T 37e6ec7818954e4bb4a0dfe97a208715 P 98c6cfa7d6014c899881f4e4186834b5: Time spent starting tablet: real 0.055s	user 0.007s	sys 0.000s
I20260709 12:16:53.955070 12315 tablet_bootstrap.cc:492] T b28686de0238470e995667054e3ce56b P 98c6cfa7d6014c899881f4e4186834b5: Bootstrap starting.
I20260709 12:16:53.957197 12260 tablet_service.cc:1511] Processing CreateTablet for tablet ddfc14120b3a451292bd9859a613aa8b (DEFAULT_TABLE table=test-workload [id=1785253821b443d8a9df425cc44d7c42]), partition=RANGE (key) PARTITION 1929095431 <= VALUES < 1965493458
I20260709 12:16:53.958911 12260 data_dirs.cc:400] Could only allocate 1 dirs of requested 3 for tablet ddfc14120b3a451292bd9859a613aa8b. 1 dirs total, 0 dirs full, 0 dirs failed
I20260709 12:16:53.966650 12183 tablet_service.cc:1511] Processing CreateTablet for tablet 6466ee56ca1043048e5a6a4143896148 (DEFAULT_TABLE table=test-workload [id=1785253821b443d8a9df425cc44d7c42]), partition=RANGE (key) PARTITION 1965493458 <= VALUES < 2001891485
I20260709 12:16:53.967861 12183 data_dirs.cc:400] Could only allocate 1 dirs of requested 3 for tablet 6466ee56ca1043048e5a6a4143896148. 1 dirs total, 0 dirs full, 0 dirs failed
I20260709 12:16:53.965349 12111 data_dirs.cc:400] Could only allocate 1 dirs of requested 3 for tablet 6466ee56ca1043048e5a6a4143896148. 1 dirs total, 0 dirs full, 0 dirs failed
I20260709 12:16:53.977672 12316 ts_tablet_manager.cc:1434] T 37e6ec7818954e4bb4a0dfe97a208715 P f912103b016f4f2d9a0250adda42129d: Time spent starting tablet: real 0.094s	user 0.021s	sys 0.009s
I20260709 12:16:53.978641 12316 tablet_bootstrap.cc:492] T 0e294f7d07ba4830b63753f8e20a630d P f912103b016f4f2d9a0250adda42129d: Bootstrap starting.
I20260709 12:16:53.943570 12317 raft_consensus.cc:359] T 8952fc52ed5c4d20bab1dbedbd9e73d9 P 21cebf83068b411f92a46d8dee40b767 [term 0 FOLLOWER]: Replica starting. Triggering 0 pending ops. Active config: opid_index: -1 OBSOLETE_local: false peers { permanent_uuid: "f912103b016f4f2d9a0250adda42129d" member_type: VOTER last_known_addr { host: "127.10.177.66" port: 38949 } } peers { permanent_uuid: "98c6cfa7d6014c899881f4e4186834b5" member_type: VOTER last_known_addr { host: "127.10.177.67" port: 40185 } } peers { permanent_uuid: "21cebf83068b411f92a46d8dee40b767" member_type: VOTER last_known_addr { host: "127.10.177.65" port: 37061 } }
