I20260709 12:16:34.062213 24351 raft_consensus.cc:1275] T 89b32f08e0cb48c7b0b2cab5a39474fc P bbfeaf3dff62470f835a9396a1a4e788 [term 4 FOLLOWER]: Refusing update from remote peer 4886893eadc5484d9453f0b96966415d: Log matching property violated. Preceding OpId in replica: term: 3 index: 3. Preceding OpId from leader: term: 4 index: 4. (index mismatch)
I20260709 12:16:34.064571 24519 consensus_queue.cc:1048] T 89b32f08e0cb48c7b0b2cab5a39474fc P 4886893eadc5484d9453f0b96966415d [LEADER]: Connected to new peer: Peer: permanent_uuid: "bbfeaf3dff62470f835a9396a1a4e788" member_type: VOTER last_known_addr { host: "127.23.2.3" port: 46671 }, Status: LMP_MISMATCH, Last received: 0.0, Next index: 4, Last known committed idx: 3, Time since last communication: 0.000s
I20260709 12:16:36.176010 23560 auto_leader_rebalancer-test.cc:399] The leader distribution is 
I20260709 12:16:36.176779 23560 auto_leader_rebalancer.cc:141] leader rebalance for table test-workload
I20260709 12:16:36.184142 24203 tablet_service.cc:2072] Received LeaderStepDown RPC: tablet_id: "2e7ce9af10f64863875294209430d33d"
dest_uuid: "4886893eadc5484d9453f0b96966415d"
mode: GRACEFUL
new_leader_uuid: "bbfeaf3dff62470f835a9396a1a4e788"
 from {username='slave'} at 127.0.0.1:44740
I20260709 12:16:36.184613 24203 raft_consensus.cc:606] T 2e7ce9af10f64863875294209430d33d P 4886893eadc5484d9453f0b96966415d [term 2 LEADER]: Received request to transfer leadership to TS bbfeaf3dff62470f835a9396a1a4e788
I20260709 12:16:36.187243 24203 tablet_service.cc:2072] Received LeaderStepDown RPC: tablet_id: "3aacbdd07654470b953caeff593542bb"
dest_uuid: "4886893eadc5484d9453f0b96966415d"
mode: GRACEFUL
new_leader_uuid: "887c29e4034d4f0e9dcd132487cff524"
 from {username='slave'} at 127.0.0.1:44740
I20260709 12:16:36.187678 24203 raft_consensus.cc:606] T 3aacbdd07654470b953caeff593542bb P 4886893eadc5484d9453f0b96966415d [term 1 LEADER]: Received request to transfer leadership to TS 887c29e4034d4f0e9dcd132487cff524
I20260709 12:16:36.189968 24203 tablet_service.cc:2072] Received LeaderStepDown RPC: tablet_id: "89b32f08e0cb48c7b0b2cab5a39474fc"
dest_uuid: "4886893eadc5484d9453f0b96966415d"
mode: GRACEFUL
new_leader_uuid: "887c29e4034d4f0e9dcd132487cff524"
 from {username='slave'} at 127.0.0.1:44740
I20260709 12:16:36.190526 24203 raft_consensus.cc:606] T 89b32f08e0cb48c7b0b2cab5a39474fc P 4886893eadc5484d9453f0b96966415d [term 4 LEADER]: Received request to transfer leadership to TS 887c29e4034d4f0e9dcd132487cff524
I20260709 12:16:36.192900 24203 tablet_service.cc:2072] Received LeaderStepDown RPC: tablet_id: "dbbf94b9bc354e73b910fd0661e3e581"
dest_uuid: "4886893eadc5484d9453f0b96966415d"
mode: GRACEFUL
new_leader_uuid: "bbfeaf3dff62470f835a9396a1a4e788"
 from {username='slave'} at 127.0.0.1:44740
I20260709 12:16:36.193338 24203 raft_consensus.cc:606] T dbbf94b9bc354e73b910fd0661e3e581 P 4886893eadc5484d9453f0b96966415d [term 2 LEADER]: Received request to transfer leadership to TS bbfeaf3dff62470f835a9396a1a4e788
I20260709 12:16:36.194489 23560 auto_leader_rebalancer.cc:440] table: test-workload, leader rebalance finish, leader transfer count: 4
I20260709 12:16:36.194957 23560 auto_leader_rebalancer.cc:515] All tables' leader rebalancing finished this round
I20260709 12:16:36.202906 24547 raft_consensus.cc:993] T 89b32f08e0cb48c7b0b2cab5a39474fc P 4886893eadc5484d9453f0b96966415d: : Instructing follower 887c29e4034d4f0e9dcd132487cff524 to start an election
I20260709 12:16:36.203501 24547 raft_consensus.cc:1081] T 89b32f08e0cb48c7b0b2cab5a39474fc P 4886893eadc5484d9453f0b96966415d [term 4 LEADER]: Signalling peer 887c29e4034d4f0e9dcd132487cff524 to start an election
I20260709 12:16:36.205041 24277 tablet_service.cc:2044] Received Run Leader Election RPC: tablet_id: "89b32f08e0cb48c7b0b2cab5a39474fc"
dest_uuid: "887c29e4034d4f0e9dcd132487cff524"
 from {username='slave'} at 127.0.0.1:38022
I20260709 12:16:36.205448 24277 raft_consensus.cc:493] T 89b32f08e0cb48c7b0b2cab5a39474fc P 887c29e4034d4f0e9dcd132487cff524 [term 4 FOLLOWER]: Starting forced leader election (received explicit request)
I20260709 12:16:36.205682 24277 raft_consensus.cc:3060] T 89b32f08e0cb48c7b0b2cab5a39474fc P 887c29e4034d4f0e9dcd132487cff524 [term 4 FOLLOWER]: Advancing to term 5
I20260709 12:16:36.210256 24277 raft_consensus.cc:515] T 89b32f08e0cb48c7b0b2cab5a39474fc P 887c29e4034d4f0e9dcd132487cff524 [term 5 FOLLOWER]: Starting forced leader election with config: opid_index: -1 OBSOLETE_local: false peers { permanent_uuid: "4886893eadc5484d9453f0b96966415d" member_type: VOTER last_known_addr { host: "127.23.2.1" port: 35091 } } peers { permanent_uuid: "887c29e4034d4f0e9dcd132487cff524" member_type: VOTER last_known_addr { host: "127.23.2.2" port: 35707 } } peers { permanent_uuid: "bbfeaf3dff62470f835a9396a1a4e788" member_type: VOTER last_known_addr { host: "127.23.2.3" port: 46671 } }
I20260709 12:16:36.212364 24277 leader_election.cc:290] T 89b32f08e0cb48c7b0b2cab5a39474fc P 887c29e4034d4f0e9dcd132487cff524 [CANDIDATE]: Term 5 election: Requested vote from peers 4886893eadc5484d9453f0b96966415d (127.23.2.1:35091), bbfeaf3dff62470f835a9396a1a4e788 (127.23.2.3:46671)
I20260709 12:16:36.213272 24203 tablet_service.cc:1917] Received RequestConsensusVote() RPC: tablet_id: "89b32f08e0cb48c7b0b2cab5a39474fc" candidate_uuid: "887c29e4034d4f0e9dcd132487cff524" candidate_term: 5 candidate_status { last_received { term: 4 index: 4 } } ignore_live_leader: true dest_uuid: "4886893eadc5484d9453f0b96966415d"
I20260709 12:16:36.213498 24353 tablet_service.cc:1917] Received RequestConsensusVote() RPC: tablet_id: "89b32f08e0cb48c7b0b2cab5a39474fc" candidate_uuid: "887c29e4034d4f0e9dcd132487cff524" candidate_term: 5 candidate_status { last_received { term: 4 index: 4 } } ignore_live_leader: true dest_uuid: "bbfeaf3dff62470f835a9396a1a4e788"
I20260709 12:16:36.213749 24203 raft_consensus.cc:3055] T 89b32f08e0cb48c7b0b2cab5a39474fc P 4886893eadc5484d9453f0b96966415d [term 4 LEADER]: Stepping down as leader of term 4
I20260709 12:16:36.213990 24353 raft_consensus.cc:3060] T 89b32f08e0cb48c7b0b2cab5a39474fc P bbfeaf3dff62470f835a9396a1a4e788 [term 4 FOLLOWER]: Advancing to term 5
I20260709 12:16:36.214031 24203 raft_consensus.cc:740] T 89b32f08e0cb48c7b0b2cab5a39474fc P 4886893eadc5484d9453f0b96966415d [term 4 LEADER]: Becoming Follower/Learner. State: Replica: 4886893eadc5484d9453f0b96966415d, State: Running, Role: LEADER
I20260709 12:16:36.214798 24203 consensus_queue.cc:260] T 89b32f08e0cb48c7b0b2cab5a39474fc P 4886893eadc5484d9453f0b96966415d [NON_LEADER]: Queue going to NON_LEADER mode. State: All replicated index: 0, Majority replicated index: 4, Committed index: 4, Last appended: 4.4, Last appended by leader: 4, Current term: 4, Majority size: -1, State: 0, Mode: NON_LEADER, active raft config: opid_index: -1 OBSOLETE_local: false peers { permanent_uuid: "4886893eadc5484d9453f0b96966415d" member_type: VOTER last_known_addr { host: "127.23.2.1" port: 35091 } } peers { permanent_uuid: "887c29e4034d4f0e9dcd132487cff524" member_type: VOTER last_known_addr { host: "127.23.2.2" port: 35707 } } peers { permanent_uuid: "bbfeaf3dff62470f835a9396a1a4e788" member_type: VOTER last_known_addr { host: "127.23.2.3" port: 46671 } }
I20260709 12:16:36.215651 24203 raft_consensus.cc:3060] T 89b32f08e0cb48c7b0b2cab5a39474fc P 4886893eadc5484d9453f0b96966415d [term 4 FOLLOWER]: Advancing to term 5
I20260709 12:16:36.218703 24353 raft_consensus.cc:2468] T 89b32f08e0cb48c7b0b2cab5a39474fc P bbfeaf3dff62470f835a9396a1a4e788 [term 5 FOLLOWER]: Leader election vote request: Granting yes vote for candidate 887c29e4034d4f0e9dcd132487cff524 in term 5.
I20260709 12:16:36.219722 24203 raft_consensus.cc:2468] T 89b32f08e0cb48c7b0b2cab5a39474fc P 4886893eadc5484d9453f0b96966415d [term 5 FOLLOWER]: Leader election vote request: Granting yes vote for candidate 887c29e4034d4f0e9dcd132487cff524 in term 5.
I20260709 12:16:36.219789 24243 leader_election.cc:304] T 89b32f08e0cb48c7b0b2cab5a39474fc P 887c29e4034d4f0e9dcd132487cff524 [CANDIDATE]: Term 5 election: Election decided. Result: candidate won. Election summary: received 2 responses out of 3 voters: 2 yes votes; 0 no votes. yes voters: 887c29e4034d4f0e9dcd132487cff524, bbfeaf3dff62470f835a9396a1a4e788; no voters: 
I20260709 12:16:36.220487 24548 raft_consensus.cc:2804] T 89b32f08e0cb48c7b0b2cab5a39474fc P 887c29e4034d4f0e9dcd132487cff524 [term 5 FOLLOWER]: Leader election won for term 5
I20260709 12:16:36.220923 24548 raft_consensus.cc:697] T 89b32f08e0cb48c7b0b2cab5a39474fc P 887c29e4034d4f0e9dcd132487cff524 [term 5 LEADER]: Becoming Leader. State: Replica: 887c29e4034d4f0e9dcd132487cff524, State: Running, Role: LEADER
I20260709 12:16:36.221653 24548 consensus_queue.cc:237] T 89b32f08e0cb48c7b0b2cab5a39474fc P 887c29e4034d4f0e9dcd132487cff524 [LEADER]: Queue going to LEADER mode. State: All replicated index: 0, Majority replicated index: 4, Committed index: 4, Last appended: 4.4, Last appended by leader: 4, Current term: 5, Majority size: 2, State: 0, Mode: LEADER, active raft config: opid_index: -1 OBSOLETE_local: false peers { permanent_uuid: "4886893eadc5484d9453f0b96966415d" member_type: VOTER last_known_addr { host: "127.23.2.1" port: 35091 } } peers { permanent_uuid: "887c29e4034d4f0e9dcd132487cff524" member_type: VOTER last_known_addr { host: "127.23.2.2" port: 35707 } } peers { permanent_uuid: "bbfeaf3dff62470f835a9396a1a4e788" member_type: VOTER last_known_addr { host: "127.23.2.3" port: 46671 } }
I20260709 12:16:36.227697 24101 catalog_manager.cc:5697] T 89b32f08e0cb48c7b0b2cab5a39474fc P 887c29e4034d4f0e9dcd132487cff524 reported cstate change: term changed from 4 to 5, leader changed from 4886893eadc5484d9453f0b96966415d (127.23.2.1) to 887c29e4034d4f0e9dcd132487cff524 (127.23.2.2). New cstate: current_term: 5 leader_uuid: "887c29e4034d4f0e9dcd132487cff524" committed_config { opid_index: -1 OBSOLETE_local: false peers { permanent_uuid: "4886893eadc5484d9453f0b96966415d" member_type: VOTER last_known_addr { host: "127.23.2.1" port: 35091 } health_report { overall_health: UNKNOWN } } peers { permanent_uuid: "887c29e4034d4f0e9dcd132487cff524" member_type: VOTER last_known_addr { host: "127.23.2.2" port: 35707 } health_report { overall_health: HEALTHY } } peers { permanent_uuid: "bbfeaf3dff62470f835a9396a1a4e788" member_type: VOTER last_known_addr { host: "127.23.2.3" port: 46671 } health_report { overall_health: UNKNOWN } } }
I20260709 12:16:36.266222 24549 raft_consensus.cc:993] T 2e7ce9af10f64863875294209430d33d P 4886893eadc5484d9453f0b96966415d: : Instructing follower bbfeaf3dff62470f835a9396a1a4e788 to start an election
I20260709 12:16:36.266757 24547 raft_consensus.cc:1081] T 2e7ce9af10f64863875294209430d33d P 4886893eadc5484d9453f0b96966415d [term 2 LEADER]: Signalling peer bbfeaf3dff62470f835a9396a1a4e788 to start an election
I20260709 12:16:36.268224 24353 tablet_service.cc:2044] Received Run Leader Election RPC: tablet_id: "2e7ce9af10f64863875294209430d33d"
dest_uuid: "bbfeaf3dff62470f835a9396a1a4e788"
 from {username='slave'} at 127.0.0.1:41202
I20260709 12:16:36.268672 24353 raft_consensus.cc:493] T 2e7ce9af10f64863875294209430d33d P bbfeaf3dff62470f835a9396a1a4e788 [term 2 FOLLOWER]: Starting forced leader election (received explicit request)
I20260709 12:16:36.268929 24353 raft_consensus.cc:3060] T 2e7ce9af10f64863875294209430d33d P bbfeaf3dff62470f835a9396a1a4e788 [term 2 FOLLOWER]: Advancing to term 3
I20260709 12:16:36.273290 24353 raft_consensus.cc:515] T 2e7ce9af10f64863875294209430d33d P bbfeaf3dff62470f835a9396a1a4e788 [term 3 FOLLOWER]: Starting forced leader election with config: opid_index: -1 OBSOLETE_local: false peers { permanent_uuid: "4886893eadc5484d9453f0b96966415d" member_type: VOTER last_known_addr { host: "127.23.2.1" port: 35091 } } peers { permanent_uuid: "887c29e4034d4f0e9dcd132487cff524" member_type: VOTER last_known_addr { host: "127.23.2.2" port: 35707 } } peers { permanent_uuid: "bbfeaf3dff62470f835a9396a1a4e788" member_type: VOTER last_known_addr { host: "127.23.2.3" port: 46671 } }
I20260709 12:16:36.276367 24203 tablet_service.cc:1917] Received RequestConsensusVote() RPC: tablet_id: "2e7ce9af10f64863875294209430d33d" candidate_uuid: "bbfeaf3dff62470f835a9396a1a4e788" candidate_term: 3 candidate_status { last_received { term: 2 index: 2 } } ignore_live_leader: true dest_uuid: "4886893eadc5484d9453f0b96966415d"
I20260709 12:16:36.276625 24353 leader_election.cc:290] T 2e7ce9af10f64863875294209430d33d P bbfeaf3dff62470f835a9396a1a4e788 [CANDIDATE]: Term 3 election: Requested vote from peers 4886893eadc5484d9453f0b96966415d (127.23.2.1:35091), 887c29e4034d4f0e9dcd132487cff524 (127.23.2.2:35707)
I20260709 12:16:36.276575 24277 tablet_service.cc:1917] Received RequestConsensusVote() RPC: tablet_id: "2e7ce9af10f64863875294209430d33d" candidate_uuid: "bbfeaf3dff62470f835a9396a1a4e788" candidate_term: 3 candidate_status { last_received { term: 2 index: 2 } } ignore_live_leader: true dest_uuid: "887c29e4034d4f0e9dcd132487cff524"
I20260709 12:16:36.277082 24203 raft_consensus.cc:3055] T 2e7ce9af10f64863875294209430d33d P 4886893eadc5484d9453f0b96966415d [term 2 LEADER]: Stepping down as leader of term 2
I20260709 12:16:36.277284 24277 raft_consensus.cc:3060] T 2e7ce9af10f64863875294209430d33d P 887c29e4034d4f0e9dcd132487cff524 [term 2 FOLLOWER]: Advancing to term 3
I20260709 12:16:36.277535 24203 raft_consensus.cc:740] T 2e7ce9af10f64863875294209430d33d P 4886893eadc5484d9453f0b96966415d [term 2 LEADER]: Becoming Follower/Learner. State: Replica: 4886893eadc5484d9453f0b96966415d, State: Running, Role: LEADER
I20260709 12:16:36.278319 24203 consensus_queue.cc:260] T 2e7ce9af10f64863875294209430d33d P 4886893eadc5484d9453f0b96966415d [NON_LEADER]: Queue going to NON_LEADER mode. State: All replicated index: 0, Majority replicated index: 2, Committed index: 2, Last appended: 2.2, Last appended by leader: 2, Current term: 2, Majority size: -1, State: 0, Mode: NON_LEADER, active raft config: opid_index: -1 OBSOLETE_local: false peers { permanent_uuid: "4886893eadc5484d9453f0b96966415d" member_type: VOTER last_known_addr { host: "127.23.2.1" port: 35091 } } peers { permanent_uuid: "887c29e4034d4f0e9dcd132487cff524" member_type: VOTER last_known_addr { host: "127.23.2.2" port: 35707 } } peers { permanent_uuid: "bbfeaf3dff62470f835a9396a1a4e788" member_type: VOTER last_known_addr { host: "127.23.2.3" port: 46671 } }
I20260709 12:16:36.279450 24203 raft_consensus.cc:3060] T 2e7ce9af10f64863875294209430d33d P 4886893eadc5484d9453f0b96966415d [term 2 FOLLOWER]: Advancing to term 3
I20260709 12:16:36.281883 24277 raft_consensus.cc:2468] T 2e7ce9af10f64863875294209430d33d P 887c29e4034d4f0e9dcd132487cff524 [term 3 FOLLOWER]: Leader election vote request: Granting yes vote for candidate bbfeaf3dff62470f835a9396a1a4e788 in term 3.
I20260709 12:16:36.283012 24316 leader_election.cc:304] T 2e7ce9af10f64863875294209430d33d P bbfeaf3dff62470f835a9396a1a4e788 [CANDIDATE]: Term 3 election: Election decided. Result: candidate won. Election summary: received 2 responses out of 3 voters: 2 yes votes; 0 no votes. yes voters: 887c29e4034d4f0e9dcd132487cff524, bbfeaf3dff62470f835a9396a1a4e788; no voters: 
I20260709 12:16:36.283609 24203 raft_consensus.cc:2468] T 2e7ce9af10f64863875294209430d33d P 4886893eadc5484d9453f0b96966415d [term 3 FOLLOWER]: Leader election vote request: Granting yes vote for candidate bbfeaf3dff62470f835a9396a1a4e788 in term 3.
I20260709 12:16:36.283692 24515 raft_consensus.cc:2804] T 2e7ce9af10f64863875294209430d33d P bbfeaf3dff62470f835a9396a1a4e788 [term 3 FOLLOWER]: Leader election won for term 3
I20260709 12:16:36.284828 24515 raft_consensus.cc:697] T 2e7ce9af10f64863875294209430d33d P bbfeaf3dff62470f835a9396a1a4e788 [term 3 LEADER]: Becoming Leader. State: Replica: bbfeaf3dff62470f835a9396a1a4e788, State: Running, Role: LEADER
I20260709 12:16:36.285571 24515 consensus_queue.cc:237] T 2e7ce9af10f64863875294209430d33d P bbfeaf3dff62470f835a9396a1a4e788 [LEADER]: Queue going to LEADER mode. State: All replicated index: 0, Majority replicated index: 2, Committed index: 2, Last appended: 2.2, Last appended by leader: 2, Current term: 3, Majority size: 2, State: 0, Mode: LEADER, active raft config: opid_index: -1 OBSOLETE_local: false peers { permanent_uuid: "4886893eadc5484d9453f0b96966415d" member_type: VOTER last_known_addr { host: "127.23.2.1" port: 35091 } } peers { permanent_uuid: "887c29e4034d4f0e9dcd132487cff524" member_type: VOTER last_known_addr { host: "127.23.2.2" port: 35707 } } peers { permanent_uuid: "bbfeaf3dff62470f835a9396a1a4e788" member_type: VOTER last_known_addr { host: "127.23.2.3" port: 46671 } }
I20260709 12:16:36.292866 24101 catalog_manager.cc:5697] T 2e7ce9af10f64863875294209430d33d P bbfeaf3dff62470f835a9396a1a4e788 reported cstate change: term changed from 2 to 3, leader changed from 4886893eadc5484d9453f0b96966415d (127.23.2.1) to bbfeaf3dff62470f835a9396a1a4e788 (127.23.2.3). New cstate: current_term: 3 leader_uuid: "bbfeaf3dff62470f835a9396a1a4e788" committed_config { opid_index: -1 OBSOLETE_local: false peers { permanent_uuid: "4886893eadc5484d9453f0b96966415d" member_type: VOTER last_known_addr { host: "127.23.2.1" port: 35091 } health_report { overall_health: UNKNOWN } } peers { permanent_uuid: "887c29e4034d4f0e9dcd132487cff524" member_type: VOTER last_known_addr { host: "127.23.2.2" port: 35707 } health_report { overall_health: UNKNOWN } } peers { permanent_uuid: "bbfeaf3dff62470f835a9396a1a4e788" member_type: VOTER last_known_addr { host: "127.23.2.3" port: 46671 } health_report { overall_health: HEALTHY } } }
I20260709 12:16:36.400465 24547 raft_consensus.cc:993] T dbbf94b9bc354e73b910fd0661e3e581 P 4886893eadc5484d9453f0b96966415d: : Instructing follower bbfeaf3dff62470f835a9396a1a4e788 to start an election
I20260709 12:16:36.401015 24549 raft_consensus.cc:1081] T dbbf94b9bc354e73b910fd0661e3e581 P 4886893eadc5484d9453f0b96966415d [term 2 LEADER]: Signalling peer bbfeaf3dff62470f835a9396a1a4e788 to start an election
I20260709 12:16:36.402392 24353 tablet_service.cc:2044] Received Run Leader Election RPC: tablet_id: "dbbf94b9bc354e73b910fd0661e3e581"
dest_uuid: "bbfeaf3dff62470f835a9396a1a4e788"
 from {username='slave'} at 127.0.0.1:41202
I20260709 12:16:36.402818 24353 raft_consensus.cc:493] T dbbf94b9bc354e73b910fd0661e3e581 P bbfeaf3dff62470f835a9396a1a4e788 [term 2 FOLLOWER]: Starting forced leader election (received explicit request)
I20260709 12:16:36.403052 24353 raft_consensus.cc:3060] T dbbf94b9bc354e73b910fd0661e3e581 P bbfeaf3dff62470f835a9396a1a4e788 [term 2 FOLLOWER]: Advancing to term 3
I20260709 12:16:36.406966 24353 raft_consensus.cc:515] T dbbf94b9bc354e73b910fd0661e3e581 P bbfeaf3dff62470f835a9396a1a4e788 [term 3 FOLLOWER]: Starting forced leader election with config: opid_index: -1 OBSOLETE_local: false peers { permanent_uuid: "bbfeaf3dff62470f835a9396a1a4e788" member_type: VOTER last_known_addr { host: "127.23.2.3" port: 46671 } } peers { permanent_uuid: "887c29e4034d4f0e9dcd132487cff524" member_type: VOTER last_known_addr { host: "127.23.2.2" port: 35707 } } peers { permanent_uuid: "4886893eadc5484d9453f0b96966415d" member_type: VOTER last_known_addr { host: "127.23.2.1" port: 35091 } }
I20260709 12:16:36.408501 24353 leader_election.cc:290] T dbbf94b9bc354e73b910fd0661e3e581 P bbfeaf3dff62470f835a9396a1a4e788 [CANDIDATE]: Term 3 election: Requested vote from peers 887c29e4034d4f0e9dcd132487cff524 (127.23.2.2:35707), 4886893eadc5484d9453f0b96966415d (127.23.2.1:35091)
I20260709 12:16:36.409435 24277 tablet_service.cc:1917] Received RequestConsensusVote() RPC: tablet_id: "dbbf94b9bc354e73b910fd0661e3e581" candidate_uuid: "bbfeaf3dff62470f835a9396a1a4e788" candidate_term: 3 candidate_status { last_received { term: 2 index: 2 } } ignore_live_leader: true dest_uuid: "887c29e4034d4f0e9dcd132487cff524"
I20260709 12:16:36.409443 24203 tablet_service.cc:1917] Received RequestConsensusVote() RPC: tablet_id: "dbbf94b9bc354e73b910fd0661e3e581" candidate_uuid: "bbfeaf3dff62470f835a9396a1a4e788" candidate_term: 3 candidate_status { last_received { term: 2 index: 2 } } ignore_live_leader: true dest_uuid: "4886893eadc5484d9453f0b96966415d"
I20260709 12:16:36.410106 24277 raft_consensus.cc:3060] T dbbf94b9bc354e73b910fd0661e3e581 P 887c29e4034d4f0e9dcd132487cff524 [term 2 FOLLOWER]: Advancing to term 3
I20260709 12:16:36.410153 24203 raft_consensus.cc:3055] T dbbf94b9bc354e73b910fd0661e3e581 P 4886893eadc5484d9453f0b96966415d [term 2 LEADER]: Stepping down as leader of term 2
I20260709 12:16:36.410656 24203 raft_consensus.cc:740] T dbbf94b9bc354e73b910fd0661e3e581 P 4886893eadc5484d9453f0b96966415d [term 2 LEADER]: Becoming Follower/Learner. State: Replica: 4886893eadc5484d9453f0b96966415d, State: Running, Role: LEADER
I20260709 12:16:36.411267 24203 consensus_queue.cc:260] T dbbf94b9bc354e73b910fd0661e3e581 P 4886893eadc5484d9453f0b96966415d [NON_LEADER]: Queue going to NON_LEADER mode. State: All replicated index: 0, Majority replicated index: 2, Committed index: 2, Last appended: 2.2, Last appended by leader: 2, Current term: 2, Majority size: -1, State: 0, Mode: NON_LEADER, active raft config: opid_index: -1 OBSOLETE_local: false peers { permanent_uuid: "bbfeaf3dff62470f835a9396a1a4e788" member_type: VOTER last_known_addr { host: "127.23.2.3" port: 46671 } } peers { permanent_uuid: "887c29e4034d4f0e9dcd132487cff524" member_type: VOTER last_known_addr { host: "127.23.2.2" port: 35707 } } peers { permanent_uuid: "4886893eadc5484d9453f0b96966415d" member_type: VOTER last_known_addr { host: "127.23.2.1" port: 35091 } }
I20260709 12:16:36.412103 24203 raft_consensus.cc:3060] T dbbf94b9bc354e73b910fd0661e3e581 P 4886893eadc5484d9453f0b96966415d [term 2 FOLLOWER]: Advancing to term 3
I20260709 12:16:36.414623 24277 raft_consensus.cc:2468] T dbbf94b9bc354e73b910fd0661e3e581 P 887c29e4034d4f0e9dcd132487cff524 [term 3 FOLLOWER]: Leader election vote request: Granting yes vote for candidate bbfeaf3dff62470f835a9396a1a4e788 in term 3.
I20260709 12:16:36.415531 24316 leader_election.cc:304] T dbbf94b9bc354e73b910fd0661e3e581 P bbfeaf3dff62470f835a9396a1a4e788 [CANDIDATE]: Term 3 election: Election decided. Result: candidate won. Election summary: received 2 responses out of 3 voters: 2 yes votes; 0 no votes. yes voters: 887c29e4034d4f0e9dcd132487cff524, bbfeaf3dff62470f835a9396a1a4e788; no voters: 
I20260709 12:16:36.415848 24203 raft_consensus.cc:2468] T dbbf94b9bc354e73b910fd0661e3e581 P 4886893eadc5484d9453f0b96966415d [term 3 FOLLOWER]: Leader election vote request: Granting yes vote for candidate bbfeaf3dff62470f835a9396a1a4e788 in term 3.
I20260709 12:16:36.416509 24515 raft_consensus.cc:2804] T dbbf94b9bc354e73b910fd0661e3e581 P bbfeaf3dff62470f835a9396a1a4e788 [term 3 FOLLOWER]: Leader election won for term 3
I20260709 12:16:36.416873 24515 raft_consensus.cc:697] T dbbf94b9bc354e73b910fd0661e3e581 P bbfeaf3dff62470f835a9396a1a4e788 [term 3 LEADER]: Becoming Leader. State: Replica: bbfeaf3dff62470f835a9396a1a4e788, State: Running, Role: LEADER
I20260709 12:16:36.417640 24515 consensus_queue.cc:237] T dbbf94b9bc354e73b910fd0661e3e581 P bbfeaf3dff62470f835a9396a1a4e788 [LEADER]: Queue going to LEADER mode. State: All replicated index: 0, Majority replicated index: 2, Committed index: 2, Last appended: 2.2, Last appended by leader: 2, Current term: 3, Majority size: 2, State: 0, Mode: LEADER, active raft config: opid_index: -1 OBSOLETE_local: false peers { permanent_uuid: "bbfeaf3dff62470f835a9396a1a4e788" member_type: VOTER last_known_addr { host: "127.23.2.3" port: 46671 } } peers { permanent_uuid: "887c29e4034d4f0e9dcd132487cff524" member_type: VOTER last_known_addr { host: "127.23.2.2" port: 35707 } } peers { permanent_uuid: "4886893eadc5484d9453f0b96966415d" member_type: VOTER last_known_addr { host: "127.23.2.1" port: 35091 } }
I20260709 12:16:36.423920 24101 catalog_manager.cc:5697] T dbbf94b9bc354e73b910fd0661e3e581 P bbfeaf3dff62470f835a9396a1a4e788 reported cstate change: term changed from 2 to 3, leader changed from 4886893eadc5484d9453f0b96966415d (127.23.2.1) to bbfeaf3dff62470f835a9396a1a4e788 (127.23.2.3). New cstate: current_term: 3 leader_uuid: "bbfeaf3dff62470f835a9396a1a4e788" committed_config { opid_index: -1 OBSOLETE_local: false peers { permanent_uuid: "bbfeaf3dff62470f835a9396a1a4e788" member_type: VOTER last_known_addr { host: "127.23.2.3" port: 46671 } health_report { overall_health: HEALTHY } } peers { permanent_uuid: "887c29e4034d4f0e9dcd132487cff524" member_type: VOTER last_known_addr { host: "127.23.2.2" port: 35707 } health_report { overall_health: UNKNOWN } } peers { permanent_uuid: "4886893eadc5484d9453f0b96966415d" member_type: VOTER last_known_addr { host: "127.23.2.1" port: 35091 } health_report { overall_health: UNKNOWN } } }
I20260709 12:16:36.575843 24547 raft_consensus.cc:993] T 3aacbdd07654470b953caeff593542bb P 4886893eadc5484d9453f0b96966415d: : Instructing follower 887c29e4034d4f0e9dcd132487cff524 to start an election
I20260709 12:16:36.576231 24549 raft_consensus.cc:1081] T 3aacbdd07654470b953caeff593542bb P 4886893eadc5484d9453f0b96966415d [term 1 LEADER]: Signalling peer 887c29e4034d4f0e9dcd132487cff524 to start an election
I20260709 12:16:36.577600 24277 tablet_service.cc:2044] Received Run Leader Election RPC: tablet_id: "3aacbdd07654470b953caeff593542bb"
dest_uuid: "887c29e4034d4f0e9dcd132487cff524"
 from {username='slave'} at 127.0.0.1:38022
I20260709 12:16:36.578039 24277 raft_consensus.cc:493] T 3aacbdd07654470b953caeff593542bb P 887c29e4034d4f0e9dcd132487cff524 [term 1 FOLLOWER]: Starting forced leader election (received explicit request)
I20260709 12:16:36.578323 24277 raft_consensus.cc:3060] T 3aacbdd07654470b953caeff593542bb P 887c29e4034d4f0e9dcd132487cff524 [term 1 FOLLOWER]: Advancing to term 2
I20260709 12:16:36.582137 24277 raft_consensus.cc:515] T 3aacbdd07654470b953caeff593542bb P 887c29e4034d4f0e9dcd132487cff524 [term 2 FOLLOWER]: Starting forced leader election with config: opid_index: -1 OBSOLETE_local: false peers { permanent_uuid: "4886893eadc5484d9453f0b96966415d" member_type: VOTER last_known_addr { host: "127.23.2.1" port: 35091 } } peers { permanent_uuid: "887c29e4034d4f0e9dcd132487cff524" member_type: VOTER last_known_addr { host: "127.23.2.2" port: 35707 } } peers { permanent_uuid: "bbfeaf3dff62470f835a9396a1a4e788" member_type: VOTER last_known_addr { host: "127.23.2.3" port: 46671 } }
I20260709 12:16:36.583554 24277 leader_election.cc:290] T 3aacbdd07654470b953caeff593542bb P 887c29e4034d4f0e9dcd132487cff524 [CANDIDATE]: Term 2 election: Requested vote from peers 4886893eadc5484d9453f0b96966415d (127.23.2.1:35091), bbfeaf3dff62470f835a9396a1a4e788 (127.23.2.3:46671)
I20260709 12:16:36.584394 24203 tablet_service.cc:1917] Received RequestConsensusVote() RPC: tablet_id: "3aacbdd07654470b953caeff593542bb" candidate_uuid: "887c29e4034d4f0e9dcd132487cff524" candidate_term: 2 candidate_status { last_received { term: 1 index: 1 } } ignore_live_leader: true dest_uuid: "4886893eadc5484d9453f0b96966415d"
I20260709 12:16:36.584584 24353 tablet_service.cc:1917] Received RequestConsensusVote() RPC: tablet_id: "3aacbdd07654470b953caeff593542bb" candidate_uuid: "887c29e4034d4f0e9dcd132487cff524" candidate_term: 2 candidate_status { last_received { term: 1 index: 1 } } ignore_live_leader: true dest_uuid: "bbfeaf3dff62470f835a9396a1a4e788"
I20260709 12:16:36.584870 24203 raft_consensus.cc:3055] T 3aacbdd07654470b953caeff593542bb P 4886893eadc5484d9453f0b96966415d [term 1 LEADER]: Stepping down as leader of term 1
I20260709 12:16:36.585026 24353 raft_consensus.cc:3060] T 3aacbdd07654470b953caeff593542bb P bbfeaf3dff62470f835a9396a1a4e788 [term 1 FOLLOWER]: Advancing to term 2
I20260709 12:16:36.585139 24203 raft_consensus.cc:740] T 3aacbdd07654470b953caeff593542bb P 4886893eadc5484d9453f0b96966415d [term 1 LEADER]: Becoming Follower/Learner. State: Replica: 4886893eadc5484d9453f0b96966415d, State: Running, Role: LEADER
I20260709 12:16:36.586654 24203 consensus_queue.cc:260] T 3aacbdd07654470b953caeff593542bb P 4886893eadc5484d9453f0b96966415d [NON_LEADER]: Queue going to NON_LEADER mode. State: All replicated index: 0, Majority replicated index: 1, Committed index: 1, Last appended: 1.1, Last appended by leader: 1, Current term: 1, Majority size: -1, State: 0, Mode: NON_LEADER, active raft config: opid_index: -1 OBSOLETE_local: false peers { permanent_uuid: "4886893eadc5484d9453f0b96966415d" member_type: VOTER last_known_addr { host: "127.23.2.1" port: 35091 } } peers { permanent_uuid: "887c29e4034d4f0e9dcd132487cff524" member_type: VOTER last_known_addr { host: "127.23.2.2" port: 35707 } } peers { permanent_uuid: "bbfeaf3dff62470f835a9396a1a4e788" member_type: VOTER last_known_addr { host: "127.23.2.3" port: 46671 } }
I20260709 12:16:36.587672 24203 raft_consensus.cc:3060] T 3aacbdd07654470b953caeff593542bb P 4886893eadc5484d9453f0b96966415d [term 1 FOLLOWER]: Advancing to term 2
I20260709 12:16:36.589751 24353 raft_consensus.cc:2468] T 3aacbdd07654470b953caeff593542bb P bbfeaf3dff62470f835a9396a1a4e788 [term 2 FOLLOWER]: Leader election vote request: Granting yes vote for candidate 887c29e4034d4f0e9dcd132487cff524 in term 2.
I20260709 12:16:36.590580 24243 leader_election.cc:304] T 3aacbdd07654470b953caeff593542bb P 887c29e4034d4f0e9dcd132487cff524 [CANDIDATE]: Term 2 election: Election decided. Result: candidate won. Election summary: received 2 responses out of 3 voters: 2 yes votes; 0 no votes. yes voters: 887c29e4034d4f0e9dcd132487cff524, bbfeaf3dff62470f835a9396a1a4e788; no voters: 
I20260709 12:16:36.591151 24548 raft_consensus.cc:2804] T 3aacbdd07654470b953caeff593542bb P 887c29e4034d4f0e9dcd132487cff524 [term 2 FOLLOWER]: Leader election won for term 2
I20260709 12:16:36.591506 24548 raft_consensus.cc:697] T 3aacbdd07654470b953caeff593542bb P 887c29e4034d4f0e9dcd132487cff524 [term 2 LEADER]: Becoming Leader. State: Replica: 887c29e4034d4f0e9dcd132487cff524, State: Running, Role: LEADER
I20260709 12:16:36.591853 24203 raft_consensus.cc:2468] T 3aacbdd07654470b953caeff593542bb P 4886893eadc5484d9453f0b96966415d [term 2 FOLLOWER]: Leader election vote request: Granting yes vote for candidate 887c29e4034d4f0e9dcd132487cff524 in term 2.
I20260709 12:16:36.592252 24548 consensus_queue.cc:237] T 3aacbdd07654470b953caeff593542bb P 887c29e4034d4f0e9dcd132487cff524 [LEADER]: Queue going to LEADER mode. State: All replicated index: 0, Majority replicated index: 1, Committed index: 1, Last appended: 1.1, Last appended by leader: 1, Current term: 2, Majority size: 2, State: 0, Mode: LEADER, active raft config: opid_index: -1 OBSOLETE_local: false peers { permanent_uuid: "4886893eadc5484d9453f0b96966415d" member_type: VOTER last_known_addr { host: "127.23.2.1" port: 35091 } } peers { permanent_uuid: "887c29e4034d4f0e9dcd132487cff524" member_type: VOTER last_known_addr { host: "127.23.2.2" port: 35707 } } peers { permanent_uuid: "bbfeaf3dff62470f835a9396a1a4e788" member_type: VOTER last_known_addr { host: "127.23.2.3" port: 46671 } }
I20260709 12:16:36.598832 24101 catalog_manager.cc:5697] T 3aacbdd07654470b953caeff593542bb P 887c29e4034d4f0e9dcd132487cff524 reported cstate change: term changed from 1 to 2, leader changed from 4886893eadc5484d9453f0b96966415d (127.23.2.1) to 887c29e4034d4f0e9dcd132487cff524 (127.23.2.2). New cstate: current_term: 2 leader_uuid: "887c29e4034d4f0e9dcd132487cff524" committed_config { opid_index: -1 OBSOLETE_local: false peers { permanent_uuid: "4886893eadc5484d9453f0b96966415d" member_type: VOTER last_known_addr { host: "127.23.2.1" port: 35091 } health_report { overall_health: UNKNOWN } } peers { permanent_uuid: "887c29e4034d4f0e9dcd132487cff524" member_type: VOTER last_known_addr { host: "127.23.2.2" port: 35707 } health_report { overall_health: HEALTHY } } peers { permanent_uuid: "bbfeaf3dff62470f835a9396a1a4e788" member_type: VOTER last_known_addr { host: "127.23.2.3" port: 46671 } health_report { overall_health: UNKNOWN } } }
I20260709 12:16:36.680801 24203 raft_consensus.cc:1275] T 89b32f08e0cb48c7b0b2cab5a39474fc P 4886893eadc5484d9453f0b96966415d [term 5 FOLLOWER]: Refusing update from remote peer 887c29e4034d4f0e9dcd132487cff524: Log matching property violated. Preceding OpId in replica: term: 4 index: 4. Preceding OpId from leader: term: 5 index: 5. (index mismatch)
I20260709 12:16:36.681994 24548 consensus_queue.cc:1048] T 89b32f08e0cb48c7b0b2cab5a39474fc P 887c29e4034d4f0e9dcd132487cff524 [LEADER]: Connected to new peer: Peer: permanent_uuid: "4886893eadc5484d9453f0b96966415d" member_type: VOTER last_known_addr { host: "127.23.2.1" port: 35091 }, Status: LMP_MISMATCH, Last received: 0.0, Next index: 5, Last known committed idx: 4, Time since last communication: 0.000s
I20260709 12:16:36.691525 24353 raft_consensus.cc:1275] T 89b32f08e0cb48c7b0b2cab5a39474fc P bbfeaf3dff62470f835a9396a1a4e788 [term 5 FOLLOWER]: Refusing update from remote peer 887c29e4034d4f0e9dcd132487cff524: Log matching property violated. Preceding OpId in replica: term: 4 index: 4. Preceding OpId from leader: term: 5 index: 5. (index mismatch)
I20260709 12:16:36.692749 24538 consensus_queue.cc:1048] T 89b32f08e0cb48c7b0b2cab5a39474fc P 887c29e4034d4f0e9dcd132487cff524 [LEADER]: Connected to new peer: Peer: permanent_uuid: "bbfeaf3dff62470f835a9396a1a4e788" member_type: VOTER last_known_addr { host: "127.23.2.3" port: 46671 }, Status: LMP_MISMATCH, Last received: 0.0, Next index: 5, Last known committed idx: 4, Time since last communication: 0.000s
I20260709 12:16:36.767289 24277 raft_consensus.cc:1275] T 2e7ce9af10f64863875294209430d33d P 887c29e4034d4f0e9dcd132487cff524 [term 3 FOLLOWER]: Refusing update from remote peer bbfeaf3dff62470f835a9396a1a4e788: Log matching property violated. Preceding OpId in replica: term: 2 index: 2. Preceding OpId from leader: term: 3 index: 3. (index mismatch)
I20260709 12:16:36.768355 24515 consensus_queue.cc:1048] T 2e7ce9af10f64863875294209430d33d P bbfeaf3dff62470f835a9396a1a4e788 [LEADER]: Connected to new peer: Peer: permanent_uuid: "887c29e4034d4f0e9dcd132487cff524" member_type: VOTER last_known_addr { host: "127.23.2.2" port: 35707 }, Status: LMP_MISMATCH, Last received: 0.0, Next index: 3, Last known committed idx: 2, Time since last communication: 0.000s
I20260709 12:16:36.777176 24203 raft_consensus.cc:1275] T 2e7ce9af10f64863875294209430d33d P 4886893eadc5484d9453f0b96966415d [term 3 FOLLOWER]: Refusing update from remote peer bbfeaf3dff62470f835a9396a1a4e788: Log matching property violated. Preceding OpId in replica: term: 2 index: 2. Preceding OpId from leader: term: 3 index: 3. (index mismatch)
I20260709 12:16:36.779492 24565 consensus_queue.cc:1048] T 2e7ce9af10f64863875294209430d33d P bbfeaf3dff62470f835a9396a1a4e788 [LEADER]: Connected to new peer: Peer: permanent_uuid: "4886893eadc5484d9453f0b96966415d" member_type: VOTER last_known_addr { host: "127.23.2.1" port: 35091 }, Status: LMP_MISMATCH, Last received: 0.0, Next index: 3, Last known committed idx: 2, Time since last communication: 0.000s
I20260709 12:16:36.824307 24277 raft_consensus.cc:1275] T dbbf94b9bc354e73b910fd0661e3e581 P 887c29e4034d4f0e9dcd132487cff524 [term 3 FOLLOWER]: Refusing update from remote peer bbfeaf3dff62470f835a9396a1a4e788: Log matching property violated. Preceding OpId in replica: term: 2 index: 2. Preceding OpId from leader: term: 3 index: 3. (index mismatch)
I20260709 12:16:36.825519 24565 consensus_queue.cc:1048] T dbbf94b9bc354e73b910fd0661e3e581 P bbfeaf3dff62470f835a9396a1a4e788 [LEADER]: Connected to new peer: Peer: permanent_uuid: "887c29e4034d4f0e9dcd132487cff524" member_type: VOTER last_known_addr { host: "127.23.2.2" port: 35707 }, Status: LMP_MISMATCH, Last received: 0.0, Next index: 3, Last known committed idx: 2, Time since last communication: 0.000s
I20260709 12:16:36.833884 24204 raft_consensus.cc:1275] T dbbf94b9bc354e73b910fd0661e3e581 P 4886893eadc5484d9453f0b96966415d [term 3 FOLLOWER]: Refusing update from remote peer bbfeaf3dff62470f835a9396a1a4e788: Log matching property violated. Preceding OpId in replica: term: 2 index: 2. Preceding OpId from leader: term: 3 index: 3. (index mismatch)
I20260709 12:16:36.835373 24565 consensus_queue.cc:1048] T dbbf94b9bc354e73b910fd0661e3e581 P bbfeaf3dff62470f835a9396a1a4e788 [LEADER]: Connected to new peer: Peer: permanent_uuid: "4886893eadc5484d9453f0b96966415d" member_type: VOTER last_known_addr { host: "127.23.2.1" port: 35091 }, Status: LMP_MISMATCH, Last received: 0.0, Next index: 3, Last known committed idx: 2, Time since last communication: 0.000s
I20260709 12:16:36.977890 24353 raft_consensus.cc:1275] T 3aacbdd07654470b953caeff593542bb P bbfeaf3dff62470f835a9396a1a4e788 [term 2 FOLLOWER]: Refusing update from remote peer 887c29e4034d4f0e9dcd132487cff524: Log matching property violated. Preceding OpId in replica: term: 1 index: 1. Preceding OpId from leader: term: 2 index: 2. (index mismatch)
I20260709 12:16:36.979270 24538 consensus_queue.cc:1048] T 3aacbdd07654470b953caeff593542bb P 887c29e4034d4f0e9dcd132487cff524 [LEADER]: Connected to new peer: Peer: permanent_uuid: "bbfeaf3dff62470f835a9396a1a4e788" member_type: VOTER last_known_addr { host: "127.23.2.3" port: 46671 }, Status: LMP_MISMATCH, Last received: 0.0, Next index: 2, Last known committed idx: 1, Time since last communication: 0.000s
I20260709 12:16:36.987531 24204 raft_consensus.cc:1275] T 3aacbdd07654470b953caeff593542bb P 4886893eadc5484d9453f0b96966415d [term 2 FOLLOWER]: Refusing update from remote peer 887c29e4034d4f0e9dcd132487cff524: Log matching property violated. Preceding OpId in replica: term: 1 index: 1. Preceding OpId from leader: term: 2 index: 2. (index mismatch)
I20260709 12:16:36.989012 24538 consensus_queue.cc:1048] T 3aacbdd07654470b953caeff593542bb P 887c29e4034d4f0e9dcd132487cff524 [LEADER]: Connected to new peer: Peer: permanent_uuid: "4886893eadc5484d9453f0b96966415d" member_type: VOTER last_known_addr { host: "127.23.2.1" port: 35091 }, Status: LMP_MISMATCH, Last received: 0.0, Next index: 2, Last known committed idx: 1, Time since last communication: 0.000s
I20260709 12:16:37.195956 23560 auto_leader_rebalancer.cc:141] leader rebalance for table test-workload
I20260709 12:16:37.201898 23560 auto_leader_rebalancer.cc:440] table: test-workload, leader rebalance finish, leader transfer count: 0
I20260709 12:16:37.202329 23560 auto_leader_rebalancer.cc:515] All tables' leader rebalancing finished this round
I20260709 12:16:38.203743 23560 auto_leader_rebalancer.cc:141] leader rebalance for table test-workload
I20260709 12:16:38.211318 23560 auto_leader_rebalancer.cc:440] table: test-workload, leader rebalance finish, leader transfer count: 0
I20260709 12:16:38.211766 23560 auto_leader_rebalancer.cc:515] All tables' leader rebalancing finished this round
I20260709 12:16:39.212841 23560 auto_leader_rebalancer.cc:141] leader rebalance for table test-workload
I20260709 12:16:39.219295 23560 auto_leader_rebalancer.cc:440] table: test-workload, leader rebalance finish, leader transfer count: 0
I20260709 12:16:39.219897 23560 auto_leader_rebalancer.cc:515] All tables' leader rebalancing finished this round
I20260709 12:16:40.220888 23560 auto_leader_rebalancer.cc:141] leader rebalance for table test-workload
I20260709 12:16:40.227756 23560 auto_leader_rebalancer.cc:440] table: test-workload, leader rebalance finish, leader transfer count: 0
I20260709 12:16:40.228152 23560 auto_leader_rebalancer.cc:515] All tables' leader rebalancing finished this round
I20260709 12:16:41.229130 23560 auto_leader_rebalancer.cc:141] leader rebalance for table test-workload
I20260709 12:16:41.234452 23560 auto_leader_rebalancer.cc:440] table: test-workload, leader rebalance finish, leader transfer count: 0
I20260709 12:16:41.234890 23560 auto_leader_rebalancer.cc:515] All tables' leader rebalancing finished this round
I20260709 12:16:42.235847 23560 auto_leader_rebalancer.cc:141] leader rebalance for table test-workload
I20260709 12:16:42.241120 23560 auto_leader_rebalancer.cc:440] table: test-workload, leader rebalance finish, leader transfer count: 0
I20260709 12:16:42.241585 23560 auto_leader_rebalancer.cc:515] All tables' leader rebalancing finished this round
I20260709 12:16:43.242631 23560 auto_leader_rebalancer.cc:141] leader rebalance for table test-workload
I20260709 12:16:43.248553 23560 auto_leader_rebalancer.cc:440] table: test-workload, leader rebalance finish, leader transfer count: 0
I20260709 12:16:43.248992 23560 auto_leader_rebalancer.cc:515] All tables' leader rebalancing finished this round
I20260709 12:16:44.249931 23560 auto_leader_rebalancer.cc:141] leader rebalance for table test-workload
I20260709 12:16:44.256196 23560 auto_leader_rebalancer.cc:440] table: test-workload, leader rebalance finish, leader transfer count: 0
I20260709 12:16:44.256762 23560 auto_leader_rebalancer.cc:515] All tables' leader rebalancing finished this round
I20260709 12:16:45.257718 23560 auto_leader_rebalancer.cc:141] leader rebalance for table test-workload
I20260709 12:16:45.263221 23560 auto_leader_rebalancer.cc:440] table: test-workload, leader rebalance finish, leader transfer count: 0
I20260709 12:16:45.263630 23560 auto_leader_rebalancer.cc:515] All tables' leader rebalancing finished this round
I20260709 12:16:46.298498 23560 auto_leader_rebalancer-test.cc:410] The leader distribution is 
I20260709 12:16:46.298940 23560 tablet_server.cc:179] TabletServer@127.23.2.1:0 shutting down...
I20260709 12:16:46.324532 23560 ts_tablet_manager.cc:1507] Shutting down tablet manager...
I20260709 12:16:46.325193 23560 tablet_replica.cc:333] T c2f7a044626d4e3882d0b07ee5aee567 P 4886893eadc5484d9453f0b96966415d: stopping tablet replica
I20260709 12:16:46.325800 23560 raft_consensus.cc:2243] T c2f7a044626d4e3882d0b07ee5aee567 P 4886893eadc5484d9453f0b96966415d [term 2 FOLLOWER]: Raft consensus shutting down.
I20260709 12:16:46.326309 23560 raft_consensus.cc:2272] T c2f7a044626d4e3882d0b07ee5aee567 P 4886893eadc5484d9453f0b96966415d [term 2 FOLLOWER]: Raft consensus is shut down!
I20260709 12:16:46.328219 23560 tablet_replica.cc:333] T 46624391d48246e8ac5d3231738a6732 P 4886893eadc5484d9453f0b96966415d: stopping tablet replica
I20260709 12:16:46.328701 23560 raft_consensus.cc:2243] T 46624391d48246e8ac5d3231738a6732 P 4886893eadc5484d9453f0b96966415d [term 1 FOLLOWER]: Raft consensus shutting down.
I20260709 12:16:46.329061 23560 raft_consensus.cc:2272] T 46624391d48246e8ac5d3231738a6732 P 4886893eadc5484d9453f0b96966415d [term 1 FOLLOWER]: Raft consensus is shut down!
I20260709 12:16:46.330909 23560 tablet_replica.cc:333] T e6d4c5709a4d4b569af60aed54f6c149 P 4886893eadc5484d9453f0b96966415d: stopping tablet replica
I20260709 12:16:46.331553 23560 raft_consensus.cc:2243] T e6d4c5709a4d4b569af60aed54f6c149 P 4886893eadc5484d9453f0b96966415d [term 3 LEADER]: Raft consensus shutting down.
I20260709 12:16:46.332432 23560 raft_consensus.cc:2272] T e6d4c5709a4d4b569af60aed54f6c149 P 4886893eadc5484d9453f0b96966415d [term 3 FOLLOWER]: Raft consensus is shut down!
I20260709 12:16:46.334888 23560 tablet_replica.cc:333] T c07cfd1fbdae47cd8a57960e1120223a P 4886893eadc5484d9453f0b96966415d: stopping tablet replica
I20260709 12:16:46.335626 23560 raft_consensus.cc:2243] T c07cfd1fbdae47cd8a57960e1120223a P 4886893eadc5484d9453f0b96966415d [term 2 LEADER]: Raft consensus shutting down.
I20260709 12:16:46.336712 23560 raft_consensus.cc:2272] T c07cfd1fbdae47cd8a57960e1120223a P 4886893eadc5484d9453f0b96966415d [term 2 FOLLOWER]: Raft consensus is shut down!
I20260709 12:16:46.338644 23560 tablet_replica.cc:333] T c01bd59d5c1249b1b91af4f16ead7dc1 P 4886893eadc5484d9453f0b96966415d: stopping tablet replica
I20260709 12:16:46.339118 23560 raft_consensus.cc:2243] T c01bd59d5c1249b1b91af4f16ead7dc1 P 4886893eadc5484d9453f0b96966415d [term 2 LEADER]: Raft consensus shutting down.
I20260709 12:16:46.339864 23560 raft_consensus.cc:2272] T c01bd59d5c1249b1b91af4f16ead7dc1 P 4886893eadc5484d9453f0b96966415d [term 2 FOLLOWER]: Raft consensus is shut down!
I20260709 12:16:46.341653 23560 tablet_replica.cc:333] T f016f81ae70345c7b57c8b40362f2d90 P 4886893eadc5484d9453f0b96966415d: stopping tablet replica
I20260709 12:16:46.342128 23560 raft_consensus.cc:2243] T f016f81ae70345c7b57c8b40362f2d90 P 4886893eadc5484d9453f0b96966415d [term 3 LEADER]: Raft consensus shutting down.
I20260709 12:16:46.342871 23560 raft_consensus.cc:2272] T f016f81ae70345c7b57c8b40362f2d90 P 4886893eadc5484d9453f0b96966415d [term 3 FOLLOWER]: Raft consensus is shut down!
I20260709 12:16:46.344513 23560 tablet_replica.cc:333] T 3aacbdd07654470b953caeff593542bb P 4886893eadc5484d9453f0b96966415d: stopping tablet replica
I20260709 12:16:46.344956 23560 raft_consensus.cc:2243] T 3aacbdd07654470b953caeff593542bb P 4886893eadc5484d9453f0b96966415d [term 2 FOLLOWER]: Raft consensus shutting down.
I20260709 12:16:46.345574 23560 raft_consensus.cc:2272] T 3aacbdd07654470b953caeff593542bb P 4886893eadc5484d9453f0b96966415d [term 2 FOLLOWER]: Raft consensus is shut down!
I20260709 12:16:46.347278 23560 tablet_replica.cc:333] T 89b32f08e0cb48c7b0b2cab5a39474fc P 4886893eadc5484d9453f0b96966415d: stopping tablet replica
I20260709 12:16:46.347687 23560 raft_consensus.cc:2243] T 89b32f08e0cb48c7b0b2cab5a39474fc P 4886893eadc5484d9453f0b96966415d [term 5 FOLLOWER]: Raft consensus shutting down.
I20260709 12:16:46.348104 23560 raft_consensus.cc:2272] T 89b32f08e0cb48c7b0b2cab5a39474fc P 4886893eadc5484d9453f0b96966415d [term 5 FOLLOWER]: Raft consensus is shut down!
I20260709 12:16:46.349872 23560 tablet_replica.cc:333] T dbbf94b9bc354e73b910fd0661e3e581 P 4886893eadc5484d9453f0b96966415d: stopping tablet replica
I20260709 12:16:46.350329 23560 raft_consensus.cc:2243] T dbbf94b9bc354e73b910fd0661e3e581 P 4886893eadc5484d9453f0b96966415d [term 3 FOLLOWER]: Raft consensus shutting down.
I20260709 12:16:46.350739 23560 raft_consensus.cc:2272] T dbbf94b9bc354e73b910fd0661e3e581 P 4886893eadc5484d9453f0b96966415d [term 3 FOLLOWER]: Raft consensus is shut down!
I20260709 12:16:46.352408 23560 tablet_replica.cc:333] T 2e7ce9af10f64863875294209430d33d P 4886893eadc5484d9453f0b96966415d: stopping tablet replica
I20260709 12:16:46.352797 23560 raft_consensus.cc:2243] T 2e7ce9af10f64863875294209430d33d P 4886893eadc5484d9453f0b96966415d [term 3 FOLLOWER]: Raft consensus shutting down.
I20260709 12:16:46.353170 23560 raft_consensus.cc:2272] T 2e7ce9af10f64863875294209430d33d P 4886893eadc5484d9453f0b96966415d [term 3 FOLLOWER]: Raft consensus is shut down!
I20260709 12:16:46.383703 23560 tablet_server.cc:196] TabletServer@127.23.2.1:0 shutdown complete.
I20260709 12:16:46.403209 23560 tablet_server.cc:179] TabletServer@127.23.2.2:0 shutting down...
W20260709 12:16:46.406513 24243 proxy.cc:239] Call had error, refreshing address and retrying: Network error: Client connection negotiation failed: client connection to 127.23.2.1:35091: connect: Connection refused (error 111) [suppressed 5 similar messages]
W20260709 12:16:46.412285 24243 consensus_peers.cc:597] T c2f7a044626d4e3882d0b07ee5aee567 P 887c29e4034d4f0e9dcd132487cff524 -> Peer 4886893eadc5484d9453f0b96966415d (127.23.2.1:35091): Couldn't send request to peer 4886893eadc5484d9453f0b96966415d. Status: Network error: Client connection negotiation failed: client connection to 127.23.2.1:35091: connect: Connection refused (error 111). This is attempt 1: this message will repeat every 5th retry.
W20260709 12:16:46.423646 24317 consensus_peers.cc:597] T dbbf94b9bc354e73b910fd0661e3e581 P bbfeaf3dff62470f835a9396a1a4e788 -> Peer 4886893eadc5484d9453f0b96966415d (127.23.2.1:35091): Couldn't send request to peer 4886893eadc5484d9453f0b96966415d. Status: Network error: Client connection negotiation failed: client connection to 127.23.2.1:35091: connect: Connection refused (error 111). This is attempt 1: this message will repeat every 5th retry.
I20260709 12:16:46.430090 23560 ts_tablet_manager.cc:1507] Shutting down tablet manager...
I20260709 12:16:46.430711 23560 tablet_replica.cc:333] T e6d4c5709a4d4b569af60aed54f6c149 P 887c29e4034d4f0e9dcd132487cff524: stopping tablet replica
I20260709 12:16:46.431409 23560 raft_consensus.cc:2243] T e6d4c5709a4d4b569af60aed54f6c149 P 887c29e4034d4f0e9dcd132487cff524 [term 3 FOLLOWER]: Raft consensus shutting down.
I20260709 12:16:46.431885 23560 raft_consensus.cc:2272] T e6d4c5709a4d4b569af60aed54f6c149 P 887c29e4034d4f0e9dcd132487cff524 [term 3 FOLLOWER]: Raft consensus is shut down!
I20260709 12:16:46.433630 23560 tablet_replica.cc:333] T c2f7a044626d4e3882d0b07ee5aee567 P 887c29e4034d4f0e9dcd132487cff524: stopping tablet replica
I20260709 12:16:46.434109 23560 raft_consensus.cc:2243] T c2f7a044626d4e3882d0b07ee5aee567 P 887c29e4034d4f0e9dcd132487cff524 [term 2 LEADER]: Raft consensus shutting down.
I20260709 12:16:46.434867 23560 raft_consensus.cc:2272] T c2f7a044626d4e3882d0b07ee5aee567 P 887c29e4034d4f0e9dcd132487cff524 [term 2 FOLLOWER]: Raft consensus is shut down!
I20260709 12:16:46.436609 23560 tablet_replica.cc:333] T 46624391d48246e8ac5d3231738a6732 P 887c29e4034d4f0e9dcd132487cff524: stopping tablet replica
I20260709 12:16:46.437161 23560 raft_consensus.cc:2243] T 46624391d48246e8ac5d3231738a6732 P 887c29e4034d4f0e9dcd132487cff524 [term 1 FOLLOWER]: Raft consensus shutting down.
I20260709 12:16:46.437572 23560 raft_consensus.cc:2272] T 46624391d48246e8ac5d3231738a6732 P 887c29e4034d4f0e9dcd132487cff524 [term 1 FOLLOWER]: Raft consensus is shut down!
I20260709 12:16:46.439157 23560 tablet_replica.cc:333] T c07cfd1fbdae47cd8a57960e1120223a P 887c29e4034d4f0e9dcd132487cff524: stopping tablet replica
I20260709 12:16:46.439652 23560 raft_consensus.cc:2243] T c07cfd1fbdae47cd8a57960e1120223a P 887c29e4034d4f0e9dcd132487cff524 [term 2 FOLLOWER]: Raft consensus shutting down.
