I20260709 12:16:49.974155 24980 raft_consensus.cc:2804] T 182e6376dc2a4a5d9306fec42610a470 P 158c419dafcc4bc8baed0048c8c3074a [term 1 FOLLOWER]: Leader election won for term 1
I20260709 12:16:49.975805 24904 tablet_bootstrap.cc:654] T 8d12f676b954478ca1f1ed124a2d1ed1 P 5c20dd3730fb4b90a2e255c5d391a744: Neither blocks nor log segments found. Creating new log.
I20260709 12:16:49.974824 24980 raft_consensus.cc:697] T 182e6376dc2a4a5d9306fec42610a470 P 158c419dafcc4bc8baed0048c8c3074a [term 1 LEADER]: Becoming Leader. State: Replica: 158c419dafcc4bc8baed0048c8c3074a, State: Running, Role: LEADER
I20260709 12:16:49.978847 24861 raft_consensus.cc:3060] T 8c37cdd65e0548fb9945e6b5bfc50649 P 38e1a177bf144414a25ce19afaa073d3 [term 0 FOLLOWER]: Advancing to term 1
I20260709 12:16:49.979410 24975 consensus_queue.cc:1048] T c3dd6deb4cb14150b742cb281787d0d6 P 38e1a177bf144414a25ce19afaa073d3 [LEADER]: Connected to new peer: Peer: permanent_uuid: "158c419dafcc4bc8baed0048c8c3074a" member_type: VOTER last_known_addr { host: "127.23.2.2" port: 46823 }, Status: LMP_MISMATCH, Last received: 0.0, Next index: 1, Last known committed idx: 0, Time since last communication: 0.000s
I20260709 12:16:49.979212 24980 consensus_queue.cc:237] T 182e6376dc2a4a5d9306fec42610a470 P 158c419dafcc4bc8baed0048c8c3074a [LEADER]: Queue going to LEADER mode. State: All replicated index: 0, Majority replicated index: 0, Committed index: 0, Last appended: 0.0, Last appended by leader: 0, Current term: 1, Majority size: 2, State: 0, Mode: LEADER, active raft config: opid_index: -1 OBSOLETE_local: false peers { permanent_uuid: "5c20dd3730fb4b90a2e255c5d391a744" member_type: VOTER last_known_addr { host: "127.23.2.1" port: 39257 } } peers { permanent_uuid: "158c419dafcc4bc8baed0048c8c3074a" member_type: VOTER last_known_addr { host: "127.23.2.2" port: 46823 } } peers { permanent_uuid: "38e1a177bf144414a25ce19afaa073d3" member_type: VOTER last_known_addr { host: "127.23.2.3" port: 37191 } }
I20260709 12:16:49.980965 24610 catalog_manager.cc:5697] T fa7806dadc86496681520f6885d87711 P 158c419dafcc4bc8baed0048c8c3074a reported cstate change: term changed from 0 to 1, leader changed from <none> to 158c419dafcc4bc8baed0048c8c3074a (127.23.2.2). New cstate: current_term: 1 leader_uuid: "158c419dafcc4bc8baed0048c8c3074a" committed_config { opid_index: -1 OBSOLETE_local: false peers { permanent_uuid: "5c20dd3730fb4b90a2e255c5d391a744" member_type: VOTER last_known_addr { host: "127.23.2.1" port: 39257 } health_report { overall_health: UNKNOWN } } peers { permanent_uuid: "158c419dafcc4bc8baed0048c8c3074a" member_type: VOTER last_known_addr { host: "127.23.2.2" port: 46823 } health_report { overall_health: HEALTHY } } peers { permanent_uuid: "38e1a177bf144414a25ce19afaa073d3" member_type: VOTER last_known_addr { host: "127.23.2.3" port: 37191 } health_report { overall_health: UNKNOWN } } }
I20260709 12:16:49.982383 24909 tablet_bootstrap.cc:654] T c11d10e74e1740959d4094d57ee5511c P 38e1a177bf144414a25ce19afaa073d3: Neither blocks nor log segments found. Creating new log.
I20260709 12:16:49.968438 24946 raft_consensus.cc:493] T 9676ef44ac3e431aa94d97d208d843ec P 5c20dd3730fb4b90a2e255c5d391a744 [term 0 FOLLOWER]: Starting pre-election (no leader contacted us within the election timeout)
I20260709 12:16:49.984103 24946 raft_consensus.cc:515] T 9676ef44ac3e431aa94d97d208d843ec P 5c20dd3730fb4b90a2e255c5d391a744 [term 0 FOLLOWER]: Starting pre-election with config: opid_index: -1 OBSOLETE_local: false peers { permanent_uuid: "5c20dd3730fb4b90a2e255c5d391a744" member_type: VOTER last_known_addr { host: "127.23.2.1" port: 39257 } } peers { permanent_uuid: "158c419dafcc4bc8baed0048c8c3074a" member_type: VOTER last_known_addr { host: "127.23.2.2" port: 46823 } } peers { permanent_uuid: "38e1a177bf144414a25ce19afaa073d3" member_type: VOTER last_known_addr { host: "127.23.2.3" port: 37191 } }
I20260709 12:16:49.987412 24785 tablet_service.cc:1917] Received RequestConsensusVote() RPC: tablet_id: "9676ef44ac3e431aa94d97d208d843ec" candidate_uuid: "5c20dd3730fb4b90a2e255c5d391a744" candidate_term: 1 candidate_status { last_received { term: 0 index: 0 } } ignore_live_leader: false dest_uuid: "158c419dafcc4bc8baed0048c8c3074a" is_pre_election: true
W20260709 12:16:49.992313 24660 auto_rebalancer.cc:288] Could not retrieve cluster info: Service unavailable: Tablet not running
W20260709 12:16:49.988796 24678 leader_election.cc:343] T 9676ef44ac3e431aa94d97d208d843ec P 5c20dd3730fb4b90a2e255c5d391a744 [CANDIDATE]: Term 1 pre-election: Tablet error from VoteRequest() call to peer 158c419dafcc4bc8baed0048c8c3074a (127.23.2.2:46823): Illegal state: must be running to vote when last-logged opid is not known
I20260709 12:16:49.998978 24977 raft_consensus.cc:2749] T 0ffd93567a60478f9afb749619a05296 P 38e1a177bf144414a25ce19afaa073d3 [term 1 FOLLOWER]: Leader pre-election lost for term 1. Reason: could not achieve majority
W20260709 12:16:50.007589 24989 log.cc:927] Time spent T 78b3f83a2bb24398af8c3b0f46fb59bb P 5c20dd3730fb4b90a2e255c5d391a744: Append to log took a long time: real 0.070s	user 0.001s	sys 0.000s
I20260709 12:16:50.011338 24946 leader_election.cc:290] T 9676ef44ac3e431aa94d97d208d843ec P 5c20dd3730fb4b90a2e255c5d391a744 [CANDIDATE]: Term 1 pre-election: Requested pre-vote from peers 158c419dafcc4bc8baed0048c8c3074a (127.23.2.2:46823), 38e1a177bf144414a25ce19afaa073d3 (127.23.2.3:37191)
I20260709 12:16:50.015873 24977 raft_consensus.cc:493] T f2d469cbd3a14d95aca4892888aaf7dd P 38e1a177bf144414a25ce19afaa073d3 [term 0 FOLLOWER]: Starting pre-election (no leader contacted us within the election timeout)
I20260709 12:16:50.014997 24946 consensus_queue.cc:1048] T 8c37cdd65e0548fb9945e6b5bfc50649 P 5c20dd3730fb4b90a2e255c5d391a744 [LEADER]: Connected to new peer: Peer: permanent_uuid: "38e1a177bf144414a25ce19afaa073d3" member_type: VOTER last_known_addr { host: "127.23.2.3" port: 37191 }, Status: LMP_MISMATCH, Last received: 0.0, Next index: 1, Last known committed idx: 0, Time since last communication: 0.003s
I20260709 12:16:50.016671 24861 tablet_service.cc:1917] Received RequestConsensusVote() RPC: tablet_id: "9676ef44ac3e431aa94d97d208d843ec" candidate_uuid: "5c20dd3730fb4b90a2e255c5d391a744" candidate_term: 1 candidate_status { last_received { term: 0 index: 0 } } ignore_live_leader: false dest_uuid: "38e1a177bf144414a25ce19afaa073d3" is_pre_election: true
I20260709 12:16:50.021839 24903 tablet_bootstrap.cc:492] T 9676ef44ac3e431aa94d97d208d843ec P 158c419dafcc4bc8baed0048c8c3074a: No bootstrap required, opened a new log
I20260709 12:16:50.022300 24903 ts_tablet_manager.cc:1403] T 9676ef44ac3e431aa94d97d208d843ec P 158c419dafcc4bc8baed0048c8c3074a: Time spent bootstrapping tablet: real 0.095s	user 0.012s	sys 0.004s
W20260709 12:16:50.022393 24678 leader_election.cc:343] T 9676ef44ac3e431aa94d97d208d843ec P 5c20dd3730fb4b90a2e255c5d391a744 [CANDIDATE]: Term 1 pre-election: Tablet error from VoteRequest() call to peer 38e1a177bf144414a25ce19afaa073d3 (127.23.2.3:37191): Illegal state: must be running to vote when last-logged opid is not known
I20260709 12:16:50.025446 24678 leader_election.cc:304] T 9676ef44ac3e431aa94d97d208d843ec P 5c20dd3730fb4b90a2e255c5d391a744 [CANDIDATE]: Term 1 pre-election: Election decided. Result: candidate lost. Election summary: received 3 responses out of 3 voters: 1 yes votes; 2 no votes. yes voters: 5c20dd3730fb4b90a2e255c5d391a744; no voters: 158c419dafcc4bc8baed0048c8c3074a, 38e1a177bf144414a25ce19afaa073d3
I20260709 12:16:50.026810 24946 raft_consensus.cc:2749] T 9676ef44ac3e431aa94d97d208d843ec P 5c20dd3730fb4b90a2e255c5d391a744 [term 0 FOLLOWER]: Leader pre-election lost for term 1. Reason: could not achieve majority
I20260709 12:16:50.031112 24903 raft_consensus.cc:359] T 9676ef44ac3e431aa94d97d208d843ec P 158c419dafcc4bc8baed0048c8c3074a [term 0 FOLLOWER]: Replica starting. Triggering 0 pending ops. Active config: opid_index: -1 OBSOLETE_local: false peers { permanent_uuid: "5c20dd3730fb4b90a2e255c5d391a744" member_type: VOTER last_known_addr { host: "127.23.2.1" port: 39257 } } peers { permanent_uuid: "158c419dafcc4bc8baed0048c8c3074a" member_type: VOTER last_known_addr { host: "127.23.2.2" port: 46823 } } peers { permanent_uuid: "38e1a177bf144414a25ce19afaa073d3" member_type: VOTER last_known_addr { host: "127.23.2.3" port: 37191 } }
I20260709 12:16:50.031972 24903 raft_consensus.cc:385] T 9676ef44ac3e431aa94d97d208d843ec P 158c419dafcc4bc8baed0048c8c3074a [term 0 FOLLOWER]: Consensus starting up: Expiring failure detector timer to make a prompt election more likely
I20260709 12:16:50.032191 24903 raft_consensus.cc:740] T 9676ef44ac3e431aa94d97d208d843ec P 158c419dafcc4bc8baed0048c8c3074a [term 0 FOLLOWER]: Becoming Follower/Learner. State: Replica: 158c419dafcc4bc8baed0048c8c3074a, State: Initialized, Role: FOLLOWER
I20260709 12:16:50.032743 24903 consensus_queue.cc:260] T 9676ef44ac3e431aa94d97d208d843ec P 158c419dafcc4bc8baed0048c8c3074a [NON_LEADER]: Queue going to NON_LEADER mode. State: All replicated index: 0, Majority replicated index: 0, Committed index: 0, Last appended: 0.0, Last appended by leader: 0, Current term: 0, Majority size: -1, State: 0, Mode: NON_LEADER, active raft config: opid_index: -1 OBSOLETE_local: false peers { permanent_uuid: "5c20dd3730fb4b90a2e255c5d391a744" member_type: VOTER last_known_addr { host: "127.23.2.1" port: 39257 } } peers { permanent_uuid: "158c419dafcc4bc8baed0048c8c3074a" member_type: VOTER last_known_addr { host: "127.23.2.2" port: 46823 } } peers { permanent_uuid: "38e1a177bf144414a25ce19afaa073d3" member_type: VOTER last_known_addr { host: "127.23.2.3" port: 37191 } }
I20260709 12:16:50.036062 24903 ts_tablet_manager.cc:1434] T 9676ef44ac3e431aa94d97d208d843ec P 158c419dafcc4bc8baed0048c8c3074a: Time spent starting tablet: real 0.013s	user 0.005s	sys 0.000s
I20260709 12:16:50.036931 24903 tablet_bootstrap.cc:492] T 8d12f676b954478ca1f1ed124a2d1ed1 P 158c419dafcc4bc8baed0048c8c3074a: Bootstrap starting.
I20260709 12:16:50.018087 24977 raft_consensus.cc:515] T f2d469cbd3a14d95aca4892888aaf7dd P 38e1a177bf144414a25ce19afaa073d3 [term 0 FOLLOWER]: Starting pre-election with config: opid_index: -1 OBSOLETE_local: false peers { permanent_uuid: "5c20dd3730fb4b90a2e255c5d391a744" member_type: VOTER last_known_addr { host: "127.23.2.1" port: 39257 } } peers { permanent_uuid: "158c419dafcc4bc8baed0048c8c3074a" member_type: VOTER last_known_addr { host: "127.23.2.2" port: 46823 } } peers { permanent_uuid: "38e1a177bf144414a25ce19afaa073d3" member_type: VOTER last_known_addr { host: "127.23.2.3" port: 37191 } }
I20260709 12:16:50.040505 24909 tablet_bootstrap.cc:492] T c11d10e74e1740959d4094d57ee5511c P 38e1a177bf144414a25ce19afaa073d3: No bootstrap required, opened a new log
I20260709 12:16:50.041955 24909 ts_tablet_manager.cc:1403] T c11d10e74e1740959d4094d57ee5511c P 38e1a177bf144414a25ce19afaa073d3: Time spent bootstrapping tablet: real 0.166s	user 0.013s	sys 0.002s
I20260709 12:16:50.040683 24713 tablet_service.cc:1917] Received RequestConsensusVote() RPC: tablet_id: "f2d469cbd3a14d95aca4892888aaf7dd" candidate_uuid: "38e1a177bf144414a25ce19afaa073d3" candidate_term: 1 candidate_status { last_received { term: 0 index: 0 } } ignore_live_leader: false dest_uuid: "5c20dd3730fb4b90a2e255c5d391a744" is_pre_election: true
W20260709 12:16:50.043943 24827 leader_election.cc:343] T f2d469cbd3a14d95aca4892888aaf7dd P 38e1a177bf144414a25ce19afaa073d3 [CANDIDATE]: Term 1 pre-election: Tablet error from VoteRequest() call to peer 5c20dd3730fb4b90a2e255c5d391a744 (127.23.2.1:39257): Illegal state: must be running to vote when last-logged opid is not known
I20260709 12:16:50.047374 24977 leader_election.cc:290] T f2d469cbd3a14d95aca4892888aaf7dd P 38e1a177bf144414a25ce19afaa073d3 [CANDIDATE]: Term 1 pre-election: Requested pre-vote from peers 5c20dd3730fb4b90a2e255c5d391a744 (127.23.2.1:39257), 158c419dafcc4bc8baed0048c8c3074a (127.23.2.2:46823)
I20260709 12:16:50.049167 24788 tablet_service.cc:1917] Received RequestConsensusVote() RPC: tablet_id: "f2d469cbd3a14d95aca4892888aaf7dd" candidate_uuid: "38e1a177bf144414a25ce19afaa073d3" candidate_term: 1 candidate_status { last_received { term: 0 index: 0 } } ignore_live_leader: false dest_uuid: "158c419dafcc4bc8baed0048c8c3074a" is_pre_election: true
W20260709 12:16:50.052850 24827 leader_election.cc:343] T f2d469cbd3a14d95aca4892888aaf7dd P 38e1a177bf144414a25ce19afaa073d3 [CANDIDATE]: Term 1 pre-election: Tablet error from VoteRequest() call to peer 158c419dafcc4bc8baed0048c8c3074a (127.23.2.2:46823): Illegal state: must be running to vote when last-logged opid is not known
I20260709 12:16:50.053340 24827 leader_election.cc:304] T f2d469cbd3a14d95aca4892888aaf7dd P 38e1a177bf144414a25ce19afaa073d3 [CANDIDATE]: Term 1 pre-election: Election decided. Result: candidate lost. Election summary: received 3 responses out of 3 voters: 1 yes votes; 2 no votes. yes voters: 38e1a177bf144414a25ce19afaa073d3; no voters: 158c419dafcc4bc8baed0048c8c3074a, 5c20dd3730fb4b90a2e255c5d391a744
I20260709 12:16:50.054546 24977 raft_consensus.cc:2749] T f2d469cbd3a14d95aca4892888aaf7dd P 38e1a177bf144414a25ce19afaa073d3 [term 0 FOLLOWER]: Leader pre-election lost for term 1. Reason: could not achieve majority
I20260709 12:16:50.056632 24611 catalog_manager.cc:5697] T 182e6376dc2a4a5d9306fec42610a470 P 158c419dafcc4bc8baed0048c8c3074a reported cstate change: term changed from 0 to 1, leader changed from <none> to 158c419dafcc4bc8baed0048c8c3074a (127.23.2.2). New cstate: current_term: 1 leader_uuid: "158c419dafcc4bc8baed0048c8c3074a" committed_config { opid_index: -1 OBSOLETE_local: false peers { permanent_uuid: "5c20dd3730fb4b90a2e255c5d391a744" member_type: VOTER last_known_addr { host: "127.23.2.1" port: 39257 } health_report { overall_health: UNKNOWN } } peers { permanent_uuid: "158c419dafcc4bc8baed0048c8c3074a" member_type: VOTER last_known_addr { host: "127.23.2.2" port: 46823 } health_report { overall_health: HEALTHY } } peers { permanent_uuid: "38e1a177bf144414a25ce19afaa073d3" member_type: VOTER last_known_addr { host: "127.23.2.3" port: 37191 } health_report { overall_health: UNKNOWN } } }
I20260709 12:16:50.061921 24964 consensus_queue.cc:1048] T 508d4d15c88e4eaa8bf35453b36cc41c P 38e1a177bf144414a25ce19afaa073d3 [LEADER]: Connected to new peer: Peer: permanent_uuid: "158c419dafcc4bc8baed0048c8c3074a" member_type: VOTER last_known_addr { host: "127.23.2.2" port: 46823 }, Status: LMP_MISMATCH, Last received: 0.0, Next index: 1, Last known committed idx: 0, Time since last communication: 0.001s
I20260709 12:16:50.068101 24909 raft_consensus.cc:359] T c11d10e74e1740959d4094d57ee5511c P 38e1a177bf144414a25ce19afaa073d3 [term 0 FOLLOWER]: Replica starting. Triggering 0 pending ops. Active config: opid_index: -1 OBSOLETE_local: false peers { permanent_uuid: "5c20dd3730fb4b90a2e255c5d391a744" member_type: VOTER last_known_addr { host: "127.23.2.1" port: 39257 } } peers { permanent_uuid: "158c419dafcc4bc8baed0048c8c3074a" member_type: VOTER last_known_addr { host: "127.23.2.2" port: 46823 } } peers { permanent_uuid: "38e1a177bf144414a25ce19afaa073d3" member_type: VOTER last_known_addr { host: "127.23.2.3" port: 37191 } }
I20260709 12:16:50.068631 24904 tablet_bootstrap.cc:492] T 8d12f676b954478ca1f1ed124a2d1ed1 P 5c20dd3730fb4b90a2e255c5d391a744: No bootstrap required, opened a new log
I20260709 12:16:50.068819 24909 raft_consensus.cc:385] T c11d10e74e1740959d4094d57ee5511c P 38e1a177bf144414a25ce19afaa073d3 [term 0 FOLLOWER]: Consensus starting up: Expiring failure detector timer to make a prompt election more likely
I20260709 12:16:50.069150 24909 raft_consensus.cc:740] T c11d10e74e1740959d4094d57ee5511c P 38e1a177bf144414a25ce19afaa073d3 [term 0 FOLLOWER]: Becoming Follower/Learner. State: Replica: 38e1a177bf144414a25ce19afaa073d3, State: Initialized, Role: FOLLOWER
I20260709 12:16:50.070194 24909 consensus_queue.cc:260] T c11d10e74e1740959d4094d57ee5511c P 38e1a177bf144414a25ce19afaa073d3 [NON_LEADER]: Queue going to NON_LEADER mode. State: All replicated index: 0, Majority replicated index: 0, Committed index: 0, Last appended: 0.0, Last appended by leader: 0, Current term: 0, Majority size: -1, State: 0, Mode: NON_LEADER, active raft config: opid_index: -1 OBSOLETE_local: false peers { permanent_uuid: "5c20dd3730fb4b90a2e255c5d391a744" member_type: VOTER last_known_addr { host: "127.23.2.1" port: 39257 } } peers { permanent_uuid: "158c419dafcc4bc8baed0048c8c3074a" member_type: VOTER last_known_addr { host: "127.23.2.2" port: 46823 } } peers { permanent_uuid: "38e1a177bf144414a25ce19afaa073d3" member_type: VOTER last_known_addr { host: "127.23.2.3" port: 37191 } }
I20260709 12:16:50.072638 24909 ts_tablet_manager.cc:1434] T c11d10e74e1740959d4094d57ee5511c P 38e1a177bf144414a25ce19afaa073d3: Time spent starting tablet: real 0.030s	user 0.006s	sys 0.000s
I20260709 12:16:50.073623 24909 tablet_bootstrap.cc:492] T 9676ef44ac3e431aa94d97d208d843ec P 38e1a177bf144414a25ce19afaa073d3: Bootstrap starting.
I20260709 12:16:50.061888 24903 tablet_bootstrap.cc:654] T 8d12f676b954478ca1f1ed124a2d1ed1 P 158c419dafcc4bc8baed0048c8c3074a: Neither blocks nor log segments found. Creating new log.
I20260709 12:16:50.076386 24947 consensus_queue.cc:1048] T 8c37cdd65e0548fb9945e6b5bfc50649 P 5c20dd3730fb4b90a2e255c5d391a744 [LEADER]: Connected to new peer: Peer: permanent_uuid: "158c419dafcc4bc8baed0048c8c3074a" member_type: VOTER last_known_addr { host: "127.23.2.2" port: 46823 }, Status: LMP_MISMATCH, Last received: 0.0, Next index: 1, Last known committed idx: 0, Time since last communication: 0.000s
I20260709 12:16:50.078016 24904 ts_tablet_manager.cc:1403] T 8d12f676b954478ca1f1ed124a2d1ed1 P 5c20dd3730fb4b90a2e255c5d391a744: Time spent bootstrapping tablet: real 0.437s	user 0.015s	sys 0.027s
I20260709 12:16:50.079509 24909 tablet_bootstrap.cc:654] T 9676ef44ac3e431aa94d97d208d843ec P 38e1a177bf144414a25ce19afaa073d3: Neither blocks nor log segments found. Creating new log.
I20260709 12:16:50.080830 24904 raft_consensus.cc:359] T 8d12f676b954478ca1f1ed124a2d1ed1 P 5c20dd3730fb4b90a2e255c5d391a744 [term 0 FOLLOWER]: Replica starting. Triggering 0 pending ops. Active config: opid_index: -1 OBSOLETE_local: false peers { permanent_uuid: "5c20dd3730fb4b90a2e255c5d391a744" member_type: VOTER last_known_addr { host: "127.23.2.1" port: 39257 } } peers { permanent_uuid: "158c419dafcc4bc8baed0048c8c3074a" member_type: VOTER last_known_addr { host: "127.23.2.2" port: 46823 } } peers { permanent_uuid: "38e1a177bf144414a25ce19afaa073d3" member_type: VOTER last_known_addr { host: "127.23.2.3" port: 37191 } }
I20260709 12:16:50.081593 24904 raft_consensus.cc:385] T 8d12f676b954478ca1f1ed124a2d1ed1 P 5c20dd3730fb4b90a2e255c5d391a744 [term 0 FOLLOWER]: Consensus starting up: Expiring failure detector timer to make a prompt election more likely
I20260709 12:16:50.081905 24904 raft_consensus.cc:740] T 8d12f676b954478ca1f1ed124a2d1ed1 P 5c20dd3730fb4b90a2e255c5d391a744 [term 0 FOLLOWER]: Becoming Follower/Learner. State: Replica: 5c20dd3730fb4b90a2e255c5d391a744, State: Initialized, Role: FOLLOWER
I20260709 12:16:50.082633 24904 consensus_queue.cc:260] T 8d12f676b954478ca1f1ed124a2d1ed1 P 5c20dd3730fb4b90a2e255c5d391a744 [NON_LEADER]: Queue going to NON_LEADER mode. State: All replicated index: 0, Majority replicated index: 0, Committed index: 0, Last appended: 0.0, Last appended by leader: 0, Current term: 0, Majority size: -1, State: 0, Mode: NON_LEADER, active raft config: opid_index: -1 OBSOLETE_local: false peers { permanent_uuid: "5c20dd3730fb4b90a2e255c5d391a744" member_type: VOTER last_known_addr { host: "127.23.2.1" port: 39257 } } peers { permanent_uuid: "158c419dafcc4bc8baed0048c8c3074a" member_type: VOTER last_known_addr { host: "127.23.2.2" port: 46823 } } peers { permanent_uuid: "38e1a177bf144414a25ce19afaa073d3" member_type: VOTER last_known_addr { host: "127.23.2.3" port: 37191 } }
I20260709 12:16:50.087674 24904 ts_tablet_manager.cc:1434] T 8d12f676b954478ca1f1ed124a2d1ed1 P 5c20dd3730fb4b90a2e255c5d391a744: Time spent starting tablet: real 0.009s	user 0.004s	sys 0.001s
I20260709 12:16:50.093324 24913 consensus_queue.cc:1048] T 508d4d15c88e4eaa8bf35453b36cc41c P 38e1a177bf144414a25ce19afaa073d3 [LEADER]: Connected to new peer: Peer: permanent_uuid: "5c20dd3730fb4b90a2e255c5d391a744" member_type: VOTER last_known_addr { host: "127.23.2.1" port: 39257 }, Status: LMP_MISMATCH, Last received: 0.0, Next index: 1, Last known committed idx: 0, Time since last communication: 0.001s
I20260709 12:16:50.096973 24909 tablet_bootstrap.cc:492] T 9676ef44ac3e431aa94d97d208d843ec P 38e1a177bf144414a25ce19afaa073d3: No bootstrap required, opened a new log
I20260709 12:16:50.097651 24909 ts_tablet_manager.cc:1403] T 9676ef44ac3e431aa94d97d208d843ec P 38e1a177bf144414a25ce19afaa073d3: Time spent bootstrapping tablet: real 0.024s	user 0.010s	sys 0.007s
I20260709 12:16:50.103137 24904 tablet_bootstrap.cc:492] T 0580bbe4f36d42f0ac9d429ca02b8a77 P 5c20dd3730fb4b90a2e255c5d391a744: Bootstrap starting.
I20260709 12:16:50.107120 24909 raft_consensus.cc:359] T 9676ef44ac3e431aa94d97d208d843ec P 38e1a177bf144414a25ce19afaa073d3 [term 0 FOLLOWER]: Replica starting. Triggering 0 pending ops. Active config: opid_index: -1 OBSOLETE_local: false peers { permanent_uuid: "5c20dd3730fb4b90a2e255c5d391a744" member_type: VOTER last_known_addr { host: "127.23.2.1" port: 39257 } } peers { permanent_uuid: "158c419dafcc4bc8baed0048c8c3074a" member_type: VOTER last_known_addr { host: "127.23.2.2" port: 46823 } } peers { permanent_uuid: "38e1a177bf144414a25ce19afaa073d3" member_type: VOTER last_known_addr { host: "127.23.2.3" port: 37191 } }
I20260709 12:16:50.108297 24909 raft_consensus.cc:385] T 9676ef44ac3e431aa94d97d208d843ec P 38e1a177bf144414a25ce19afaa073d3 [term 0 FOLLOWER]: Consensus starting up: Expiring failure detector timer to make a prompt election more likely
I20260709 12:16:50.108575 24909 raft_consensus.cc:740] T 9676ef44ac3e431aa94d97d208d843ec P 38e1a177bf144414a25ce19afaa073d3 [term 0 FOLLOWER]: Becoming Follower/Learner. State: Replica: 38e1a177bf144414a25ce19afaa073d3, State: Initialized, Role: FOLLOWER
I20260709 12:16:50.113178 24909 consensus_queue.cc:260] T 9676ef44ac3e431aa94d97d208d843ec P 38e1a177bf144414a25ce19afaa073d3 [NON_LEADER]: Queue going to NON_LEADER mode. State: All replicated index: 0, Majority replicated index: 0, Committed index: 0, Last appended: 0.0, Last appended by leader: 0, Current term: 0, Majority size: -1, State: 0, Mode: NON_LEADER, active raft config: opid_index: -1 OBSOLETE_local: false peers { permanent_uuid: "5c20dd3730fb4b90a2e255c5d391a744" member_type: VOTER last_known_addr { host: "127.23.2.1" port: 39257 } } peers { permanent_uuid: "158c419dafcc4bc8baed0048c8c3074a" member_type: VOTER last_known_addr { host: "127.23.2.2" port: 46823 } } peers { permanent_uuid: "38e1a177bf144414a25ce19afaa073d3" member_type: VOTER last_known_addr { host: "127.23.2.3" port: 37191 } }
I20260709 12:16:50.114723 24964 raft_consensus.cc:493] T 9676ef44ac3e431aa94d97d208d843ec P 38e1a177bf144414a25ce19afaa073d3 [term 0 FOLLOWER]: Starting pre-election (no leader contacted us within the election timeout)
I20260709 12:16:50.115191 24904 tablet_bootstrap.cc:654] T 0580bbe4f36d42f0ac9d429ca02b8a77 P 5c20dd3730fb4b90a2e255c5d391a744: Neither blocks nor log segments found. Creating new log.
I20260709 12:16:50.115216 24964 raft_consensus.cc:515] T 9676ef44ac3e431aa94d97d208d843ec P 38e1a177bf144414a25ce19afaa073d3 [term 0 FOLLOWER]: Starting pre-election with config: opid_index: -1 OBSOLETE_local: false peers { permanent_uuid: "5c20dd3730fb4b90a2e255c5d391a744" member_type: VOTER last_known_addr { host: "127.23.2.1" port: 39257 } } peers { permanent_uuid: "158c419dafcc4bc8baed0048c8c3074a" member_type: VOTER last_known_addr { host: "127.23.2.2" port: 46823 } } peers { permanent_uuid: "38e1a177bf144414a25ce19afaa073d3" member_type: VOTER last_known_addr { host: "127.23.2.3" port: 37191 } }
I20260709 12:16:50.117004 24947 raft_consensus.cc:493] T 8d12f676b954478ca1f1ed124a2d1ed1 P 5c20dd3730fb4b90a2e255c5d391a744 [term 0 FOLLOWER]: Starting pre-election (no leader contacted us within the election timeout)
I20260709 12:16:50.117547 24947 raft_consensus.cc:515] T 8d12f676b954478ca1f1ed124a2d1ed1 P 5c20dd3730fb4b90a2e255c5d391a744 [term 0 FOLLOWER]: Starting pre-election with config: opid_index: -1 OBSOLETE_local: false peers { permanent_uuid: "5c20dd3730fb4b90a2e255c5d391a744" member_type: VOTER last_known_addr { host: "127.23.2.1" port: 39257 } } peers { permanent_uuid: "158c419dafcc4bc8baed0048c8c3074a" member_type: VOTER last_known_addr { host: "127.23.2.2" port: 46823 } } peers { permanent_uuid: "38e1a177bf144414a25ce19afaa073d3" member_type: VOTER last_known_addr { host: "127.23.2.3" port: 37191 } }
I20260709 12:16:50.119654 24947 leader_election.cc:290] T 8d12f676b954478ca1f1ed124a2d1ed1 P 5c20dd3730fb4b90a2e255c5d391a744 [CANDIDATE]: Term 1 pre-election: Requested pre-vote from peers 158c419dafcc4bc8baed0048c8c3074a (127.23.2.2:46823), 38e1a177bf144414a25ce19afaa073d3 (127.23.2.3:37191)
I20260709 12:16:50.121774 24788 tablet_service.cc:1917] Received RequestConsensusVote() RPC: tablet_id: "8d12f676b954478ca1f1ed124a2d1ed1" candidate_uuid: "5c20dd3730fb4b90a2e255c5d391a744" candidate_term: 1 candidate_status { last_received { term: 0 index: 0 } } ignore_live_leader: false dest_uuid: "158c419dafcc4bc8baed0048c8c3074a" is_pre_election: true
I20260709 12:16:50.122162 24861 tablet_service.cc:1917] Received RequestConsensusVote() RPC: tablet_id: "8d12f676b954478ca1f1ed124a2d1ed1" candidate_uuid: "5c20dd3730fb4b90a2e255c5d391a744" candidate_term: 1 candidate_status { last_received { term: 0 index: 0 } } ignore_live_leader: false dest_uuid: "38e1a177bf144414a25ce19afaa073d3" is_pre_election: true
W20260709 12:16:50.123628 24678 leader_election.cc:343] T 8d12f676b954478ca1f1ed124a2d1ed1 P 5c20dd3730fb4b90a2e255c5d391a744 [CANDIDATE]: Term 1 pre-election: Tablet error from VoteRequest() call to peer 38e1a177bf144414a25ce19afaa073d3 (127.23.2.3:37191): Illegal state: must be running to vote when last-logged opid is not known
W20260709 12:16:50.124361 24678 leader_election.cc:343] T 8d12f676b954478ca1f1ed124a2d1ed1 P 5c20dd3730fb4b90a2e255c5d391a744 [CANDIDATE]: Term 1 pre-election: Tablet error from VoteRequest() call to peer 158c419dafcc4bc8baed0048c8c3074a (127.23.2.2:46823): Illegal state: must be running to vote when last-logged opid is not known
I20260709 12:16:50.124773 24678 leader_election.cc:304] T 8d12f676b954478ca1f1ed124a2d1ed1 P 5c20dd3730fb4b90a2e255c5d391a744 [CANDIDATE]: Term 1 pre-election: Election decided. Result: candidate lost. Election summary: received 3 responses out of 3 voters: 1 yes votes; 2 no votes. yes voters: 5c20dd3730fb4b90a2e255c5d391a744; no voters: 158c419dafcc4bc8baed0048c8c3074a, 38e1a177bf144414a25ce19afaa073d3
I20260709 12:16:50.125392 24964 leader_election.cc:290] T 9676ef44ac3e431aa94d97d208d843ec P 38e1a177bf144414a25ce19afaa073d3 [CANDIDATE]: Term 1 pre-election: Requested pre-vote from peers 5c20dd3730fb4b90a2e255c5d391a744 (127.23.2.1:39257), 158c419dafcc4bc8baed0048c8c3074a (127.23.2.2:46823)
I20260709 12:16:50.125910 24903 tablet_bootstrap.cc:492] T 8d12f676b954478ca1f1ed124a2d1ed1 P 158c419dafcc4bc8baed0048c8c3074a: No bootstrap required, opened a new log
I20260709 12:16:50.126212 24923 raft_consensus.cc:2749] T 8d12f676b954478ca1f1ed124a2d1ed1 P 5c20dd3730fb4b90a2e255c5d391a744 [term 0 FOLLOWER]: Leader pre-election lost for term 1. Reason: could not achieve majority
I20260709 12:16:50.126371 24903 ts_tablet_manager.cc:1403] T 8d12f676b954478ca1f1ed124a2d1ed1 P 158c419dafcc4bc8baed0048c8c3074a: Time spent bootstrapping tablet: real 0.090s	user 0.006s	sys 0.012s
I20260709 12:16:50.126994 24712 tablet_service.cc:1917] Received RequestConsensusVote() RPC: tablet_id: "9676ef44ac3e431aa94d97d208d843ec" candidate_uuid: "38e1a177bf144414a25ce19afaa073d3" candidate_term: 1 candidate_status { last_received { term: 0 index: 0 } } ignore_live_leader: false dest_uuid: "5c20dd3730fb4b90a2e255c5d391a744" is_pre_election: true
I20260709 12:16:50.127663 24712 raft_consensus.cc:2468] T 9676ef44ac3e431aa94d97d208d843ec P 5c20dd3730fb4b90a2e255c5d391a744 [term 0 FOLLOWER]: Leader pre-election vote request: Granting yes vote for candidate 38e1a177bf144414a25ce19afaa073d3 in term 0.
I20260709 12:16:50.129164 24785 tablet_service.cc:1917] Received RequestConsensusVote() RPC: tablet_id: "9676ef44ac3e431aa94d97d208d843ec" candidate_uuid: "38e1a177bf144414a25ce19afaa073d3" candidate_term: 1 candidate_status { last_received { term: 0 index: 0 } } ignore_live_leader: false dest_uuid: "158c419dafcc4bc8baed0048c8c3074a" is_pre_election: true
I20260709 12:16:50.129303 24903 raft_consensus.cc:359] T 8d12f676b954478ca1f1ed124a2d1ed1 P 158c419dafcc4bc8baed0048c8c3074a [term 0 FOLLOWER]: Replica starting. Triggering 0 pending ops. Active config: opid_index: -1 OBSOLETE_local: false peers { permanent_uuid: "5c20dd3730fb4b90a2e255c5d391a744" member_type: VOTER last_known_addr { host: "127.23.2.1" port: 39257 } } peers { permanent_uuid: "158c419dafcc4bc8baed0048c8c3074a" member_type: VOTER last_known_addr { host: "127.23.2.2" port: 46823 } } peers { permanent_uuid: "38e1a177bf144414a25ce19afaa073d3" member_type: VOTER last_known_addr { host: "127.23.2.3" port: 37191 } }
I20260709 12:16:50.130020 24903 raft_consensus.cc:385] T 8d12f676b954478ca1f1ed124a2d1ed1 P 158c419dafcc4bc8baed0048c8c3074a [term 0 FOLLOWER]: Consensus starting up: Expiring failure detector timer to make a prompt election more likely
I20260709 12:16:50.130303 24903 raft_consensus.cc:740] T 8d12f676b954478ca1f1ed124a2d1ed1 P 158c419dafcc4bc8baed0048c8c3074a [term 0 FOLLOWER]: Becoming Follower/Learner. State: Replica: 158c419dafcc4bc8baed0048c8c3074a, State: Initialized, Role: FOLLOWER
I20260709 12:16:50.130380 24827 leader_election.cc:304] T 9676ef44ac3e431aa94d97d208d843ec P 38e1a177bf144414a25ce19afaa073d3 [CANDIDATE]: Term 1 pre-election: Election decided. Result: candidate won. Election summary: received 2 responses out of 3 voters: 2 yes votes; 0 no votes. yes voters: 38e1a177bf144414a25ce19afaa073d3, 5c20dd3730fb4b90a2e255c5d391a744; no voters: 
I20260709 12:16:50.131431 24964 raft_consensus.cc:2804] T 9676ef44ac3e431aa94d97d208d843ec P 38e1a177bf144414a25ce19afaa073d3 [term 0 FOLLOWER]: Leader pre-election won for term 1
I20260709 12:16:50.129837 24785 raft_consensus.cc:2468] T 9676ef44ac3e431aa94d97d208d843ec P 158c419dafcc4bc8baed0048c8c3074a [term 0 FOLLOWER]: Leader pre-election vote request: Granting yes vote for candidate 38e1a177bf144414a25ce19afaa073d3 in term 0.
I20260709 12:16:50.131798 24964 raft_consensus.cc:493] T 9676ef44ac3e431aa94d97d208d843ec P 38e1a177bf144414a25ce19afaa073d3 [term 0 FOLLOWER]: Starting leader election (no leader contacted us within the election timeout)
I20260709 12:16:50.132261 24964 raft_consensus.cc:3060] T 9676ef44ac3e431aa94d97d208d843ec P 38e1a177bf144414a25ce19afaa073d3 [term 0 FOLLOWER]: Advancing to term 1
I20260709 12:16:50.131784 24903 consensus_queue.cc:260] T 8d12f676b954478ca1f1ed124a2d1ed1 P 158c419dafcc4bc8baed0048c8c3074a [NON_LEADER]: Queue going to NON_LEADER mode. State: All replicated index: 0, Majority replicated index: 0, Committed index: 0, Last appended: 0.0, Last appended by leader: 0, Current term: 0, Majority size: -1, State: 0, Mode: NON_LEADER, active raft config: opid_index: -1 OBSOLETE_local: false peers { permanent_uuid: "5c20dd3730fb4b90a2e255c5d391a744" member_type: VOTER last_known_addr { host: "127.23.2.1" port: 39257 } } peers { permanent_uuid: "158c419dafcc4bc8baed0048c8c3074a" member_type: VOTER last_known_addr { host: "127.23.2.2" port: 46823 } } peers { permanent_uuid: "38e1a177bf144414a25ce19afaa073d3" member_type: VOTER last_known_addr { host: "127.23.2.3" port: 37191 } }
I20260709 12:16:50.135327 24980 raft_consensus.cc:493] T 8d12f676b954478ca1f1ed124a2d1ed1 P 158c419dafcc4bc8baed0048c8c3074a [term 0 FOLLOWER]: Starting pre-election (no leader contacted us within the election timeout)
I20260709 12:16:50.135774 24980 raft_consensus.cc:515] T 8d12f676b954478ca1f1ed124a2d1ed1 P 158c419dafcc4bc8baed0048c8c3074a [term 0 FOLLOWER]: Starting pre-election with config: opid_index: -1 OBSOLETE_local: false peers { permanent_uuid: "5c20dd3730fb4b90a2e255c5d391a744" member_type: VOTER last_known_addr { host: "127.23.2.1" port: 39257 } } peers { permanent_uuid: "158c419dafcc4bc8baed0048c8c3074a" member_type: VOTER last_known_addr { host: "127.23.2.2" port: 46823 } } peers { permanent_uuid: "38e1a177bf144414a25ce19afaa073d3" member_type: VOTER last_known_addr { host: "127.23.2.3" port: 37191 } }
I20260709 12:16:50.136309 24903 ts_tablet_manager.cc:1434] T 8d12f676b954478ca1f1ed124a2d1ed1 P 158c419dafcc4bc8baed0048c8c3074a: Time spent starting tablet: real 0.010s	user 0.005s	sys 0.000s
I20260709 12:16:50.137562 24903 tablet_bootstrap.cc:492] T cbc1da647d434293a95be767226d9e48 P 158c419dafcc4bc8baed0048c8c3074a: Bootstrap starting.
I20260709 12:16:50.139345 24980 leader_election.cc:290] T 8d12f676b954478ca1f1ed124a2d1ed1 P 158c419dafcc4bc8baed0048c8c3074a [CANDIDATE]: Term 1 pre-election: Requested pre-vote from peers 5c20dd3730fb4b90a2e255c5d391a744 (127.23.2.1:39257), 38e1a177bf144414a25ce19afaa073d3 (127.23.2.3:37191)
I20260709 12:16:50.140627 24712 tablet_service.cc:1917] Received RequestConsensusVote() RPC: tablet_id: "8d12f676b954478ca1f1ed124a2d1ed1" candidate_uuid: "158c419dafcc4bc8baed0048c8c3074a" candidate_term: 1 candidate_status { last_received { term: 0 index: 0 } } ignore_live_leader: false dest_uuid: "5c20dd3730fb4b90a2e255c5d391a744" is_pre_election: true
I20260709 12:16:50.141342 24712 raft_consensus.cc:2468] T 8d12f676b954478ca1f1ed124a2d1ed1 P 5c20dd3730fb4b90a2e255c5d391a744 [term 0 FOLLOWER]: Leader pre-election vote request: Granting yes vote for candidate 158c419dafcc4bc8baed0048c8c3074a in term 0.
I20260709 12:16:50.142009 24904 tablet_bootstrap.cc:492] T 0580bbe4f36d42f0ac9d429ca02b8a77 P 5c20dd3730fb4b90a2e255c5d391a744: No bootstrap required, opened a new log
I20260709 12:16:50.142572 24904 ts_tablet_manager.cc:1403] T 0580bbe4f36d42f0ac9d429ca02b8a77 P 5c20dd3730fb4b90a2e255c5d391a744: Time spent bootstrapping tablet: real 0.043s	user 0.010s	sys 0.007s
I20260709 12:16:50.142970 24903 tablet_bootstrap.cc:654] T cbc1da647d434293a95be767226d9e48 P 158c419dafcc4bc8baed0048c8c3074a: Neither blocks nor log segments found. Creating new log.
I20260709 12:16:50.142892 24753 leader_election.cc:304] T 8d12f676b954478ca1f1ed124a2d1ed1 P 158c419dafcc4bc8baed0048c8c3074a [CANDIDATE]: Term 1 pre-election: Election decided. Result: candidate won. Election summary: received 2 responses out of 3 voters: 2 yes votes; 0 no votes. yes voters: 158c419dafcc4bc8baed0048c8c3074a, 5c20dd3730fb4b90a2e255c5d391a744; no voters: 
I20260709 12:16:50.143961 24980 raft_consensus.cc:2804] T 8d12f676b954478ca1f1ed124a2d1ed1 P 158c419dafcc4bc8baed0048c8c3074a [term 0 FOLLOWER]: Leader pre-election won for term 1
I20260709 12:16:50.144337 24980 raft_consensus.cc:493] T 8d12f676b954478ca1f1ed124a2d1ed1 P 158c419dafcc4bc8baed0048c8c3074a [term 0 FOLLOWER]: Starting leader election (no leader contacted us within the election timeout)
I20260709 12:16:50.144773 24980 raft_consensus.cc:3060] T 8d12f676b954478ca1f1ed124a2d1ed1 P 158c419dafcc4bc8baed0048c8c3074a [term 0 FOLLOWER]: Advancing to term 1
I20260709 12:16:50.145336 24904 raft_consensus.cc:359] T 0580bbe4f36d42f0ac9d429ca02b8a77 P 5c20dd3730fb4b90a2e255c5d391a744 [term 0 FOLLOWER]: Replica starting. Triggering 0 pending ops. Active config: opid_index: -1 OBSOLETE_local: false peers { permanent_uuid: "5c20dd3730fb4b90a2e255c5d391a744" member_type: VOTER last_known_addr { host: "127.23.2.1" port: 39257 } } peers { permanent_uuid: "158c419dafcc4bc8baed0048c8c3074a" member_type: VOTER last_known_addr { host: "127.23.2.2" port: 46823 } } peers { permanent_uuid: "38e1a177bf144414a25ce19afaa073d3" member_type: VOTER last_known_addr { host: "127.23.2.3" port: 37191 } }
I20260709 12:16:50.145990 24904 raft_consensus.cc:385] T 0580bbe4f36d42f0ac9d429ca02b8a77 P 5c20dd3730fb4b90a2e255c5d391a744 [term 0 FOLLOWER]: Consensus starting up: Expiring failure detector timer to make a prompt election more likely
I20260709 12:16:50.146239 24904 raft_consensus.cc:740] T 0580bbe4f36d42f0ac9d429ca02b8a77 P 5c20dd3730fb4b90a2e255c5d391a744 [term 0 FOLLOWER]: Becoming Follower/Learner. State: Replica: 5c20dd3730fb4b90a2e255c5d391a744, State: Initialized, Role: FOLLOWER
I20260709 12:16:50.146967 24904 consensus_queue.cc:260] T 0580bbe4f36d42f0ac9d429ca02b8a77 P 5c20dd3730fb4b90a2e255c5d391a744 [NON_LEADER]: Queue going to NON_LEADER mode. State: All replicated index: 0, Majority replicated index: 0, Committed index: 0, Last appended: 0.0, Last appended by leader: 0, Current term: 0, Majority size: -1, State: 0, Mode: NON_LEADER, active raft config: opid_index: -1 OBSOLETE_local: false peers { permanent_uuid: "5c20dd3730fb4b90a2e255c5d391a744" member_type: VOTER last_known_addr { host: "127.23.2.1" port: 39257 } } peers { permanent_uuid: "158c419dafcc4bc8baed0048c8c3074a" member_type: VOTER last_known_addr { host: "127.23.2.2" port: 46823 } } peers { permanent_uuid: "38e1a177bf144414a25ce19afaa073d3" member_type: VOTER last_known_addr { host: "127.23.2.3" port: 37191 } }
I20260709 12:16:50.149127 24904 ts_tablet_manager.cc:1434] T 0580bbe4f36d42f0ac9d429ca02b8a77 P 5c20dd3730fb4b90a2e255c5d391a744: Time spent starting tablet: real 0.006s	user 0.005s	sys 0.000s
I20260709 12:16:50.150202 24904 tablet_bootstrap.cc:492] T ab8c9cd277a5454b9841392697797b7d P 5c20dd3730fb4b90a2e255c5d391a744: Bootstrap starting.
I20260709 12:16:50.142925 24861 tablet_service.cc:1917] Received RequestConsensusVote() RPC: tablet_id: "8d12f676b954478ca1f1ed124a2d1ed1" candidate_uuid: "158c419dafcc4bc8baed0048c8c3074a" candidate_term: 1 candidate_status { last_received { term: 0 index: 0 } } ignore_live_leader: false dest_uuid: "38e1a177bf144414a25ce19afaa073d3" is_pre_election: true
W20260709 12:16:50.153371 24753 leader_election.cc:343] T 8d12f676b954478ca1f1ed124a2d1ed1 P 158c419dafcc4bc8baed0048c8c3074a [CANDIDATE]: Term 1 pre-election: Tablet error from VoteRequest() call to peer 38e1a177bf144414a25ce19afaa073d3 (127.23.2.3:37191): Illegal state: must be running to vote when last-logged opid is not known
I20260709 12:16:50.153178 24980 raft_consensus.cc:515] T 8d12f676b954478ca1f1ed124a2d1ed1 P 158c419dafcc4bc8baed0048c8c3074a [term 1 FOLLOWER]: Starting leader election with config: opid_index: -1 OBSOLETE_local: false peers { permanent_uuid: "5c20dd3730fb4b90a2e255c5d391a744" member_type: VOTER last_known_addr { host: "127.23.2.1" port: 39257 } } peers { permanent_uuid: "158c419dafcc4bc8baed0048c8c3074a" member_type: VOTER last_known_addr { host: "127.23.2.2" port: 46823 } } peers { permanent_uuid: "38e1a177bf144414a25ce19afaa073d3" member_type: VOTER last_known_addr { host: "127.23.2.3" port: 37191 } }
I20260709 12:16:50.156230 24904 tablet_bootstrap.cc:654] T ab8c9cd277a5454b9841392697797b7d P 5c20dd3730fb4b90a2e255c5d391a744: Neither blocks nor log segments found. Creating new log.
I20260709 12:16:50.159785 24980 leader_election.cc:290] T 8d12f676b954478ca1f1ed124a2d1ed1 P 158c419dafcc4bc8baed0048c8c3074a [CANDIDATE]: Term 1 election: Requested vote from peers 5c20dd3730fb4b90a2e255c5d391a744 (127.23.2.1:39257), 38e1a177bf144414a25ce19afaa073d3 (127.23.2.3:37191)
I20260709 12:16:50.161698 24712 tablet_service.cc:1917] Received RequestConsensusVote() RPC: tablet_id: "8d12f676b954478ca1f1ed124a2d1ed1" candidate_uuid: "158c419dafcc4bc8baed0048c8c3074a" candidate_term: 1 candidate_status { last_received { term: 0 index: 0 } } ignore_live_leader: false dest_uuid: "5c20dd3730fb4b90a2e255c5d391a744"
I20260709 12:16:50.162343 24712 raft_consensus.cc:3060] T 8d12f676b954478ca1f1ed124a2d1ed1 P 5c20dd3730fb4b90a2e255c5d391a744 [term 0 FOLLOWER]: Advancing to term 1
I20260709 12:16:50.162812 24861 tablet_service.cc:1917] Received RequestConsensusVote() RPC: tablet_id: "8d12f676b954478ca1f1ed124a2d1ed1" candidate_uuid: "158c419dafcc4bc8baed0048c8c3074a" candidate_term: 1 candidate_status { last_received { term: 0 index: 0 } } ignore_live_leader: false dest_uuid: "38e1a177bf144414a25ce19afaa073d3"
I20260709 12:16:50.163587 24903 tablet_bootstrap.cc:492] T cbc1da647d434293a95be767226d9e48 P 158c419dafcc4bc8baed0048c8c3074a: No bootstrap required, opened a new log
I20260709 12:16:50.164047 24903 ts_tablet_manager.cc:1403] T cbc1da647d434293a95be767226d9e48 P 158c419dafcc4bc8baed0048c8c3074a: Time spent bootstrapping tablet: real 0.027s	user 0.012s	sys 0.011s
I20260709 12:16:50.166859 24903 raft_consensus.cc:359] T cbc1da647d434293a95be767226d9e48 P 158c419dafcc4bc8baed0048c8c3074a [term 0 FOLLOWER]: Replica starting. Triggering 0 pending ops. Active config: opid_index: -1 OBSOLETE_local: false peers { permanent_uuid: "5c20dd3730fb4b90a2e255c5d391a744" member_type: VOTER last_known_addr { host: "127.23.2.1" port: 39257 } } peers { permanent_uuid: "158c419dafcc4bc8baed0048c8c3074a" member_type: VOTER last_known_addr { host: "127.23.2.2" port: 46823 } } peers { permanent_uuid: "38e1a177bf144414a25ce19afaa073d3" member_type: VOTER last_known_addr { host: "127.23.2.3" port: 37191 } }
I20260709 12:16:50.167549 24903 raft_consensus.cc:385] T cbc1da647d434293a95be767226d9e48 P 158c419dafcc4bc8baed0048c8c3074a [term 0 FOLLOWER]: Consensus starting up: Expiring failure detector timer to make a prompt election more likely
I20260709 12:16:50.167835 24903 raft_consensus.cc:740] T cbc1da647d434293a95be767226d9e48 P 158c419dafcc4bc8baed0048c8c3074a [term 0 FOLLOWER]: Becoming Follower/Learner. State: Replica: 158c419dafcc4bc8baed0048c8c3074a, State: Initialized, Role: FOLLOWER
W20260709 12:16:50.167927 24753 leader_election.cc:343] T 8d12f676b954478ca1f1ed124a2d1ed1 P 158c419dafcc4bc8baed0048c8c3074a [CANDIDATE]: Term 1 election: Tablet error from VoteRequest() call to peer 38e1a177bf144414a25ce19afaa073d3 (127.23.2.3:37191): Illegal state: must be running to vote when last-logged opid is not known
I20260709 12:16:50.168641 24903 consensus_queue.cc:260] T cbc1da647d434293a95be767226d9e48 P 158c419dafcc4bc8baed0048c8c3074a [NON_LEADER]: Queue going to NON_LEADER mode. State: All replicated index: 0, Majority replicated index: 0, Committed index: 0, Last appended: 0.0, Last appended by leader: 0, Current term: 0, Majority size: -1, State: 0, Mode: NON_LEADER, active raft config: opid_index: -1 OBSOLETE_local: false peers { permanent_uuid: "5c20dd3730fb4b90a2e255c5d391a744" member_type: VOTER last_known_addr { host: "127.23.2.1" port: 39257 } } peers { permanent_uuid: "158c419dafcc4bc8baed0048c8c3074a" member_type: VOTER last_known_addr { host: "127.23.2.2" port: 46823 } } peers { permanent_uuid: "38e1a177bf144414a25ce19afaa073d3" member_type: VOTER last_known_addr { host: "127.23.2.3" port: 37191 } }
I20260709 12:16:50.169652 24712 raft_consensus.cc:2468] T 8d12f676b954478ca1f1ed124a2d1ed1 P 5c20dd3730fb4b90a2e255c5d391a744 [term 1 FOLLOWER]: Leader election vote request: Granting yes vote for candidate 158c419dafcc4bc8baed0048c8c3074a in term 1.
I20260709 12:16:50.171201 24753 leader_election.cc:304] T 8d12f676b954478ca1f1ed124a2d1ed1 P 158c419dafcc4bc8baed0048c8c3074a [CANDIDATE]: Term 1 election: Election decided. Result: candidate won. Election summary: received 3 responses out of 3 voters: 2 yes votes; 1 no votes. yes voters: 158c419dafcc4bc8baed0048c8c3074a, 5c20dd3730fb4b90a2e255c5d391a744; no voters: 38e1a177bf144414a25ce19afaa073d3
I20260709 12:16:50.171900 24980 raft_consensus.cc:2804] T 8d12f676b954478ca1f1ed124a2d1ed1 P 158c419dafcc4bc8baed0048c8c3074a [term 1 FOLLOWER]: Leader election won for term 1
I20260709 12:16:50.171180 24903 ts_tablet_manager.cc:1434] T cbc1da647d434293a95be767226d9e48 P 158c419dafcc4bc8baed0048c8c3074a: Time spent starting tablet: real 0.007s	user 0.008s	sys 0.000s
I20260709 12:16:50.172538 24980 raft_consensus.cc:697] T 8d12f676b954478ca1f1ed124a2d1ed1 P 158c419dafcc4bc8baed0048c8c3074a [term 1 LEADER]: Becoming Leader. State: Replica: 158c419dafcc4bc8baed0048c8c3074a, State: Running, Role: LEADER
I20260709 12:16:50.173588 24903 tablet_bootstrap.cc:492] T 8763fcdaf9bb40c4a8bf5077f467a125 P 158c419dafcc4bc8baed0048c8c3074a: Bootstrap starting.
I20260709 12:16:50.173369 24980 consensus_queue.cc:237] T 8d12f676b954478ca1f1ed124a2d1ed1 P 158c419dafcc4bc8baed0048c8c3074a [LEADER]: Queue going to LEADER mode. State: All replicated index: 0, Majority replicated index: 0, Committed index: 0, Last appended: 0.0, Last appended by leader: 0, Current term: 1, Majority size: 2, State: 0, Mode: LEADER, active raft config: opid_index: -1 OBSOLETE_local: false peers { permanent_uuid: "5c20dd3730fb4b90a2e255c5d391a744" member_type: VOTER last_known_addr { host: "127.23.2.1" port: 39257 } } peers { permanent_uuid: "158c419dafcc4bc8baed0048c8c3074a" member_type: VOTER last_known_addr { host: "127.23.2.2" port: 46823 } } peers { permanent_uuid: "38e1a177bf144414a25ce19afaa073d3" member_type: VOTER last_known_addr { host: "127.23.2.3" port: 37191 } }
I20260709 12:16:50.175050 24964 raft_consensus.cc:515] T 9676ef44ac3e431aa94d97d208d843ec P 38e1a177bf144414a25ce19afaa073d3 [term 1 FOLLOWER]: Starting leader election with config: opid_index: -1 OBSOLETE_local: false peers { permanent_uuid: "5c20dd3730fb4b90a2e255c5d391a744" member_type: VOTER last_known_addr { host: "127.23.2.1" port: 39257 } } peers { permanent_uuid: "158c419dafcc4bc8baed0048c8c3074a" member_type: VOTER last_known_addr { host: "127.23.2.2" port: 46823 } } peers { permanent_uuid: "38e1a177bf144414a25ce19afaa073d3" member_type: VOTER last_known_addr { host: "127.23.2.3" port: 37191 } }
I20260709 12:16:50.183920 24964 leader_election.cc:290] T 9676ef44ac3e431aa94d97d208d843ec P 38e1a177bf144414a25ce19afaa073d3 [CANDIDATE]: Term 1 election: Requested vote from peers 5c20dd3730fb4b90a2e255c5d391a744 (127.23.2.1:39257), 158c419dafcc4bc8baed0048c8c3074a (127.23.2.2:46823)
I20260709 12:16:50.185709 24785 tablet_service.cc:1917] Received RequestConsensusVote() RPC: tablet_id: "9676ef44ac3e431aa94d97d208d843ec" candidate_uuid: "38e1a177bf144414a25ce19afaa073d3" candidate_term: 1 candidate_status { last_received { term: 0 index: 0 } } ignore_live_leader: false dest_uuid: "158c419dafcc4bc8baed0048c8c3074a"
I20260709 12:16:50.186431 24903 tablet_bootstrap.cc:654] T 8763fcdaf9bb40c4a8bf5077f467a125 P 158c419dafcc4bc8baed0048c8c3074a: Neither blocks nor log segments found. Creating new log.
I20260709 12:16:50.187193 24909 ts_tablet_manager.cc:1434] T 9676ef44ac3e431aa94d97d208d843ec P 38e1a177bf144414a25ce19afaa073d3: Time spent starting tablet: real 0.089s	user 0.007s	sys 0.003s
I20260709 12:16:50.187091 24712 tablet_service.cc:1917] Received RequestConsensusVote() RPC: tablet_id: "9676ef44ac3e431aa94d97d208d843ec" candidate_uuid: "38e1a177bf144414a25ce19afaa073d3" candidate_term: 1 candidate_status { last_received { term: 0 index: 0 } } ignore_live_leader: false dest_uuid: "5c20dd3730fb4b90a2e255c5d391a744"
I20260709 12:16:50.188382 24909 tablet_bootstrap.cc:492] T 0580bbe4f36d42f0ac9d429ca02b8a77 P 38e1a177bf144414a25ce19afaa073d3: Bootstrap starting.
I20260709 12:16:50.194758 24909 tablet_bootstrap.cc:654] T 0580bbe4f36d42f0ac9d429ca02b8a77 P 38e1a177bf144414a25ce19afaa073d3: Neither blocks nor log segments found. Creating new log.
I20260709 12:16:50.186355 24785 raft_consensus.cc:3060] T 9676ef44ac3e431aa94d97d208d843ec P 158c419dafcc4bc8baed0048c8c3074a [term 0 FOLLOWER]: Advancing to term 1
I20260709 12:16:50.196741 24904 tablet_bootstrap.cc:492] T ab8c9cd277a5454b9841392697797b7d P 5c20dd3730fb4b90a2e255c5d391a744: No bootstrap required, opened a new log
I20260709 12:16:50.197273 24904 ts_tablet_manager.cc:1403] T ab8c9cd277a5454b9841392697797b7d P 5c20dd3730fb4b90a2e255c5d391a744: Time spent bootstrapping tablet: real 0.047s	user 0.012s	sys 0.025s
I20260709 12:16:50.200109 24904 raft_consensus.cc:359] T ab8c9cd277a5454b9841392697797b7d P 5c20dd3730fb4b90a2e255c5d391a744 [term 0 FOLLOWER]: Replica starting. Triggering 0 pending ops. Active config: opid_index: -1 OBSOLETE_local: false peers { permanent_uuid: "5c20dd3730fb4b90a2e255c5d391a744" member_type: VOTER last_known_addr { host: "127.23.2.1" port: 39257 } } peers { permanent_uuid: "158c419dafcc4bc8baed0048c8c3074a" member_type: VOTER last_known_addr { host: "127.23.2.2" port: 46823 } } peers { permanent_uuid: "38e1a177bf144414a25ce19afaa073d3" member_type: VOTER last_known_addr { host: "127.23.2.3" port: 37191 } }
I20260709 12:16:50.200821 24904 raft_consensus.cc:385] T ab8c9cd277a5454b9841392697797b7d P 5c20dd3730fb4b90a2e255c5d391a744 [term 0 FOLLOWER]: Consensus starting up: Expiring failure detector timer to make a prompt election more likely
I20260709 12:16:50.201129 24904 raft_consensus.cc:740] T ab8c9cd277a5454b9841392697797b7d P 5c20dd3730fb4b90a2e255c5d391a744 [term 0 FOLLOWER]: Becoming Follower/Learner. State: Replica: 5c20dd3730fb4b90a2e255c5d391a744, State: Initialized, Role: FOLLOWER
