I20260709 12:16:15.137972  5899 catalog_manager.cc:5697] T b40ad7108aec4ad2a5aa42acd343c6ac P bd8c877d092949e693c13e9103581f82 reported cstate change: term changed from 0 to 1, leader changed from <none> to bd8c877d092949e693c13e9103581f82 (127.5.58.1). New cstate: current_term: 1 leader_uuid: "bd8c877d092949e693c13e9103581f82" committed_config { opid_index: -1 OBSOLETE_local: false peers { permanent_uuid: "bd8c877d092949e693c13e9103581f82" member_type: VOTER last_known_addr { host: "127.5.58.1" port: 35557 } health_report { overall_health: HEALTHY } } peers { permanent_uuid: "0ffd67a5e76e46a7b0089718369740bc" member_type: VOTER last_known_addr { host: "127.5.58.2" port: 38019 } health_report { overall_health: UNKNOWN } } peers { permanent_uuid: "9468a996c51241cab3d90392e5864642" member_type: VOTER last_known_addr { host: "127.5.58.3" port: 44821 } health_report { overall_health: UNKNOWN } } }
I20260709 12:16:15.138563  6191 raft_consensus.cc:385] T cb9f68ad1dc24fc29ed8ad07197a68ac P 0ffd67a5e76e46a7b0089718369740bc [term 0 FOLLOWER]: Consensus starting up: Expiring failure detector timer to make a prompt election more likely
I20260709 12:16:15.138757  6148 raft_consensus.cc:2468] T 800b87c938ae4f1596d89f00bb34399d P 9468a996c51241cab3d90392e5864642 [term 1 FOLLOWER]: Leader election vote request: Granting yes vote for candidate bd8c877d092949e693c13e9103581f82 in term 1.
I20260709 12:16:15.138984  6191 raft_consensus.cc:740] T cb9f68ad1dc24fc29ed8ad07197a68ac P 0ffd67a5e76e46a7b0089718369740bc [term 0 FOLLOWER]: Becoming Follower/Learner. State: Replica: 0ffd67a5e76e46a7b0089718369740bc, State: Initialized, Role: FOLLOWER
I20260709 12:16:15.139930  6191 consensus_queue.cc:260] T cb9f68ad1dc24fc29ed8ad07197a68ac P 0ffd67a5e76e46a7b0089718369740bc [NON_LEADER]: Queue going to NON_LEADER mode. State: All replicated index: 0, Majority replicated index: 0, Committed index: 0, Last appended: 0.0, Last appended by leader: 0, Current term: 0, Majority size: -1, State: 0, Mode: NON_LEADER, active raft config: opid_index: -1 OBSOLETE_local: false peers { permanent_uuid: "bd8c877d092949e693c13e9103581f82" member_type: VOTER last_known_addr { host: "127.5.58.1" port: 35557 } } peers { permanent_uuid: "0ffd67a5e76e46a7b0089718369740bc" member_type: VOTER last_known_addr { host: "127.5.58.2" port: 38019 } } peers { permanent_uuid: "9468a996c51241cab3d90392e5864642" member_type: VOTER last_known_addr { host: "127.5.58.3" port: 44821 } }
I20260709 12:16:15.141896  5966 leader_election.cc:304] T 800b87c938ae4f1596d89f00bb34399d P bd8c877d092949e693c13e9103581f82 [CANDIDATE]: Term 1 election: Election decided. Result: candidate won. Election summary: received 3 responses out of 3 voters: 2 yes votes; 1 no votes. yes voters: 9468a996c51241cab3d90392e5864642, bd8c877d092949e693c13e9103581f82; no voters: 0ffd67a5e76e46a7b0089718369740bc
I20260709 12:16:15.142477  6191 ts_tablet_manager.cc:1434] T cb9f68ad1dc24fc29ed8ad07197a68ac P 0ffd67a5e76e46a7b0089718369740bc: Time spent starting tablet: real 0.007s	user 0.008s	sys 0.000s
I20260709 12:16:15.143134  6202 raft_consensus.cc:2804] T 800b87c938ae4f1596d89f00bb34399d P bd8c877d092949e693c13e9103581f82 [term 1 FOLLOWER]: Leader election won for term 1
I20260709 12:16:15.143412  6191 tablet_bootstrap.cc:492] T 8ff9114868e646a4967bf3e65485393c P 0ffd67a5e76e46a7b0089718369740bc: Bootstrap starting.
I20260709 12:16:15.143647  6202 raft_consensus.cc:697] T 800b87c938ae4f1596d89f00bb34399d P bd8c877d092949e693c13e9103581f82 [term 1 LEADER]: Becoming Leader. State: Replica: bd8c877d092949e693c13e9103581f82, State: Running, Role: LEADER
I20260709 12:16:15.144491  6202 consensus_queue.cc:237] T 800b87c938ae4f1596d89f00bb34399d P bd8c877d092949e693c13e9103581f82 [LEADER]: Queue going to LEADER mode. State: All replicated index: 0, Majority replicated index: 0, Committed index: 0, Last appended: 0.0, Last appended by leader: 0, Current term: 1, Majority size: 2, State: 0, Mode: LEADER, active raft config: opid_index: -1 OBSOLETE_local: false peers { permanent_uuid: "bd8c877d092949e693c13e9103581f82" member_type: VOTER last_known_addr { host: "127.5.58.1" port: 35557 } } peers { permanent_uuid: "0ffd67a5e76e46a7b0089718369740bc" member_type: VOTER last_known_addr { host: "127.5.58.2" port: 38019 } } peers { permanent_uuid: "9468a996c51241cab3d90392e5864642" member_type: VOTER last_known_addr { host: "127.5.58.3" port: 44821 } }
I20260709 12:16:15.145143  5999 tablet_service.cc:1917] Received RequestConsensusVote() RPC: tablet_id: "8ff9114868e646a4967bf3e65485393c" candidate_uuid: "9468a996c51241cab3d90392e5864642" candidate_term: 1 candidate_status { last_received { term: 0 index: 0 } } ignore_live_leader: false dest_uuid: "bd8c877d092949e693c13e9103581f82"
I20260709 12:16:15.145740  5999 raft_consensus.cc:3060] T 8ff9114868e646a4967bf3e65485393c P bd8c877d092949e693c13e9103581f82 [term 0 FOLLOWER]: Advancing to term 1
I20260709 12:16:15.146466  6075 tablet_service.cc:1917] Received RequestConsensusVote() RPC: tablet_id: "8ff9114868e646a4967bf3e65485393c" candidate_uuid: "9468a996c51241cab3d90392e5864642" candidate_term: 1 candidate_status { last_received { term: 0 index: 0 } } ignore_live_leader: false dest_uuid: "0ffd67a5e76e46a7b0089718369740bc"
W20260709 12:16:15.147953  6113 leader_election.cc:343] T 8ff9114868e646a4967bf3e65485393c P 9468a996c51241cab3d90392e5864642 [CANDIDATE]: Term 1 election: Tablet error from VoteRequest() call to peer 0ffd67a5e76e46a7b0089718369740bc (127.5.58.2:38019): Illegal state: must be running to vote when last-logged opid is not known
I20260709 12:16:15.149708  6191 tablet_bootstrap.cc:654] T 8ff9114868e646a4967bf3e65485393c P 0ffd67a5e76e46a7b0089718369740bc: Neither blocks nor log segments found. Creating new log.
I20260709 12:16:15.154240  6191 tablet_bootstrap.cc:492] T 8ff9114868e646a4967bf3e65485393c P 0ffd67a5e76e46a7b0089718369740bc: No bootstrap required, opened a new log
I20260709 12:16:15.154183  5999 raft_consensus.cc:2468] T 8ff9114868e646a4967bf3e65485393c P bd8c877d092949e693c13e9103581f82 [term 1 FOLLOWER]: Leader election vote request: Granting yes vote for candidate 9468a996c51241cab3d90392e5864642 in term 1.
I20260709 12:16:15.154771  6191 ts_tablet_manager.cc:1403] T 8ff9114868e646a4967bf3e65485393c P 0ffd67a5e76e46a7b0089718369740bc: Time spent bootstrapping tablet: real 0.012s	user 0.009s	sys 0.000s
I20260709 12:16:15.155468  6201 leader_election.cc:290] T 8ff9114868e646a4967bf3e65485393c P 9468a996c51241cab3d90392e5864642 [CANDIDATE]: Term 1 pre-election: Requested pre-vote from peers bd8c877d092949e693c13e9103581f82 (127.5.58.1:35557), 0ffd67a5e76e46a7b0089718369740bc (127.5.58.2:38019)
I20260709 12:16:15.155555  6116 leader_election.cc:304] T 8ff9114868e646a4967bf3e65485393c P 9468a996c51241cab3d90392e5864642 [CANDIDATE]: Term 1 election: Election decided. Result: candidate won. Election summary: received 3 responses out of 3 voters: 2 yes votes; 1 no votes. yes voters: 9468a996c51241cab3d90392e5864642, bd8c877d092949e693c13e9103581f82; no voters: 0ffd67a5e76e46a7b0089718369740bc
I20260709 12:16:15.156778  6201 raft_consensus.cc:2804] T 8ff9114868e646a4967bf3e65485393c P 9468a996c51241cab3d90392e5864642 [term 1 FOLLOWER]: Leader election won for term 1
I20260709 12:16:15.157275  6000 raft_consensus.cc:2468] T a275014900ca4f32977e32bb6fc509fd P bd8c877d092949e693c13e9103581f82 [term 1 FOLLOWER]: Leader election vote request: Granting yes vote for candidate 0ffd67a5e76e46a7b0089718369740bc in term 1.
I20260709 12:16:15.157344  6191 raft_consensus.cc:359] T 8ff9114868e646a4967bf3e65485393c P 0ffd67a5e76e46a7b0089718369740bc [term 0 FOLLOWER]: Replica starting. Triggering 0 pending ops. Active config: opid_index: -1 OBSOLETE_local: false peers { permanent_uuid: "bd8c877d092949e693c13e9103581f82" member_type: VOTER last_known_addr { host: "127.5.58.1" port: 35557 } } peers { permanent_uuid: "0ffd67a5e76e46a7b0089718369740bc" member_type: VOTER last_known_addr { host: "127.5.58.2" port: 38019 } } peers { permanent_uuid: "9468a996c51241cab3d90392e5864642" member_type: VOTER last_known_addr { host: "127.5.58.3" port: 44821 } }
I20260709 12:16:15.158124  6191 raft_consensus.cc:385] T 8ff9114868e646a4967bf3e65485393c P 0ffd67a5e76e46a7b0089718369740bc [term 0 FOLLOWER]: Consensus starting up: Expiring failure detector timer to make a prompt election more likely
I20260709 12:16:15.157467  6201 raft_consensus.cc:697] T 8ff9114868e646a4967bf3e65485393c P 9468a996c51241cab3d90392e5864642 [term 1 LEADER]: Becoming Leader. State: Replica: 9468a996c51241cab3d90392e5864642, State: Running, Role: LEADER
I20260709 12:16:15.158381  6191 raft_consensus.cc:740] T 8ff9114868e646a4967bf3e65485393c P 0ffd67a5e76e46a7b0089718369740bc [term 0 FOLLOWER]: Becoming Follower/Learner. State: Replica: 0ffd67a5e76e46a7b0089718369740bc, State: Initialized, Role: FOLLOWER
I20260709 12:16:15.159108  6201 consensus_queue.cc:237] T 8ff9114868e646a4967bf3e65485393c P 9468a996c51241cab3d90392e5864642 [LEADER]: Queue going to LEADER mode. State: All replicated index: 0, Majority replicated index: 0, Committed index: 0, Last appended: 0.0, Last appended by leader: 0, Current term: 1, Majority size: 2, State: 0, Mode: LEADER, active raft config: opid_index: -1 OBSOLETE_local: false peers { permanent_uuid: "bd8c877d092949e693c13e9103581f82" member_type: VOTER last_known_addr { host: "127.5.58.1" port: 35557 } } peers { permanent_uuid: "0ffd67a5e76e46a7b0089718369740bc" member_type: VOTER last_known_addr { host: "127.5.58.2" port: 38019 } } peers { permanent_uuid: "9468a996c51241cab3d90392e5864642" member_type: VOTER last_known_addr { host: "127.5.58.3" port: 44821 } }
I20260709 12:16:15.159062  6191 consensus_queue.cc:260] T 8ff9114868e646a4967bf3e65485393c P 0ffd67a5e76e46a7b0089718369740bc [NON_LEADER]: Queue going to NON_LEADER mode. State: All replicated index: 0, Majority replicated index: 0, Committed index: 0, Last appended: 0.0, Last appended by leader: 0, Current term: 0, Majority size: -1, State: 0, Mode: NON_LEADER, active raft config: opid_index: -1 OBSOLETE_local: false peers { permanent_uuid: "bd8c877d092949e693c13e9103581f82" member_type: VOTER last_known_addr { host: "127.5.58.1" port: 35557 } } peers { permanent_uuid: "0ffd67a5e76e46a7b0089718369740bc" member_type: VOTER last_known_addr { host: "127.5.58.2" port: 38019 } } peers { permanent_uuid: "9468a996c51241cab3d90392e5864642" member_type: VOTER last_known_addr { host: "127.5.58.3" port: 44821 } }
I20260709 12:16:15.161227  6191 ts_tablet_manager.cc:1434] T 8ff9114868e646a4967bf3e65485393c P 0ffd67a5e76e46a7b0089718369740bc: Time spent starting tablet: real 0.006s	user 0.007s	sys 0.000s
I20260709 12:16:15.162191  6191 tablet_bootstrap.cc:492] T d1ec21d99cc2496d84a013cadd31fbc6 P 0ffd67a5e76e46a7b0089718369740bc: Bootstrap starting.
I20260709 12:16:15.162767  5898 catalog_manager.cc:5697] T d1ec21d99cc2496d84a013cadd31fbc6 P 9468a996c51241cab3d90392e5864642 reported cstate change: term changed from 0 to 1, leader changed from <none> to 9468a996c51241cab3d90392e5864642 (127.5.58.3). New cstate: current_term: 1 leader_uuid: "9468a996c51241cab3d90392e5864642" committed_config { opid_index: -1 OBSOLETE_local: false peers { permanent_uuid: "bd8c877d092949e693c13e9103581f82" member_type: VOTER last_known_addr { host: "127.5.58.1" port: 35557 } health_report { overall_health: UNKNOWN } } peers { permanent_uuid: "0ffd67a5e76e46a7b0089718369740bc" member_type: VOTER last_known_addr { host: "127.5.58.2" port: 38019 } health_report { overall_health: UNKNOWN } } peers { permanent_uuid: "9468a996c51241cab3d90392e5864642" member_type: VOTER last_known_addr { host: "127.5.58.3" port: 44821 } health_report { overall_health: HEALTHY } } }
I20260709 12:16:15.165154  6196 raft_consensus.cc:493] T cb9f68ad1dc24fc29ed8ad07197a68ac P 0ffd67a5e76e46a7b0089718369740bc [term 0 FOLLOWER]: Starting pre-election (no leader contacted us within the election timeout)
I20260709 12:16:15.165644  6196 raft_consensus.cc:515] T cb9f68ad1dc24fc29ed8ad07197a68ac P 0ffd67a5e76e46a7b0089718369740bc [term 0 FOLLOWER]: Starting pre-election with config: opid_index: -1 OBSOLETE_local: false peers { permanent_uuid: "bd8c877d092949e693c13e9103581f82" member_type: VOTER last_known_addr { host: "127.5.58.1" port: 35557 } } peers { permanent_uuid: "0ffd67a5e76e46a7b0089718369740bc" member_type: VOTER last_known_addr { host: "127.5.58.2" port: 38019 } } peers { permanent_uuid: "9468a996c51241cab3d90392e5864642" member_type: VOTER last_known_addr { host: "127.5.58.3" port: 44821 } }
I20260709 12:16:15.167378  6191 tablet_bootstrap.cc:654] T d1ec21d99cc2496d84a013cadd31fbc6 P 0ffd67a5e76e46a7b0089718369740bc: Neither blocks nor log segments found. Creating new log.
I20260709 12:16:15.167788  6196 leader_election.cc:290] T cb9f68ad1dc24fc29ed8ad07197a68ac P 0ffd67a5e76e46a7b0089718369740bc [CANDIDATE]: Term 1 pre-election: Requested pre-vote from peers bd8c877d092949e693c13e9103581f82 (127.5.58.1:35557), 9468a996c51241cab3d90392e5864642 (127.5.58.3:44821)
I20260709 12:16:15.180948  6000 tablet_service.cc:1917] Received RequestConsensusVote() RPC: tablet_id: "cb9f68ad1dc24fc29ed8ad07197a68ac" candidate_uuid: "0ffd67a5e76e46a7b0089718369740bc" candidate_term: 1 candidate_status { last_received { term: 0 index: 0 } } ignore_live_leader: false dest_uuid: "bd8c877d092949e693c13e9103581f82" is_pre_election: true
I20260709 12:16:15.183432  6000 raft_consensus.cc:2468] T cb9f68ad1dc24fc29ed8ad07197a68ac P bd8c877d092949e693c13e9103581f82 [term 0 FOLLOWER]: Leader pre-election vote request: Granting yes vote for candidate 0ffd67a5e76e46a7b0089718369740bc in term 0.
I20260709 12:16:15.182070  6148 tablet_service.cc:1917] Received RequestConsensusVote() RPC: tablet_id: "cb9f68ad1dc24fc29ed8ad07197a68ac" candidate_uuid: "0ffd67a5e76e46a7b0089718369740bc" candidate_term: 1 candidate_status { last_received { term: 0 index: 0 } } ignore_live_leader: false dest_uuid: "9468a996c51241cab3d90392e5864642" is_pre_election: true
I20260709 12:16:15.184893  6148 raft_consensus.cc:2468] T cb9f68ad1dc24fc29ed8ad07197a68ac P 9468a996c51241cab3d90392e5864642 [term 0 FOLLOWER]: Leader pre-election vote request: Granting yes vote for candidate 0ffd67a5e76e46a7b0089718369740bc in term 0.
I20260709 12:16:15.185554  6042 leader_election.cc:304] T cb9f68ad1dc24fc29ed8ad07197a68ac P 0ffd67a5e76e46a7b0089718369740bc [CANDIDATE]: Term 1 pre-election: Election decided. Result: candidate won. Election summary: received 2 responses out of 3 voters: 2 yes votes; 0 no votes. yes voters: 0ffd67a5e76e46a7b0089718369740bc, bd8c877d092949e693c13e9103581f82; no voters: 
I20260709 12:16:15.186931  6196 raft_consensus.cc:2804] T cb9f68ad1dc24fc29ed8ad07197a68ac P 0ffd67a5e76e46a7b0089718369740bc [term 0 FOLLOWER]: Leader pre-election won for term 1
I20260709 12:16:15.187376  6196 raft_consensus.cc:493] T cb9f68ad1dc24fc29ed8ad07197a68ac P 0ffd67a5e76e46a7b0089718369740bc [term 0 FOLLOWER]: Starting leader election (no leader contacted us within the election timeout)
I20260709 12:16:15.187703  6196 raft_consensus.cc:3060] T cb9f68ad1dc24fc29ed8ad07197a68ac P 0ffd67a5e76e46a7b0089718369740bc [term 0 FOLLOWER]: Advancing to term 1
I20260709 12:16:15.190107  6191 tablet_bootstrap.cc:492] T d1ec21d99cc2496d84a013cadd31fbc6 P 0ffd67a5e76e46a7b0089718369740bc: No bootstrap required, opened a new log
I20260709 12:16:15.190663  6191 ts_tablet_manager.cc:1403] T d1ec21d99cc2496d84a013cadd31fbc6 P 0ffd67a5e76e46a7b0089718369740bc: Time spent bootstrapping tablet: real 0.029s	user 0.006s	sys 0.020s
I20260709 12:16:15.193126  6191 raft_consensus.cc:359] T d1ec21d99cc2496d84a013cadd31fbc6 P 0ffd67a5e76e46a7b0089718369740bc [term 0 FOLLOWER]: Replica starting. Triggering 0 pending ops. Active config: opid_index: -1 OBSOLETE_local: false peers { permanent_uuid: "bd8c877d092949e693c13e9103581f82" member_type: VOTER last_known_addr { host: "127.5.58.1" port: 35557 } } peers { permanent_uuid: "0ffd67a5e76e46a7b0089718369740bc" member_type: VOTER last_known_addr { host: "127.5.58.2" port: 38019 } } peers { permanent_uuid: "9468a996c51241cab3d90392e5864642" member_type: VOTER last_known_addr { host: "127.5.58.3" port: 44821 } }
I20260709 12:16:15.193687  6191 raft_consensus.cc:385] T d1ec21d99cc2496d84a013cadd31fbc6 P 0ffd67a5e76e46a7b0089718369740bc [term 0 FOLLOWER]: Consensus starting up: Expiring failure detector timer to make a prompt election more likely
I20260709 12:16:15.193931  6191 raft_consensus.cc:740] T d1ec21d99cc2496d84a013cadd31fbc6 P 0ffd67a5e76e46a7b0089718369740bc [term 0 FOLLOWER]: Becoming Follower/Learner. State: Replica: 0ffd67a5e76e46a7b0089718369740bc, State: Initialized, Role: FOLLOWER
I20260709 12:16:15.193312  5899 catalog_manager.cc:5697] T 800b87c938ae4f1596d89f00bb34399d P bd8c877d092949e693c13e9103581f82 reported cstate change: term changed from 0 to 1, leader changed from <none> to bd8c877d092949e693c13e9103581f82 (127.5.58.1). New cstate: current_term: 1 leader_uuid: "bd8c877d092949e693c13e9103581f82" committed_config { opid_index: -1 OBSOLETE_local: false peers { permanent_uuid: "bd8c877d092949e693c13e9103581f82" member_type: VOTER last_known_addr { host: "127.5.58.1" port: 35557 } health_report { overall_health: HEALTHY } } peers { permanent_uuid: "0ffd67a5e76e46a7b0089718369740bc" member_type: VOTER last_known_addr { host: "127.5.58.2" port: 38019 } health_report { overall_health: UNKNOWN } } peers { permanent_uuid: "9468a996c51241cab3d90392e5864642" member_type: VOTER last_known_addr { host: "127.5.58.3" port: 44821 } health_report { overall_health: UNKNOWN } } }
I20260709 12:16:15.194531  6191 consensus_queue.cc:260] T d1ec21d99cc2496d84a013cadd31fbc6 P 0ffd67a5e76e46a7b0089718369740bc [NON_LEADER]: Queue going to NON_LEADER mode. State: All replicated index: 0, Majority replicated index: 0, Committed index: 0, Last appended: 0.0, Last appended by leader: 0, Current term: 0, Majority size: -1, State: 0, Mode: NON_LEADER, active raft config: opid_index: -1 OBSOLETE_local: false peers { permanent_uuid: "bd8c877d092949e693c13e9103581f82" member_type: VOTER last_known_addr { host: "127.5.58.1" port: 35557 } } peers { permanent_uuid: "0ffd67a5e76e46a7b0089718369740bc" member_type: VOTER last_known_addr { host: "127.5.58.2" port: 38019 } } peers { permanent_uuid: "9468a996c51241cab3d90392e5864642" member_type: VOTER last_known_addr { host: "127.5.58.3" port: 44821 } }
I20260709 12:16:15.196400  6191 ts_tablet_manager.cc:1434] T d1ec21d99cc2496d84a013cadd31fbc6 P 0ffd67a5e76e46a7b0089718369740bc: Time spent starting tablet: real 0.005s	user 0.006s	sys 0.000s
I20260709 12:16:15.197315  6196 raft_consensus.cc:515] T cb9f68ad1dc24fc29ed8ad07197a68ac P 0ffd67a5e76e46a7b0089718369740bc [term 1 FOLLOWER]: Starting leader election with config: opid_index: -1 OBSOLETE_local: false peers { permanent_uuid: "bd8c877d092949e693c13e9103581f82" member_type: VOTER last_known_addr { host: "127.5.58.1" port: 35557 } } peers { permanent_uuid: "0ffd67a5e76e46a7b0089718369740bc" member_type: VOTER last_known_addr { host: "127.5.58.2" port: 38019 } } peers { permanent_uuid: "9468a996c51241cab3d90392e5864642" member_type: VOTER last_known_addr { host: "127.5.58.3" port: 44821 } }
I20260709 12:16:15.199373  6196 leader_election.cc:290] T cb9f68ad1dc24fc29ed8ad07197a68ac P 0ffd67a5e76e46a7b0089718369740bc [CANDIDATE]: Term 1 election: Requested vote from peers bd8c877d092949e693c13e9103581f82 (127.5.58.1:35557), 9468a996c51241cab3d90392e5864642 (127.5.58.3:44821)
I20260709 12:16:15.199987  6000 tablet_service.cc:1917] Received RequestConsensusVote() RPC: tablet_id: "cb9f68ad1dc24fc29ed8ad07197a68ac" candidate_uuid: "0ffd67a5e76e46a7b0089718369740bc" candidate_term: 1 candidate_status { last_received { term: 0 index: 0 } } ignore_live_leader: false dest_uuid: "bd8c877d092949e693c13e9103581f82"
I20260709 12:16:15.200531  6000 raft_consensus.cc:3060] T cb9f68ad1dc24fc29ed8ad07197a68ac P bd8c877d092949e693c13e9103581f82 [term 0 FOLLOWER]: Advancing to term 1
I20260709 12:16:15.200569  6148 tablet_service.cc:1917] Received RequestConsensusVote() RPC: tablet_id: "cb9f68ad1dc24fc29ed8ad07197a68ac" candidate_uuid: "0ffd67a5e76e46a7b0089718369740bc" candidate_term: 1 candidate_status { last_received { term: 0 index: 0 } } ignore_live_leader: false dest_uuid: "9468a996c51241cab3d90392e5864642"
I20260709 12:16:15.201195  6148 raft_consensus.cc:3060] T cb9f68ad1dc24fc29ed8ad07197a68ac P 9468a996c51241cab3d90392e5864642 [term 0 FOLLOWER]: Advancing to term 1
I20260709 12:16:15.202732  5898 catalog_manager.cc:5697] T 8ff9114868e646a4967bf3e65485393c P 9468a996c51241cab3d90392e5864642 reported cstate change: term changed from 0 to 1, leader changed from <none> to 9468a996c51241cab3d90392e5864642 (127.5.58.3). New cstate: current_term: 1 leader_uuid: "9468a996c51241cab3d90392e5864642" committed_config { opid_index: -1 OBSOLETE_local: false peers { permanent_uuid: "bd8c877d092949e693c13e9103581f82" member_type: VOTER last_known_addr { host: "127.5.58.1" port: 35557 } health_report { overall_health: UNKNOWN } } peers { permanent_uuid: "0ffd67a5e76e46a7b0089718369740bc" member_type: VOTER last_known_addr { host: "127.5.58.2" port: 38019 } health_report { overall_health: UNKNOWN } } peers { permanent_uuid: "9468a996c51241cab3d90392e5864642" member_type: VOTER last_known_addr { host: "127.5.58.3" port: 44821 } health_report { overall_health: HEALTHY } } }
I20260709 12:16:15.208024  6000 raft_consensus.cc:2468] T cb9f68ad1dc24fc29ed8ad07197a68ac P bd8c877d092949e693c13e9103581f82 [term 1 FOLLOWER]: Leader election vote request: Granting yes vote for candidate 0ffd67a5e76e46a7b0089718369740bc in term 1.
I20260709 12:16:15.208393  6202 raft_consensus.cc:493] T 3f858fa3ce674075aabe68fc8228266d P bd8c877d092949e693c13e9103581f82 [term 0 FOLLOWER]: Starting pre-election (no leader contacted us within the election timeout)
I20260709 12:16:15.208936  6202 raft_consensus.cc:515] T 3f858fa3ce674075aabe68fc8228266d P bd8c877d092949e693c13e9103581f82 [term 0 FOLLOWER]: Starting pre-election with config: opid_index: -1 OBSOLETE_local: false peers { permanent_uuid: "bd8c877d092949e693c13e9103581f82" member_type: VOTER last_known_addr { host: "127.5.58.1" port: 35557 } } peers { permanent_uuid: "0ffd67a5e76e46a7b0089718369740bc" member_type: VOTER last_known_addr { host: "127.5.58.2" port: 38019 } } peers { permanent_uuid: "9468a996c51241cab3d90392e5864642" member_type: VOTER last_known_addr { host: "127.5.58.3" port: 44821 } }
I20260709 12:16:15.209754  6042 leader_election.cc:304] T cb9f68ad1dc24fc29ed8ad07197a68ac P 0ffd67a5e76e46a7b0089718369740bc [CANDIDATE]: Term 1 election: Election decided. Result: candidate won. Election summary: received 2 responses out of 3 voters: 2 yes votes; 0 no votes. yes voters: 0ffd67a5e76e46a7b0089718369740bc, bd8c877d092949e693c13e9103581f82; no voters: 
I20260709 12:16:15.211503  6202 leader_election.cc:290] T 3f858fa3ce674075aabe68fc8228266d P bd8c877d092949e693c13e9103581f82 [CANDIDATE]: Term 1 pre-election: Requested pre-vote from peers 0ffd67a5e76e46a7b0089718369740bc (127.5.58.2:38019), 9468a996c51241cab3d90392e5864642 (127.5.58.3:44821)
I20260709 12:16:15.212324  6148 raft_consensus.cc:2468] T cb9f68ad1dc24fc29ed8ad07197a68ac P 9468a996c51241cab3d90392e5864642 [term 1 FOLLOWER]: Leader election vote request: Granting yes vote for candidate 0ffd67a5e76e46a7b0089718369740bc in term 1.
I20260709 12:16:15.212616  6149 tablet_service.cc:1917] Received RequestConsensusVote() RPC: tablet_id: "3f858fa3ce674075aabe68fc8228266d" candidate_uuid: "bd8c877d092949e693c13e9103581f82" candidate_term: 1 candidate_status { last_received { term: 0 index: 0 } } ignore_live_leader: false dest_uuid: "9468a996c51241cab3d90392e5864642" is_pre_election: true
I20260709 12:16:15.213294  6149 raft_consensus.cc:2468] T 3f858fa3ce674075aabe68fc8228266d P 9468a996c51241cab3d90392e5864642 [term 0 FOLLOWER]: Leader pre-election vote request: Granting yes vote for candidate bd8c877d092949e693c13e9103581f82 in term 0.
I20260709 12:16:15.214584  5966 leader_election.cc:304] T 3f858fa3ce674075aabe68fc8228266d P bd8c877d092949e693c13e9103581f82 [CANDIDATE]: Term 1 pre-election: Election decided. Result: candidate won. Election summary: received 2 responses out of 3 voters: 2 yes votes; 0 no votes. yes voters: 9468a996c51241cab3d90392e5864642, bd8c877d092949e693c13e9103581f82; no voters: 
I20260709 12:16:15.215612  6202 raft_consensus.cc:2804] T 3f858fa3ce674075aabe68fc8228266d P bd8c877d092949e693c13e9103581f82 [term 0 FOLLOWER]: Leader pre-election won for term 1
I20260709 12:16:15.216050  6202 raft_consensus.cc:493] T 3f858fa3ce674075aabe68fc8228266d P bd8c877d092949e693c13e9103581f82 [term 0 FOLLOWER]: Starting leader election (no leader contacted us within the election timeout)
I20260709 12:16:15.216468  6202 raft_consensus.cc:3060] T 3f858fa3ce674075aabe68fc8228266d P bd8c877d092949e693c13e9103581f82 [term 0 FOLLOWER]: Advancing to term 1
I20260709 12:16:15.216499  6075 tablet_service.cc:1917] Received RequestConsensusVote() RPC: tablet_id: "3f858fa3ce674075aabe68fc8228266d" candidate_uuid: "bd8c877d092949e693c13e9103581f82" candidate_term: 1 candidate_status { last_received { term: 0 index: 0 } } ignore_live_leader: false dest_uuid: "0ffd67a5e76e46a7b0089718369740bc" is_pre_election: true
I20260709 12:16:15.217248  6075 raft_consensus.cc:2468] T 3f858fa3ce674075aabe68fc8228266d P 0ffd67a5e76e46a7b0089718369740bc [term 0 FOLLOWER]: Leader pre-election vote request: Granting yes vote for candidate bd8c877d092949e693c13e9103581f82 in term 0.
I20260709 12:16:15.210961  6196 raft_consensus.cc:2804] T cb9f68ad1dc24fc29ed8ad07197a68ac P 0ffd67a5e76e46a7b0089718369740bc [term 1 FOLLOWER]: Leader election won for term 1
I20260709 12:16:15.219120  6196 raft_consensus.cc:697] T cb9f68ad1dc24fc29ed8ad07197a68ac P 0ffd67a5e76e46a7b0089718369740bc [term 1 LEADER]: Becoming Leader. State: Replica: 0ffd67a5e76e46a7b0089718369740bc, State: Running, Role: LEADER
I20260709 12:16:15.219764  6196 consensus_queue.cc:237] T cb9f68ad1dc24fc29ed8ad07197a68ac P 0ffd67a5e76e46a7b0089718369740bc [LEADER]: Queue going to LEADER mode. State: All replicated index: 0, Majority replicated index: 0, Committed index: 0, Last appended: 0.0, Last appended by leader: 0, Current term: 1, Majority size: 2, State: 0, Mode: LEADER, active raft config: opid_index: -1 OBSOLETE_local: false peers { permanent_uuid: "bd8c877d092949e693c13e9103581f82" member_type: VOTER last_known_addr { host: "127.5.58.1" port: 35557 } } peers { permanent_uuid: "0ffd67a5e76e46a7b0089718369740bc" member_type: VOTER last_known_addr { host: "127.5.58.2" port: 38019 } } peers { permanent_uuid: "9468a996c51241cab3d90392e5864642" member_type: VOTER last_known_addr { host: "127.5.58.3" port: 44821 } }
I20260709 12:16:15.223906  6202 raft_consensus.cc:515] T 3f858fa3ce674075aabe68fc8228266d P bd8c877d092949e693c13e9103581f82 [term 1 FOLLOWER]: Starting leader election with config: opid_index: -1 OBSOLETE_local: false peers { permanent_uuid: "bd8c877d092949e693c13e9103581f82" member_type: VOTER last_known_addr { host: "127.5.58.1" port: 35557 } } peers { permanent_uuid: "0ffd67a5e76e46a7b0089718369740bc" member_type: VOTER last_known_addr { host: "127.5.58.2" port: 38019 } } peers { permanent_uuid: "9468a996c51241cab3d90392e5864642" member_type: VOTER last_known_addr { host: "127.5.58.3" port: 44821 } }
I20260709 12:16:15.225742  6202 leader_election.cc:290] T 3f858fa3ce674075aabe68fc8228266d P bd8c877d092949e693c13e9103581f82 [CANDIDATE]: Term 1 election: Requested vote from peers 0ffd67a5e76e46a7b0089718369740bc (127.5.58.2:38019), 9468a996c51241cab3d90392e5864642 (127.5.58.3:44821)
I20260709 12:16:15.226553  6075 tablet_service.cc:1917] Received RequestConsensusVote() RPC: tablet_id: "3f858fa3ce674075aabe68fc8228266d" candidate_uuid: "bd8c877d092949e693c13e9103581f82" candidate_term: 1 candidate_status { last_received { term: 0 index: 0 } } ignore_live_leader: false dest_uuid: "0ffd67a5e76e46a7b0089718369740bc"
I20260709 12:16:15.227043  6075 raft_consensus.cc:3060] T 3f858fa3ce674075aabe68fc8228266d P 0ffd67a5e76e46a7b0089718369740bc [term 0 FOLLOWER]: Advancing to term 1
I20260709 12:16:15.226876  6149 tablet_service.cc:1917] Received RequestConsensusVote() RPC: tablet_id: "3f858fa3ce674075aabe68fc8228266d" candidate_uuid: "bd8c877d092949e693c13e9103581f82" candidate_term: 1 candidate_status { last_received { term: 0 index: 0 } } ignore_live_leader: false dest_uuid: "9468a996c51241cab3d90392e5864642"
I20260709 12:16:15.227531  6149 raft_consensus.cc:3060] T 3f858fa3ce674075aabe68fc8228266d P 9468a996c51241cab3d90392e5864642 [term 0 FOLLOWER]: Advancing to term 1
I20260709 12:16:15.228175  5898 catalog_manager.cc:5697] T cb9f68ad1dc24fc29ed8ad07197a68ac P 0ffd67a5e76e46a7b0089718369740bc reported cstate change: term changed from 0 to 1, leader changed from <none> to 0ffd67a5e76e46a7b0089718369740bc (127.5.58.2). New cstate: current_term: 1 leader_uuid: "0ffd67a5e76e46a7b0089718369740bc" committed_config { opid_index: -1 OBSOLETE_local: false peers { permanent_uuid: "bd8c877d092949e693c13e9103581f82" member_type: VOTER last_known_addr { host: "127.5.58.1" port: 35557 } health_report { overall_health: UNKNOWN } } peers { permanent_uuid: "0ffd67a5e76e46a7b0089718369740bc" member_type: VOTER last_known_addr { host: "127.5.58.2" port: 38019 } health_report { overall_health: HEALTHY } } peers { permanent_uuid: "9468a996c51241cab3d90392e5864642" member_type: VOTER last_known_addr { host: "127.5.58.3" port: 44821 } health_report { overall_health: UNKNOWN } } }
I20260709 12:16:15.231948  6075 raft_consensus.cc:2468] T 3f858fa3ce674075aabe68fc8228266d P 0ffd67a5e76e46a7b0089718369740bc [term 1 FOLLOWER]: Leader election vote request: Granting yes vote for candidate bd8c877d092949e693c13e9103581f82 in term 1.
I20260709 12:16:15.233278  5964 leader_election.cc:304] T 3f858fa3ce674075aabe68fc8228266d P bd8c877d092949e693c13e9103581f82 [CANDIDATE]: Term 1 election: Election decided. Result: candidate won. Election summary: received 2 responses out of 3 voters: 2 yes votes; 0 no votes. yes voters: 0ffd67a5e76e46a7b0089718369740bc, bd8c877d092949e693c13e9103581f82; no voters: 
I20260709 12:16:15.234179  6202 raft_consensus.cc:2804] T 3f858fa3ce674075aabe68fc8228266d P bd8c877d092949e693c13e9103581f82 [term 1 FOLLOWER]: Leader election won for term 1
I20260709 12:16:15.234504  6149 raft_consensus.cc:2468] T 3f858fa3ce674075aabe68fc8228266d P 9468a996c51241cab3d90392e5864642 [term 1 FOLLOWER]: Leader election vote request: Granting yes vote for candidate bd8c877d092949e693c13e9103581f82 in term 1.
I20260709 12:16:15.234619  6202 raft_consensus.cc:697] T 3f858fa3ce674075aabe68fc8228266d P bd8c877d092949e693c13e9103581f82 [term 1 LEADER]: Becoming Leader. State: Replica: bd8c877d092949e693c13e9103581f82, State: Running, Role: LEADER
I20260709 12:16:15.236028  6202 consensus_queue.cc:237] T 3f858fa3ce674075aabe68fc8228266d P bd8c877d092949e693c13e9103581f82 [LEADER]: Queue going to LEADER mode. State: All replicated index: 0, Majority replicated index: 0, Committed index: 0, Last appended: 0.0, Last appended by leader: 0, Current term: 1, Majority size: 2, State: 0, Mode: LEADER, active raft config: opid_index: -1 OBSOLETE_local: false peers { permanent_uuid: "bd8c877d092949e693c13e9103581f82" member_type: VOTER last_known_addr { host: "127.5.58.1" port: 35557 } } peers { permanent_uuid: "0ffd67a5e76e46a7b0089718369740bc" member_type: VOTER last_known_addr { host: "127.5.58.2" port: 38019 } } peers { permanent_uuid: "9468a996c51241cab3d90392e5864642" member_type: VOTER last_known_addr { host: "127.5.58.3" port: 44821 } }
I20260709 12:16:15.243456  5898 catalog_manager.cc:5697] T 3f858fa3ce674075aabe68fc8228266d P bd8c877d092949e693c13e9103581f82 reported cstate change: term changed from 0 to 1, leader changed from <none> to bd8c877d092949e693c13e9103581f82 (127.5.58.1). New cstate: current_term: 1 leader_uuid: "bd8c877d092949e693c13e9103581f82" committed_config { opid_index: -1 OBSOLETE_local: false peers { permanent_uuid: "bd8c877d092949e693c13e9103581f82" member_type: VOTER last_known_addr { host: "127.5.58.1" port: 35557 } health_report { overall_health: HEALTHY } } peers { permanent_uuid: "0ffd67a5e76e46a7b0089718369740bc" member_type: VOTER last_known_addr { host: "127.5.58.2" port: 38019 } health_report { overall_health: UNKNOWN } } peers { permanent_uuid: "9468a996c51241cab3d90392e5864642" member_type: VOTER last_known_addr { host: "127.5.58.3" port: 44821 } health_report { overall_health: UNKNOWN } } }
I20260709 12:16:15.269305  6196 raft_consensus.cc:493] T d1ec21d99cc2496d84a013cadd31fbc6 P 0ffd67a5e76e46a7b0089718369740bc [term 0 FOLLOWER]: Starting pre-election (no leader contacted us within the election timeout)
I20260709 12:16:15.269853  6196 raft_consensus.cc:515] T d1ec21d99cc2496d84a013cadd31fbc6 P 0ffd67a5e76e46a7b0089718369740bc [term 0 FOLLOWER]: Starting pre-election with config: opid_index: -1 OBSOLETE_local: false peers { permanent_uuid: "bd8c877d092949e693c13e9103581f82" member_type: VOTER last_known_addr { host: "127.5.58.1" port: 35557 } } peers { permanent_uuid: "0ffd67a5e76e46a7b0089718369740bc" member_type: VOTER last_known_addr { host: "127.5.58.2" port: 38019 } } peers { permanent_uuid: "9468a996c51241cab3d90392e5864642" member_type: VOTER last_known_addr { host: "127.5.58.3" port: 44821 } }
I20260709 12:16:15.271919  6196 leader_election.cc:290] T d1ec21d99cc2496d84a013cadd31fbc6 P 0ffd67a5e76e46a7b0089718369740bc [CANDIDATE]: Term 1 pre-election: Requested pre-vote from peers bd8c877d092949e693c13e9103581f82 (127.5.58.1:35557), 9468a996c51241cab3d90392e5864642 (127.5.58.3:44821)
I20260709 12:16:15.272648  5999 tablet_service.cc:1917] Received RequestConsensusVote() RPC: tablet_id: "d1ec21d99cc2496d84a013cadd31fbc6" candidate_uuid: "0ffd67a5e76e46a7b0089718369740bc" candidate_term: 1 candidate_status { last_received { term: 0 index: 0 } } ignore_live_leader: false dest_uuid: "bd8c877d092949e693c13e9103581f82" is_pre_election: true
I20260709 12:16:15.272917  6149 tablet_service.cc:1917] Received RequestConsensusVote() RPC: tablet_id: "d1ec21d99cc2496d84a013cadd31fbc6" candidate_uuid: "0ffd67a5e76e46a7b0089718369740bc" candidate_term: 1 candidate_status { last_received { term: 0 index: 0 } } ignore_live_leader: false dest_uuid: "9468a996c51241cab3d90392e5864642" is_pre_election: true
I20260709 12:16:15.273445  5999 raft_consensus.cc:2393] T d1ec21d99cc2496d84a013cadd31fbc6 P bd8c877d092949e693c13e9103581f82 [term 1 FOLLOWER]: Leader pre-election vote request: Denying vote to candidate 0ffd67a5e76e46a7b0089718369740bc in current term 1: Already voted for candidate 9468a996c51241cab3d90392e5864642 in this term.
I20260709 12:16:15.273813  6201 consensus_queue.cc:1048] T 46526944508c443c9c12315136ae866f P 9468a996c51241cab3d90392e5864642 [LEADER]: Connected to new peer: Peer: permanent_uuid: "bd8c877d092949e693c13e9103581f82" member_type: VOTER last_known_addr { host: "127.5.58.1" port: 35557 }, Status: LMP_MISMATCH, Last received: 0.0, Next index: 1, Last known committed idx: 0, Time since last communication: 0.000s
I20260709 12:16:15.274868  6041 leader_election.cc:304] T d1ec21d99cc2496d84a013cadd31fbc6 P 0ffd67a5e76e46a7b0089718369740bc [CANDIDATE]: Term 1 pre-election: Election decided. Result: candidate lost. Election summary: received 3 responses out of 3 voters: 1 yes votes; 2 no votes. yes voters: 0ffd67a5e76e46a7b0089718369740bc; no voters: 9468a996c51241cab3d90392e5864642, bd8c877d092949e693c13e9103581f82
I20260709 12:16:15.275856  6196 raft_consensus.cc:3060] T d1ec21d99cc2496d84a013cadd31fbc6 P 0ffd67a5e76e46a7b0089718369740bc [term 0 FOLLOWER]: Advancing to term 1
I20260709 12:16:15.285857  6195 consensus_queue.cc:1048] T 46526944508c443c9c12315136ae866f P 9468a996c51241cab3d90392e5864642 [LEADER]: Connected to new peer: Peer: permanent_uuid: "0ffd67a5e76e46a7b0089718369740bc" member_type: VOTER last_known_addr { host: "127.5.58.2" port: 38019 }, Status: LMP_MISMATCH, Last received: 0.0, Next index: 1, Last known committed idx: 0, Time since last communication: 0.000s
I20260709 12:16:15.294661  6196 raft_consensus.cc:2749] T d1ec21d99cc2496d84a013cadd31fbc6 P 0ffd67a5e76e46a7b0089718369740bc [term 1 FOLLOWER]: Leader pre-election lost for term 1. Reason: could not achieve majority
I20260709 12:16:15.346874  6221 consensus_queue.cc:1048] T a3442b7a72a34bb3971f1dae9e473e38 P bd8c877d092949e693c13e9103581f82 [LEADER]: Connected to new peer: Peer: permanent_uuid: "9468a996c51241cab3d90392e5864642" member_type: VOTER last_known_addr { host: "127.5.58.3" port: 44821 }, Status: LMP_MISMATCH, Last received: 0.0, Next index: 1, Last known committed idx: 0, Time since last communication: 0.001s
I20260709 12:16:15.347718  6202 consensus_queue.cc:1048] T a3442b7a72a34bb3971f1dae9e473e38 P bd8c877d092949e693c13e9103581f82 [LEADER]: Connected to new peer: Peer: permanent_uuid: "0ffd67a5e76e46a7b0089718369740bc" member_type: VOTER last_known_addr { host: "127.5.58.2" port: 38019 }, Status: LMP_MISMATCH, Last received: 0.0, Next index: 1, Last known committed idx: 0, Time since last communication: 0.000s
I20260709 12:16:15.395648  6196 consensus_queue.cc:1048] T a275014900ca4f32977e32bb6fc509fd P 0ffd67a5e76e46a7b0089718369740bc [LEADER]: Connected to new peer: Peer: permanent_uuid: "bd8c877d092949e693c13e9103581f82" member_type: VOTER last_known_addr { host: "127.5.58.1" port: 35557 }, Status: LMP_MISMATCH, Last received: 0.0, Next index: 1, Last known committed idx: 0, Time since last communication: 0.000s
I20260709 12:16:15.409227  6230 consensus_queue.cc:1048] T a275014900ca4f32977e32bb6fc509fd P 0ffd67a5e76e46a7b0089718369740bc [LEADER]: Connected to new peer: Peer: permanent_uuid: "9468a996c51241cab3d90392e5864642" member_type: VOTER last_known_addr { host: "127.5.58.3" port: 44821 }, Status: LMP_MISMATCH, Last received: 0.0, Next index: 1, Last known committed idx: 0, Time since last communication: 0.000s
I20260709 12:16:15.414629  6148 tablet_service.cc:2072] Received LeaderStepDown RPC: tablet_id: "46526944508c443c9c12315136ae866f"
dest_uuid: "9468a996c51241cab3d90392e5864642"
mode: GRACEFUL
new_leader_uuid: "bd8c877d092949e693c13e9103581f82"
 from {username='slave'} at 127.0.0.1:35334
I20260709 12:16:15.415800  6148 raft_consensus.cc:606] T 46526944508c443c9c12315136ae866f P 9468a996c51241cab3d90392e5864642 [term 1 LEADER]: Received request to transfer leadership to TS bd8c877d092949e693c13e9103581f82
I20260709 12:16:15.433434  6075 tablet_service.cc:2072] Received LeaderStepDown RPC: tablet_id: "cb9f68ad1dc24fc29ed8ad07197a68ac"
dest_uuid: "0ffd67a5e76e46a7b0089718369740bc"
mode: GRACEFUL
new_leader_uuid: "bd8c877d092949e693c13e9103581f82"
 from {username='slave'} at 127.0.0.1:43862
I20260709 12:16:15.433940  6075 raft_consensus.cc:606] T cb9f68ad1dc24fc29ed8ad07197a68ac P 0ffd67a5e76e46a7b0089718369740bc [term 1 LEADER]: Received request to transfer leadership to TS bd8c877d092949e693c13e9103581f82
I20260709 12:16:15.439356  6149 tablet_service.cc:2072] Received LeaderStepDown RPC: tablet_id: "71c10f56e0ac401b875d85211fc6ae9f"
dest_uuid: "9468a996c51241cab3d90392e5864642"
mode: GRACEFUL
new_leader_uuid: "bd8c877d092949e693c13e9103581f82"
 from {username='slave'} at 127.0.0.1:35334
I20260709 12:16:15.439913  6149 raft_consensus.cc:606] T 71c10f56e0ac401b875d85211fc6ae9f P 9468a996c51241cab3d90392e5864642 [term 1 LEADER]: Received request to transfer leadership to TS bd8c877d092949e693c13e9103581f82
I20260709 12:16:15.445199  6075 tablet_service.cc:2072] Received LeaderStepDown RPC: tablet_id: "a275014900ca4f32977e32bb6fc509fd"
dest_uuid: "0ffd67a5e76e46a7b0089718369740bc"
mode: GRACEFUL
new_leader_uuid: "bd8c877d092949e693c13e9103581f82"
 from {username='slave'} at 127.0.0.1:43862
I20260709 12:16:15.445911  6075 raft_consensus.cc:606] T a275014900ca4f32977e32bb6fc509fd P 0ffd67a5e76e46a7b0089718369740bc [term 1 LEADER]: Received request to transfer leadership to TS bd8c877d092949e693c13e9103581f82
I20260709 12:16:15.454202  6149 tablet_service.cc:2072] Received LeaderStepDown RPC: tablet_id: "8ff9114868e646a4967bf3e65485393c"
dest_uuid: "9468a996c51241cab3d90392e5864642"
mode: GRACEFUL
new_leader_uuid: "0ffd67a5e76e46a7b0089718369740bc"
 from {username='slave'} at 127.0.0.1:35334
I20260709 12:16:15.454732  6149 raft_consensus.cc:606] T 8ff9114868e646a4967bf3e65485393c P 9468a996c51241cab3d90392e5864642 [term 1 LEADER]: Received request to transfer leadership to TS 0ffd67a5e76e46a7b0089718369740bc
I20260709 12:16:15.469223  5999 tablet_service.cc:2072] Received LeaderStepDown RPC: tablet_id: "3f858fa3ce674075aabe68fc8228266d"
dest_uuid: "bd8c877d092949e693c13e9103581f82"
mode: GRACEFUL
new_leader_uuid: "0ffd67a5e76e46a7b0089718369740bc"
 from {username='slave'} at 127.0.0.1:43094
I20260709 12:16:15.469724  5999 raft_consensus.cc:606] T 3f858fa3ce674075aabe68fc8228266d P bd8c877d092949e693c13e9103581f82 [term 1 LEADER]: Received request to transfer leadership to TS 0ffd67a5e76e46a7b0089718369740bc
I20260709 12:16:15.475684  6221 consensus_queue.cc:1048] T b40ad7108aec4ad2a5aa42acd343c6ac P bd8c877d092949e693c13e9103581f82 [LEADER]: Connected to new peer: Peer: permanent_uuid: "9468a996c51241cab3d90392e5864642" member_type: VOTER last_known_addr { host: "127.5.58.3" port: 44821 }, Status: LMP_MISMATCH, Last received: 0.0, Next index: 1, Last known committed idx: 0, Time since last communication: 0.000s
I20260709 12:16:15.476311  5999 tablet_service.cc:2072] Received LeaderStepDown RPC: tablet_id: "800b87c938ae4f1596d89f00bb34399d"
dest_uuid: "bd8c877d092949e693c13e9103581f82"
mode: GRACEFUL
new_leader_uuid: "0ffd67a5e76e46a7b0089718369740bc"
 from {username='slave'} at 127.0.0.1:43094
I20260709 12:16:15.476931  5999 raft_consensus.cc:606] T 800b87c938ae4f1596d89f00bb34399d P bd8c877d092949e693c13e9103581f82 [term 1 LEADER]: Received request to transfer leadership to TS 0ffd67a5e76e46a7b0089718369740bc
I20260709 12:16:15.477897  6221 consensus_queue.cc:1048] T b40ad7108aec4ad2a5aa42acd343c6ac P bd8c877d092949e693c13e9103581f82 [LEADER]: Connected to new peer: Peer: permanent_uuid: "0ffd67a5e76e46a7b0089718369740bc" member_type: VOTER last_known_addr { host: "127.5.58.2" port: 38019 }, Status: LMP_MISMATCH, Last received: 0.0, Next index: 1, Last known committed idx: 0, Time since last communication: 0.000s
I20260709 12:16:15.483737  5999 tablet_service.cc:2072] Received LeaderStepDown RPC: tablet_id: "a3442b7a72a34bb3971f1dae9e473e38"
dest_uuid: "bd8c877d092949e693c13e9103581f82"
mode: GRACEFUL
new_leader_uuid: "0ffd67a5e76e46a7b0089718369740bc"
 from {username='slave'} at 127.0.0.1:43094
I20260709 12:16:15.484434  5999 raft_consensus.cc:606] T a3442b7a72a34bb3971f1dae9e473e38 P bd8c877d092949e693c13e9103581f82 [term 1 LEADER]: Received request to transfer leadership to TS 0ffd67a5e76e46a7b0089718369740bc
I20260709 12:16:15.529196  6230 raft_consensus.cc:493] T 8ff9114868e646a4967bf3e65485393c P 0ffd67a5e76e46a7b0089718369740bc [term 0 FOLLOWER]: Starting pre-election (no leader contacted us within the election timeout)
I20260709 12:16:15.529608  6230 raft_consensus.cc:515] T 8ff9114868e646a4967bf3e65485393c P 0ffd67a5e76e46a7b0089718369740bc [term 0 FOLLOWER]: Starting pre-election with config: opid_index: -1 OBSOLETE_local: false peers { permanent_uuid: "bd8c877d092949e693c13e9103581f82" member_type: VOTER last_known_addr { host: "127.5.58.1" port: 35557 } } peers { permanent_uuid: "0ffd67a5e76e46a7b0089718369740bc" member_type: VOTER last_known_addr { host: "127.5.58.2" port: 38019 } } peers { permanent_uuid: "9468a996c51241cab3d90392e5864642" member_type: VOTER last_known_addr { host: "127.5.58.3" port: 44821 } }
I20260709 12:16:15.532251  6230 leader_election.cc:290] T 8ff9114868e646a4967bf3e65485393c P 0ffd67a5e76e46a7b0089718369740bc [CANDIDATE]: Term 1 pre-election: Requested pre-vote from peers bd8c877d092949e693c13e9103581f82 (127.5.58.1:35557), 9468a996c51241cab3d90392e5864642 (127.5.58.3:44821)
I20260709 12:16:15.532941  5999 tablet_service.cc:1917] Received RequestConsensusVote() RPC: tablet_id: "8ff9114868e646a4967bf3e65485393c" candidate_uuid: "0ffd67a5e76e46a7b0089718369740bc" candidate_term: 1 candidate_status { last_received { term: 0 index: 0 } } ignore_live_leader: false dest_uuid: "bd8c877d092949e693c13e9103581f82" is_pre_election: true
I20260709 12:16:15.533726  5999 raft_consensus.cc:2393] T 8ff9114868e646a4967bf3e65485393c P bd8c877d092949e693c13e9103581f82 [term 1 FOLLOWER]: Leader pre-election vote request: Denying vote to candidate 0ffd67a5e76e46a7b0089718369740bc in current term 1: Already voted for candidate 9468a996c51241cab3d90392e5864642 in this term.
I20260709 12:16:15.533972  6149 tablet_service.cc:1917] Received RequestConsensusVote() RPC: tablet_id: "8ff9114868e646a4967bf3e65485393c" candidate_uuid: "0ffd67a5e76e46a7b0089718369740bc" candidate_term: 1 candidate_status { last_received { term: 0 index: 0 } } ignore_live_leader: false dest_uuid: "9468a996c51241cab3d90392e5864642" is_pre_election: true
I20260709 12:16:15.535375  6041 leader_election.cc:304] T 8ff9114868e646a4967bf3e65485393c P 0ffd67a5e76e46a7b0089718369740bc [CANDIDATE]: Term 1 pre-election: Election decided. Result: candidate lost. Election summary: received 3 responses out of 3 voters: 1 yes votes; 2 no votes. yes voters: 0ffd67a5e76e46a7b0089718369740bc; no voters: 9468a996c51241cab3d90392e5864642, bd8c877d092949e693c13e9103581f82
I20260709 12:16:15.536458  6230 raft_consensus.cc:3060] T 8ff9114868e646a4967bf3e65485393c P 0ffd67a5e76e46a7b0089718369740bc [term 0 FOLLOWER]: Advancing to term 1
I20260709 12:16:15.542371  6230 raft_consensus.cc:2749] T 8ff9114868e646a4967bf3e65485393c P 0ffd67a5e76e46a7b0089718369740bc [term 1 FOLLOWER]: Leader pre-election lost for term 1. Reason: could not achieve majority
I20260709 12:16:15.546962  6221 consensus_queue.cc:1048] T 800b87c938ae4f1596d89f00bb34399d P bd8c877d092949e693c13e9103581f82 [LEADER]: Connected to new peer: Peer: permanent_uuid: "9468a996c51241cab3d90392e5864642" member_type: VOTER last_known_addr { host: "127.5.58.3" port: 44821 }, Status: LMP_MISMATCH, Last received: 0.0, Next index: 1, Last known committed idx: 0, Time since last communication: 0.000s
I20260709 12:16:15.559085  6221 consensus_queue.cc:1048] T 800b87c938ae4f1596d89f00bb34399d P bd8c877d092949e693c13e9103581f82 [LEADER]: Connected to new peer: Peer: permanent_uuid: "0ffd67a5e76e46a7b0089718369740bc" member_type: VOTER last_known_addr { host: "127.5.58.2" port: 38019 }, Status: LMP_MISMATCH, Last received: 0.0, Next index: 1, Last known committed idx: 0, Time since last communication: 0.001s
I20260709 12:16:15.559193  6195 consensus_queue.cc:1048] T d1ec21d99cc2496d84a013cadd31fbc6 P 9468a996c51241cab3d90392e5864642 [LEADER]: Connected to new peer: Peer: permanent_uuid: "0ffd67a5e76e46a7b0089718369740bc" member_type: VOTER last_known_addr { host: "127.5.58.2" port: 38019 }, Status: LMP_MISMATCH, Last received: 0.0, Next index: 1, Last known committed idx: 0, Time since last communication: 0.000s
I20260709 12:16:15.568583  6245 consensus_queue.cc:1048] T 8ff9114868e646a4967bf3e65485393c P 9468a996c51241cab3d90392e5864642 [LEADER]: Connected to new peer: Peer: permanent_uuid: "bd8c877d092949e693c13e9103581f82" member_type: VOTER last_known_addr { host: "127.5.58.1" port: 35557 }, Status: LMP_MISMATCH, Last received: 0.0, Next index: 1, Last known committed idx: 0, Time since last communication: 0.001s
I20260709 12:16:15.572608  6221 raft_consensus.cc:993] T 800b87c938ae4f1596d89f00bb34399d P bd8c877d092949e693c13e9103581f82: : Instructing follower 0ffd67a5e76e46a7b0089718369740bc to start an election
I20260709 12:16:15.573318  6221 raft_consensus.cc:1081] T 800b87c938ae4f1596d89f00bb34399d P bd8c877d092949e693c13e9103581f82 [term 1 LEADER]: Signalling peer 0ffd67a5e76e46a7b0089718369740bc to start an election
I20260709 12:16:15.574986  6076 tablet_service.cc:2044] Received Run Leader Election RPC: tablet_id: "800b87c938ae4f1596d89f00bb34399d"
dest_uuid: "0ffd67a5e76e46a7b0089718369740bc"
 from {username='slave'} at 127.0.0.1:43850
I20260709 12:16:15.575856  6076 raft_consensus.cc:493] T 800b87c938ae4f1596d89f00bb34399d P 0ffd67a5e76e46a7b0089718369740bc [term 1 FOLLOWER]: Starting forced leader election (received explicit request)
I20260709 12:16:15.576267  6076 raft_consensus.cc:3060] T 800b87c938ae4f1596d89f00bb34399d P 0ffd67a5e76e46a7b0089718369740bc [term 1 FOLLOWER]: Advancing to term 2
I20260709 12:16:15.576500  6247 consensus_queue.cc:1048] T d1ec21d99cc2496d84a013cadd31fbc6 P 9468a996c51241cab3d90392e5864642 [LEADER]: Connected to new peer: Peer: permanent_uuid: "bd8c877d092949e693c13e9103581f82" member_type: VOTER last_known_addr { host: "127.5.58.1" port: 35557 }, Status: LMP_MISMATCH, Last received: 0.0, Next index: 1, Last known committed idx: 0, Time since last communication: 0.000s
I20260709 12:16:15.585971  6076 raft_consensus.cc:515] T 800b87c938ae4f1596d89f00bb34399d P 0ffd67a5e76e46a7b0089718369740bc [term 2 FOLLOWER]: Starting forced leader election with config: opid_index: -1 OBSOLETE_local: false peers { permanent_uuid: "bd8c877d092949e693c13e9103581f82" member_type: VOTER last_known_addr { host: "127.5.58.1" port: 35557 } } peers { permanent_uuid: "0ffd67a5e76e46a7b0089718369740bc" member_type: VOTER last_known_addr { host: "127.5.58.2" port: 38019 } } peers { permanent_uuid: "9468a996c51241cab3d90392e5864642" member_type: VOTER last_known_addr { host: "127.5.58.3" port: 44821 } }
I20260709 12:16:15.590078  6001 tablet_service.cc:1917] Received RequestConsensusVote() RPC: tablet_id: "800b87c938ae4f1596d89f00bb34399d" candidate_uuid: "0ffd67a5e76e46a7b0089718369740bc" candidate_term: 2 candidate_status { last_received { term: 1 index: 1 } } ignore_live_leader: true dest_uuid: "bd8c877d092949e693c13e9103581f82"
