I20260709 12:16:45.335017 24817 tablet_bootstrap.cc:654] T 0c050aa9f76343ed9372e9ba1373c44f P ec430612ef3f4a9d87bbf1bd18c65a71: Neither blocks nor log segments found. Creating new log.
I20260709 12:16:45.335249 25044 raft_consensus.cc:493] T f915d0a719094daa813efdcb1adc6982 P 04393f1055164669834d8e0e4942ee64 [term 0 FOLLOWER]: Starting leader election (no leader contacted us within the election timeout)
I20260709 12:16:45.335613 25044 raft_consensus.cc:3060] T f915d0a719094daa813efdcb1adc6982 P 04393f1055164669834d8e0e4942ee64 [term 0 FOLLOWER]: Advancing to term 1
I20260709 12:16:45.353544 25044 raft_consensus.cc:515] T f915d0a719094daa813efdcb1adc6982 P 04393f1055164669834d8e0e4942ee64 [term 1 FOLLOWER]: Starting leader election with config: opid_index: -1 OBSOLETE_local: false peers { permanent_uuid: "04393f1055164669834d8e0e4942ee64" member_type: VOTER last_known_addr { host: "127.22.232.1" port: 41649 } } peers { permanent_uuid: "ec430612ef3f4a9d87bbf1bd18c65a71" member_type: VOTER last_known_addr { host: "127.22.232.2" port: 36719 } } peers { permanent_uuid: "d85e618e1d0d4d939335776f4afe27b7" member_type: VOTER last_known_addr { host: "127.22.232.3" port: 43833 } }
I20260709 12:16:45.358119 24816 tablet_bootstrap.cc:492] T f122bec11a8941439f5cf23c88f39ed9 P d85e618e1d0d4d939335776f4afe27b7: No bootstrap required, opened a new log
I20260709 12:16:45.358654 24816 ts_tablet_manager.cc:1403] T f122bec11a8941439f5cf23c88f39ed9 P d85e618e1d0d4d939335776f4afe27b7: Time spent bootstrapping tablet: real 0.097s	user 0.020s	sys 0.016s
I20260709 12:16:45.358789 24817 tablet_bootstrap.cc:492] T 0c050aa9f76343ed9372e9ba1373c44f P ec430612ef3f4a9d87bbf1bd18c65a71: No bootstrap required, opened a new log
I20260709 12:16:45.359297 24817 ts_tablet_manager.cc:1403] T 0c050aa9f76343ed9372e9ba1373c44f P ec430612ef3f4a9d87bbf1bd18c65a71: Time spent bootstrapping tablet: real 0.032s	user 0.012s	sys 0.004s
I20260709 12:16:45.361459 24816 raft_consensus.cc:359] T f122bec11a8941439f5cf23c88f39ed9 P d85e618e1d0d4d939335776f4afe27b7 [term 0 FOLLOWER]: Replica starting. Triggering 0 pending ops. Active config: opid_index: -1 OBSOLETE_local: false peers { permanent_uuid: "04393f1055164669834d8e0e4942ee64" member_type: VOTER last_known_addr { host: "127.22.232.1" port: 41649 } } peers { permanent_uuid: "ec430612ef3f4a9d87bbf1bd18c65a71" member_type: VOTER last_known_addr { host: "127.22.232.2" port: 36719 } } peers { permanent_uuid: "d85e618e1d0d4d939335776f4afe27b7" member_type: VOTER last_known_addr { host: "127.22.232.3" port: 43833 } }
I20260709 12:16:45.362239 24816 raft_consensus.cc:385] T f122bec11a8941439f5cf23c88f39ed9 P d85e618e1d0d4d939335776f4afe27b7 [term 0 FOLLOWER]: Consensus starting up: Expiring failure detector timer to make a prompt election more likely
I20260709 12:16:45.362514 24816 raft_consensus.cc:740] T f122bec11a8941439f5cf23c88f39ed9 P d85e618e1d0d4d939335776f4afe27b7 [term 0 FOLLOWER]: Becoming Follower/Learner. State: Replica: d85e618e1d0d4d939335776f4afe27b7, State: Initialized, Role: FOLLOWER
I20260709 12:16:45.362922 24702 tablet_service.cc:1917] Received RequestConsensusVote() RPC: tablet_id: "f915d0a719094daa813efdcb1adc6982" candidate_uuid: "04393f1055164669834d8e0e4942ee64" candidate_term: 1 candidate_status { last_received { term: 0 index: 0 } } ignore_live_leader: false dest_uuid: "ec430612ef3f4a9d87bbf1bd18c65a71"
I20260709 12:16:45.362697 24817 raft_consensus.cc:359] T 0c050aa9f76343ed9372e9ba1373c44f P ec430612ef3f4a9d87bbf1bd18c65a71 [term 0 FOLLOWER]: Replica starting. Triggering 0 pending ops. Active config: opid_index: -1 OBSOLETE_local: false peers { permanent_uuid: "04393f1055164669834d8e0e4942ee64" member_type: VOTER last_known_addr { host: "127.22.232.1" port: 41649 } } peers { permanent_uuid: "ec430612ef3f4a9d87bbf1bd18c65a71" member_type: VOTER last_known_addr { host: "127.22.232.2" port: 36719 } } peers { permanent_uuid: "d85e618e1d0d4d939335776f4afe27b7" member_type: VOTER last_known_addr { host: "127.22.232.3" port: 43833 } }
I20260709 12:16:45.363422 24817 raft_consensus.cc:385] T 0c050aa9f76343ed9372e9ba1373c44f P ec430612ef3f4a9d87bbf1bd18c65a71 [term 0 FOLLOWER]: Consensus starting up: Expiring failure detector timer to make a prompt election more likely
I20260709 12:16:45.363487 24702 raft_consensus.cc:3060] T f915d0a719094daa813efdcb1adc6982 P ec430612ef3f4a9d87bbf1bd18c65a71 [term 0 FOLLOWER]: Advancing to term 1
I20260709 12:16:45.363816 24817 raft_consensus.cc:740] T 0c050aa9f76343ed9372e9ba1373c44f P ec430612ef3f4a9d87bbf1bd18c65a71 [term 0 FOLLOWER]: Becoming Follower/Learner. State: Replica: ec430612ef3f4a9d87bbf1bd18c65a71, State: Initialized, Role: FOLLOWER
I20260709 12:16:45.363224 24816 consensus_queue.cc:260] T f122bec11a8941439f5cf23c88f39ed9 P d85e618e1d0d4d939335776f4afe27b7 [NON_LEADER]: Queue going to NON_LEADER mode. State: All replicated index: 0, Majority replicated index: 0, Committed index: 0, Last appended: 0.0, Last appended by leader: 0, Current term: 0, Majority size: -1, State: 0, Mode: NON_LEADER, active raft config: opid_index: -1 OBSOLETE_local: false peers { permanent_uuid: "04393f1055164669834d8e0e4942ee64" member_type: VOTER last_known_addr { host: "127.22.232.1" port: 41649 } } peers { permanent_uuid: "ec430612ef3f4a9d87bbf1bd18c65a71" member_type: VOTER last_known_addr { host: "127.22.232.2" port: 36719 } } peers { permanent_uuid: "d85e618e1d0d4d939335776f4afe27b7" member_type: VOTER last_known_addr { host: "127.22.232.3" port: 43833 } }
I20260709 12:16:45.364742 24817 consensus_queue.cc:260] T 0c050aa9f76343ed9372e9ba1373c44f P ec430612ef3f4a9d87bbf1bd18c65a71 [NON_LEADER]: Queue going to NON_LEADER mode. State: All replicated index: 0, Majority replicated index: 0, Committed index: 0, Last appended: 0.0, Last appended by leader: 0, Current term: 0, Majority size: -1, State: 0, Mode: NON_LEADER, active raft config: opid_index: -1 OBSOLETE_local: false peers { permanent_uuid: "04393f1055164669834d8e0e4942ee64" member_type: VOTER last_known_addr { host: "127.22.232.1" port: 41649 } } peers { permanent_uuid: "ec430612ef3f4a9d87bbf1bd18c65a71" member_type: VOTER last_known_addr { host: "127.22.232.2" port: 36719 } } peers { permanent_uuid: "d85e618e1d0d4d939335776f4afe27b7" member_type: VOTER last_known_addr { host: "127.22.232.3" port: 43833 } }
I20260709 12:16:45.366434 24816 ts_tablet_manager.cc:1434] T f122bec11a8941439f5cf23c88f39ed9 P d85e618e1d0d4d939335776f4afe27b7: Time spent starting tablet: real 0.007s	user 0.004s	sys 0.000s
I20260709 12:16:45.370929 24817 ts_tablet_manager.cc:1434] T 0c050aa9f76343ed9372e9ba1373c44f P ec430612ef3f4a9d87bbf1bd18c65a71: Time spent starting tablet: real 0.011s	user 0.008s	sys 0.000s
I20260709 12:16:45.372016 24817 tablet_bootstrap.cc:492] T 2819d77e0e8a4ff7b56cefa8656b35e7 P ec430612ef3f4a9d87bbf1bd18c65a71: Bootstrap starting.
I20260709 12:16:45.373286 24702 raft_consensus.cc:2468] T f915d0a719094daa813efdcb1adc6982 P ec430612ef3f4a9d87bbf1bd18c65a71 [term 1 FOLLOWER]: Leader election vote request: Granting yes vote for candidate 04393f1055164669834d8e0e4942ee64 in term 1.
I20260709 12:16:45.378273 24817 tablet_bootstrap.cc:654] T 2819d77e0e8a4ff7b56cefa8656b35e7 P ec430612ef3f4a9d87bbf1bd18c65a71: Neither blocks nor log segments found. Creating new log.
I20260709 12:16:45.380295 24816 tablet_bootstrap.cc:492] T 4b68bccec37e4e1982cd77f0ddcc89fc P d85e618e1d0d4d939335776f4afe27b7: Bootstrap starting.
I20260709 12:16:45.388746 24592 leader_election.cc:304] T f915d0a719094daa813efdcb1adc6982 P 04393f1055164669834d8e0e4942ee64 [CANDIDATE]: Term 1 election: Election decided. Result: candidate won. Election summary: received 2 responses out of 3 voters: 2 yes votes; 0 no votes. yes voters: 04393f1055164669834d8e0e4942ee64, ec430612ef3f4a9d87bbf1bd18c65a71; no voters: 
I20260709 12:16:45.390254 24906 raft_consensus.cc:2804] T f915d0a719094daa813efdcb1adc6982 P 04393f1055164669834d8e0e4942ee64 [term 1 FOLLOWER]: Leader election won for term 1
I20260709 12:16:45.390794 24906 raft_consensus.cc:697] T f915d0a719094daa813efdcb1adc6982 P 04393f1055164669834d8e0e4942ee64 [term 1 LEADER]: Becoming Leader. State: Replica: 04393f1055164669834d8e0e4942ee64, State: Running, Role: LEADER
I20260709 12:16:45.395272 24906 consensus_queue.cc:237] T f915d0a719094daa813efdcb1adc6982 P 04393f1055164669834d8e0e4942ee64 [LEADER]: Queue going to LEADER mode. State: All replicated index: 0, Majority replicated index: 0, Committed index: 0, Last appended: 0.0, Last appended by leader: 0, Current term: 1, Majority size: 2, State: 0, Mode: LEADER, active raft config: opid_index: -1 OBSOLETE_local: false peers { permanent_uuid: "04393f1055164669834d8e0e4942ee64" member_type: VOTER last_known_addr { host: "127.22.232.1" port: 41649 } } peers { permanent_uuid: "ec430612ef3f4a9d87bbf1bd18c65a71" member_type: VOTER last_known_addr { host: "127.22.232.2" port: 36719 } } peers { permanent_uuid: "d85e618e1d0d4d939335776f4afe27b7" member_type: VOTER last_known_addr { host: "127.22.232.3" port: 43833 } }
I20260709 12:16:45.396248 25044 leader_election.cc:290] T f915d0a719094daa813efdcb1adc6982 P 04393f1055164669834d8e0e4942ee64 [CANDIDATE]: Term 1 election: Requested vote from peers ec430612ef3f4a9d87bbf1bd18c65a71 (127.22.232.2:36719), d85e618e1d0d4d939335776f4afe27b7 (127.22.232.3:43833)
I20260709 12:16:45.397938 24773 tablet_service.cc:1917] Received RequestConsensusVote() RPC: tablet_id: "f915d0a719094daa813efdcb1adc6982" candidate_uuid: "04393f1055164669834d8e0e4942ee64" candidate_term: 1 candidate_status { last_received { term: 0 index: 0 } } ignore_live_leader: false dest_uuid: "d85e618e1d0d4d939335776f4afe27b7"
I20260709 12:16:45.399319 24818 tablet_bootstrap.cc:492] T 0c050aa9f76343ed9372e9ba1373c44f P 04393f1055164669834d8e0e4942ee64: No bootstrap required, opened a new log
I20260709 12:16:45.412659 24773 raft_consensus.cc:3060] T f915d0a719094daa813efdcb1adc6982 P d85e618e1d0d4d939335776f4afe27b7 [term 0 FOLLOWER]: Advancing to term 1
I20260709 12:16:45.412946 24818 ts_tablet_manager.cc:1403] T 0c050aa9f76343ed9372e9ba1373c44f P 04393f1055164669834d8e0e4942ee64: Time spent bootstrapping tablet: real 0.111s	user 0.033s	sys 0.015s
I20260709 12:16:45.401760 24816 tablet_bootstrap.cc:654] T 4b68bccec37e4e1982cd77f0ddcc89fc P d85e618e1d0d4d939335776f4afe27b7: Neither blocks nor log segments found. Creating new log.
I20260709 12:16:45.421147 24773 raft_consensus.cc:2468] T f915d0a719094daa813efdcb1adc6982 P d85e618e1d0d4d939335776f4afe27b7 [term 1 FOLLOWER]: Leader election vote request: Granting yes vote for candidate 04393f1055164669834d8e0e4942ee64 in term 1.
I20260709 12:16:45.424479 24818 raft_consensus.cc:359] T 0c050aa9f76343ed9372e9ba1373c44f P 04393f1055164669834d8e0e4942ee64 [term 0 FOLLOWER]: Replica starting. Triggering 0 pending ops. Active config: opid_index: -1 OBSOLETE_local: false peers { permanent_uuid: "04393f1055164669834d8e0e4942ee64" member_type: VOTER last_known_addr { host: "127.22.232.1" port: 41649 } } peers { permanent_uuid: "ec430612ef3f4a9d87bbf1bd18c65a71" member_type: VOTER last_known_addr { host: "127.22.232.2" port: 36719 } } peers { permanent_uuid: "d85e618e1d0d4d939335776f4afe27b7" member_type: VOTER last_known_addr { host: "127.22.232.3" port: 43833 } }
I20260709 12:16:45.425501 24818 raft_consensus.cc:385] T 0c050aa9f76343ed9372e9ba1373c44f P 04393f1055164669834d8e0e4942ee64 [term 0 FOLLOWER]: Consensus starting up: Expiring failure detector timer to make a prompt election more likely
I20260709 12:16:45.425872 24818 raft_consensus.cc:740] T 0c050aa9f76343ed9372e9ba1373c44f P 04393f1055164669834d8e0e4942ee64 [term 0 FOLLOWER]: Becoming Follower/Learner. State: Replica: 04393f1055164669834d8e0e4942ee64, State: Initialized, Role: FOLLOWER
I20260709 12:16:45.428175 24818 consensus_queue.cc:260] T 0c050aa9f76343ed9372e9ba1373c44f P 04393f1055164669834d8e0e4942ee64 [NON_LEADER]: Queue going to NON_LEADER mode. State: All replicated index: 0, Majority replicated index: 0, Committed index: 0, Last appended: 0.0, Last appended by leader: 0, Current term: 0, Majority size: -1, State: 0, Mode: NON_LEADER, active raft config: opid_index: -1 OBSOLETE_local: false peers { permanent_uuid: "04393f1055164669834d8e0e4942ee64" member_type: VOTER last_known_addr { host: "127.22.232.1" port: 41649 } } peers { permanent_uuid: "ec430612ef3f4a9d87bbf1bd18c65a71" member_type: VOTER last_known_addr { host: "127.22.232.2" port: 36719 } } peers { permanent_uuid: "d85e618e1d0d4d939335776f4afe27b7" member_type: VOTER last_known_addr { host: "127.22.232.3" port: 43833 } }
I20260709 12:16:45.431254 24818 ts_tablet_manager.cc:1434] T 0c050aa9f76343ed9372e9ba1373c44f P 04393f1055164669834d8e0e4942ee64: Time spent starting tablet: real 0.018s	user 0.010s	sys 0.000s
I20260709 12:16:45.432359 24818 tablet_bootstrap.cc:492] T d872ba65197b4a45bd32a57c875239cc P 04393f1055164669834d8e0e4942ee64: Bootstrap starting.
I20260709 12:16:45.432833 24817 tablet_bootstrap.cc:492] T 2819d77e0e8a4ff7b56cefa8656b35e7 P ec430612ef3f4a9d87bbf1bd18c65a71: No bootstrap required, opened a new log
I20260709 12:16:45.433307 24817 ts_tablet_manager.cc:1403] T 2819d77e0e8a4ff7b56cefa8656b35e7 P ec430612ef3f4a9d87bbf1bd18c65a71: Time spent bootstrapping tablet: real 0.062s	user 0.019s	sys 0.020s
I20260709 12:16:45.433661 24524 catalog_manager.cc:5697] T f915d0a719094daa813efdcb1adc6982 P 04393f1055164669834d8e0e4942ee64 reported cstate change: term changed from 0 to 1, leader changed from <none> to 04393f1055164669834d8e0e4942ee64 (127.22.232.1). New cstate: current_term: 1 leader_uuid: "04393f1055164669834d8e0e4942ee64" committed_config { opid_index: -1 OBSOLETE_local: false peers { permanent_uuid: "04393f1055164669834d8e0e4942ee64" member_type: VOTER last_known_addr { host: "127.22.232.1" port: 41649 } health_report { overall_health: HEALTHY } } peers { permanent_uuid: "ec430612ef3f4a9d87bbf1bd18c65a71" member_type: VOTER last_known_addr { host: "127.22.232.2" port: 36719 } health_report { overall_health: UNKNOWN } } peers { permanent_uuid: "d85e618e1d0d4d939335776f4afe27b7" member_type: VOTER last_known_addr { host: "127.22.232.3" port: 43833 } health_report { overall_health: UNKNOWN } } }
I20260709 12:16:45.436209 24817 raft_consensus.cc:359] T 2819d77e0e8a4ff7b56cefa8656b35e7 P ec430612ef3f4a9d87bbf1bd18c65a71 [term 0 FOLLOWER]: Replica starting. Triggering 0 pending ops. Active config: opid_index: -1 OBSOLETE_local: false peers { permanent_uuid: "04393f1055164669834d8e0e4942ee64" member_type: VOTER last_known_addr { host: "127.22.232.1" port: 41649 } } peers { permanent_uuid: "ec430612ef3f4a9d87bbf1bd18c65a71" member_type: VOTER last_known_addr { host: "127.22.232.2" port: 36719 } } peers { permanent_uuid: "d85e618e1d0d4d939335776f4afe27b7" member_type: VOTER last_known_addr { host: "127.22.232.3" port: 43833 } }
I20260709 12:16:45.436962 24817 raft_consensus.cc:385] T 2819d77e0e8a4ff7b56cefa8656b35e7 P ec430612ef3f4a9d87bbf1bd18c65a71 [term 0 FOLLOWER]: Consensus starting up: Expiring failure detector timer to make a prompt election more likely
I20260709 12:16:45.437229 24817 raft_consensus.cc:740] T 2819d77e0e8a4ff7b56cefa8656b35e7 P ec430612ef3f4a9d87bbf1bd18c65a71 [term 0 FOLLOWER]: Becoming Follower/Learner. State: Replica: ec430612ef3f4a9d87bbf1bd18c65a71, State: Initialized, Role: FOLLOWER
I20260709 12:16:45.438252 24818 tablet_bootstrap.cc:654] T d872ba65197b4a45bd32a57c875239cc P 04393f1055164669834d8e0e4942ee64: Neither blocks nor log segments found. Creating new log.
I20260709 12:16:45.438196 24817 consensus_queue.cc:260] T 2819d77e0e8a4ff7b56cefa8656b35e7 P ec430612ef3f4a9d87bbf1bd18c65a71 [NON_LEADER]: Queue going to NON_LEADER mode. State: All replicated index: 0, Majority replicated index: 0, Committed index: 0, Last appended: 0.0, Last appended by leader: 0, Current term: 0, Majority size: -1, State: 0, Mode: NON_LEADER, active raft config: opid_index: -1 OBSOLETE_local: false peers { permanent_uuid: "04393f1055164669834d8e0e4942ee64" member_type: VOTER last_known_addr { host: "127.22.232.1" port: 41649 } } peers { permanent_uuid: "ec430612ef3f4a9d87bbf1bd18c65a71" member_type: VOTER last_known_addr { host: "127.22.232.2" port: 36719 } } peers { permanent_uuid: "d85e618e1d0d4d939335776f4afe27b7" member_type: VOTER last_known_addr { host: "127.22.232.3" port: 43833 } }
I20260709 12:16:45.440656 24816 tablet_bootstrap.cc:492] T 4b68bccec37e4e1982cd77f0ddcc89fc P d85e618e1d0d4d939335776f4afe27b7: No bootstrap required, opened a new log
I20260709 12:16:45.441138 24816 ts_tablet_manager.cc:1403] T 4b68bccec37e4e1982cd77f0ddcc89fc P d85e618e1d0d4d939335776f4afe27b7: Time spent bootstrapping tablet: real 0.066s	user 0.012s	sys 0.001s
I20260709 12:16:45.443897 24816 raft_consensus.cc:359] T 4b68bccec37e4e1982cd77f0ddcc89fc P d85e618e1d0d4d939335776f4afe27b7 [term 0 FOLLOWER]: Replica starting. Triggering 0 pending ops. Active config: opid_index: -1 OBSOLETE_local: false peers { permanent_uuid: "04393f1055164669834d8e0e4942ee64" member_type: VOTER last_known_addr { host: "127.22.232.1" port: 41649 } } peers { permanent_uuid: "ec430612ef3f4a9d87bbf1bd18c65a71" member_type: VOTER last_known_addr { host: "127.22.232.2" port: 36719 } } peers { permanent_uuid: "d85e618e1d0d4d939335776f4afe27b7" member_type: VOTER last_known_addr { host: "127.22.232.3" port: 43833 } }
I20260709 12:16:45.444564 24816 raft_consensus.cc:385] T 4b68bccec37e4e1982cd77f0ddcc89fc P d85e618e1d0d4d939335776f4afe27b7 [term 0 FOLLOWER]: Consensus starting up: Expiring failure detector timer to make a prompt election more likely
I20260709 12:16:45.444635 24818 tablet_bootstrap.cc:492] T d872ba65197b4a45bd32a57c875239cc P 04393f1055164669834d8e0e4942ee64: No bootstrap required, opened a new log
I20260709 12:16:45.444898 24816 raft_consensus.cc:740] T 4b68bccec37e4e1982cd77f0ddcc89fc P d85e618e1d0d4d939335776f4afe27b7 [term 0 FOLLOWER]: Becoming Follower/Learner. State: Replica: d85e618e1d0d4d939335776f4afe27b7, State: Initialized, Role: FOLLOWER
I20260709 12:16:45.445164 24818 ts_tablet_manager.cc:1403] T d872ba65197b4a45bd32a57c875239cc P 04393f1055164669834d8e0e4942ee64: Time spent bootstrapping tablet: real 0.013s	user 0.011s	sys 0.000s
I20260709 12:16:45.445627 24816 consensus_queue.cc:260] T 4b68bccec37e4e1982cd77f0ddcc89fc P d85e618e1d0d4d939335776f4afe27b7 [NON_LEADER]: Queue going to NON_LEADER mode. State: All replicated index: 0, Majority replicated index: 0, Committed index: 0, Last appended: 0.0, Last appended by leader: 0, Current term: 0, Majority size: -1, State: 0, Mode: NON_LEADER, active raft config: opid_index: -1 OBSOLETE_local: false peers { permanent_uuid: "04393f1055164669834d8e0e4942ee64" member_type: VOTER last_known_addr { host: "127.22.232.1" port: 41649 } } peers { permanent_uuid: "ec430612ef3f4a9d87bbf1bd18c65a71" member_type: VOTER last_known_addr { host: "127.22.232.2" port: 36719 } } peers { permanent_uuid: "d85e618e1d0d4d939335776f4afe27b7" member_type: VOTER last_known_addr { host: "127.22.232.3" port: 43833 } }
I20260709 12:16:45.447697 24816 ts_tablet_manager.cc:1434] T 4b68bccec37e4e1982cd77f0ddcc89fc P d85e618e1d0d4d939335776f4afe27b7: Time spent starting tablet: real 0.006s	user 0.008s	sys 0.000s
I20260709 12:16:45.447875 24818 raft_consensus.cc:359] T d872ba65197b4a45bd32a57c875239cc P 04393f1055164669834d8e0e4942ee64 [term 0 FOLLOWER]: Replica starting. Triggering 0 pending ops. Active config: opid_index: -1 OBSOLETE_local: false peers { permanent_uuid: "04393f1055164669834d8e0e4942ee64" member_type: VOTER last_known_addr { host: "127.22.232.1" port: 41649 } } peers { permanent_uuid: "ec430612ef3f4a9d87bbf1bd18c65a71" member_type: VOTER last_known_addr { host: "127.22.232.2" port: 36719 } } peers { permanent_uuid: "d85e618e1d0d4d939335776f4afe27b7" member_type: VOTER last_known_addr { host: "127.22.232.3" port: 43833 } }
I20260709 12:16:45.448529 24818 raft_consensus.cc:385] T d872ba65197b4a45bd32a57c875239cc P 04393f1055164669834d8e0e4942ee64 [term 0 FOLLOWER]: Consensus starting up: Expiring failure detector timer to make a prompt election more likely
I20260709 12:16:45.448788 24818 raft_consensus.cc:740] T d872ba65197b4a45bd32a57c875239cc P 04393f1055164669834d8e0e4942ee64 [term 0 FOLLOWER]: Becoming Follower/Learner. State: Replica: 04393f1055164669834d8e0e4942ee64, State: Initialized, Role: FOLLOWER
I20260709 12:16:45.449335 24817 ts_tablet_manager.cc:1434] T 2819d77e0e8a4ff7b56cefa8656b35e7 P ec430612ef3f4a9d87bbf1bd18c65a71: Time spent starting tablet: real 0.016s	user 0.008s	sys 0.000s
I20260709 12:16:45.449438 24818 consensus_queue.cc:260] T d872ba65197b4a45bd32a57c875239cc P 04393f1055164669834d8e0e4942ee64 [NON_LEADER]: Queue going to NON_LEADER mode. State: All replicated index: 0, Majority replicated index: 0, Committed index: 0, Last appended: 0.0, Last appended by leader: 0, Current term: 0, Majority size: -1, State: 0, Mode: NON_LEADER, active raft config: opid_index: -1 OBSOLETE_local: false peers { permanent_uuid: "04393f1055164669834d8e0e4942ee64" member_type: VOTER last_known_addr { host: "127.22.232.1" port: 41649 } } peers { permanent_uuid: "ec430612ef3f4a9d87bbf1bd18c65a71" member_type: VOTER last_known_addr { host: "127.22.232.2" port: 36719 } } peers { permanent_uuid: "d85e618e1d0d4d939335776f4afe27b7" member_type: VOTER last_known_addr { host: "127.22.232.3" port: 43833 } }
I20260709 12:16:45.450379 24816 tablet_bootstrap.cc:492] T 2819d77e0e8a4ff7b56cefa8656b35e7 P d85e618e1d0d4d939335776f4afe27b7: Bootstrap starting.
I20260709 12:16:45.452498 24818 ts_tablet_manager.cc:1434] T d872ba65197b4a45bd32a57c875239cc P 04393f1055164669834d8e0e4942ee64: Time spent starting tablet: real 0.007s	user 0.006s	sys 0.001s
I20260709 12:16:45.456321 24816 tablet_bootstrap.cc:654] T 2819d77e0e8a4ff7b56cefa8656b35e7 P d85e618e1d0d4d939335776f4afe27b7: Neither blocks nor log segments found. Creating new log.
I20260709 12:16:45.457473 24818 tablet_bootstrap.cc:492] T 17cfb17231ce4a77b745bc987c9e8c12 P 04393f1055164669834d8e0e4942ee64: Bootstrap starting.
I20260709 12:16:45.459429 24817 tablet_bootstrap.cc:492] T b950361361034478bbef5fe2bb6bf019 P ec430612ef3f4a9d87bbf1bd18c65a71: Bootstrap starting.
I20260709 12:16:45.468117 24818 tablet_bootstrap.cc:654] T 17cfb17231ce4a77b745bc987c9e8c12 P 04393f1055164669834d8e0e4942ee64: Neither blocks nor log segments found. Creating new log.
I20260709 12:16:45.472066 24887 raft_consensus.cc:493] T 63a62a7909a3455ca4f5dfd5edeb16ba P ec430612ef3f4a9d87bbf1bd18c65a71 [term 0 FOLLOWER]: Starting pre-election (no leader contacted us within the election timeout)
I20260709 12:16:45.472635 24887 raft_consensus.cc:515] T 63a62a7909a3455ca4f5dfd5edeb16ba P ec430612ef3f4a9d87bbf1bd18c65a71 [term 0 FOLLOWER]: Starting pre-election with config: opid_index: -1 OBSOLETE_local: false peers { permanent_uuid: "04393f1055164669834d8e0e4942ee64" member_type: VOTER last_known_addr { host: "127.22.232.1" port: 41649 } } peers { permanent_uuid: "ec430612ef3f4a9d87bbf1bd18c65a71" member_type: VOTER last_known_addr { host: "127.22.232.2" port: 36719 } } peers { permanent_uuid: "d85e618e1d0d4d939335776f4afe27b7" member_type: VOTER last_known_addr { host: "127.22.232.3" port: 43833 } }
I20260709 12:16:45.476718 24626 tablet_service.cc:1917] Received RequestConsensusVote() RPC: tablet_id: "63a62a7909a3455ca4f5dfd5edeb16ba" candidate_uuid: "ec430612ef3f4a9d87bbf1bd18c65a71" candidate_term: 1 candidate_status { last_received { term: 0 index: 0 } } ignore_live_leader: false dest_uuid: "04393f1055164669834d8e0e4942ee64" is_pre_election: true
W20260709 12:16:45.478917 24668 leader_election.cc:343] T 63a62a7909a3455ca4f5dfd5edeb16ba P ec430612ef3f4a9d87bbf1bd18c65a71 [CANDIDATE]: Term 1 pre-election: Tablet error from VoteRequest() call to peer 04393f1055164669834d8e0e4942ee64 (127.22.232.1:41649): Illegal state: must be running to vote when last-logged opid is not known
I20260709 12:16:45.480659 24887 leader_election.cc:290] T 63a62a7909a3455ca4f5dfd5edeb16ba P ec430612ef3f4a9d87bbf1bd18c65a71 [CANDIDATE]: Term 1 pre-election: Requested pre-vote from peers 04393f1055164669834d8e0e4942ee64 (127.22.232.1:41649), d85e618e1d0d4d939335776f4afe27b7 (127.22.232.3:43833)
I20260709 12:16:45.485005 24884 consensus_queue.cc:1048] T e8ea9b1d39a34f9289d0687e965ca86c P ec430612ef3f4a9d87bbf1bd18c65a71 [LEADER]: Connected to new peer: Peer: permanent_uuid: "d85e618e1d0d4d939335776f4afe27b7" member_type: VOTER last_known_addr { host: "127.22.232.3" port: 43833 }, Status: LMP_MISMATCH, Last received: 0.0, Next index: 1, Last known committed idx: 0, Time since last communication: 0.000s
I20260709 12:16:45.488924 24846 consensus_queue.cc:1048] T e8ea9b1d39a34f9289d0687e965ca86c P ec430612ef3f4a9d87bbf1bd18c65a71 [LEADER]: Connected to new peer: Peer: permanent_uuid: "04393f1055164669834d8e0e4942ee64" member_type: VOTER last_known_addr { host: "127.22.232.1" port: 41649 }, Status: LMP_MISMATCH, Last received: 0.0, Next index: 1, Last known committed idx: 0, Time since last communication: 0.001s
I20260709 12:16:45.493849 24851 raft_consensus.cc:493] T 4b68bccec37e4e1982cd77f0ddcc89fc P d85e618e1d0d4d939335776f4afe27b7 [term 0 FOLLOWER]: Starting pre-election (no leader contacted us within the election timeout)
I20260709 12:16:45.494414 24851 raft_consensus.cc:515] T 4b68bccec37e4e1982cd77f0ddcc89fc P d85e618e1d0d4d939335776f4afe27b7 [term 0 FOLLOWER]: Starting pre-election with config: opid_index: -1 OBSOLETE_local: false peers { permanent_uuid: "04393f1055164669834d8e0e4942ee64" member_type: VOTER last_known_addr { host: "127.22.232.1" port: 41649 } } peers { permanent_uuid: "ec430612ef3f4a9d87bbf1bd18c65a71" member_type: VOTER last_known_addr { host: "127.22.232.2" port: 36719 } } peers { permanent_uuid: "d85e618e1d0d4d939335776f4afe27b7" member_type: VOTER last_known_addr { host: "127.22.232.3" port: 43833 } }
I20260709 12:16:45.496603 24851 leader_election.cc:290] T 4b68bccec37e4e1982cd77f0ddcc89fc P d85e618e1d0d4d939335776f4afe27b7 [CANDIDATE]: Term 1 pre-election: Requested pre-vote from peers 04393f1055164669834d8e0e4942ee64 (127.22.232.1:41649), ec430612ef3f4a9d87bbf1bd18c65a71 (127.22.232.2:36719)
I20260709 12:16:45.485509 24773 tablet_service.cc:1917] Received RequestConsensusVote() RPC: tablet_id: "63a62a7909a3455ca4f5dfd5edeb16ba" candidate_uuid: "ec430612ef3f4a9d87bbf1bd18c65a71" candidate_term: 1 candidate_status { last_received { term: 0 index: 0 } } ignore_live_leader: false dest_uuid: "d85e618e1d0d4d939335776f4afe27b7" is_pre_election: true
I20260709 12:16:45.493830 24817 tablet_bootstrap.cc:654] T b950361361034478bbef5fe2bb6bf019 P ec430612ef3f4a9d87bbf1bd18c65a71: Neither blocks nor log segments found. Creating new log.
I20260709 12:16:45.498389 24624 tablet_service.cc:1917] Received RequestConsensusVote() RPC: tablet_id: "4b68bccec37e4e1982cd77f0ddcc89fc" candidate_uuid: "d85e618e1d0d4d939335776f4afe27b7" candidate_term: 1 candidate_status { last_received { term: 0 index: 0 } } ignore_live_leader: false dest_uuid: "04393f1055164669834d8e0e4942ee64" is_pre_election: true
I20260709 12:16:45.501044 24702 tablet_service.cc:1917] Received RequestConsensusVote() RPC: tablet_id: "4b68bccec37e4e1982cd77f0ddcc89fc" candidate_uuid: "d85e618e1d0d4d939335776f4afe27b7" candidate_term: 1 candidate_status { last_received { term: 0 index: 0 } } ignore_live_leader: false dest_uuid: "ec430612ef3f4a9d87bbf1bd18c65a71" is_pre_election: true
I20260709 12:16:45.499459 24773 raft_consensus.cc:2468] T 63a62a7909a3455ca4f5dfd5edeb16ba P d85e618e1d0d4d939335776f4afe27b7 [term 0 FOLLOWER]: Leader pre-election vote request: Granting yes vote for candidate ec430612ef3f4a9d87bbf1bd18c65a71 in term 0.
W20260709 12:16:45.503736 24741 leader_election.cc:343] T 4b68bccec37e4e1982cd77f0ddcc89fc P d85e618e1d0d4d939335776f4afe27b7 [CANDIDATE]: Term 1 pre-election: Tablet error from VoteRequest() call to peer ec430612ef3f4a9d87bbf1bd18c65a71 (127.22.232.2:36719): Illegal state: must be running to vote when last-logged opid is not known
I20260709 12:16:45.508503 24665 leader_election.cc:304] T 63a62a7909a3455ca4f5dfd5edeb16ba P ec430612ef3f4a9d87bbf1bd18c65a71 [CANDIDATE]: Term 1 pre-election: Election decided. Result: candidate won. Election summary: received 3 responses out of 3 voters: 2 yes votes; 1 no votes. yes voters: d85e618e1d0d4d939335776f4afe27b7, ec430612ef3f4a9d87bbf1bd18c65a71; no voters: 04393f1055164669834d8e0e4942ee64
I20260709 12:16:45.511492 24846 raft_consensus.cc:2804] T 63a62a7909a3455ca4f5dfd5edeb16ba P ec430612ef3f4a9d87bbf1bd18c65a71 [term 0 FOLLOWER]: Leader pre-election won for term 1
I20260709 12:16:45.512015 24846 raft_consensus.cc:493] T 63a62a7909a3455ca4f5dfd5edeb16ba P ec430612ef3f4a9d87bbf1bd18c65a71 [term 0 FOLLOWER]: Starting leader election (no leader contacted us within the election timeout)
W20260709 12:16:45.510304 24742 leader_election.cc:343] T 4b68bccec37e4e1982cd77f0ddcc89fc P d85e618e1d0d4d939335776f4afe27b7 [CANDIDATE]: Term 1 pre-election: Tablet error from VoteRequest() call to peer 04393f1055164669834d8e0e4942ee64 (127.22.232.1:41649): Illegal state: must be running to vote when last-logged opid is not known
I20260709 12:16:45.512413 24846 raft_consensus.cc:3060] T 63a62a7909a3455ca4f5dfd5edeb16ba P ec430612ef3f4a9d87bbf1bd18c65a71 [term 0 FOLLOWER]: Advancing to term 1
I20260709 12:16:45.512684 24742 leader_election.cc:304] T 4b68bccec37e4e1982cd77f0ddcc89fc P d85e618e1d0d4d939335776f4afe27b7 [CANDIDATE]: Term 1 pre-election: Election decided. Result: candidate lost. Election summary: received 3 responses out of 3 voters: 1 yes votes; 2 no votes. yes voters: d85e618e1d0d4d939335776f4afe27b7; no voters: 04393f1055164669834d8e0e4942ee64, ec430612ef3f4a9d87bbf1bd18c65a71
I20260709 12:16:45.513969 24851 raft_consensus.cc:2749] T 4b68bccec37e4e1982cd77f0ddcc89fc P d85e618e1d0d4d939335776f4afe27b7 [term 0 FOLLOWER]: Leader pre-election lost for term 1. Reason: could not achieve majority
I20260709 12:16:45.515439 24816 tablet_bootstrap.cc:492] T 2819d77e0e8a4ff7b56cefa8656b35e7 P d85e618e1d0d4d939335776f4afe27b7: No bootstrap required, opened a new log
I20260709 12:16:45.515946 24816 ts_tablet_manager.cc:1403] T 2819d77e0e8a4ff7b56cefa8656b35e7 P d85e618e1d0d4d939335776f4afe27b7: Time spent bootstrapping tablet: real 0.066s	user 0.012s	sys 0.000s
I20260709 12:16:45.518657 24816 raft_consensus.cc:359] T 2819d77e0e8a4ff7b56cefa8656b35e7 P d85e618e1d0d4d939335776f4afe27b7 [term 0 FOLLOWER]: Replica starting. Triggering 0 pending ops. Active config: opid_index: -1 OBSOLETE_local: false peers { permanent_uuid: "04393f1055164669834d8e0e4942ee64" member_type: VOTER last_known_addr { host: "127.22.232.1" port: 41649 } } peers { permanent_uuid: "ec430612ef3f4a9d87bbf1bd18c65a71" member_type: VOTER last_known_addr { host: "127.22.232.2" port: 36719 } } peers { permanent_uuid: "d85e618e1d0d4d939335776f4afe27b7" member_type: VOTER last_known_addr { host: "127.22.232.3" port: 43833 } }
I20260709 12:16:45.519366 24816 raft_consensus.cc:385] T 2819d77e0e8a4ff7b56cefa8656b35e7 P d85e618e1d0d4d939335776f4afe27b7 [term 0 FOLLOWER]: Consensus starting up: Expiring failure detector timer to make a prompt election more likely
I20260709 12:16:45.519629 24816 raft_consensus.cc:740] T 2819d77e0e8a4ff7b56cefa8656b35e7 P d85e618e1d0d4d939335776f4afe27b7 [term 0 FOLLOWER]: Becoming Follower/Learner. State: Replica: d85e618e1d0d4d939335776f4afe27b7, State: Initialized, Role: FOLLOWER
I20260709 12:16:45.526917 24816 consensus_queue.cc:260] T 2819d77e0e8a4ff7b56cefa8656b35e7 P d85e618e1d0d4d939335776f4afe27b7 [NON_LEADER]: Queue going to NON_LEADER mode. State: All replicated index: 0, Majority replicated index: 0, Committed index: 0, Last appended: 0.0, Last appended by leader: 0, Current term: 0, Majority size: -1, State: 0, Mode: NON_LEADER, active raft config: opid_index: -1 OBSOLETE_local: false peers { permanent_uuid: "04393f1055164669834d8e0e4942ee64" member_type: VOTER last_known_addr { host: "127.22.232.1" port: 41649 } } peers { permanent_uuid: "ec430612ef3f4a9d87bbf1bd18c65a71" member_type: VOTER last_known_addr { host: "127.22.232.2" port: 36719 } } peers { permanent_uuid: "d85e618e1d0d4d939335776f4afe27b7" member_type: VOTER last_known_addr { host: "127.22.232.3" port: 43833 } }
I20260709 12:16:45.529816 24816 ts_tablet_manager.cc:1434] T 2819d77e0e8a4ff7b56cefa8656b35e7 P d85e618e1d0d4d939335776f4afe27b7: Time spent starting tablet: real 0.014s	user 0.006s	sys 0.001s
I20260709 12:16:45.530198 24848 raft_consensus.cc:493] T f122bec11a8941439f5cf23c88f39ed9 P d85e618e1d0d4d939335776f4afe27b7 [term 0 FOLLOWER]: Starting pre-election (no leader contacted us within the election timeout)
I20260709 12:16:45.530879 24816 tablet_bootstrap.cc:492] T c2f87920cd2f4ec891623d95610c800e P d85e618e1d0d4d939335776f4afe27b7: Bootstrap starting.
I20260709 12:16:45.531009 24848 raft_consensus.cc:515] T f122bec11a8941439f5cf23c88f39ed9 P d85e618e1d0d4d939335776f4afe27b7 [term 0 FOLLOWER]: Starting pre-election with config: opid_index: -1 OBSOLETE_local: false peers { permanent_uuid: "04393f1055164669834d8e0e4942ee64" member_type: VOTER last_known_addr { host: "127.22.232.1" port: 41649 } } peers { permanent_uuid: "ec430612ef3f4a9d87bbf1bd18c65a71" member_type: VOTER last_known_addr { host: "127.22.232.2" port: 36719 } } peers { permanent_uuid: "d85e618e1d0d4d939335776f4afe27b7" member_type: VOTER last_known_addr { host: "127.22.232.3" port: 43833 } }
W20260709 12:16:45.534348 24573 auto_rebalancer.cc:288] Could not retrieve cluster info: Service unavailable: Tablet not running
I20260709 12:16:45.535302 24848 leader_election.cc:290] T f122bec11a8941439f5cf23c88f39ed9 P d85e618e1d0d4d939335776f4afe27b7 [CANDIDATE]: Term 1 pre-election: Requested pre-vote from peers 04393f1055164669834d8e0e4942ee64 (127.22.232.1:41649), ec430612ef3f4a9d87bbf1bd18c65a71 (127.22.232.2:36719)
I20260709 12:16:45.546862 24702 tablet_service.cc:1917] Received RequestConsensusVote() RPC: tablet_id: "f122bec11a8941439f5cf23c88f39ed9" candidate_uuid: "d85e618e1d0d4d939335776f4afe27b7" candidate_term: 1 candidate_status { last_received { term: 0 index: 0 } } ignore_live_leader: false dest_uuid: "ec430612ef3f4a9d87bbf1bd18c65a71" is_pre_election: true
W20260709 12:16:45.551084 24741 leader_election.cc:343] T f122bec11a8941439f5cf23c88f39ed9 P d85e618e1d0d4d939335776f4afe27b7 [CANDIDATE]: Term 1 pre-election: Tablet error from VoteRequest() call to peer ec430612ef3f4a9d87bbf1bd18c65a71 (127.22.232.2:36719): Illegal state: must be running to vote when last-logged opid is not known
I20260709 12:16:45.537830 24846 raft_consensus.cc:515] T 63a62a7909a3455ca4f5dfd5edeb16ba P ec430612ef3f4a9d87bbf1bd18c65a71 [term 1 FOLLOWER]: Starting leader election with config: opid_index: -1 OBSOLETE_local: false peers { permanent_uuid: "04393f1055164669834d8e0e4942ee64" member_type: VOTER last_known_addr { host: "127.22.232.1" port: 41649 } } peers { permanent_uuid: "ec430612ef3f4a9d87bbf1bd18c65a71" member_type: VOTER last_known_addr { host: "127.22.232.2" port: 36719 } } peers { permanent_uuid: "d85e618e1d0d4d939335776f4afe27b7" member_type: VOTER last_known_addr { host: "127.22.232.3" port: 43833 } }
I20260709 12:16:45.560045 24624 tablet_service.cc:1917] Received RequestConsensusVote() RPC: tablet_id: "f122bec11a8941439f5cf23c88f39ed9" candidate_uuid: "d85e618e1d0d4d939335776f4afe27b7" candidate_term: 1 candidate_status { last_received { term: 0 index: 0 } } ignore_live_leader: false dest_uuid: "04393f1055164669834d8e0e4942ee64" is_pre_election: true
I20260709 12:16:45.564092 24626 tablet_service.cc:1917] Received RequestConsensusVote() RPC: tablet_id: "63a62a7909a3455ca4f5dfd5edeb16ba" candidate_uuid: "ec430612ef3f4a9d87bbf1bd18c65a71" candidate_term: 1 candidate_status { last_received { term: 0 index: 0 } } ignore_live_leader: false dest_uuid: "04393f1055164669834d8e0e4942ee64"
I20260709 12:16:45.565732 24817 tablet_bootstrap.cc:492] T b950361361034478bbef5fe2bb6bf019 P ec430612ef3f4a9d87bbf1bd18c65a71: No bootstrap required, opened a new log
I20260709 12:16:45.565526 24887 raft_consensus.cc:493] T a83fd98f275044e1a4916041233273d0 P ec430612ef3f4a9d87bbf1bd18c65a71 [term 0 FOLLOWER]: Starting pre-election (no leader contacted us within the election timeout)
I20260709 12:16:45.571802 24887 raft_consensus.cc:515] T a83fd98f275044e1a4916041233273d0 P ec430612ef3f4a9d87bbf1bd18c65a71 [term 0 FOLLOWER]: Starting pre-election with config: opid_index: -1 OBSOLETE_local: false peers { permanent_uuid: "04393f1055164669834d8e0e4942ee64" member_type: VOTER last_known_addr { host: "127.22.232.1" port: 41649 } } peers { permanent_uuid: "ec430612ef3f4a9d87bbf1bd18c65a71" member_type: VOTER last_known_addr { host: "127.22.232.2" port: 36719 } } peers { permanent_uuid: "d85e618e1d0d4d939335776f4afe27b7" member_type: VOTER last_known_addr { host: "127.22.232.3" port: 43833 } }
W20260709 12:16:45.573055 24668 leader_election.cc:343] T 63a62a7909a3455ca4f5dfd5edeb16ba P ec430612ef3f4a9d87bbf1bd18c65a71 [CANDIDATE]: Term 1 election: Tablet error from VoteRequest() call to peer 04393f1055164669834d8e0e4942ee64 (127.22.232.1:41649): Illegal state: must be running to vote when last-logged opid is not known
I20260709 12:16:45.573848 24887 leader_election.cc:290] T a83fd98f275044e1a4916041233273d0 P ec430612ef3f4a9d87bbf1bd18c65a71 [CANDIDATE]: Term 1 pre-election: Requested pre-vote from peers 04393f1055164669834d8e0e4942ee64 (127.22.232.1:41649), d85e618e1d0d4d939335776f4afe27b7 (127.22.232.3:43833)
I20260709 12:16:45.566428 24851 raft_consensus.cc:493] T 2819d77e0e8a4ff7b56cefa8656b35e7 P d85e618e1d0d4d939335776f4afe27b7 [term 0 FOLLOWER]: Starting pre-election (no leader contacted us within the election timeout)
W20260709 12:16:45.567689 24742 leader_election.cc:343] T f122bec11a8941439f5cf23c88f39ed9 P d85e618e1d0d4d939335776f4afe27b7 [CANDIDATE]: Term 1 pre-election: Tablet error from VoteRequest() call to peer 04393f1055164669834d8e0e4942ee64 (127.22.232.1:41649): Illegal state: must be running to vote when last-logged opid is not known
I20260709 12:16:45.574537 24742 leader_election.cc:304] T f122bec11a8941439f5cf23c88f39ed9 P d85e618e1d0d4d939335776f4afe27b7 [CANDIDATE]: Term 1 pre-election: Election decided. Result: candidate lost. Election summary: received 3 responses out of 3 voters: 1 yes votes; 2 no votes. yes voters: d85e618e1d0d4d939335776f4afe27b7; no voters: 04393f1055164669834d8e0e4942ee64, ec430612ef3f4a9d87bbf1bd18c65a71
I20260709 12:16:45.574488 24851 raft_consensus.cc:515] T 2819d77e0e8a4ff7b56cefa8656b35e7 P d85e618e1d0d4d939335776f4afe27b7 [term 0 FOLLOWER]: Starting pre-election with config: opid_index: -1 OBSOLETE_local: false peers { permanent_uuid: "04393f1055164669834d8e0e4942ee64" member_type: VOTER last_known_addr { host: "127.22.232.1" port: 41649 } } peers { permanent_uuid: "ec430612ef3f4a9d87bbf1bd18c65a71" member_type: VOTER last_known_addr { host: "127.22.232.2" port: 36719 } } peers { permanent_uuid: "d85e618e1d0d4d939335776f4afe27b7" member_type: VOTER last_known_addr { host: "127.22.232.3" port: 43833 } }
I20260709 12:16:45.576224 24846 leader_election.cc:290] T 63a62a7909a3455ca4f5dfd5edeb16ba P ec430612ef3f4a9d87bbf1bd18c65a71 [CANDIDATE]: Term 1 election: Requested vote from peers 04393f1055164669834d8e0e4942ee64 (127.22.232.1:41649), d85e618e1d0d4d939335776f4afe27b7 (127.22.232.3:43833)
I20260709 12:16:45.570691 24816 tablet_bootstrap.cc:654] T c2f87920cd2f4ec891623d95610c800e P d85e618e1d0d4d939335776f4afe27b7: Neither blocks nor log segments found. Creating new log.
I20260709 12:16:45.570909 24818 tablet_bootstrap.cc:492] T 17cfb17231ce4a77b745bc987c9e8c12 P 04393f1055164669834d8e0e4942ee64: No bootstrap required, opened a new log
I20260709 12:16:45.576725 24851 leader_election.cc:290] T 2819d77e0e8a4ff7b56cefa8656b35e7 P d85e618e1d0d4d939335776f4afe27b7 [CANDIDATE]: Term 1 pre-election: Requested pre-vote from peers 04393f1055164669834d8e0e4942ee64 (127.22.232.1:41649), ec430612ef3f4a9d87bbf1bd18c65a71 (127.22.232.2:36719)
I20260709 12:16:45.577102 24818 ts_tablet_manager.cc:1403] T 17cfb17231ce4a77b745bc987c9e8c12 P 04393f1055164669834d8e0e4942ee64: Time spent bootstrapping tablet: real 0.120s	user 0.040s	sys 0.065s
I20260709 12:16:45.577248 24851 raft_consensus.cc:2749] T f122bec11a8941439f5cf23c88f39ed9 P d85e618e1d0d4d939335776f4afe27b7 [term 0 FOLLOWER]: Leader pre-election lost for term 1. Reason: could not achieve majority
I20260709 12:16:45.578545 24817 ts_tablet_manager.cc:1403] T b950361361034478bbef5fe2bb6bf019 P ec430612ef3f4a9d87bbf1bd18c65a71: Time spent bootstrapping tablet: real 0.119s	user 0.014s	sys 0.014s
I20260709 12:16:45.579101 24626 tablet_service.cc:1917] Received RequestConsensusVote() RPC: tablet_id: "a83fd98f275044e1a4916041233273d0" candidate_uuid: "ec430612ef3f4a9d87bbf1bd18c65a71" candidate_term: 1 candidate_status { last_received { term: 0 index: 0 } } ignore_live_leader: false dest_uuid: "04393f1055164669834d8e0e4942ee64" is_pre_election: true
I20260709 12:16:45.580116 24818 raft_consensus.cc:359] T 17cfb17231ce4a77b745bc987c9e8c12 P 04393f1055164669834d8e0e4942ee64 [term 0 FOLLOWER]: Replica starting. Triggering 0 pending ops. Active config: opid_index: -1 OBSOLETE_local: false peers { permanent_uuid: "04393f1055164669834d8e0e4942ee64" member_type: VOTER last_known_addr { host: "127.22.232.1" port: 41649 } } peers { permanent_uuid: "ec430612ef3f4a9d87bbf1bd18c65a71" member_type: VOTER last_known_addr { host: "127.22.232.2" port: 36719 } } peers { permanent_uuid: "d85e618e1d0d4d939335776f4afe27b7" member_type: VOTER last_known_addr { host: "127.22.232.3" port: 43833 } }
I20260709 12:16:45.580876 24818 raft_consensus.cc:385] T 17cfb17231ce4a77b745bc987c9e8c12 P 04393f1055164669834d8e0e4942ee64 [term 0 FOLLOWER]: Consensus starting up: Expiring failure detector timer to make a prompt election more likely
I20260709 12:16:45.581156 24818 raft_consensus.cc:740] T 17cfb17231ce4a77b745bc987c9e8c12 P 04393f1055164669834d8e0e4942ee64 [term 0 FOLLOWER]: Becoming Follower/Learner. State: Replica: 04393f1055164669834d8e0e4942ee64, State: Initialized, Role: FOLLOWER
I20260709 12:16:45.581822 24818 consensus_queue.cc:260] T 17cfb17231ce4a77b745bc987c9e8c12 P 04393f1055164669834d8e0e4942ee64 [NON_LEADER]: Queue going to NON_LEADER mode. State: All replicated index: 0, Majority replicated index: 0, Committed index: 0, Last appended: 0.0, Last appended by leader: 0, Current term: 0, Majority size: -1, State: 0, Mode: NON_LEADER, active raft config: opid_index: -1 OBSOLETE_local: false peers { permanent_uuid: "04393f1055164669834d8e0e4942ee64" member_type: VOTER last_known_addr { host: "127.22.232.1" port: 41649 } } peers { permanent_uuid: "ec430612ef3f4a9d87bbf1bd18c65a71" member_type: VOTER last_known_addr { host: "127.22.232.2" port: 36719 } } peers { permanent_uuid: "d85e618e1d0d4d939335776f4afe27b7" member_type: VOTER last_known_addr { host: "127.22.232.3" port: 43833 } }
I20260709 12:16:45.581372 24817 raft_consensus.cc:359] T b950361361034478bbef5fe2bb6bf019 P ec430612ef3f4a9d87bbf1bd18c65a71 [term 0 FOLLOWER]: Replica starting. Triggering 0 pending ops. Active config: opid_index: -1 OBSOLETE_local: false peers { permanent_uuid: "04393f1055164669834d8e0e4942ee64" member_type: VOTER last_known_addr { host: "127.22.232.1" port: 41649 } } peers { permanent_uuid: "ec430612ef3f4a9d87bbf1bd18c65a71" member_type: VOTER last_known_addr { host: "127.22.232.2" port: 36719 } } peers { permanent_uuid: "d85e618e1d0d4d939335776f4afe27b7" member_type: VOTER last_known_addr { host: "127.22.232.3" port: 43833 } }
I20260709 12:16:45.584786 24817 raft_consensus.cc:385] T b950361361034478bbef5fe2bb6bf019 P ec430612ef3f4a9d87bbf1bd18c65a71 [term 0 FOLLOWER]: Consensus starting up: Expiring failure detector timer to make a prompt election more likely
I20260709 12:16:45.585076 24817 raft_consensus.cc:740] T b950361361034478bbef5fe2bb6bf019 P ec430612ef3f4a9d87bbf1bd18c65a71 [term 0 FOLLOWER]: Becoming Follower/Learner. State: Replica: ec430612ef3f4a9d87bbf1bd18c65a71, State: Initialized, Role: FOLLOWER
W20260709 12:16:45.585125 24668 leader_election.cc:343] T a83fd98f275044e1a4916041233273d0 P ec430612ef3f4a9d87bbf1bd18c65a71 [CANDIDATE]: Term 1 pre-election: Tablet error from VoteRequest() call to peer 04393f1055164669834d8e0e4942ee64 (127.22.232.1:41649): Illegal state: must be running to vote when last-logged opid is not known
I20260709 12:16:45.585832 24817 consensus_queue.cc:260] T b950361361034478bbef5fe2bb6bf019 P ec430612ef3f4a9d87bbf1bd18c65a71 [NON_LEADER]: Queue going to NON_LEADER mode. State: All replicated index: 0, Majority replicated index: 0, Committed index: 0, Last appended: 0.0, Last appended by leader: 0, Current term: 0, Majority size: -1, State: 0, Mode: NON_LEADER, active raft config: opid_index: -1 OBSOLETE_local: false peers { permanent_uuid: "04393f1055164669834d8e0e4942ee64" member_type: VOTER last_known_addr { host: "127.22.232.1" port: 41649 } } peers { permanent_uuid: "ec430612ef3f4a9d87bbf1bd18c65a71" member_type: VOTER last_known_addr { host: "127.22.232.2" port: 36719 } } peers { permanent_uuid: "d85e618e1d0d4d939335776f4afe27b7" member_type: VOTER last_known_addr { host: "127.22.232.3" port: 43833 } }
I20260709 12:16:45.586120 25042 raft_consensus.cc:493] T ae920f4537f14cbe897990bd9da22cfc P 04393f1055164669834d8e0e4942ee64 [term 0 FOLLOWER]: Starting pre-election (no leader contacted us within the election timeout)
I20260709 12:16:45.586681 24773 tablet_service.cc:1917] Received RequestConsensusVote() RPC: tablet_id: "a83fd98f275044e1a4916041233273d0" candidate_uuid: "ec430612ef3f4a9d87bbf1bd18c65a71" candidate_term: 1 candidate_status { last_received { term: 0 index: 0 } } ignore_live_leader: false dest_uuid: "d85e618e1d0d4d939335776f4afe27b7" is_pre_election: true
I20260709 12:16:45.586792 25042 raft_consensus.cc:515] T ae920f4537f14cbe897990bd9da22cfc P 04393f1055164669834d8e0e4942ee64 [term 0 FOLLOWER]: Starting pre-election with config: opid_index: -1 OBSOLETE_local: false peers { permanent_uuid: "04393f1055164669834d8e0e4942ee64" member_type: VOTER last_known_addr { host: "127.22.232.1" port: 41649 } } peers { permanent_uuid: "ec430612ef3f4a9d87bbf1bd18c65a71" member_type: VOTER last_known_addr { host: "127.22.232.2" port: 36719 } } peers { permanent_uuid: "d85e618e1d0d4d939335776f4afe27b7" member_type: VOTER last_known_addr { host: "127.22.232.3" port: 43833 } }
I20260709 12:16:45.587384 24773 raft_consensus.cc:2468] T a83fd98f275044e1a4916041233273d0 P d85e618e1d0d4d939335776f4afe27b7 [term 0 FOLLOWER]: Leader pre-election vote request: Granting yes vote for candidate ec430612ef3f4a9d87bbf1bd18c65a71 in term 0.
I20260709 12:16:45.588797 24773 tablet_service.cc:1917] Received RequestConsensusVote() RPC: tablet_id: "63a62a7909a3455ca4f5dfd5edeb16ba" candidate_uuid: "ec430612ef3f4a9d87bbf1bd18c65a71" candidate_term: 1 candidate_status { last_received { term: 0 index: 0 } } ignore_live_leader: false dest_uuid: "d85e618e1d0d4d939335776f4afe27b7"
I20260709 12:16:45.589154 25042 leader_election.cc:290] T ae920f4537f14cbe897990bd9da22cfc P 04393f1055164669834d8e0e4942ee64 [CANDIDATE]: Term 1 pre-election: Requested pre-vote from peers ec430612ef3f4a9d87bbf1bd18c65a71 (127.22.232.2:36719), d85e618e1d0d4d939335776f4afe27b7 (127.22.232.3:43833)
I20260709 12:16:45.589414 24773 raft_consensus.cc:3060] T 63a62a7909a3455ca4f5dfd5edeb16ba P d85e618e1d0d4d939335776f4afe27b7 [term 0 FOLLOWER]: Advancing to term 1
I20260709 12:16:45.593860 24624 tablet_service.cc:1917] Received RequestConsensusVote() RPC: tablet_id: "2819d77e0e8a4ff7b56cefa8656b35e7" candidate_uuid: "d85e618e1d0d4d939335776f4afe27b7" candidate_term: 1 candidate_status { last_received { term: 0 index: 0 } } ignore_live_leader: false dest_uuid: "04393f1055164669834d8e0e4942ee64" is_pre_election: true
I20260709 12:16:45.594818 24665 leader_election.cc:304] T a83fd98f275044e1a4916041233273d0 P ec430612ef3f4a9d87bbf1bd18c65a71 [CANDIDATE]: Term 1 pre-election: Election decided. Result: candidate won. Election summary: received 3 responses out of 3 voters: 2 yes votes; 1 no votes. yes voters: d85e618e1d0d4d939335776f4afe27b7, ec430612ef3f4a9d87bbf1bd18c65a71; no voters: 04393f1055164669834d8e0e4942ee64
I20260709 12:16:45.598142 24623 raft_consensus.cc:3060] T d872ba65197b4a45bd32a57c875239cc P 04393f1055164669834d8e0e4942ee64 [term 0 FOLLOWER]: Advancing to term 1
I20260709 12:16:45.598868 24846 raft_consensus.cc:2804] T a83fd98f275044e1a4916041233273d0 P ec430612ef3f4a9d87bbf1bd18c65a71 [term 0 FOLLOWER]: Leader pre-election won for term 1
I20260709 12:16:45.601810 24817 ts_tablet_manager.cc:1434] T b950361361034478bbef5fe2bb6bf019 P ec430612ef3f4a9d87bbf1bd18c65a71: Time spent starting tablet: real 0.023s	user 0.006s	sys 0.000s
I20260709 12:16:45.602041 24846 raft_consensus.cc:493] T a83fd98f275044e1a4916041233273d0 P ec430612ef3f4a9d87bbf1bd18c65a71 [term 0 FOLLOWER]: Starting leader election (no leader contacted us within the election timeout)
I20260709 12:16:45.603973 24846 raft_consensus.cc:3060] T a83fd98f275044e1a4916041233273d0 P ec430612ef3f4a9d87bbf1bd18c65a71 [term 0 FOLLOWER]: Advancing to term 1
I20260709 12:16:45.607088 24887 raft_consensus.cc:493] T 2819d77e0e8a4ff7b56cefa8656b35e7 P ec430612ef3f4a9d87bbf1bd18c65a71 [term 0 FOLLOWER]: Starting pre-election (no leader contacted us within the election timeout)
