I20260709 12:16:38.030185 12551 consensus_queue.cc:260] T 5cb3e04d4bfe41b5b4912ad4b9e2064d P 8594b4c3a68e4b7e9e4b38b822c42333 [NON_LEADER]: Queue going to NON_LEADER mode. State: All replicated index: 0, Majority replicated index: 0, Committed index: 0, Last appended: 0.0, Last appended by leader: 0, Current term: 0, Majority size: -1, State: 0, Mode: NON_LEADER, active raft config: opid_index: -1 OBSOLETE_local: false peers { permanent_uuid: "8594b4c3a68e4b7e9e4b38b822c42333" member_type: VOTER last_known_addr { host: "127.10.231.129" port: 42733 } } peers { permanent_uuid: "be88eb1ee438406f81d9dac3bbd6fdce" member_type: VOTER last_known_addr { host: "127.10.231.130" port: 40747 } } peers { permanent_uuid: "1557edbd2b8f478ca1bfde4f10a19ca7" member_type: VOTER last_known_addr { host: "127.10.231.131" port: 40603 } }
I20260709 12:16:38.034927 12577 raft_consensus.cc:515] T c4192cc2741642f4adde36e87a0e7663 P 8594b4c3a68e4b7e9e4b38b822c42333 [term 1 FOLLOWER]: Starting leader election with config: opid_index: -1 OBSOLETE_local: false peers { permanent_uuid: "8594b4c3a68e4b7e9e4b38b822c42333" member_type: VOTER last_known_addr { host: "127.10.231.129" port: 42733 } } peers { permanent_uuid: "be88eb1ee438406f81d9dac3bbd6fdce" member_type: VOTER last_known_addr { host: "127.10.231.130" port: 40747 } } peers { permanent_uuid: "1557edbd2b8f478ca1bfde4f10a19ca7" member_type: VOTER last_known_addr { host: "127.10.231.131" port: 40603 } }
I20260709 12:16:38.039978 12551 ts_tablet_manager.cc:1434] T 5cb3e04d4bfe41b5b4912ad4b9e2064d P 8594b4c3a68e4b7e9e4b38b822c42333: Time spent starting tablet: real 0.023s	user 0.007s	sys 0.000s
I20260709 12:16:38.041966 12435 tablet_service.cc:1917] Received RequestConsensusVote() RPC: tablet_id: "886e990e0fc3455684bbb87ee15d7f6e" candidate_uuid: "8594b4c3a68e4b7e9e4b38b822c42333" candidate_term: 1 candidate_status { last_received { term: 0 index: 0 } } ignore_live_leader: false dest_uuid: "be88eb1ee438406f81d9dac3bbd6fdce"
I20260709 12:16:38.042564 12435 raft_consensus.cc:3060] T 886e990e0fc3455684bbb87ee15d7f6e P be88eb1ee438406f81d9dac3bbd6fdce [term 0 FOLLOWER]: Advancing to term 1
I20260709 12:16:38.042984 12511 tablet_service.cc:1917] Received RequestConsensusVote() RPC: tablet_id: "c4192cc2741642f4adde36e87a0e7663" candidate_uuid: "8594b4c3a68e4b7e9e4b38b822c42333" candidate_term: 1 candidate_status { last_received { term: 0 index: 0 } } ignore_live_leader: false dest_uuid: "1557edbd2b8f478ca1bfde4f10a19ca7"
I20260709 12:16:38.043584 12511 raft_consensus.cc:3060] T c4192cc2741642f4adde36e87a0e7663 P 1557edbd2b8f478ca1bfde4f10a19ca7 [term 0 FOLLOWER]: Advancing to term 1
I20260709 12:16:38.049893 12435 raft_consensus.cc:2468] T 886e990e0fc3455684bbb87ee15d7f6e P be88eb1ee438406f81d9dac3bbd6fdce [term 1 FOLLOWER]: Leader election vote request: Granting yes vote for candidate 8594b4c3a68e4b7e9e4b38b822c42333 in term 1.
I20260709 12:16:38.050735 12511 raft_consensus.cc:2468] T c4192cc2741642f4adde36e87a0e7663 P 1557edbd2b8f478ca1bfde4f10a19ca7 [term 1 FOLLOWER]: Leader election vote request: Granting yes vote for candidate 8594b4c3a68e4b7e9e4b38b822c42333 in term 1.
I20260709 12:16:38.050755 12510 tablet_service.cc:1917] Received RequestConsensusVote() RPC: tablet_id: "886e990e0fc3455684bbb87ee15d7f6e" candidate_uuid: "8594b4c3a68e4b7e9e4b38b822c42333" candidate_term: 1 candidate_status { last_received { term: 0 index: 0 } } ignore_live_leader: false dest_uuid: "1557edbd2b8f478ca1bfde4f10a19ca7"
I20260709 12:16:38.051542 12326 leader_election.cc:304] T 886e990e0fc3455684bbb87ee15d7f6e P 8594b4c3a68e4b7e9e4b38b822c42333 [CANDIDATE]: Term 1 election: Election decided. Result: candidate won. Election summary: received 2 responses out of 3 voters: 2 yes votes; 0 no votes. yes voters: 8594b4c3a68e4b7e9e4b38b822c42333, be88eb1ee438406f81d9dac3bbd6fdce; no voters: 
I20260709 12:16:38.051777 12570 raft_consensus.cc:493] T ca4ed36d255f423987a316bc979121dc P be88eb1ee438406f81d9dac3bbd6fdce [term 1 FOLLOWER]: Starting pre-election (no leader contacted us within the election timeout)
I20260709 12:16:38.052425 12570 raft_consensus.cc:515] T ca4ed36d255f423987a316bc979121dc P be88eb1ee438406f81d9dac3bbd6fdce [term 1 FOLLOWER]: Starting pre-election with config: opid_index: -1 OBSOLETE_local: false peers { permanent_uuid: "8594b4c3a68e4b7e9e4b38b822c42333" member_type: VOTER last_known_addr { host: "127.10.231.129" port: 42733 } } peers { permanent_uuid: "be88eb1ee438406f81d9dac3bbd6fdce" member_type: VOTER last_known_addr { host: "127.10.231.130" port: 40747 } } peers { permanent_uuid: "1557edbd2b8f478ca1bfde4f10a19ca7" member_type: VOTER last_known_addr { host: "127.10.231.131" port: 40603 } }
W20260709 12:16:38.052865 12328 leader_election.cc:343] T 886e990e0fc3455684bbb87ee15d7f6e P 8594b4c3a68e4b7e9e4b38b822c42333 [CANDIDATE]: Term 1 election: Tablet error from VoteRequest() call to peer 1557edbd2b8f478ca1bfde4f10a19ca7 (127.10.231.131:40603): Illegal state: must be running to vote when last-logged opid is not known
I20260709 12:16:38.051684 12434 tablet_service.cc:1917] Received RequestConsensusVote() RPC: tablet_id: "c4192cc2741642f4adde36e87a0e7663" candidate_uuid: "8594b4c3a68e4b7e9e4b38b822c42333" candidate_term: 1 candidate_status { last_received { term: 0 index: 0 } } ignore_live_leader: false dest_uuid: "be88eb1ee438406f81d9dac3bbd6fdce"
I20260709 12:16:38.054947 12328 leader_election.cc:304] T c4192cc2741642f4adde36e87a0e7663 P 8594b4c3a68e4b7e9e4b38b822c42333 [CANDIDATE]: Term 1 election: Election decided. Result: candidate won. Election summary: received 2 responses out of 3 voters: 2 yes votes; 0 no votes. yes voters: 1557edbd2b8f478ca1bfde4f10a19ca7, 8594b4c3a68e4b7e9e4b38b822c42333; no voters: 
I20260709 12:16:38.055501 12434 raft_consensus.cc:3060] T c4192cc2741642f4adde36e87a0e7663 P be88eb1ee438406f81d9dac3bbd6fdce [term 0 FOLLOWER]: Advancing to term 1
I20260709 12:16:38.056083 12607 raft_consensus.cc:2804] T 886e990e0fc3455684bbb87ee15d7f6e P 8594b4c3a68e4b7e9e4b38b822c42333 [term 1 FOLLOWER]: Leader election won for term 1
I20260709 12:16:38.056671 12607 raft_consensus.cc:697] T 886e990e0fc3455684bbb87ee15d7f6e P 8594b4c3a68e4b7e9e4b38b822c42333 [term 1 LEADER]: Becoming Leader. State: Replica: 8594b4c3a68e4b7e9e4b38b822c42333, State: Running, Role: LEADER
I20260709 12:16:38.057598 12607 consensus_queue.cc:237] T 886e990e0fc3455684bbb87ee15d7f6e P 8594b4c3a68e4b7e9e4b38b822c42333 [LEADER]: Queue going to LEADER mode. State: All replicated index: 0, Majority replicated index: 0, Committed index: 0, Last appended: 0.0, Last appended by leader: 0, Current term: 1, Majority size: 2, State: 0, Mode: LEADER, active raft config: opid_index: -1 OBSOLETE_local: false peers { permanent_uuid: "8594b4c3a68e4b7e9e4b38b822c42333" member_type: VOTER last_known_addr { host: "127.10.231.129" port: 42733 } } peers { permanent_uuid: "be88eb1ee438406f81d9dac3bbd6fdce" member_type: VOTER last_known_addr { host: "127.10.231.130" port: 40747 } } peers { permanent_uuid: "1557edbd2b8f478ca1bfde4f10a19ca7" member_type: VOTER last_known_addr { host: "127.10.231.131" port: 40603 } }
I20260709 12:16:38.061795 12577 leader_election.cc:290] T c4192cc2741642f4adde36e87a0e7663 P 8594b4c3a68e4b7e9e4b38b822c42333 [CANDIDATE]: Term 1 election: Requested vote from peers be88eb1ee438406f81d9dac3bbd6fdce (127.10.231.130:40747), 1557edbd2b8f478ca1bfde4f10a19ca7 (127.10.231.131:40603)
I20260709 12:16:38.063516 12570 leader_election.cc:290] T ca4ed36d255f423987a316bc979121dc P be88eb1ee438406f81d9dac3bbd6fdce [CANDIDATE]: Term 2 pre-election: Requested pre-vote from peers 8594b4c3a68e4b7e9e4b38b822c42333 (127.10.231.129:42733), 1557edbd2b8f478ca1bfde4f10a19ca7 (127.10.231.131:40603)
I20260709 12:16:38.063841 12511 tablet_service.cc:1917] Received RequestConsensusVote() RPC: tablet_id: "ca4ed36d255f423987a316bc979121dc" candidate_uuid: "be88eb1ee438406f81d9dac3bbd6fdce" candidate_term: 2 candidate_status { last_received { term: 0 index: 0 } } ignore_live_leader: false dest_uuid: "1557edbd2b8f478ca1bfde4f10a19ca7" is_pre_election: true
I20260709 12:16:38.064986 12361 tablet_service.cc:1917] Received RequestConsensusVote() RPC: tablet_id: "ca4ed36d255f423987a316bc979121dc" candidate_uuid: "be88eb1ee438406f81d9dac3bbd6fdce" candidate_term: 2 candidate_status { last_received { term: 0 index: 0 } } ignore_live_leader: false dest_uuid: "8594b4c3a68e4b7e9e4b38b822c42333" is_pre_election: true
I20260709 12:16:38.062690 12606 raft_consensus.cc:2804] T c4192cc2741642f4adde36e87a0e7663 P 8594b4c3a68e4b7e9e4b38b822c42333 [term 1 FOLLOWER]: Leader election won for term 1
I20260709 12:16:38.066375 12606 raft_consensus.cc:697] T c4192cc2741642f4adde36e87a0e7663 P 8594b4c3a68e4b7e9e4b38b822c42333 [term 1 LEADER]: Becoming Leader. State: Replica: 8594b4c3a68e4b7e9e4b38b822c42333, State: Running, Role: LEADER
I20260709 12:16:38.066706 12401 leader_election.cc:304] T ca4ed36d255f423987a316bc979121dc P be88eb1ee438406f81d9dac3bbd6fdce [CANDIDATE]: Term 2 pre-election: Election decided. Result: candidate lost. Election summary: received 3 responses out of 3 voters: 1 yes votes; 2 no votes. yes voters: be88eb1ee438406f81d9dac3bbd6fdce; no voters: 1557edbd2b8f478ca1bfde4f10a19ca7, 8594b4c3a68e4b7e9e4b38b822c42333
I20260709 12:16:38.068008 12606 consensus_queue.cc:237] T c4192cc2741642f4adde36e87a0e7663 P 8594b4c3a68e4b7e9e4b38b822c42333 [LEADER]: Queue going to LEADER mode. State: All replicated index: 0, Majority replicated index: 0, Committed index: 0, Last appended: 0.0, Last appended by leader: 0, Current term: 1, Majority size: 2, State: 0, Mode: LEADER, active raft config: opid_index: -1 OBSOLETE_local: false peers { permanent_uuid: "8594b4c3a68e4b7e9e4b38b822c42333" member_type: VOTER last_known_addr { host: "127.10.231.129" port: 42733 } } peers { permanent_uuid: "be88eb1ee438406f81d9dac3bbd6fdce" member_type: VOTER last_known_addr { host: "127.10.231.130" port: 40747 } } peers { permanent_uuid: "1557edbd2b8f478ca1bfde4f10a19ca7" member_type: VOTER last_known_addr { host: "127.10.231.131" port: 40603 } }
I20260709 12:16:38.072580 12576 consensus_queue.cc:1048] T ca4ed36d255f423987a316bc979121dc P 1557edbd2b8f478ca1bfde4f10a19ca7 [LEADER]: Connected to new peer: Peer: permanent_uuid: "be88eb1ee438406f81d9dac3bbd6fdce" member_type: VOTER last_known_addr { host: "127.10.231.130" port: 40747 }, Status: LMP_MISMATCH, Last received: 0.0, Next index: 1, Last known committed idx: 0, Time since last communication: 0.001s
I20260709 12:16:38.076305 12570 raft_consensus.cc:2749] T ca4ed36d255f423987a316bc979121dc P be88eb1ee438406f81d9dac3bbd6fdce [term 1 FOLLOWER]: Leader pre-election lost for term 2. Reason: could not achieve majority
I20260709 12:16:38.084903 12434 raft_consensus.cc:2468] T c4192cc2741642f4adde36e87a0e7663 P be88eb1ee438406f81d9dac3bbd6fdce [term 1 FOLLOWER]: Leader election vote request: Granting yes vote for candidate 8594b4c3a68e4b7e9e4b38b822c42333 in term 1.
I20260709 12:16:38.087273 12554 raft_consensus.cc:359] T 158a19e5ecb649bda236111198a87718 P 1557edbd2b8f478ca1bfde4f10a19ca7 [term 0 FOLLOWER]: Replica starting. Triggering 0 pending ops. Active config: opid_index: -1 OBSOLETE_local: false peers { permanent_uuid: "8594b4c3a68e4b7e9e4b38b822c42333" member_type: VOTER last_known_addr { host: "127.10.231.129" port: 42733 } } peers { permanent_uuid: "be88eb1ee438406f81d9dac3bbd6fdce" member_type: VOTER last_known_addr { host: "127.10.231.130" port: 40747 } } peers { permanent_uuid: "1557edbd2b8f478ca1bfde4f10a19ca7" member_type: VOTER last_known_addr { host: "127.10.231.131" port: 40603 } }
I20260709 12:16:38.089066 12554 raft_consensus.cc:385] T 158a19e5ecb649bda236111198a87718 P 1557edbd2b8f478ca1bfde4f10a19ca7 [term 0 FOLLOWER]: Consensus starting up: Expiring failure detector timer to make a prompt election more likely
I20260709 12:16:38.089411 12554 raft_consensus.cc:740] T 158a19e5ecb649bda236111198a87718 P 1557edbd2b8f478ca1bfde4f10a19ca7 [term 0 FOLLOWER]: Becoming Follower/Learner. State: Replica: 1557edbd2b8f478ca1bfde4f10a19ca7, State: Initialized, Role: FOLLOWER
I20260709 12:16:38.087280 12551 tablet_bootstrap.cc:492] T 90828930c440422bb5cb5d2803e5a651 P 8594b4c3a68e4b7e9e4b38b822c42333: Bootstrap starting.
I20260709 12:16:38.100862 12560 tablet_bootstrap.cc:492] T 778748fa6a8744e197df99d138fa7974 P be88eb1ee438406f81d9dac3bbd6fdce: No bootstrap required, opened a new log
I20260709 12:16:38.101572 12560 ts_tablet_manager.cc:1403] T 778748fa6a8744e197df99d138fa7974 P be88eb1ee438406f81d9dac3bbd6fdce: Time spent bootstrapping tablet: real 0.159s	user 0.049s	sys 0.061s
I20260709 12:16:38.102656 12576 raft_consensus.cc:493] T f2849c0d4014498d9a89cbbdcaf24726 P 1557edbd2b8f478ca1bfde4f10a19ca7 [term 0 FOLLOWER]: Starting pre-election (no leader contacted us within the election timeout)
I20260709 12:16:38.103140 12576 raft_consensus.cc:515] T f2849c0d4014498d9a89cbbdcaf24726 P 1557edbd2b8f478ca1bfde4f10a19ca7 [term 0 FOLLOWER]: Starting pre-election with config: opid_index: -1 OBSOLETE_local: false peers { permanent_uuid: "8594b4c3a68e4b7e9e4b38b822c42333" member_type: VOTER last_known_addr { host: "127.10.231.129" port: 42733 } } peers { permanent_uuid: "be88eb1ee438406f81d9dac3bbd6fdce" member_type: VOTER last_known_addr { host: "127.10.231.130" port: 40747 } } peers { permanent_uuid: "1557edbd2b8f478ca1bfde4f10a19ca7" member_type: VOTER last_known_addr { host: "127.10.231.131" port: 40603 } }
I20260709 12:16:38.105105 12576 leader_election.cc:290] T f2849c0d4014498d9a89cbbdcaf24726 P 1557edbd2b8f478ca1bfde4f10a19ca7 [CANDIDATE]: Term 1 pre-election: Requested pre-vote from peers 8594b4c3a68e4b7e9e4b38b822c42333 (127.10.231.129:42733), be88eb1ee438406f81d9dac3bbd6fdce (127.10.231.130:40747)
I20260709 12:16:38.106961 12361 tablet_service.cc:1917] Received RequestConsensusVote() RPC: tablet_id: "f2849c0d4014498d9a89cbbdcaf24726" candidate_uuid: "1557edbd2b8f478ca1bfde4f10a19ca7" candidate_term: 1 candidate_status { last_received { term: 0 index: 0 } } ignore_live_leader: false dest_uuid: "8594b4c3a68e4b7e9e4b38b822c42333" is_pre_election: true
I20260709 12:16:38.109611 12361 raft_consensus.cc:2468] T f2849c0d4014498d9a89cbbdcaf24726 P 8594b4c3a68e4b7e9e4b38b822c42333 [term 0 FOLLOWER]: Leader pre-election vote request: Granting yes vote for candidate 1557edbd2b8f478ca1bfde4f10a19ca7 in term 0.
I20260709 12:16:38.110793 12577 raft_consensus.cc:493] T 5cb3e04d4bfe41b5b4912ad4b9e2064d P 8594b4c3a68e4b7e9e4b38b822c42333 [term 0 FOLLOWER]: Starting pre-election (no leader contacted us within the election timeout)
I20260709 12:16:38.111264 12577 raft_consensus.cc:515] T 5cb3e04d4bfe41b5b4912ad4b9e2064d P 8594b4c3a68e4b7e9e4b38b822c42333 [term 0 FOLLOWER]: Starting pre-election with config: opid_index: -1 OBSOLETE_local: false peers { permanent_uuid: "8594b4c3a68e4b7e9e4b38b822c42333" member_type: VOTER last_known_addr { host: "127.10.231.129" port: 42733 } } peers { permanent_uuid: "be88eb1ee438406f81d9dac3bbd6fdce" member_type: VOTER last_known_addr { host: "127.10.231.130" port: 40747 } } peers { permanent_uuid: "1557edbd2b8f478ca1bfde4f10a19ca7" member_type: VOTER last_known_addr { host: "127.10.231.131" port: 40603 } }
I20260709 12:16:38.113270 12577 leader_election.cc:290] T 5cb3e04d4bfe41b5b4912ad4b9e2064d P 8594b4c3a68e4b7e9e4b38b822c42333 [CANDIDATE]: Term 1 pre-election: Requested pre-vote from peers be88eb1ee438406f81d9dac3bbd6fdce (127.10.231.130:40747), 1557edbd2b8f478ca1bfde4f10a19ca7 (127.10.231.131:40603)
W20260709 12:16:38.122715 12403 consensus_peers.cc:597] T 793f4243a8174f16bd1ec63e34a713fb P be88eb1ee438406f81d9dac3bbd6fdce -> Peer 1557edbd2b8f478ca1bfde4f10a19ca7 (127.10.231.131:40603): Couldn't send request to peer 1557edbd2b8f478ca1bfde4f10a19ca7. Error code: TABLET_NOT_RUNNING (12). Status: Illegal state: Tablet not RUNNING: INITIALIZED. This is attempt 1: this message will repeat every 5th retry.
I20260709 12:16:38.122977 12436 tablet_service.cc:1917] Received RequestConsensusVote() RPC: tablet_id: "5cb3e04d4bfe41b5b4912ad4b9e2064d" candidate_uuid: "8594b4c3a68e4b7e9e4b38b822c42333" candidate_term: 1 candidate_status { last_received { term: 0 index: 0 } } ignore_live_leader: false dest_uuid: "be88eb1ee438406f81d9dac3bbd6fdce" is_pre_election: true
I20260709 12:16:38.123675 12475 leader_election.cc:304] T f2849c0d4014498d9a89cbbdcaf24726 P 1557edbd2b8f478ca1bfde4f10a19ca7 [CANDIDATE]: Term 1 pre-election: Election decided. Result: candidate won. Election summary: received 2 responses out of 3 voters: 2 yes votes; 0 no votes. yes voters: 1557edbd2b8f478ca1bfde4f10a19ca7, 8594b4c3a68e4b7e9e4b38b822c42333; no voters: 
W20260709 12:16:38.124449 12326 leader_election.cc:343] T 5cb3e04d4bfe41b5b4912ad4b9e2064d P 8594b4c3a68e4b7e9e4b38b822c42333 [CANDIDATE]: Term 1 pre-election: Tablet error from VoteRequest() call to peer be88eb1ee438406f81d9dac3bbd6fdce (127.10.231.130:40747): Illegal state: must be running to vote when last-logged opid is not known
I20260709 12:16:38.124511 12576 raft_consensus.cc:2804] T f2849c0d4014498d9a89cbbdcaf24726 P 1557edbd2b8f478ca1bfde4f10a19ca7 [term 0 FOLLOWER]: Leader pre-election won for term 1
I20260709 12:16:38.125110 12576 raft_consensus.cc:493] T f2849c0d4014498d9a89cbbdcaf24726 P 1557edbd2b8f478ca1bfde4f10a19ca7 [term 0 FOLLOWER]: Starting leader election (no leader contacted us within the election timeout)
I20260709 12:16:38.125535 12576 raft_consensus.cc:3060] T f2849c0d4014498d9a89cbbdcaf24726 P 1557edbd2b8f478ca1bfde4f10a19ca7 [term 0 FOLLOWER]: Advancing to term 1
I20260709 12:16:38.125572 12510 tablet_service.cc:1917] Received RequestConsensusVote() RPC: tablet_id: "5cb3e04d4bfe41b5b4912ad4b9e2064d" candidate_uuid: "8594b4c3a68e4b7e9e4b38b822c42333" candidate_term: 1 candidate_status { last_received { term: 0 index: 0 } } ignore_live_leader: false dest_uuid: "1557edbd2b8f478ca1bfde4f10a19ca7" is_pre_election: true
W20260709 12:16:38.128194 12328 leader_election.cc:343] T 5cb3e04d4bfe41b5b4912ad4b9e2064d P 8594b4c3a68e4b7e9e4b38b822c42333 [CANDIDATE]: Term 1 pre-election: Tablet error from VoteRequest() call to peer 1557edbd2b8f478ca1bfde4f10a19ca7 (127.10.231.131:40603): Illegal state: must be running to vote when last-logged opid is not known
I20260709 12:16:38.128710 12328 leader_election.cc:304] T 5cb3e04d4bfe41b5b4912ad4b9e2064d P 8594b4c3a68e4b7e9e4b38b822c42333 [CANDIDATE]: Term 1 pre-election: Election decided. Result: candidate lost. Election summary: received 3 responses out of 3 voters: 1 yes votes; 2 no votes. yes voters: 8594b4c3a68e4b7e9e4b38b822c42333; no voters: 1557edbd2b8f478ca1bfde4f10a19ca7, be88eb1ee438406f81d9dac3bbd6fdce
I20260709 12:16:38.129845 12575 raft_consensus.cc:2749] T 5cb3e04d4bfe41b5b4912ad4b9e2064d P 8594b4c3a68e4b7e9e4b38b822c42333 [term 0 FOLLOWER]: Leader pre-election lost for term 1. Reason: could not achieve majority
I20260709 12:16:38.131769 12560 raft_consensus.cc:359] T 778748fa6a8744e197df99d138fa7974 P be88eb1ee438406f81d9dac3bbd6fdce [term 0 FOLLOWER]: Replica starting. Triggering 0 pending ops. Active config: opid_index: -1 OBSOLETE_local: false peers { permanent_uuid: "8594b4c3a68e4b7e9e4b38b822c42333" member_type: VOTER last_known_addr { host: "127.10.231.129" port: 42733 } } peers { permanent_uuid: "be88eb1ee438406f81d9dac3bbd6fdce" member_type: VOTER last_known_addr { host: "127.10.231.130" port: 40747 } } peers { permanent_uuid: "1557edbd2b8f478ca1bfde4f10a19ca7" member_type: VOTER last_known_addr { host: "127.10.231.131" port: 40603 } }
I20260709 12:16:38.132283 12560 raft_consensus.cc:385] T 778748fa6a8744e197df99d138fa7974 P be88eb1ee438406f81d9dac3bbd6fdce [term 0 FOLLOWER]: Consensus starting up: Expiring failure detector timer to make a prompt election more likely
I20260709 12:16:38.132537 12560 raft_consensus.cc:740] T 778748fa6a8744e197df99d138fa7974 P be88eb1ee438406f81d9dac3bbd6fdce [term 0 FOLLOWER]: Becoming Follower/Learner. State: Replica: be88eb1ee438406f81d9dac3bbd6fdce, State: Initialized, Role: FOLLOWER
I20260709 12:16:38.133230 12560 consensus_queue.cc:260] T 778748fa6a8744e197df99d138fa7974 P be88eb1ee438406f81d9dac3bbd6fdce [NON_LEADER]: Queue going to NON_LEADER mode. State: All replicated index: 0, Majority replicated index: 0, Committed index: 0, Last appended: 0.0, Last appended by leader: 0, Current term: 0, Majority size: -1, State: 0, Mode: NON_LEADER, active raft config: opid_index: -1 OBSOLETE_local: false peers { permanent_uuid: "8594b4c3a68e4b7e9e4b38b822c42333" member_type: VOTER last_known_addr { host: "127.10.231.129" port: 42733 } } peers { permanent_uuid: "be88eb1ee438406f81d9dac3bbd6fdce" member_type: VOTER last_known_addr { host: "127.10.231.130" port: 40747 } } peers { permanent_uuid: "1557edbd2b8f478ca1bfde4f10a19ca7" member_type: VOTER last_known_addr { host: "127.10.231.131" port: 40603 } }
I20260709 12:16:38.134588 12554 consensus_queue.cc:260] T 158a19e5ecb649bda236111198a87718 P 1557edbd2b8f478ca1bfde4f10a19ca7 [NON_LEADER]: Queue going to NON_LEADER mode. State: All replicated index: 0, Majority replicated index: 0, Committed index: 0, Last appended: 0.0, Last appended by leader: 0, Current term: 0, Majority size: -1, State: 0, Mode: NON_LEADER, active raft config: opid_index: -1 OBSOLETE_local: false peers { permanent_uuid: "8594b4c3a68e4b7e9e4b38b822c42333" member_type: VOTER last_known_addr { host: "127.10.231.129" port: 42733 } } peers { permanent_uuid: "be88eb1ee438406f81d9dac3bbd6fdce" member_type: VOTER last_known_addr { host: "127.10.231.130" port: 40747 } } peers { permanent_uuid: "1557edbd2b8f478ca1bfde4f10a19ca7" member_type: VOTER last_known_addr { host: "127.10.231.131" port: 40603 } }
I20260709 12:16:38.135738 12560 ts_tablet_manager.cc:1434] T 778748fa6a8744e197df99d138fa7974 P be88eb1ee438406f81d9dac3bbd6fdce: Time spent starting tablet: real 0.034s	user 0.011s	sys 0.017s
I20260709 12:16:38.136541 12560 tablet_bootstrap.cc:492] T 0fec842ababf44609fa6e52bdb45f8a7 P be88eb1ee438406f81d9dac3bbd6fdce: Bootstrap starting.
I20260709 12:16:38.136556 12554 ts_tablet_manager.cc:1434] T 158a19e5ecb649bda236111198a87718 P 1557edbd2b8f478ca1bfde4f10a19ca7: Time spent starting tablet: real 0.105s	user 0.005s	sys 0.001s
I20260709 12:16:38.106994 12434 tablet_service.cc:1917] Received RequestConsensusVote() RPC: tablet_id: "f2849c0d4014498d9a89cbbdcaf24726" candidate_uuid: "1557edbd2b8f478ca1bfde4f10a19ca7" candidate_term: 1 candidate_status { last_received { term: 0 index: 0 } } ignore_live_leader: false dest_uuid: "be88eb1ee438406f81d9dac3bbd6fdce" is_pre_election: true
I20260709 12:16:38.138346 12554 tablet_bootstrap.cc:492] T 793f4243a8174f16bd1ec63e34a713fb P 1557edbd2b8f478ca1bfde4f10a19ca7: Bootstrap starting.
I20260709 12:16:38.142287 12434 raft_consensus.cc:2468] T f2849c0d4014498d9a89cbbdcaf24726 P be88eb1ee438406f81d9dac3bbd6fdce [term 0 FOLLOWER]: Leader pre-election vote request: Granting yes vote for candidate 1557edbd2b8f478ca1bfde4f10a19ca7 in term 0.
I20260709 12:16:38.145113 12576 raft_consensus.cc:515] T f2849c0d4014498d9a89cbbdcaf24726 P 1557edbd2b8f478ca1bfde4f10a19ca7 [term 1 FOLLOWER]: Starting leader election with config: opid_index: -1 OBSOLETE_local: false peers { permanent_uuid: "8594b4c3a68e4b7e9e4b38b822c42333" member_type: VOTER last_known_addr { host: "127.10.231.129" port: 42733 } } peers { permanent_uuid: "be88eb1ee438406f81d9dac3bbd6fdce" member_type: VOTER last_known_addr { host: "127.10.231.130" port: 40747 } } peers { permanent_uuid: "1557edbd2b8f478ca1bfde4f10a19ca7" member_type: VOTER last_known_addr { host: "127.10.231.131" port: 40603 } }
I20260709 12:16:38.147234 12575 raft_consensus.cc:493] T e8fe2fafb25c49509d5e5097a70361d4 P 8594b4c3a68e4b7e9e4b38b822c42333 [term 0 FOLLOWER]: Starting pre-election (no leader contacted us within the election timeout)
I20260709 12:16:38.147686 12575 raft_consensus.cc:515] T e8fe2fafb25c49509d5e5097a70361d4 P 8594b4c3a68e4b7e9e4b38b822c42333 [term 0 FOLLOWER]: Starting pre-election with config: opid_index: -1 OBSOLETE_local: false peers { permanent_uuid: "8594b4c3a68e4b7e9e4b38b822c42333" member_type: VOTER last_known_addr { host: "127.10.231.129" port: 42733 } } peers { permanent_uuid: "be88eb1ee438406f81d9dac3bbd6fdce" member_type: VOTER last_known_addr { host: "127.10.231.130" port: 40747 } } peers { permanent_uuid: "1557edbd2b8f478ca1bfde4f10a19ca7" member_type: VOTER last_known_addr { host: "127.10.231.131" port: 40603 } }
I20260709 12:16:38.150521 12435 tablet_service.cc:1917] Received RequestConsensusVote() RPC: tablet_id: "e8fe2fafb25c49509d5e5097a70361d4" candidate_uuid: "8594b4c3a68e4b7e9e4b38b822c42333" candidate_term: 1 candidate_status { last_received { term: 0 index: 0 } } ignore_live_leader: false dest_uuid: "be88eb1ee438406f81d9dac3bbd6fdce" is_pre_election: true
I20260709 12:16:38.150979 12551 tablet_bootstrap.cc:654] T 90828930c440422bb5cb5d2803e5a651 P 8594b4c3a68e4b7e9e4b38b822c42333: Neither blocks nor log segments found. Creating new log.
I20260709 12:16:38.154074 12361 tablet_service.cc:1917] Received RequestConsensusVote() RPC: tablet_id: "f2849c0d4014498d9a89cbbdcaf24726" candidate_uuid: "1557edbd2b8f478ca1bfde4f10a19ca7" candidate_term: 1 candidate_status { last_received { term: 0 index: 0 } } ignore_live_leader: false dest_uuid: "8594b4c3a68e4b7e9e4b38b822c42333"
I20260709 12:16:38.154455 12511 tablet_service.cc:1917] Received RequestConsensusVote() RPC: tablet_id: "e8fe2fafb25c49509d5e5097a70361d4" candidate_uuid: "8594b4c3a68e4b7e9e4b38b822c42333" candidate_term: 1 candidate_status { last_received { term: 0 index: 0 } } ignore_live_leader: false dest_uuid: "1557edbd2b8f478ca1bfde4f10a19ca7" is_pre_election: true
I20260709 12:16:38.154676 12361 raft_consensus.cc:3060] T f2849c0d4014498d9a89cbbdcaf24726 P 8594b4c3a68e4b7e9e4b38b822c42333 [term 0 FOLLOWER]: Advancing to term 1
I20260709 12:16:38.151166 12435 raft_consensus.cc:2468] T e8fe2fafb25c49509d5e5097a70361d4 P be88eb1ee438406f81d9dac3bbd6fdce [term 0 FOLLOWER]: Leader pre-election vote request: Granting yes vote for candidate 8594b4c3a68e4b7e9e4b38b822c42333 in term 0.
I20260709 12:16:38.156255 12326 leader_election.cc:304] T e8fe2fafb25c49509d5e5097a70361d4 P 8594b4c3a68e4b7e9e4b38b822c42333 [CANDIDATE]: Term 1 pre-election: Election decided. Result: candidate won. Election summary: received 2 responses out of 3 voters: 2 yes votes; 0 no votes. yes voters: 8594b4c3a68e4b7e9e4b38b822c42333, be88eb1ee438406f81d9dac3bbd6fdce; no voters: 
I20260709 12:16:38.152309 12576 leader_election.cc:290] T f2849c0d4014498d9a89cbbdcaf24726 P 1557edbd2b8f478ca1bfde4f10a19ca7 [CANDIDATE]: Term 1 election: Requested vote from peers 8594b4c3a68e4b7e9e4b38b822c42333 (127.10.231.129:42733), be88eb1ee438406f81d9dac3bbd6fdce (127.10.231.130:40747)
I20260709 12:16:38.158603 12629 raft_consensus.cc:2804] T e8fe2fafb25c49509d5e5097a70361d4 P 8594b4c3a68e4b7e9e4b38b822c42333 [term 0 FOLLOWER]: Leader pre-election won for term 1
I20260709 12:16:38.159000 12629 raft_consensus.cc:493] T e8fe2fafb25c49509d5e5097a70361d4 P 8594b4c3a68e4b7e9e4b38b822c42333 [term 0 FOLLOWER]: Starting leader election (no leader contacted us within the election timeout)
I20260709 12:16:38.159017 12570 consensus_queue.cc:1048] T 793f4243a8174f16bd1ec63e34a713fb P be88eb1ee438406f81d9dac3bbd6fdce [LEADER]: Connected to new peer: Peer: permanent_uuid: "8594b4c3a68e4b7e9e4b38b822c42333" member_type: VOTER last_known_addr { host: "127.10.231.129" port: 42733 }, Status: LMP_MISMATCH, Last received: 0.0, Next index: 1, Last known committed idx: 0, Time since last communication: 0.001s
I20260709 12:16:38.153049 12575 leader_election.cc:290] T e8fe2fafb25c49509d5e5097a70361d4 P 8594b4c3a68e4b7e9e4b38b822c42333 [CANDIDATE]: Term 1 pre-election: Requested pre-vote from peers be88eb1ee438406f81d9dac3bbd6fdce (127.10.231.130:40747), 1557edbd2b8f478ca1bfde4f10a19ca7 (127.10.231.131:40603)
I20260709 12:16:38.153986 12560 tablet_bootstrap.cc:654] T 0fec842ababf44609fa6e52bdb45f8a7 P be88eb1ee438406f81d9dac3bbd6fdce: Neither blocks nor log segments found. Creating new log.
I20260709 12:16:38.159683 12629 raft_consensus.cc:3060] T e8fe2fafb25c49509d5e5097a70361d4 P 8594b4c3a68e4b7e9e4b38b822c42333 [term 0 FOLLOWER]: Advancing to term 1
I20260709 12:16:38.165310 12570 raft_consensus.cc:493] T 8a6df9c4c8d34cd9aadadd13d61f9af7 P be88eb1ee438406f81d9dac3bbd6fdce [term 0 FOLLOWER]: Starting pre-election (no leader contacted us within the election timeout)
I20260709 12:16:38.152570 12554 tablet_bootstrap.cc:654] T 793f4243a8174f16bd1ec63e34a713fb P 1557edbd2b8f478ca1bfde4f10a19ca7: Neither blocks nor log segments found. Creating new log.
I20260709 12:16:38.165252 12361 raft_consensus.cc:2468] T f2849c0d4014498d9a89cbbdcaf24726 P 8594b4c3a68e4b7e9e4b38b822c42333 [term 1 FOLLOWER]: Leader election vote request: Granting yes vote for candidate 1557edbd2b8f478ca1bfde4f10a19ca7 in term 1.
I20260709 12:16:38.165858 12570 raft_consensus.cc:515] T 8a6df9c4c8d34cd9aadadd13d61f9af7 P be88eb1ee438406f81d9dac3bbd6fdce [term 0 FOLLOWER]: Starting pre-election with config: opid_index: -1 OBSOLETE_local: false peers { permanent_uuid: "8594b4c3a68e4b7e9e4b38b822c42333" member_type: VOTER last_known_addr { host: "127.10.231.129" port: 42733 } } peers { permanent_uuid: "be88eb1ee438406f81d9dac3bbd6fdce" member_type: VOTER last_known_addr { host: "127.10.231.130" port: 40747 } } peers { permanent_uuid: "1557edbd2b8f478ca1bfde4f10a19ca7" member_type: VOTER last_known_addr { host: "127.10.231.131" port: 40603 } }
I20260709 12:16:38.168882 12360 tablet_service.cc:1917] Received RequestConsensusVote() RPC: tablet_id: "8a6df9c4c8d34cd9aadadd13d61f9af7" candidate_uuid: "be88eb1ee438406f81d9dac3bbd6fdce" candidate_term: 1 candidate_status { last_received { term: 0 index: 0 } } ignore_live_leader: false dest_uuid: "8594b4c3a68e4b7e9e4b38b822c42333" is_pre_election: true
W20260709 12:16:38.169770 12328 leader_election.cc:343] T e8fe2fafb25c49509d5e5097a70361d4 P 8594b4c3a68e4b7e9e4b38b822c42333 [CANDIDATE]: Term 1 pre-election: Tablet error from VoteRequest() call to peer 1557edbd2b8f478ca1bfde4f10a19ca7 (127.10.231.131:40603): Illegal state: must be running to vote when last-logged opid is not known
I20260709 12:16:38.170338 12570 leader_election.cc:290] T 8a6df9c4c8d34cd9aadadd13d61f9af7 P be88eb1ee438406f81d9dac3bbd6fdce [CANDIDATE]: Term 1 pre-election: Requested pre-vote from peers 8594b4c3a68e4b7e9e4b38b822c42333 (127.10.231.129:42733), 1557edbd2b8f478ca1bfde4f10a19ca7 (127.10.231.131:40603)
I20260709 12:16:38.168877 12629 raft_consensus.cc:515] T e8fe2fafb25c49509d5e5097a70361d4 P 8594b4c3a68e4b7e9e4b38b822c42333 [term 1 FOLLOWER]: Starting leader election with config: opid_index: -1 OBSOLETE_local: false peers { permanent_uuid: "8594b4c3a68e4b7e9e4b38b822c42333" member_type: VOTER last_known_addr { host: "127.10.231.129" port: 42733 } } peers { permanent_uuid: "be88eb1ee438406f81d9dac3bbd6fdce" member_type: VOTER last_known_addr { host: "127.10.231.130" port: 40747 } } peers { permanent_uuid: "1557edbd2b8f478ca1bfde4f10a19ca7" member_type: VOTER last_known_addr { host: "127.10.231.131" port: 40603 } }
I20260709 12:16:38.171929 12475 leader_election.cc:304] T f2849c0d4014498d9a89cbbdcaf24726 P 1557edbd2b8f478ca1bfde4f10a19ca7 [CANDIDATE]: Term 1 election: Election decided. Result: candidate won. Election summary: received 2 responses out of 3 voters: 2 yes votes; 0 no votes. yes voters: 1557edbd2b8f478ca1bfde4f10a19ca7, 8594b4c3a68e4b7e9e4b38b822c42333; no voters: 
I20260709 12:16:38.172407 12511 tablet_service.cc:1917] Received RequestConsensusVote() RPC: tablet_id: "8a6df9c4c8d34cd9aadadd13d61f9af7" candidate_uuid: "be88eb1ee438406f81d9dac3bbd6fdce" candidate_term: 1 candidate_status { last_received { term: 0 index: 0 } } ignore_live_leader: false dest_uuid: "1557edbd2b8f478ca1bfde4f10a19ca7" is_pre_election: true
I20260709 12:16:38.172873 12576 raft_consensus.cc:2804] T f2849c0d4014498d9a89cbbdcaf24726 P 1557edbd2b8f478ca1bfde4f10a19ca7 [term 1 FOLLOWER]: Leader election won for term 1
I20260709 12:16:38.174081 12435 tablet_service.cc:1917] Received RequestConsensusVote() RPC: tablet_id: "e8fe2fafb25c49509d5e5097a70361d4" candidate_uuid: "8594b4c3a68e4b7e9e4b38b822c42333" candidate_term: 1 candidate_status { last_received { term: 0 index: 0 } } ignore_live_leader: false dest_uuid: "be88eb1ee438406f81d9dac3bbd6fdce"
I20260709 12:16:38.176661 12435 raft_consensus.cc:3060] T e8fe2fafb25c49509d5e5097a70361d4 P be88eb1ee438406f81d9dac3bbd6fdce [term 0 FOLLOWER]: Advancing to term 1
I20260709 12:16:38.174340 12403 leader_election.cc:304] T 8a6df9c4c8d34cd9aadadd13d61f9af7 P be88eb1ee438406f81d9dac3bbd6fdce [CANDIDATE]: Term 1 pre-election: Election decided. Result: candidate lost. Election summary: received 3 responses out of 3 voters: 1 yes votes; 2 no votes. yes voters: be88eb1ee438406f81d9dac3bbd6fdce; no voters: 1557edbd2b8f478ca1bfde4f10a19ca7, 8594b4c3a68e4b7e9e4b38b822c42333
I20260709 12:16:38.178385 12560 tablet_bootstrap.cc:492] T 0fec842ababf44609fa6e52bdb45f8a7 P be88eb1ee438406f81d9dac3bbd6fdce: No bootstrap required, opened a new log
I20260709 12:16:38.175483 12511 tablet_service.cc:1917] Received RequestConsensusVote() RPC: tablet_id: "e8fe2fafb25c49509d5e5097a70361d4" candidate_uuid: "8594b4c3a68e4b7e9e4b38b822c42333" candidate_term: 1 candidate_status { last_received { term: 0 index: 0 } } ignore_live_leader: false dest_uuid: "1557edbd2b8f478ca1bfde4f10a19ca7"
I20260709 12:16:38.179808 12570 raft_consensus.cc:2749] T 8a6df9c4c8d34cd9aadadd13d61f9af7 P be88eb1ee438406f81d9dac3bbd6fdce [term 0 FOLLOWER]: Leader pre-election lost for term 1. Reason: could not achieve majority
W20260709 12:16:38.180449 12328 leader_election.cc:343] T e8fe2fafb25c49509d5e5097a70361d4 P 8594b4c3a68e4b7e9e4b38b822c42333 [CANDIDATE]: Term 1 election: Tablet error from VoteRequest() call to peer 1557edbd2b8f478ca1bfde4f10a19ca7 (127.10.231.131:40603): Illegal state: must be running to vote when last-logged opid is not known
I20260709 12:16:38.174733 12437 tablet_service.cc:1917] Received RequestConsensusVote() RPC: tablet_id: "f2849c0d4014498d9a89cbbdcaf24726" candidate_uuid: "1557edbd2b8f478ca1bfde4f10a19ca7" candidate_term: 1 candidate_status { last_received { term: 0 index: 0 } } ignore_live_leader: false dest_uuid: "be88eb1ee438406f81d9dac3bbd6fdce"
I20260709 12:16:38.181162 12437 raft_consensus.cc:3060] T f2849c0d4014498d9a89cbbdcaf24726 P be88eb1ee438406f81d9dac3bbd6fdce [term 0 FOLLOWER]: Advancing to term 1
I20260709 12:16:38.178912 12560 ts_tablet_manager.cc:1403] T 0fec842ababf44609fa6e52bdb45f8a7 P be88eb1ee438406f81d9dac3bbd6fdce: Time spent bootstrapping tablet: real 0.042s	user 0.007s	sys 0.011s
I20260709 12:16:38.187091 12259 catalog_manager.cc:5697] T c4192cc2741642f4adde36e87a0e7663 P 8594b4c3a68e4b7e9e4b38b822c42333 reported cstate change: term changed from 0 to 1, leader changed from <none> to 8594b4c3a68e4b7e9e4b38b822c42333 (127.10.231.129). New cstate: current_term: 1 leader_uuid: "8594b4c3a68e4b7e9e4b38b822c42333" committed_config { opid_index: -1 OBSOLETE_local: false peers { permanent_uuid: "8594b4c3a68e4b7e9e4b38b822c42333" member_type: VOTER last_known_addr { host: "127.10.231.129" port: 42733 } health_report { overall_health: HEALTHY } } peers { permanent_uuid: "be88eb1ee438406f81d9dac3bbd6fdce" member_type: VOTER last_known_addr { host: "127.10.231.130" port: 40747 } health_report { overall_health: UNKNOWN } } peers { permanent_uuid: "1557edbd2b8f478ca1bfde4f10a19ca7" member_type: VOTER last_known_addr { host: "127.10.231.131" port: 40603 } health_report { overall_health: UNKNOWN } } }
I20260709 12:16:38.173336 12629 leader_election.cc:290] T e8fe2fafb25c49509d5e5097a70361d4 P 8594b4c3a68e4b7e9e4b38b822c42333 [CANDIDATE]: Term 1 election: Requested vote from peers be88eb1ee438406f81d9dac3bbd6fdce (127.10.231.130:40747), 1557edbd2b8f478ca1bfde4f10a19ca7 (127.10.231.131:40603)
I20260709 12:16:38.189124 12576 raft_consensus.cc:697] T f2849c0d4014498d9a89cbbdcaf24726 P 1557edbd2b8f478ca1bfde4f10a19ca7 [term 1 LEADER]: Becoming Leader. State: Replica: 1557edbd2b8f478ca1bfde4f10a19ca7, State: Running, Role: LEADER
I20260709 12:16:38.188988 12259 catalog_manager.cc:5697] T 886e990e0fc3455684bbb87ee15d7f6e P 8594b4c3a68e4b7e9e4b38b822c42333 reported cstate change: term changed from 0 to 1, leader changed from <none> to 8594b4c3a68e4b7e9e4b38b822c42333 (127.10.231.129). New cstate: current_term: 1 leader_uuid: "8594b4c3a68e4b7e9e4b38b822c42333" committed_config { opid_index: -1 OBSOLETE_local: false peers { permanent_uuid: "8594b4c3a68e4b7e9e4b38b822c42333" member_type: VOTER last_known_addr { host: "127.10.231.129" port: 42733 } health_report { overall_health: HEALTHY } } peers { permanent_uuid: "be88eb1ee438406f81d9dac3bbd6fdce" member_type: VOTER last_known_addr { host: "127.10.231.130" port: 40747 } health_report { overall_health: UNKNOWN } } peers { permanent_uuid: "1557edbd2b8f478ca1bfde4f10a19ca7" member_type: VOTER last_known_addr { host: "127.10.231.131" port: 40603 } health_report { overall_health: UNKNOWN } } }
I20260709 12:16:38.193965 12551 tablet_bootstrap.cc:492] T 90828930c440422bb5cb5d2803e5a651 P 8594b4c3a68e4b7e9e4b38b822c42333: No bootstrap required, opened a new log
I20260709 12:16:38.189985 12560 raft_consensus.cc:359] T 0fec842ababf44609fa6e52bdb45f8a7 P be88eb1ee438406f81d9dac3bbd6fdce [term 0 FOLLOWER]: Replica starting. Triggering 0 pending ops. Active config: opid_index: -1 OBSOLETE_local: false peers { permanent_uuid: "8594b4c3a68e4b7e9e4b38b822c42333" member_type: VOTER last_known_addr { host: "127.10.231.129" port: 42733 } } peers { permanent_uuid: "be88eb1ee438406f81d9dac3bbd6fdce" member_type: VOTER last_known_addr { host: "127.10.231.130" port: 40747 } } peers { permanent_uuid: "1557edbd2b8f478ca1bfde4f10a19ca7" member_type: VOTER last_known_addr { host: "127.10.231.131" port: 40603 } }
I20260709 12:16:38.194501 12551 ts_tablet_manager.cc:1403] T 90828930c440422bb5cb5d2803e5a651 P 8594b4c3a68e4b7e9e4b38b822c42333: Time spent bootstrapping tablet: real 0.109s	user 0.013s	sys 0.009s
I20260709 12:16:38.191296 12435 raft_consensus.cc:2468] T e8fe2fafb25c49509d5e5097a70361d4 P be88eb1ee438406f81d9dac3bbd6fdce [term 1 FOLLOWER]: Leader election vote request: Granting yes vote for candidate 8594b4c3a68e4b7e9e4b38b822c42333 in term 1.
I20260709 12:16:38.194592 12560 raft_consensus.cc:385] T 0fec842ababf44609fa6e52bdb45f8a7 P be88eb1ee438406f81d9dac3bbd6fdce [term 0 FOLLOWER]: Consensus starting up: Expiring failure detector timer to make a prompt election more likely
I20260709 12:16:38.195258 12560 raft_consensus.cc:740] T 0fec842ababf44609fa6e52bdb45f8a7 P be88eb1ee438406f81d9dac3bbd6fdce [term 0 FOLLOWER]: Becoming Follower/Learner. State: Replica: be88eb1ee438406f81d9dac3bbd6fdce, State: Initialized, Role: FOLLOWER
I20260709 12:16:38.191957 12437 raft_consensus.cc:2468] T f2849c0d4014498d9a89cbbdcaf24726 P be88eb1ee438406f81d9dac3bbd6fdce [term 1 FOLLOWER]: Leader election vote request: Granting yes vote for candidate 1557edbd2b8f478ca1bfde4f10a19ca7 in term 1.
I20260709 12:16:38.193352 12576 consensus_queue.cc:237] T f2849c0d4014498d9a89cbbdcaf24726 P 1557edbd2b8f478ca1bfde4f10a19ca7 [LEADER]: Queue going to LEADER mode. State: All replicated index: 0, Majority replicated index: 0, Committed index: 0, Last appended: 0.0, Last appended by leader: 0, Current term: 1, Majority size: 2, State: 0, Mode: LEADER, active raft config: opid_index: -1 OBSOLETE_local: false peers { permanent_uuid: "8594b4c3a68e4b7e9e4b38b822c42333" member_type: VOTER last_known_addr { host: "127.10.231.129" port: 42733 } } peers { permanent_uuid: "be88eb1ee438406f81d9dac3bbd6fdce" member_type: VOTER last_known_addr { host: "127.10.231.130" port: 40747 } } peers { permanent_uuid: "1557edbd2b8f478ca1bfde4f10a19ca7" member_type: VOTER last_known_addr { host: "127.10.231.131" port: 40603 } }
I20260709 12:16:38.196746 12326 leader_election.cc:304] T e8fe2fafb25c49509d5e5097a70361d4 P 8594b4c3a68e4b7e9e4b38b822c42333 [CANDIDATE]: Term 1 election: Election decided. Result: candidate won. Election summary: received 3 responses out of 3 voters: 2 yes votes; 1 no votes. yes voters: 8594b4c3a68e4b7e9e4b38b822c42333, be88eb1ee438406f81d9dac3bbd6fdce; no voters: 1557edbd2b8f478ca1bfde4f10a19ca7
I20260709 12:16:38.198738 12551 raft_consensus.cc:359] T 90828930c440422bb5cb5d2803e5a651 P 8594b4c3a68e4b7e9e4b38b822c42333 [term 0 FOLLOWER]: Replica starting. Triggering 0 pending ops. Active config: opid_index: -1 OBSOLETE_local: false peers { permanent_uuid: "8594b4c3a68e4b7e9e4b38b822c42333" member_type: VOTER last_known_addr { host: "127.10.231.129" port: 42733 } } peers { permanent_uuid: "be88eb1ee438406f81d9dac3bbd6fdce" member_type: VOTER last_known_addr { host: "127.10.231.130" port: 40747 } } peers { permanent_uuid: "1557edbd2b8f478ca1bfde4f10a19ca7" member_type: VOTER last_known_addr { host: "127.10.231.131" port: 40603 } }
I20260709 12:16:38.195986 12560 consensus_queue.cc:260] T 0fec842ababf44609fa6e52bdb45f8a7 P be88eb1ee438406f81d9dac3bbd6fdce [NON_LEADER]: Queue going to NON_LEADER mode. State: All replicated index: 0, Majority replicated index: 0, Committed index: 0, Last appended: 0.0, Last appended by leader: 0, Current term: 0, Majority size: -1, State: 0, Mode: NON_LEADER, active raft config: opid_index: -1 OBSOLETE_local: false peers { permanent_uuid: "8594b4c3a68e4b7e9e4b38b822c42333" member_type: VOTER last_known_addr { host: "127.10.231.129" port: 42733 } } peers { permanent_uuid: "be88eb1ee438406f81d9dac3bbd6fdce" member_type: VOTER last_known_addr { host: "127.10.231.130" port: 40747 } } peers { permanent_uuid: "1557edbd2b8f478ca1bfde4f10a19ca7" member_type: VOTER last_known_addr { host: "127.10.231.131" port: 40603 } }
I20260709 12:16:38.199669 12551 raft_consensus.cc:385] T 90828930c440422bb5cb5d2803e5a651 P 8594b4c3a68e4b7e9e4b38b822c42333 [term 0 FOLLOWER]: Consensus starting up: Expiring failure detector timer to make a prompt election more likely
I20260709 12:16:38.200133 12551 raft_consensus.cc:740] T 90828930c440422bb5cb5d2803e5a651 P 8594b4c3a68e4b7e9e4b38b822c42333 [term 0 FOLLOWER]: Becoming Follower/Learner. State: Replica: 8594b4c3a68e4b7e9e4b38b822c42333, State: Initialized, Role: FOLLOWER
I20260709 12:16:38.200356 12575 raft_consensus.cc:2804] T e8fe2fafb25c49509d5e5097a70361d4 P 8594b4c3a68e4b7e9e4b38b822c42333 [term 1 FOLLOWER]: Leader election won for term 1
I20260709 12:16:38.200845 12575 raft_consensus.cc:697] T e8fe2fafb25c49509d5e5097a70361d4 P 8594b4c3a68e4b7e9e4b38b822c42333 [term 1 LEADER]: Becoming Leader. State: Replica: 8594b4c3a68e4b7e9e4b38b822c42333, State: Running, Role: LEADER
I20260709 12:16:38.201174 12560 ts_tablet_manager.cc:1434] T 0fec842ababf44609fa6e52bdb45f8a7 P be88eb1ee438406f81d9dac3bbd6fdce: Time spent starting tablet: real 0.014s	user 0.001s	sys 0.006s
I20260709 12:16:38.200944 12551 consensus_queue.cc:260] T 90828930c440422bb5cb5d2803e5a651 P 8594b4c3a68e4b7e9e4b38b822c42333 [NON_LEADER]: Queue going to NON_LEADER mode. State: All replicated index: 0, Majority replicated index: 0, Committed index: 0, Last appended: 0.0, Last appended by leader: 0, Current term: 0, Majority size: -1, State: 0, Mode: NON_LEADER, active raft config: opid_index: -1 OBSOLETE_local: false peers { permanent_uuid: "8594b4c3a68e4b7e9e4b38b822c42333" member_type: VOTER last_known_addr { host: "127.10.231.129" port: 42733 } } peers { permanent_uuid: "be88eb1ee438406f81d9dac3bbd6fdce" member_type: VOTER last_known_addr { host: "127.10.231.130" port: 40747 } } peers { permanent_uuid: "1557edbd2b8f478ca1bfde4f10a19ca7" member_type: VOTER last_known_addr { host: "127.10.231.131" port: 40603 } }
I20260709 12:16:38.202178 12560 tablet_bootstrap.cc:492] T 615f17a33719462fb34f56d858a6c832 P be88eb1ee438406f81d9dac3bbd6fdce: Bootstrap starting.
I20260709 12:16:38.201715 12575 consensus_queue.cc:237] T e8fe2fafb25c49509d5e5097a70361d4 P 8594b4c3a68e4b7e9e4b38b822c42333 [LEADER]: Queue going to LEADER mode. State: All replicated index: 0, Majority replicated index: 0, Committed index: 0, Last appended: 0.0, Last appended by leader: 0, Current term: 1, Majority size: 2, State: 0, Mode: LEADER, active raft config: opid_index: -1 OBSOLETE_local: false peers { permanent_uuid: "8594b4c3a68e4b7e9e4b38b822c42333" member_type: VOTER last_known_addr { host: "127.10.231.129" port: 42733 } } peers { permanent_uuid: "be88eb1ee438406f81d9dac3bbd6fdce" member_type: VOTER last_known_addr { host: "127.10.231.130" port: 40747 } } peers { permanent_uuid: "1557edbd2b8f478ca1bfde4f10a19ca7" member_type: VOTER last_known_addr { host: "127.10.231.131" port: 40603 } }
I20260709 12:16:38.205158 12551 ts_tablet_manager.cc:1434] T 90828930c440422bb5cb5d2803e5a651 P 8594b4c3a68e4b7e9e4b38b822c42333: Time spent starting tablet: real 0.010s	user 0.003s	sys 0.003s
I20260709 12:16:38.206367 12551 tablet_bootstrap.cc:492] T a3c4e82f741840b1a9b896f7dfc39857 P 8594b4c3a68e4b7e9e4b38b822c42333: Bootstrap starting.
I20260709 12:16:38.205855 12435 raft_consensus.cc:3060] T 69e6a6702cc940e9a9e08b214cabc4a5 P be88eb1ee438406f81d9dac3bbd6fdce [term 0 FOLLOWER]: Advancing to term 1
I20260709 12:16:38.208947 12560 tablet_bootstrap.cc:654] T 615f17a33719462fb34f56d858a6c832 P be88eb1ee438406f81d9dac3bbd6fdce: Neither blocks nor log segments found. Creating new log.
I20260709 12:16:38.224068 12554 tablet_bootstrap.cc:492] T 793f4243a8174f16bd1ec63e34a713fb P 1557edbd2b8f478ca1bfde4f10a19ca7: No bootstrap required, opened a new log
I20260709 12:16:38.224566 12554 ts_tablet_manager.cc:1403] T 793f4243a8174f16bd1ec63e34a713fb P 1557edbd2b8f478ca1bfde4f10a19ca7: Time spent bootstrapping tablet: real 0.086s	user 0.014s	sys 0.012s
I20260709 12:16:38.227530 12554 raft_consensus.cc:359] T 793f4243a8174f16bd1ec63e34a713fb P 1557edbd2b8f478ca1bfde4f10a19ca7 [term 0 FOLLOWER]: Replica starting. Triggering 0 pending ops. Active config: opid_index: -1 OBSOLETE_local: false peers { permanent_uuid: "8594b4c3a68e4b7e9e4b38b822c42333" member_type: VOTER last_known_addr { host: "127.10.231.129" port: 42733 } } peers { permanent_uuid: "be88eb1ee438406f81d9dac3bbd6fdce" member_type: VOTER last_known_addr { host: "127.10.231.130" port: 40747 } } peers { permanent_uuid: "1557edbd2b8f478ca1bfde4f10a19ca7" member_type: VOTER last_known_addr { host: "127.10.231.131" port: 40603 } }
I20260709 12:16:38.228245 12554 raft_consensus.cc:385] T 793f4243a8174f16bd1ec63e34a713fb P 1557edbd2b8f478ca1bfde4f10a19ca7 [term 0 FOLLOWER]: Consensus starting up: Expiring failure detector timer to make a prompt election more likely
I20260709 12:16:38.228547 12554 raft_consensus.cc:740] T 793f4243a8174f16bd1ec63e34a713fb P 1557edbd2b8f478ca1bfde4f10a19ca7 [term 0 FOLLOWER]: Becoming Follower/Learner. State: Replica: 1557edbd2b8f478ca1bfde4f10a19ca7, State: Initialized, Role: FOLLOWER
I20260709 12:16:38.231371 12554 consensus_queue.cc:260] T 793f4243a8174f16bd1ec63e34a713fb P 1557edbd2b8f478ca1bfde4f10a19ca7 [NON_LEADER]: Queue going to NON_LEADER mode. State: All replicated index: 0, Majority replicated index: 0, Committed index: 0, Last appended: 0.0, Last appended by leader: 0, Current term: 0, Majority size: -1, State: 0, Mode: NON_LEADER, active raft config: opid_index: -1 OBSOLETE_local: false peers { permanent_uuid: "8594b4c3a68e4b7e9e4b38b822c42333" member_type: VOTER last_known_addr { host: "127.10.231.129" port: 42733 } } peers { permanent_uuid: "be88eb1ee438406f81d9dac3bbd6fdce" member_type: VOTER last_known_addr { host: "127.10.231.130" port: 40747 } } peers { permanent_uuid: "1557edbd2b8f478ca1bfde4f10a19ca7" member_type: VOTER last_known_addr { host: "127.10.231.131" port: 40603 } }
I20260709 12:16:38.220534 12576 consensus_queue.cc:1048] T eb2e39713cf543e4bedded78806e72b4 P 1557edbd2b8f478ca1bfde4f10a19ca7 [LEADER]: Connected to new peer: Peer: permanent_uuid: "be88eb1ee438406f81d9dac3bbd6fdce" member_type: VOTER last_known_addr { host: "127.10.231.130" port: 40747 }, Status: LMP_MISMATCH, Last received: 0.0, Next index: 1, Last known committed idx: 0, Time since last communication: 0.009s
I20260709 12:16:38.236605 12554 ts_tablet_manager.cc:1434] T 793f4243a8174f16bd1ec63e34a713fb P 1557edbd2b8f478ca1bfde4f10a19ca7: Time spent starting tablet: real 0.012s	user 0.006s	sys 0.000s
I20260709 12:16:38.237349 12554 tablet_bootstrap.cc:492] T 886e990e0fc3455684bbb87ee15d7f6e P 1557edbd2b8f478ca1bfde4f10a19ca7: Bootstrap starting.
I20260709 12:16:38.239385 12576 raft_consensus.cc:493] T 778748fa6a8744e197df99d138fa7974 P 1557edbd2b8f478ca1bfde4f10a19ca7 [term 0 FOLLOWER]: Starting pre-election (no leader contacted us within the election timeout)
I20260709 12:16:38.239861 12259 catalog_manager.cc:5697] T f2849c0d4014498d9a89cbbdcaf24726 P 1557edbd2b8f478ca1bfde4f10a19ca7 reported cstate change: term changed from 0 to 1, leader changed from <none> to 1557edbd2b8f478ca1bfde4f10a19ca7 (127.10.231.131). New cstate: current_term: 1 leader_uuid: "1557edbd2b8f478ca1bfde4f10a19ca7" committed_config { opid_index: -1 OBSOLETE_local: false peers { permanent_uuid: "8594b4c3a68e4b7e9e4b38b822c42333" member_type: VOTER last_known_addr { host: "127.10.231.129" port: 42733 } health_report { overall_health: UNKNOWN } } peers { permanent_uuid: "be88eb1ee438406f81d9dac3bbd6fdce" member_type: VOTER last_known_addr { host: "127.10.231.130" port: 40747 } health_report { overall_health: UNKNOWN } } peers { permanent_uuid: "1557edbd2b8f478ca1bfde4f10a19ca7" member_type: VOTER last_known_addr { host: "127.10.231.131" port: 40603 } health_report { overall_health: HEALTHY } } }
I20260709 12:16:38.247387 12575 consensus_queue.cc:1048] T 69e6a6702cc940e9a9e08b214cabc4a5 P 8594b4c3a68e4b7e9e4b38b822c42333 [LEADER]: Connected to new peer: Peer: permanent_uuid: "be88eb1ee438406f81d9dac3bbd6fdce" member_type: VOTER last_known_addr { host: "127.10.231.130" port: 40747 }, Status: LMP_MISMATCH, Last received: 0.0, Next index: 1, Last known committed idx: 0, Time since last communication: 0.000s
