I20260709 12:16:35.996657 28085 tablet_service.cc:1917] Received RequestConsensusVote() RPC: tablet_id: "a8864e3a15954df8b6a1970998306a90" candidate_uuid: "421ecf92ad874c109799029cdda35a6c" candidate_term: 1 candidate_status { last_received { term: 0 index: 0 } } ignore_live_leader: false dest_uuid: "63035c04ba67444ba8cca9193f8cccfa" is_pre_election: true
I20260709 12:16:35.996990 28126 ts_tablet_manager.cc:1434] T b420e87ac62a433189f2b46505a09654 P 421ecf92ad874c109799029cdda35a6c: Time spent starting tablet: real 0.020s	user 0.006s	sys 0.000s
I20260709 12:16:35.997495 28085 raft_consensus.cc:2468] T a8864e3a15954df8b6a1970998306a90 P 63035c04ba67444ba8cca9193f8cccfa [term 0 FOLLOWER]: Leader pre-election vote request: Granting yes vote for candidate 421ecf92ad874c109799029cdda35a6c in term 0.
I20260709 12:16:35.998483 28126 tablet_bootstrap.cc:492] T f0b8be8d78b345c281372d830d88e62c P 421ecf92ad874c109799029cdda35a6c: Bootstrap starting.
I20260709 12:16:35.999218 28011 tablet_service.cc:1917] Received RequestConsensusVote() RPC: tablet_id: "a8864e3a15954df8b6a1970998306a90" candidate_uuid: "421ecf92ad874c109799029cdda35a6c" candidate_term: 1 candidate_status { last_received { term: 0 index: 0 } } ignore_live_leader: false dest_uuid: "92a063c5f18c410187d4eee717e55987" is_pre_election: true
W20260709 12:16:36.001225 27900 leader_election.cc:343] T a8864e3a15954df8b6a1970998306a90 P 421ecf92ad874c109799029cdda35a6c [CANDIDATE]: Term 1 pre-election: Tablet error from VoteRequest() call to peer 92a063c5f18c410187d4eee717e55987 (127.26.29.2:45747): Illegal state: must be running to vote when last-logged opid is not known
I20260709 12:16:36.002885 27902 leader_election.cc:304] T a8864e3a15954df8b6a1970998306a90 P 421ecf92ad874c109799029cdda35a6c [CANDIDATE]: Term 1 pre-election: Election decided. Result: candidate won. Election summary: received 3 responses out of 3 voters: 2 yes votes; 1 no votes. yes voters: 421ecf92ad874c109799029cdda35a6c, 63035c04ba67444ba8cca9193f8cccfa; no voters: 92a063c5f18c410187d4eee717e55987
I20260709 12:16:36.004317 28158 raft_consensus.cc:2804] T a8864e3a15954df8b6a1970998306a90 P 421ecf92ad874c109799029cdda35a6c [term 0 FOLLOWER]: Leader pre-election won for term 1
I20260709 12:16:36.004763 28158 raft_consensus.cc:493] T a8864e3a15954df8b6a1970998306a90 P 421ecf92ad874c109799029cdda35a6c [term 0 FOLLOWER]: Starting leader election (no leader contacted us within the election timeout)
I20260709 12:16:36.005146 28158 raft_consensus.cc:3060] T a8864e3a15954df8b6a1970998306a90 P 421ecf92ad874c109799029cdda35a6c [term 0 FOLLOWER]: Advancing to term 1
I20260709 12:16:36.005173 28127 tablet_bootstrap.cc:492] T f35b40ff29674fffb6ae0420fda714da P 63035c04ba67444ba8cca9193f8cccfa: No bootstrap required, opened a new log
I20260709 12:16:36.005905 28127 ts_tablet_manager.cc:1403] T f35b40ff29674fffb6ae0420fda714da P 63035c04ba67444ba8cca9193f8cccfa: Time spent bootstrapping tablet: real 0.026s	user 0.011s	sys 0.012s
I20260709 12:16:36.009315 28127 raft_consensus.cc:359] T f35b40ff29674fffb6ae0420fda714da P 63035c04ba67444ba8cca9193f8cccfa [term 0 FOLLOWER]: Replica starting. Triggering 0 pending ops. Active config: opid_index: -1 OBSOLETE_local: false peers { permanent_uuid: "421ecf92ad874c109799029cdda35a6c" member_type: VOTER last_known_addr { host: "127.26.29.1" port: 43289 } } peers { permanent_uuid: "92a063c5f18c410187d4eee717e55987" member_type: VOTER last_known_addr { host: "127.26.29.2" port: 45747 } } peers { permanent_uuid: "63035c04ba67444ba8cca9193f8cccfa" member_type: VOTER last_known_addr { host: "127.26.29.3" port: 37403 } }
I20260709 12:16:36.010102 28127 raft_consensus.cc:385] T f35b40ff29674fffb6ae0420fda714da P 63035c04ba67444ba8cca9193f8cccfa [term 0 FOLLOWER]: Consensus starting up: Expiring failure detector timer to make a prompt election more likely
I20260709 12:16:36.010434 28127 raft_consensus.cc:740] T f35b40ff29674fffb6ae0420fda714da P 63035c04ba67444ba8cca9193f8cccfa [term 0 FOLLOWER]: Becoming Follower/Learner. State: Replica: 63035c04ba67444ba8cca9193f8cccfa, State: Initialized, Role: FOLLOWER
I20260709 12:16:36.011220 28127 consensus_queue.cc:260] T f35b40ff29674fffb6ae0420fda714da P 63035c04ba67444ba8cca9193f8cccfa [NON_LEADER]: Queue going to NON_LEADER mode. State: All replicated index: 0, Majority replicated index: 0, Committed index: 0, Last appended: 0.0, Last appended by leader: 0, Current term: 0, Majority size: -1, State: 0, Mode: NON_LEADER, active raft config: opid_index: -1 OBSOLETE_local: false peers { permanent_uuid: "421ecf92ad874c109799029cdda35a6c" member_type: VOTER last_known_addr { host: "127.26.29.1" port: 43289 } } peers { permanent_uuid: "92a063c5f18c410187d4eee717e55987" member_type: VOTER last_known_addr { host: "127.26.29.2" port: 45747 } } peers { permanent_uuid: "63035c04ba67444ba8cca9193f8cccfa" member_type: VOTER last_known_addr { host: "127.26.29.3" port: 37403 } }
I20260709 12:16:36.013101 28158 raft_consensus.cc:515] T a8864e3a15954df8b6a1970998306a90 P 421ecf92ad874c109799029cdda35a6c [term 1 FOLLOWER]: Starting leader election with config: opid_index: -1 OBSOLETE_local: false peers { permanent_uuid: "421ecf92ad874c109799029cdda35a6c" member_type: VOTER last_known_addr { host: "127.26.29.1" port: 43289 } } peers { permanent_uuid: "92a063c5f18c410187d4eee717e55987" member_type: VOTER last_known_addr { host: "127.26.29.2" port: 45747 } } peers { permanent_uuid: "63035c04ba67444ba8cca9193f8cccfa" member_type: VOTER last_known_addr { host: "127.26.29.3" port: 37403 } }
I20260709 12:16:36.013899 28127 ts_tablet_manager.cc:1434] T f35b40ff29674fffb6ae0420fda714da P 63035c04ba67444ba8cca9193f8cccfa: Time spent starting tablet: real 0.008s	user 0.006s	sys 0.000s
I20260709 12:16:36.015658 28126 tablet_bootstrap.cc:654] T f0b8be8d78b345c281372d830d88e62c P 421ecf92ad874c109799029cdda35a6c: Neither blocks nor log segments found. Creating new log.
I20260709 12:16:36.016347 28011 tablet_service.cc:1917] Received RequestConsensusVote() RPC: tablet_id: "a8864e3a15954df8b6a1970998306a90" candidate_uuid: "421ecf92ad874c109799029cdda35a6c" candidate_term: 1 candidate_status { last_received { term: 0 index: 0 } } ignore_live_leader: false dest_uuid: "92a063c5f18c410187d4eee717e55987"
I20260709 12:16:36.017210 28127 tablet_bootstrap.cc:492] T 0f527bae712e4cdf933aa240dce9c3cc P 63035c04ba67444ba8cca9193f8cccfa: Bootstrap starting.
W20260709 12:16:36.018438 27900 leader_election.cc:343] T a8864e3a15954df8b6a1970998306a90 P 421ecf92ad874c109799029cdda35a6c [CANDIDATE]: Term 1 election: Tablet error from VoteRequest() call to peer 92a063c5f18c410187d4eee717e55987 (127.26.29.2:45747): Illegal state: must be running to vote when last-logged opid is not known
I20260709 12:16:36.020627 28125 tablet_bootstrap.cc:492] T 9d45fca59deb4de0b83481270f799c00 P 92a063c5f18c410187d4eee717e55987: No bootstrap required, opened a new log
I20260709 12:16:36.021157 28125 ts_tablet_manager.cc:1403] T 9d45fca59deb4de0b83481270f799c00 P 92a063c5f18c410187d4eee717e55987: Time spent bootstrapping tablet: real 0.047s	user 0.013s	sys 0.016s
I20260709 12:16:36.021219 28085 tablet_service.cc:1917] Received RequestConsensusVote() RPC: tablet_id: "a8864e3a15954df8b6a1970998306a90" candidate_uuid: "421ecf92ad874c109799029cdda35a6c" candidate_term: 1 candidate_status { last_received { term: 0 index: 0 } } ignore_live_leader: false dest_uuid: "63035c04ba67444ba8cca9193f8cccfa"
I20260709 12:16:36.021862 28085 raft_consensus.cc:3060] T a8864e3a15954df8b6a1970998306a90 P 63035c04ba67444ba8cca9193f8cccfa [term 0 FOLLOWER]: Advancing to term 1
I20260709 12:16:36.024255 28127 tablet_bootstrap.cc:654] T 0f527bae712e4cdf933aa240dce9c3cc P 63035c04ba67444ba8cca9193f8cccfa: Neither blocks nor log segments found. Creating new log.
I20260709 12:16:36.024389 28125 raft_consensus.cc:359] T 9d45fca59deb4de0b83481270f799c00 P 92a063c5f18c410187d4eee717e55987 [term 0 FOLLOWER]: Replica starting. Triggering 0 pending ops. Active config: opid_index: -1 OBSOLETE_local: false peers { permanent_uuid: "421ecf92ad874c109799029cdda35a6c" member_type: VOTER last_known_addr { host: "127.26.29.1" port: 43289 } } peers { permanent_uuid: "92a063c5f18c410187d4eee717e55987" member_type: VOTER last_known_addr { host: "127.26.29.2" port: 45747 } } peers { permanent_uuid: "63035c04ba67444ba8cca9193f8cccfa" member_type: VOTER last_known_addr { host: "127.26.29.3" port: 37403 } }
I20260709 12:16:36.025192 28125 raft_consensus.cc:385] T 9d45fca59deb4de0b83481270f799c00 P 92a063c5f18c410187d4eee717e55987 [term 0 FOLLOWER]: Consensus starting up: Expiring failure detector timer to make a prompt election more likely
I20260709 12:16:36.025544 28125 raft_consensus.cc:740] T 9d45fca59deb4de0b83481270f799c00 P 92a063c5f18c410187d4eee717e55987 [term 0 FOLLOWER]: Becoming Follower/Learner. State: Replica: 92a063c5f18c410187d4eee717e55987, State: Initialized, Role: FOLLOWER
I20260709 12:16:36.026315 28125 consensus_queue.cc:260] T 9d45fca59deb4de0b83481270f799c00 P 92a063c5f18c410187d4eee717e55987 [NON_LEADER]: Queue going to NON_LEADER mode. State: All replicated index: 0, Majority replicated index: 0, Committed index: 0, Last appended: 0.0, Last appended by leader: 0, Current term: 0, Majority size: -1, State: 0, Mode: NON_LEADER, active raft config: opid_index: -1 OBSOLETE_local: false peers { permanent_uuid: "421ecf92ad874c109799029cdda35a6c" member_type: VOTER last_known_addr { host: "127.26.29.1" port: 43289 } } peers { permanent_uuid: "92a063c5f18c410187d4eee717e55987" member_type: VOTER last_known_addr { host: "127.26.29.2" port: 45747 } } peers { permanent_uuid: "63035c04ba67444ba8cca9193f8cccfa" member_type: VOTER last_known_addr { host: "127.26.29.3" port: 37403 } }
I20260709 12:16:36.028769 28125 ts_tablet_manager.cc:1434] T 9d45fca59deb4de0b83481270f799c00 P 92a063c5f18c410187d4eee717e55987: Time spent starting tablet: real 0.007s	user 0.004s	sys 0.004s
I20260709 12:16:36.031523 28125 tablet_bootstrap.cc:492] T a8864e3a15954df8b6a1970998306a90 P 92a063c5f18c410187d4eee717e55987: Bootstrap starting.
I20260709 12:16:36.031862 28158 leader_election.cc:290] T a8864e3a15954df8b6a1970998306a90 P 421ecf92ad874c109799029cdda35a6c [CANDIDATE]: Term 1 election: Requested vote from peers 92a063c5f18c410187d4eee717e55987 (127.26.29.2:45747), 63035c04ba67444ba8cca9193f8cccfa (127.26.29.3:37403)
I20260709 12:16:36.033649 28085 raft_consensus.cc:2468] T a8864e3a15954df8b6a1970998306a90 P 63035c04ba67444ba8cca9193f8cccfa [term 1 FOLLOWER]: Leader election vote request: Granting yes vote for candidate 421ecf92ad874c109799029cdda35a6c in term 1.
I20260709 12:16:36.035183 27902 leader_election.cc:304] T a8864e3a15954df8b6a1970998306a90 P 421ecf92ad874c109799029cdda35a6c [CANDIDATE]: Term 1 election: Election decided. Result: candidate won. Election summary: received 3 responses out of 3 voters: 2 yes votes; 1 no votes. yes voters: 421ecf92ad874c109799029cdda35a6c, 63035c04ba67444ba8cca9193f8cccfa; no voters: 92a063c5f18c410187d4eee717e55987
I20260709 12:16:36.041239 28173 raft_consensus.cc:493] T f35b40ff29674fffb6ae0420fda714da P 63035c04ba67444ba8cca9193f8cccfa [term 0 FOLLOWER]: Starting pre-election (no leader contacted us within the election timeout)
I20260709 12:16:36.041819 28173 raft_consensus.cc:515] T f35b40ff29674fffb6ae0420fda714da P 63035c04ba67444ba8cca9193f8cccfa [term 0 FOLLOWER]: Starting pre-election with config: opid_index: -1 OBSOLETE_local: false peers { permanent_uuid: "421ecf92ad874c109799029cdda35a6c" member_type: VOTER last_known_addr { host: "127.26.29.1" port: 43289 } } peers { permanent_uuid: "92a063c5f18c410187d4eee717e55987" member_type: VOTER last_known_addr { host: "127.26.29.2" port: 45747 } } peers { permanent_uuid: "63035c04ba67444ba8cca9193f8cccfa" member_type: VOTER last_known_addr { host: "127.26.29.3" port: 37403 } }
I20260709 12:16:36.040230 28158 raft_consensus.cc:2804] T a8864e3a15954df8b6a1970998306a90 P 421ecf92ad874c109799029cdda35a6c [term 1 FOLLOWER]: Leader election won for term 1
I20260709 12:16:36.053689 28173 leader_election.cc:290] T f35b40ff29674fffb6ae0420fda714da P 63035c04ba67444ba8cca9193f8cccfa [CANDIDATE]: Term 1 pre-election: Requested pre-vote from peers 421ecf92ad874c109799029cdda35a6c (127.26.29.1:43289), 92a063c5f18c410187d4eee717e55987 (127.26.29.2:45747)
I20260709 12:16:36.054536 28158 raft_consensus.cc:697] T a8864e3a15954df8b6a1970998306a90 P 421ecf92ad874c109799029cdda35a6c [term 1 LEADER]: Becoming Leader. State: Replica: 421ecf92ad874c109799029cdda35a6c, State: Running, Role: LEADER
I20260709 12:16:36.055126 27936 tablet_service.cc:1917] Received RequestConsensusVote() RPC: tablet_id: "f35b40ff29674fffb6ae0420fda714da" candidate_uuid: "63035c04ba67444ba8cca9193f8cccfa" candidate_term: 1 candidate_status { last_received { term: 0 index: 0 } } ignore_live_leader: false dest_uuid: "421ecf92ad874c109799029cdda35a6c" is_pre_election: true
I20260709 12:16:36.055487 28158 consensus_queue.cc:237] T a8864e3a15954df8b6a1970998306a90 P 421ecf92ad874c109799029cdda35a6c [LEADER]: Queue going to LEADER mode. State: All replicated index: 0, Majority replicated index: 0, Committed index: 0, Last appended: 0.0, Last appended by leader: 0, Current term: 1, Majority size: 2, State: 0, Mode: LEADER, active raft config: opid_index: -1 OBSOLETE_local: false peers { permanent_uuid: "421ecf92ad874c109799029cdda35a6c" member_type: VOTER last_known_addr { host: "127.26.29.1" port: 43289 } } peers { permanent_uuid: "92a063c5f18c410187d4eee717e55987" member_type: VOTER last_known_addr { host: "127.26.29.2" port: 45747 } } peers { permanent_uuid: "63035c04ba67444ba8cca9193f8cccfa" member_type: VOTER last_known_addr { host: "127.26.29.3" port: 37403 } }
I20260709 12:16:36.055245 28011 tablet_service.cc:1917] Received RequestConsensusVote() RPC: tablet_id: "f35b40ff29674fffb6ae0420fda714da" candidate_uuid: "63035c04ba67444ba8cca9193f8cccfa" candidate_term: 1 candidate_status { last_received { term: 0 index: 0 } } ignore_live_leader: false dest_uuid: "92a063c5f18c410187d4eee717e55987" is_pre_election: true
I20260709 12:16:36.056488 28011 raft_consensus.cc:2468] T f35b40ff29674fffb6ae0420fda714da P 92a063c5f18c410187d4eee717e55987 [term 0 FOLLOWER]: Leader pre-election vote request: Granting yes vote for candidate 63035c04ba67444ba8cca9193f8cccfa in term 0.
I20260709 12:16:36.056787 28126 tablet_bootstrap.cc:492] T f0b8be8d78b345c281372d830d88e62c P 421ecf92ad874c109799029cdda35a6c: No bootstrap required, opened a new log
W20260709 12:16:36.056723 28049 leader_election.cc:343] T f35b40ff29674fffb6ae0420fda714da P 63035c04ba67444ba8cca9193f8cccfa [CANDIDATE]: Term 1 pre-election: Tablet error from VoteRequest() call to peer 421ecf92ad874c109799029cdda35a6c (127.26.29.1:43289): Illegal state: must be running to vote when last-logged opid is not known
I20260709 12:16:36.057447 28126 ts_tablet_manager.cc:1403] T f0b8be8d78b345c281372d830d88e62c P 421ecf92ad874c109799029cdda35a6c: Time spent bootstrapping tablet: real 0.059s	user 0.022s	sys 0.008s
I20260709 12:16:36.057677 28049 leader_election.cc:304] T f35b40ff29674fffb6ae0420fda714da P 63035c04ba67444ba8cca9193f8cccfa [CANDIDATE]: Term 1 pre-election: Election decided. Result: candidate won. Election summary: received 3 responses out of 3 voters: 2 yes votes; 1 no votes. yes voters: 63035c04ba67444ba8cca9193f8cccfa, 92a063c5f18c410187d4eee717e55987; no voters: 421ecf92ad874c109799029cdda35a6c
I20260709 12:16:36.058663 28173 raft_consensus.cc:2804] T f35b40ff29674fffb6ae0420fda714da P 63035c04ba67444ba8cca9193f8cccfa [term 0 FOLLOWER]: Leader pre-election won for term 1
I20260709 12:16:36.058941 28125 tablet_bootstrap.cc:654] T a8864e3a15954df8b6a1970998306a90 P 92a063c5f18c410187d4eee717e55987: Neither blocks nor log segments found. Creating new log.
I20260709 12:16:36.059074 28173 raft_consensus.cc:493] T f35b40ff29674fffb6ae0420fda714da P 63035c04ba67444ba8cca9193f8cccfa [term 0 FOLLOWER]: Starting leader election (no leader contacted us within the election timeout)
I20260709 12:16:36.059460 28173 raft_consensus.cc:3060] T f35b40ff29674fffb6ae0420fda714da P 63035c04ba67444ba8cca9193f8cccfa [term 0 FOLLOWER]: Advancing to term 1
I20260709 12:16:36.060381 28127 tablet_bootstrap.cc:492] T 0f527bae712e4cdf933aa240dce9c3cc P 63035c04ba67444ba8cca9193f8cccfa: No bootstrap required, opened a new log
I20260709 12:16:36.060853 28127 ts_tablet_manager.cc:1403] T 0f527bae712e4cdf933aa240dce9c3cc P 63035c04ba67444ba8cca9193f8cccfa: Time spent bootstrapping tablet: real 0.044s	user 0.016s	sys 0.022s
I20260709 12:16:36.061884 28126 raft_consensus.cc:359] T f0b8be8d78b345c281372d830d88e62c P 421ecf92ad874c109799029cdda35a6c [term 0 FOLLOWER]: Replica starting. Triggering 0 pending ops. Active config: opid_index: -1 OBSOLETE_local: false peers { permanent_uuid: "421ecf92ad874c109799029cdda35a6c" member_type: VOTER last_known_addr { host: "127.26.29.1" port: 43289 } } peers { permanent_uuid: "92a063c5f18c410187d4eee717e55987" member_type: VOTER last_known_addr { host: "127.26.29.2" port: 45747 } } peers { permanent_uuid: "63035c04ba67444ba8cca9193f8cccfa" member_type: VOTER last_known_addr { host: "127.26.29.3" port: 37403 } }
I20260709 12:16:36.062659 28126 raft_consensus.cc:385] T f0b8be8d78b345c281372d830d88e62c P 421ecf92ad874c109799029cdda35a6c [term 0 FOLLOWER]: Consensus starting up: Expiring failure detector timer to make a prompt election more likely
I20260709 12:16:36.062969 28126 raft_consensus.cc:740] T f0b8be8d78b345c281372d830d88e62c P 421ecf92ad874c109799029cdda35a6c [term 0 FOLLOWER]: Becoming Follower/Learner. State: Replica: 421ecf92ad874c109799029cdda35a6c, State: Initialized, Role: FOLLOWER
I20260709 12:16:36.063465 28127 raft_consensus.cc:359] T 0f527bae712e4cdf933aa240dce9c3cc P 63035c04ba67444ba8cca9193f8cccfa [term 0 FOLLOWER]: Replica starting. Triggering 0 pending ops. Active config: opid_index: -1 OBSOLETE_local: false peers { permanent_uuid: "421ecf92ad874c109799029cdda35a6c" member_type: VOTER last_known_addr { host: "127.26.29.1" port: 43289 } } peers { permanent_uuid: "92a063c5f18c410187d4eee717e55987" member_type: VOTER last_known_addr { host: "127.26.29.2" port: 45747 } } peers { permanent_uuid: "63035c04ba67444ba8cca9193f8cccfa" member_type: VOTER last_known_addr { host: "127.26.29.3" port: 37403 } }
I20260709 12:16:36.063706 28126 consensus_queue.cc:260] T f0b8be8d78b345c281372d830d88e62c P 421ecf92ad874c109799029cdda35a6c [NON_LEADER]: Queue going to NON_LEADER mode. State: All replicated index: 0, Majority replicated index: 0, Committed index: 0, Last appended: 0.0, Last appended by leader: 0, Current term: 0, Majority size: -1, State: 0, Mode: NON_LEADER, active raft config: opid_index: -1 OBSOLETE_local: false peers { permanent_uuid: "421ecf92ad874c109799029cdda35a6c" member_type: VOTER last_known_addr { host: "127.26.29.1" port: 43289 } } peers { permanent_uuid: "92a063c5f18c410187d4eee717e55987" member_type: VOTER last_known_addr { host: "127.26.29.2" port: 45747 } } peers { permanent_uuid: "63035c04ba67444ba8cca9193f8cccfa" member_type: VOTER last_known_addr { host: "127.26.29.3" port: 37403 } }
I20260709 12:16:36.064159 28127 raft_consensus.cc:385] T 0f527bae712e4cdf933aa240dce9c3cc P 63035c04ba67444ba8cca9193f8cccfa [term 0 FOLLOWER]: Consensus starting up: Expiring failure detector timer to make a prompt election more likely
I20260709 12:16:36.064878 28127 raft_consensus.cc:740] T 0f527bae712e4cdf933aa240dce9c3cc P 63035c04ba67444ba8cca9193f8cccfa [term 0 FOLLOWER]: Becoming Follower/Learner. State: Replica: 63035c04ba67444ba8cca9193f8cccfa, State: Initialized, Role: FOLLOWER
I20260709 12:16:36.065984 28126 ts_tablet_manager.cc:1434] T f0b8be8d78b345c281372d830d88e62c P 421ecf92ad874c109799029cdda35a6c: Time spent starting tablet: real 0.007s	user 0.005s	sys 0.000s
I20260709 12:16:36.065706 28127 consensus_queue.cc:260] T 0f527bae712e4cdf933aa240dce9c3cc P 63035c04ba67444ba8cca9193f8cccfa [NON_LEADER]: Queue going to NON_LEADER mode. State: All replicated index: 0, Majority replicated index: 0, Committed index: 0, Last appended: 0.0, Last appended by leader: 0, Current term: 0, Majority size: -1, State: 0, Mode: NON_LEADER, active raft config: opid_index: -1 OBSOLETE_local: false peers { permanent_uuid: "421ecf92ad874c109799029cdda35a6c" member_type: VOTER last_known_addr { host: "127.26.29.1" port: 43289 } } peers { permanent_uuid: "92a063c5f18c410187d4eee717e55987" member_type: VOTER last_known_addr { host: "127.26.29.2" port: 45747 } } peers { permanent_uuid: "63035c04ba67444ba8cca9193f8cccfa" member_type: VOTER last_known_addr { host: "127.26.29.3" port: 37403 } }
I20260709 12:16:36.067106 28126 tablet_bootstrap.cc:492] T 7e167a4ea1d24324a723c4a689612f1e P 421ecf92ad874c109799029cdda35a6c: Bootstrap starting.
I20260709 12:16:36.067530 28173 raft_consensus.cc:515] T f35b40ff29674fffb6ae0420fda714da P 63035c04ba67444ba8cca9193f8cccfa [term 1 FOLLOWER]: Starting leader election with config: opid_index: -1 OBSOLETE_local: false peers { permanent_uuid: "421ecf92ad874c109799029cdda35a6c" member_type: VOTER last_known_addr { host: "127.26.29.1" port: 43289 } } peers { permanent_uuid: "92a063c5f18c410187d4eee717e55987" member_type: VOTER last_known_addr { host: "127.26.29.2" port: 45747 } } peers { permanent_uuid: "63035c04ba67444ba8cca9193f8cccfa" member_type: VOTER last_known_addr { host: "127.26.29.3" port: 37403 } }
I20260709 12:16:36.070647 28127 ts_tablet_manager.cc:1434] T 0f527bae712e4cdf933aa240dce9c3cc P 63035c04ba67444ba8cca9193f8cccfa: Time spent starting tablet: real 0.010s	user 0.008s	sys 0.000s
I20260709 12:16:36.071352 27936 tablet_service.cc:1917] Received RequestConsensusVote() RPC: tablet_id: "f35b40ff29674fffb6ae0420fda714da" candidate_uuid: "63035c04ba67444ba8cca9193f8cccfa" candidate_term: 1 candidate_status { last_received { term: 0 index: 0 } } ignore_live_leader: false dest_uuid: "421ecf92ad874c109799029cdda35a6c"
I20260709 12:16:36.071738 28127 tablet_bootstrap.cc:492] T b420e87ac62a433189f2b46505a09654 P 63035c04ba67444ba8cca9193f8cccfa: Bootstrap starting.
I20260709 12:16:36.073609 28126 tablet_bootstrap.cc:654] T 7e167a4ea1d24324a723c4a689612f1e P 421ecf92ad874c109799029cdda35a6c: Neither blocks nor log segments found. Creating new log.
W20260709 12:16:36.076673 28049 leader_election.cc:343] T f35b40ff29674fffb6ae0420fda714da P 63035c04ba67444ba8cca9193f8cccfa [CANDIDATE]: Term 1 election: Tablet error from VoteRequest() call to peer 421ecf92ad874c109799029cdda35a6c (127.26.29.1:43289): Illegal state: must be running to vote when last-logged opid is not known
I20260709 12:16:36.078392 28127 tablet_bootstrap.cc:654] T b420e87ac62a433189f2b46505a09654 P 63035c04ba67444ba8cca9193f8cccfa: Neither blocks nor log segments found. Creating new log.
I20260709 12:16:36.081766 27833 catalog_manager.cc:5697] T a8864e3a15954df8b6a1970998306a90 P 421ecf92ad874c109799029cdda35a6c reported cstate change: term changed from 0 to 1, leader changed from <none> to 421ecf92ad874c109799029cdda35a6c (127.26.29.1). New cstate: current_term: 1 leader_uuid: "421ecf92ad874c109799029cdda35a6c" committed_config { opid_index: -1 OBSOLETE_local: false peers { permanent_uuid: "421ecf92ad874c109799029cdda35a6c" member_type: VOTER last_known_addr { host: "127.26.29.1" port: 43289 } health_report { overall_health: HEALTHY } } peers { permanent_uuid: "92a063c5f18c410187d4eee717e55987" member_type: VOTER last_known_addr { host: "127.26.29.2" port: 45747 } health_report { overall_health: UNKNOWN } } peers { permanent_uuid: "63035c04ba67444ba8cca9193f8cccfa" member_type: VOTER last_known_addr { host: "127.26.29.3" port: 37403 } health_report { overall_health: UNKNOWN } } }
I20260709 12:16:36.087098 28173 leader_election.cc:290] T f35b40ff29674fffb6ae0420fda714da P 63035c04ba67444ba8cca9193f8cccfa [CANDIDATE]: Term 1 election: Requested vote from peers 421ecf92ad874c109799029cdda35a6c (127.26.29.1:43289), 92a063c5f18c410187d4eee717e55987 (127.26.29.2:45747)
I20260709 12:16:36.088515 28011 tablet_service.cc:1917] Received RequestConsensusVote() RPC: tablet_id: "f35b40ff29674fffb6ae0420fda714da" candidate_uuid: "63035c04ba67444ba8cca9193f8cccfa" candidate_term: 1 candidate_status { last_received { term: 0 index: 0 } } ignore_live_leader: false dest_uuid: "92a063c5f18c410187d4eee717e55987"
I20260709 12:16:36.089291 28011 raft_consensus.cc:3060] T f35b40ff29674fffb6ae0420fda714da P 92a063c5f18c410187d4eee717e55987 [term 0 FOLLOWER]: Advancing to term 1
I20260709 12:16:36.090294 28126 tablet_bootstrap.cc:492] T 7e167a4ea1d24324a723c4a689612f1e P 421ecf92ad874c109799029cdda35a6c: No bootstrap required, opened a new log
I20260709 12:16:36.090766 28126 ts_tablet_manager.cc:1403] T 7e167a4ea1d24324a723c4a689612f1e P 421ecf92ad874c109799029cdda35a6c: Time spent bootstrapping tablet: real 0.024s	user 0.018s	sys 0.004s
I20260709 12:16:36.092746 28126 raft_consensus.cc:359] T 7e167a4ea1d24324a723c4a689612f1e P 421ecf92ad874c109799029cdda35a6c [term 0 FOLLOWER]: Replica starting. Triggering 0 pending ops. Active config: opid_index: -1 OBSOLETE_local: false peers { permanent_uuid: "421ecf92ad874c109799029cdda35a6c" member_type: VOTER last_known_addr { host: "127.26.29.1" port: 43289 } } peers { permanent_uuid: "92a063c5f18c410187d4eee717e55987" member_type: VOTER last_known_addr { host: "127.26.29.2" port: 45747 } } peers { permanent_uuid: "63035c04ba67444ba8cca9193f8cccfa" member_type: VOTER last_known_addr { host: "127.26.29.3" port: 37403 } }
I20260709 12:16:36.093209 28126 raft_consensus.cc:385] T 7e167a4ea1d24324a723c4a689612f1e P 421ecf92ad874c109799029cdda35a6c [term 0 FOLLOWER]: Consensus starting up: Expiring failure detector timer to make a prompt election more likely
I20260709 12:16:36.093365 28126 raft_consensus.cc:740] T 7e167a4ea1d24324a723c4a689612f1e P 421ecf92ad874c109799029cdda35a6c [term 0 FOLLOWER]: Becoming Follower/Learner. State: Replica: 421ecf92ad874c109799029cdda35a6c, State: Initialized, Role: FOLLOWER
I20260709 12:16:36.093887 28126 consensus_queue.cc:260] T 7e167a4ea1d24324a723c4a689612f1e P 421ecf92ad874c109799029cdda35a6c [NON_LEADER]: Queue going to NON_LEADER mode. State: All replicated index: 0, Majority replicated index: 0, Committed index: 0, Last appended: 0.0, Last appended by leader: 0, Current term: 0, Majority size: -1, State: 0, Mode: NON_LEADER, active raft config: opid_index: -1 OBSOLETE_local: false peers { permanent_uuid: "421ecf92ad874c109799029cdda35a6c" member_type: VOTER last_known_addr { host: "127.26.29.1" port: 43289 } } peers { permanent_uuid: "92a063c5f18c410187d4eee717e55987" member_type: VOTER last_known_addr { host: "127.26.29.2" port: 45747 } } peers { permanent_uuid: "63035c04ba67444ba8cca9193f8cccfa" member_type: VOTER last_known_addr { host: "127.26.29.3" port: 37403 } }
I20260709 12:16:36.095894 28126 ts_tablet_manager.cc:1434] T 7e167a4ea1d24324a723c4a689612f1e P 421ecf92ad874c109799029cdda35a6c: Time spent starting tablet: real 0.005s	user 0.004s	sys 0.000s
I20260709 12:16:36.096858 28126 tablet_bootstrap.cc:492] T f35b40ff29674fffb6ae0420fda714da P 421ecf92ad874c109799029cdda35a6c: Bootstrap starting.
I20260709 12:16:36.098057 28011 raft_consensus.cc:2468] T f35b40ff29674fffb6ae0420fda714da P 92a063c5f18c410187d4eee717e55987 [term 1 FOLLOWER]: Leader election vote request: Granting yes vote for candidate 63035c04ba67444ba8cca9193f8cccfa in term 1.
I20260709 12:16:36.099689 28049 leader_election.cc:304] T f35b40ff29674fffb6ae0420fda714da P 63035c04ba67444ba8cca9193f8cccfa [CANDIDATE]: Term 1 election: Election decided. Result: candidate won. Election summary: received 3 responses out of 3 voters: 2 yes votes; 1 no votes. yes voters: 63035c04ba67444ba8cca9193f8cccfa, 92a063c5f18c410187d4eee717e55987; no voters: 421ecf92ad874c109799029cdda35a6c
I20260709 12:16:36.103528 28173 raft_consensus.cc:2804] T f35b40ff29674fffb6ae0420fda714da P 63035c04ba67444ba8cca9193f8cccfa [term 1 FOLLOWER]: Leader election won for term 1
I20260709 12:16:36.104002 28126 tablet_bootstrap.cc:654] T f35b40ff29674fffb6ae0420fda714da P 421ecf92ad874c109799029cdda35a6c: Neither blocks nor log segments found. Creating new log.
I20260709 12:16:36.104135 28173 raft_consensus.cc:697] T f35b40ff29674fffb6ae0420fda714da P 63035c04ba67444ba8cca9193f8cccfa [term 1 LEADER]: Becoming Leader. State: Replica: 63035c04ba67444ba8cca9193f8cccfa, State: Running, Role: LEADER
I20260709 12:16:36.105161 28173 consensus_queue.cc:237] T f35b40ff29674fffb6ae0420fda714da P 63035c04ba67444ba8cca9193f8cccfa [LEADER]: Queue going to LEADER mode. State: All replicated index: 0, Majority replicated index: 0, Committed index: 0, Last appended: 0.0, Last appended by leader: 0, Current term: 1, Majority size: 2, State: 0, Mode: LEADER, active raft config: opid_index: -1 OBSOLETE_local: false peers { permanent_uuid: "421ecf92ad874c109799029cdda35a6c" member_type: VOTER last_known_addr { host: "127.26.29.1" port: 43289 } } peers { permanent_uuid: "92a063c5f18c410187d4eee717e55987" member_type: VOTER last_known_addr { host: "127.26.29.2" port: 45747 } } peers { permanent_uuid: "63035c04ba67444ba8cca9193f8cccfa" member_type: VOTER last_known_addr { host: "127.26.29.3" port: 37403 } }
I20260709 12:16:36.108707 28125 tablet_bootstrap.cc:492] T a8864e3a15954df8b6a1970998306a90 P 92a063c5f18c410187d4eee717e55987: No bootstrap required, opened a new log
I20260709 12:16:36.109400 28125 ts_tablet_manager.cc:1403] T a8864e3a15954df8b6a1970998306a90 P 92a063c5f18c410187d4eee717e55987: Time spent bootstrapping tablet: real 0.078s	user 0.009s	sys 0.009s
I20260709 12:16:36.112445 28125 raft_consensus.cc:359] T a8864e3a15954df8b6a1970998306a90 P 92a063c5f18c410187d4eee717e55987 [term 0 FOLLOWER]: Replica starting. Triggering 0 pending ops. Active config: opid_index: -1 OBSOLETE_local: false peers { permanent_uuid: "421ecf92ad874c109799029cdda35a6c" member_type: VOTER last_known_addr { host: "127.26.29.1" port: 43289 } } peers { permanent_uuid: "92a063c5f18c410187d4eee717e55987" member_type: VOTER last_known_addr { host: "127.26.29.2" port: 45747 } } peers { permanent_uuid: "63035c04ba67444ba8cca9193f8cccfa" member_type: VOTER last_known_addr { host: "127.26.29.3" port: 37403 } }
I20260709 12:16:36.114785 28125 raft_consensus.cc:385] T a8864e3a15954df8b6a1970998306a90 P 92a063c5f18c410187d4eee717e55987 [term 0 FOLLOWER]: Consensus starting up: Expiring failure detector timer to make a prompt election more likely
I20260709 12:16:36.115237 28125 raft_consensus.cc:740] T a8864e3a15954df8b6a1970998306a90 P 92a063c5f18c410187d4eee717e55987 [term 0 FOLLOWER]: Becoming Follower/Learner. State: Replica: 92a063c5f18c410187d4eee717e55987, State: Initialized, Role: FOLLOWER
I20260709 12:16:36.116304 28125 consensus_queue.cc:260] T a8864e3a15954df8b6a1970998306a90 P 92a063c5f18c410187d4eee717e55987 [NON_LEADER]: Queue going to NON_LEADER mode. State: All replicated index: 0, Majority replicated index: 0, Committed index: 0, Last appended: 0.0, Last appended by leader: 0, Current term: 0, Majority size: -1, State: 0, Mode: NON_LEADER, active raft config: opid_index: -1 OBSOLETE_local: false peers { permanent_uuid: "421ecf92ad874c109799029cdda35a6c" member_type: VOTER last_known_addr { host: "127.26.29.1" port: 43289 } } peers { permanent_uuid: "92a063c5f18c410187d4eee717e55987" member_type: VOTER last_known_addr { host: "127.26.29.2" port: 45747 } } peers { permanent_uuid: "63035c04ba67444ba8cca9193f8cccfa" member_type: VOTER last_known_addr { host: "127.26.29.3" port: 37403 } }
I20260709 12:16:36.119427 28125 ts_tablet_manager.cc:1434] T a8864e3a15954df8b6a1970998306a90 P 92a063c5f18c410187d4eee717e55987: Time spent starting tablet: real 0.010s	user 0.005s	sys 0.001s
I20260709 12:16:36.120877 28125 tablet_bootstrap.cc:492] T 7e167a4ea1d24324a723c4a689612f1e P 92a063c5f18c410187d4eee717e55987: Bootstrap starting.
I20260709 12:16:36.127388 28153 consensus_queue.cc:1048] T 1aaed1a0e1494b33ab3f625fb7e11abc P 92a063c5f18c410187d4eee717e55987 [LEADER]: Connected to new peer: Peer: permanent_uuid: "421ecf92ad874c109799029cdda35a6c" member_type: VOTER last_known_addr { host: "127.26.29.1" port: 43289 }, Status: LMP_MISMATCH, Last received: 0.0, Next index: 1, Last known committed idx: 0, Time since last communication: 0.001s
I20260709 12:16:36.129729 27832 catalog_manager.cc:5697] T f35b40ff29674fffb6ae0420fda714da P 63035c04ba67444ba8cca9193f8cccfa reported cstate change: term changed from 0 to 1, leader changed from <none> to 63035c04ba67444ba8cca9193f8cccfa (127.26.29.3). New cstate: current_term: 1 leader_uuid: "63035c04ba67444ba8cca9193f8cccfa" committed_config { opid_index: -1 OBSOLETE_local: false peers { permanent_uuid: "421ecf92ad874c109799029cdda35a6c" member_type: VOTER last_known_addr { host: "127.26.29.1" port: 43289 } health_report { overall_health: UNKNOWN } } peers { permanent_uuid: "92a063c5f18c410187d4eee717e55987" member_type: VOTER last_known_addr { host: "127.26.29.2" port: 45747 } health_report { overall_health: UNKNOWN } } peers { permanent_uuid: "63035c04ba67444ba8cca9193f8cccfa" member_type: VOTER last_known_addr { host: "127.26.29.3" port: 37403 } health_report { overall_health: HEALTHY } } }
I20260709 12:16:36.132244 28133 consensus_queue.cc:1048] T 3a18e73598fe4625bdb930e18511fc58 P 421ecf92ad874c109799029cdda35a6c [LEADER]: Connected to new peer: Peer: permanent_uuid: "92a063c5f18c410187d4eee717e55987" member_type: VOTER last_known_addr { host: "127.26.29.2" port: 45747 }, Status: LMP_MISMATCH, Last received: 0.0, Next index: 1, Last known committed idx: 0, Time since last communication: 0.000s
I20260709 12:16:36.133949 28125 tablet_bootstrap.cc:654] T 7e167a4ea1d24324a723c4a689612f1e P 92a063c5f18c410187d4eee717e55987: Neither blocks nor log segments found. Creating new log.
I20260709 12:16:36.137266 28126 tablet_bootstrap.cc:492] T f35b40ff29674fffb6ae0420fda714da P 421ecf92ad874c109799029cdda35a6c: No bootstrap required, opened a new log
I20260709 12:16:36.139354 28127 tablet_bootstrap.cc:492] T b420e87ac62a433189f2b46505a09654 P 63035c04ba67444ba8cca9193f8cccfa: No bootstrap required, opened a new log
I20260709 12:16:36.139840 28127 ts_tablet_manager.cc:1403] T b420e87ac62a433189f2b46505a09654 P 63035c04ba67444ba8cca9193f8cccfa: Time spent bootstrapping tablet: real 0.068s	user 0.017s	sys 0.036s
I20260709 12:16:36.142889 28127 raft_consensus.cc:359] T b420e87ac62a433189f2b46505a09654 P 63035c04ba67444ba8cca9193f8cccfa [term 0 FOLLOWER]: Replica starting. Triggering 0 pending ops. Active config: opid_index: -1 OBSOLETE_local: false peers { permanent_uuid: "421ecf92ad874c109799029cdda35a6c" member_type: VOTER last_known_addr { host: "127.26.29.1" port: 43289 } } peers { permanent_uuid: "92a063c5f18c410187d4eee717e55987" member_type: VOTER last_known_addr { host: "127.26.29.2" port: 45747 } } peers { permanent_uuid: "63035c04ba67444ba8cca9193f8cccfa" member_type: VOTER last_known_addr { host: "127.26.29.3" port: 37403 } }
I20260709 12:16:36.143592 28127 raft_consensus.cc:385] T b420e87ac62a433189f2b46505a09654 P 63035c04ba67444ba8cca9193f8cccfa [term 0 FOLLOWER]: Consensus starting up: Expiring failure detector timer to make a prompt election more likely
I20260709 12:16:36.143886 28127 raft_consensus.cc:740] T b420e87ac62a433189f2b46505a09654 P 63035c04ba67444ba8cca9193f8cccfa [term 0 FOLLOWER]: Becoming Follower/Learner. State: Replica: 63035c04ba67444ba8cca9193f8cccfa, State: Initialized, Role: FOLLOWER
I20260709 12:16:36.144779 28127 consensus_queue.cc:260] T b420e87ac62a433189f2b46505a09654 P 63035c04ba67444ba8cca9193f8cccfa [NON_LEADER]: Queue going to NON_LEADER mode. State: All replicated index: 0, Majority replicated index: 0, Committed index: 0, Last appended: 0.0, Last appended by leader: 0, Current term: 0, Majority size: -1, State: 0, Mode: NON_LEADER, active raft config: opid_index: -1 OBSOLETE_local: false peers { permanent_uuid: "421ecf92ad874c109799029cdda35a6c" member_type: VOTER last_known_addr { host: "127.26.29.1" port: 43289 } } peers { permanent_uuid: "92a063c5f18c410187d4eee717e55987" member_type: VOTER last_known_addr { host: "127.26.29.2" port: 45747 } } peers { permanent_uuid: "63035c04ba67444ba8cca9193f8cccfa" member_type: VOTER last_known_addr { host: "127.26.29.3" port: 37403 } }
I20260709 12:16:36.147424 28127 ts_tablet_manager.cc:1434] T b420e87ac62a433189f2b46505a09654 P 63035c04ba67444ba8cca9193f8cccfa: Time spent starting tablet: real 0.007s	user 0.006s	sys 0.003s
I20260709 12:16:36.148136 28126 ts_tablet_manager.cc:1403] T f35b40ff29674fffb6ae0420fda714da P 421ecf92ad874c109799029cdda35a6c: Time spent bootstrapping tablet: real 0.051s	user 0.020s	sys 0.011s
I20260709 12:16:36.150396 28133 raft_consensus.cc:493] T b88425d32926404d89003e96dbb4f1cc P 421ecf92ad874c109799029cdda35a6c [term 0 FOLLOWER]: Starting pre-election (no leader contacted us within the election timeout)
I20260709 12:16:36.150955 28133 raft_consensus.cc:515] T b88425d32926404d89003e96dbb4f1cc P 421ecf92ad874c109799029cdda35a6c [term 0 FOLLOWER]: Starting pre-election with config: opid_index: -1 OBSOLETE_local: false peers { permanent_uuid: "421ecf92ad874c109799029cdda35a6c" member_type: VOTER last_known_addr { host: "127.26.29.1" port: 43289 } } peers { permanent_uuid: "92a063c5f18c410187d4eee717e55987" member_type: VOTER last_known_addr { host: "127.26.29.2" port: 45747 } } peers { permanent_uuid: "63035c04ba67444ba8cca9193f8cccfa" member_type: VOTER last_known_addr { host: "127.26.29.3" port: 37403 } }
I20260709 12:16:36.151221 28126 raft_consensus.cc:359] T f35b40ff29674fffb6ae0420fda714da P 421ecf92ad874c109799029cdda35a6c [term 0 FOLLOWER]: Replica starting. Triggering 0 pending ops. Active config: opid_index: -1 OBSOLETE_local: false peers { permanent_uuid: "421ecf92ad874c109799029cdda35a6c" member_type: VOTER last_known_addr { host: "127.26.29.1" port: 43289 } } peers { permanent_uuid: "92a063c5f18c410187d4eee717e55987" member_type: VOTER last_known_addr { host: "127.26.29.2" port: 45747 } } peers { permanent_uuid: "63035c04ba67444ba8cca9193f8cccfa" member_type: VOTER last_known_addr { host: "127.26.29.3" port: 37403 } }
I20260709 12:16:36.153010 28127 tablet_bootstrap.cc:492] T 9d45fca59deb4de0b83481270f799c00 P 63035c04ba67444ba8cca9193f8cccfa: Bootstrap starting.
I20260709 12:16:36.151945 28126 raft_consensus.cc:385] T f35b40ff29674fffb6ae0420fda714da P 421ecf92ad874c109799029cdda35a6c [term 0 FOLLOWER]: Consensus starting up: Expiring failure detector timer to make a prompt election more likely
I20260709 12:16:36.155164 28085 tablet_service.cc:1917] Received RequestConsensusVote() RPC: tablet_id: "b88425d32926404d89003e96dbb4f1cc" candidate_uuid: "421ecf92ad874c109799029cdda35a6c" candidate_term: 1 candidate_status { last_received { term: 0 index: 0 } } ignore_live_leader: false dest_uuid: "63035c04ba67444ba8cca9193f8cccfa" is_pre_election: true
I20260709 12:16:36.156050 28085 raft_consensus.cc:2468] T b88425d32926404d89003e96dbb4f1cc P 63035c04ba67444ba8cca9193f8cccfa [term 0 FOLLOWER]: Leader pre-election vote request: Granting yes vote for candidate 421ecf92ad874c109799029cdda35a6c in term 0.
I20260709 12:16:36.157686 27902 leader_election.cc:304] T b88425d32926404d89003e96dbb4f1cc P 421ecf92ad874c109799029cdda35a6c [CANDIDATE]: Term 1 pre-election: Election decided. Result: candidate won. Election summary: received 2 responses out of 3 voters: 2 yes votes; 0 no votes. yes voters: 421ecf92ad874c109799029cdda35a6c, 63035c04ba67444ba8cca9193f8cccfa; no voters: 
I20260709 12:16:36.158685 28158 raft_consensus.cc:2804] T b88425d32926404d89003e96dbb4f1cc P 421ecf92ad874c109799029cdda35a6c [term 0 FOLLOWER]: Leader pre-election won for term 1
I20260709 12:16:36.159102 28158 raft_consensus.cc:493] T b88425d32926404d89003e96dbb4f1cc P 421ecf92ad874c109799029cdda35a6c [term 0 FOLLOWER]: Starting leader election (no leader contacted us within the election timeout)
I20260709 12:16:36.159458 28158 raft_consensus.cc:3060] T b88425d32926404d89003e96dbb4f1cc P 421ecf92ad874c109799029cdda35a6c [term 0 FOLLOWER]: Advancing to term 1
I20260709 12:16:36.159759 28127 tablet_bootstrap.cc:654] T 9d45fca59deb4de0b83481270f799c00 P 63035c04ba67444ba8cca9193f8cccfa: Neither blocks nor log segments found. Creating new log.
I20260709 12:16:36.164398 28011 tablet_service.cc:1917] Received RequestConsensusVote() RPC: tablet_id: "b88425d32926404d89003e96dbb4f1cc" candidate_uuid: "421ecf92ad874c109799029cdda35a6c" candidate_term: 1 candidate_status { last_received { term: 0 index: 0 } } ignore_live_leader: false dest_uuid: "92a063c5f18c410187d4eee717e55987" is_pre_election: true
I20260709 12:16:36.165271 28011 raft_consensus.cc:2468] T b88425d32926404d89003e96dbb4f1cc P 92a063c5f18c410187d4eee717e55987 [term 0 FOLLOWER]: Leader pre-election vote request: Granting yes vote for candidate 421ecf92ad874c109799029cdda35a6c in term 0.
I20260709 12:16:36.158702 28133 leader_election.cc:290] T b88425d32926404d89003e96dbb4f1cc P 421ecf92ad874c109799029cdda35a6c [CANDIDATE]: Term 1 pre-election: Requested pre-vote from peers 92a063c5f18c410187d4eee717e55987 (127.26.29.2:45747), 63035c04ba67444ba8cca9193f8cccfa (127.26.29.3:37403)
I20260709 12:16:36.155160 28126 raft_consensus.cc:740] T f35b40ff29674fffb6ae0420fda714da P 421ecf92ad874c109799029cdda35a6c [term 0 FOLLOWER]: Becoming Follower/Learner. State: Replica: 421ecf92ad874c109799029cdda35a6c, State: Initialized, Role: FOLLOWER
I20260709 12:16:36.168192 28158 raft_consensus.cc:515] T b88425d32926404d89003e96dbb4f1cc P 421ecf92ad874c109799029cdda35a6c [term 1 FOLLOWER]: Starting leader election with config: opid_index: -1 OBSOLETE_local: false peers { permanent_uuid: "421ecf92ad874c109799029cdda35a6c" member_type: VOTER last_known_addr { host: "127.26.29.1" port: 43289 } } peers { permanent_uuid: "92a063c5f18c410187d4eee717e55987" member_type: VOTER last_known_addr { host: "127.26.29.2" port: 45747 } } peers { permanent_uuid: "63035c04ba67444ba8cca9193f8cccfa" member_type: VOTER last_known_addr { host: "127.26.29.3" port: 37403 } }
I20260709 12:16:36.171881 28011 tablet_service.cc:1917] Received RequestConsensusVote() RPC: tablet_id: "b88425d32926404d89003e96dbb4f1cc" candidate_uuid: "421ecf92ad874c109799029cdda35a6c" candidate_term: 1 candidate_status { last_received { term: 0 index: 0 } } ignore_live_leader: false dest_uuid: "92a063c5f18c410187d4eee717e55987"
I20260709 12:16:36.172484 28011 raft_consensus.cc:3060] T b88425d32926404d89003e96dbb4f1cc P 92a063c5f18c410187d4eee717e55987 [term 0 FOLLOWER]: Advancing to term 1
I20260709 12:16:36.180526 28126 consensus_queue.cc:260] T f35b40ff29674fffb6ae0420fda714da P 421ecf92ad874c109799029cdda35a6c [NON_LEADER]: Queue going to NON_LEADER mode. State: All replicated index: 0, Majority replicated index: 0, Committed index: 0, Last appended: 0.0, Last appended by leader: 0, Current term: 0, Majority size: -1, State: 0, Mode: NON_LEADER, active raft config: opid_index: -1 OBSOLETE_local: false peers { permanent_uuid: "421ecf92ad874c109799029cdda35a6c" member_type: VOTER last_known_addr { host: "127.26.29.1" port: 43289 } } peers { permanent_uuid: "92a063c5f18c410187d4eee717e55987" member_type: VOTER last_known_addr { host: "127.26.29.2" port: 45747 } } peers { permanent_uuid: "63035c04ba67444ba8cca9193f8cccfa" member_type: VOTER last_known_addr { host: "127.26.29.3" port: 37403 } }
I20260709 12:16:36.186734 28085 tablet_service.cc:1917] Received RequestConsensusVote() RPC: tablet_id: "b88425d32926404d89003e96dbb4f1cc" candidate_uuid: "421ecf92ad874c109799029cdda35a6c" candidate_term: 1 candidate_status { last_received { term: 0 index: 0 } } ignore_live_leader: false dest_uuid: "63035c04ba67444ba8cca9193f8cccfa"
I20260709 12:16:36.187446 28085 raft_consensus.cc:3060] T b88425d32926404d89003e96dbb4f1cc P 63035c04ba67444ba8cca9193f8cccfa [term 0 FOLLOWER]: Advancing to term 1
I20260709 12:16:36.189025 28125 tablet_bootstrap.cc:492] T 7e167a4ea1d24324a723c4a689612f1e P 92a063c5f18c410187d4eee717e55987: No bootstrap required, opened a new log
I20260709 12:16:36.189720 28125 ts_tablet_manager.cc:1403] T 7e167a4ea1d24324a723c4a689612f1e P 92a063c5f18c410187d4eee717e55987: Time spent bootstrapping tablet: real 0.069s	user 0.011s	sys 0.032s
I20260709 12:16:36.190697 28158 leader_election.cc:290] T b88425d32926404d89003e96dbb4f1cc P 421ecf92ad874c109799029cdda35a6c [CANDIDATE]: Term 1 election: Requested vote from peers 92a063c5f18c410187d4eee717e55987 (127.26.29.2:45747), 63035c04ba67444ba8cca9193f8cccfa (127.26.29.3:37403)
I20260709 12:16:36.195245 28125 raft_consensus.cc:359] T 7e167a4ea1d24324a723c4a689612f1e P 92a063c5f18c410187d4eee717e55987 [term 0 FOLLOWER]: Replica starting. Triggering 0 pending ops. Active config: opid_index: -1 OBSOLETE_local: false peers { permanent_uuid: "421ecf92ad874c109799029cdda35a6c" member_type: VOTER last_known_addr { host: "127.26.29.1" port: 43289 } } peers { permanent_uuid: "92a063c5f18c410187d4eee717e55987" member_type: VOTER last_known_addr { host: "127.26.29.2" port: 45747 } } peers { permanent_uuid: "63035c04ba67444ba8cca9193f8cccfa" member_type: VOTER last_known_addr { host: "127.26.29.3" port: 37403 } }
I20260709 12:16:36.198307 28125 raft_consensus.cc:385] T 7e167a4ea1d24324a723c4a689612f1e P 92a063c5f18c410187d4eee717e55987 [term 0 FOLLOWER]: Consensus starting up: Expiring failure detector timer to make a prompt election more likely
I20260709 12:16:36.199188 28125 raft_consensus.cc:740] T 7e167a4ea1d24324a723c4a689612f1e P 92a063c5f18c410187d4eee717e55987 [term 0 FOLLOWER]: Becoming Follower/Learner. State: Replica: 92a063c5f18c410187d4eee717e55987, State: Initialized, Role: FOLLOWER
I20260709 12:16:36.201727 28085 raft_consensus.cc:2468] T b88425d32926404d89003e96dbb4f1cc P 63035c04ba67444ba8cca9193f8cccfa [term 1 FOLLOWER]: Leader election vote request: Granting yes vote for candidate 421ecf92ad874c109799029cdda35a6c in term 1.
I20260709 12:16:36.202052 28125 consensus_queue.cc:260] T 7e167a4ea1d24324a723c4a689612f1e P 92a063c5f18c410187d4eee717e55987 [NON_LEADER]: Queue going to NON_LEADER mode. State: All replicated index: 0, Majority replicated index: 0, Committed index: 0, Last appended: 0.0, Last appended by leader: 0, Current term: 0, Majority size: -1, State: 0, Mode: NON_LEADER, active raft config: opid_index: -1 OBSOLETE_local: false peers { permanent_uuid: "421ecf92ad874c109799029cdda35a6c" member_type: VOTER last_known_addr { host: "127.26.29.1" port: 43289 } } peers { permanent_uuid: "92a063c5f18c410187d4eee717e55987" member_type: VOTER last_known_addr { host: "127.26.29.2" port: 45747 } } peers { permanent_uuid: "63035c04ba67444ba8cca9193f8cccfa" member_type: VOTER last_known_addr { host: "127.26.29.3" port: 37403 } }
I20260709 12:16:36.203764 27902 leader_election.cc:304] T b88425d32926404d89003e96dbb4f1cc P 421ecf92ad874c109799029cdda35a6c [CANDIDATE]: Term 1 election: Election decided. Result: candidate won. Election summary: received 2 responses out of 3 voters: 2 yes votes; 0 no votes. yes voters: 421ecf92ad874c109799029cdda35a6c, 63035c04ba67444ba8cca9193f8cccfa; no voters: 
I20260709 12:16:36.200469 28084 raft_consensus.cc:3060] T 3a18e73598fe4625bdb930e18511fc58 P 63035c04ba67444ba8cca9193f8cccfa [term 0 FOLLOWER]: Advancing to term 1
I20260709 12:16:36.201169 28126 ts_tablet_manager.cc:1434] T f35b40ff29674fffb6ae0420fda714da P 421ecf92ad874c109799029cdda35a6c: Time spent starting tablet: real 0.053s	user 0.009s	sys 0.003s
I20260709 12:16:36.205838 28011 raft_consensus.cc:2468] T b88425d32926404d89003e96dbb4f1cc P 92a063c5f18c410187d4eee717e55987 [term 1 FOLLOWER]: Leader election vote request: Granting yes vote for candidate 421ecf92ad874c109799029cdda35a6c in term 1.
I20260709 12:16:36.206413 28126 tablet_bootstrap.cc:492] T 1f6de7410fed4c798431ab61512399fd P 421ecf92ad874c109799029cdda35a6c: Bootstrap starting.
I20260709 12:16:36.208101 28127 tablet_bootstrap.cc:492] T 9d45fca59deb4de0b83481270f799c00 P 63035c04ba67444ba8cca9193f8cccfa: No bootstrap required, opened a new log
I20260709 12:16:36.208766 28127 ts_tablet_manager.cc:1403] T 9d45fca59deb4de0b83481270f799c00 P 63035c04ba67444ba8cca9193f8cccfa: Time spent bootstrapping tablet: real 0.056s	user 0.034s	sys 0.012s
I20260709 12:16:36.211596 28127 raft_consensus.cc:359] T 9d45fca59deb4de0b83481270f799c00 P 63035c04ba67444ba8cca9193f8cccfa [term 0 FOLLOWER]: Replica starting. Triggering 0 pending ops. Active config: opid_index: -1 OBSOLETE_local: false peers { permanent_uuid: "421ecf92ad874c109799029cdda35a6c" member_type: VOTER last_known_addr { host: "127.26.29.1" port: 43289 } } peers { permanent_uuid: "92a063c5f18c410187d4eee717e55987" member_type: VOTER last_known_addr { host: "127.26.29.2" port: 45747 } } peers { permanent_uuid: "63035c04ba67444ba8cca9193f8cccfa" member_type: VOTER last_known_addr { host: "127.26.29.3" port: 37403 } }
I20260709 12:16:36.212291 28127 raft_consensus.cc:385] T 9d45fca59deb4de0b83481270f799c00 P 63035c04ba67444ba8cca9193f8cccfa [term 0 FOLLOWER]: Consensus starting up: Expiring failure detector timer to make a prompt election more likely
I20260709 12:16:36.212563 28127 raft_consensus.cc:740] T 9d45fca59deb4de0b83481270f799c00 P 63035c04ba67444ba8cca9193f8cccfa [term 0 FOLLOWER]: Becoming Follower/Learner. State: Replica: 63035c04ba67444ba8cca9193f8cccfa, State: Initialized, Role: FOLLOWER
I20260709 12:16:36.205093 28196 raft_consensus.cc:2804] T b88425d32926404d89003e96dbb4f1cc P 421ecf92ad874c109799029cdda35a6c [term 1 FOLLOWER]: Leader election won for term 1
I20260709 12:16:36.213018 28126 tablet_bootstrap.cc:654] T 1f6de7410fed4c798431ab61512399fd P 421ecf92ad874c109799029cdda35a6c: Neither blocks nor log segments found. Creating new log.
I20260709 12:16:36.213410 28196 raft_consensus.cc:697] T b88425d32926404d89003e96dbb4f1cc P 421ecf92ad874c109799029cdda35a6c [term 1 LEADER]: Becoming Leader. State: Replica: 421ecf92ad874c109799029cdda35a6c, State: Running, Role: LEADER
