[==========] Running 8 tests from 2 test suites.
[----------] Global test environment set-up.
[----------] 6 tests from LeaderRebalancerTest
[ RUN      ] LeaderRebalancerTest.FunctionalTestForDivided
WARNING: Logging before InitGoogleLogging() is written to STDERR
I20260709 12:15:29.504280 27116 internal_mini_cluster.cc:156] Creating distributed mini masters. Addrs: 127.26.123.62:44811
I20260709 12:15:29.506102 27116 env_posix.cc:2285] Not raising this process' open files per process limit of 1048576; it is already as high as it can go
I20260709 12:15:29.507325 27116 file_cache.cc:504] Constructed file cache file cache with capacity 419430
W20260709 12:15:29.527143 27123 instance_detector.cc:116] could not retrieve Azure instance metadata: Network error: curl error: HTTP response code said error: The requested URL returned error: 404
W20260709 12:15:29.527285 27122 instance_detector.cc:116] could not retrieve AWS instance metadata: Network error: curl error: HTTP response code said error: The requested URL returned error: 404
W20260709 12:15:29.527148 27125 instance_detector.cc:116] could not retrieve OpenStack instance metadata: Network error: curl error: HTTP response code said error: The requested URL returned error: 404
W20260709 12:15:30.685497 27124 instance_detector.cc:116] could not retrieve GCE instance metadata: Timed out: curl timeout: Timeout was reached: Resolving timed out after 1156 milliseconds
I20260709 12:15:30.685638 27116 server_base.cc:1056] Not found: could not retrieve instance metadata: unable to detect cloud type of this node, probably running in non-cloud environment
I20260709 12:15:30.687044 27116 hybrid_clock.cc:584] initializing the hybrid clock with 'system_unsync' time source
W20260709 12:15:30.687279 27116 system_unsync_time.cc:38] NTP support is disabled. Clock error bounds will not be accurate. This configuration is not suitable for distributed clusters.
I20260709 12:15:30.687443 27116 hybrid_clock.cc:648] HybridClock initialized: now 1783599330687421 us; error 0 us; skew 500 ppm
I20260709 12:15:30.688249 27116 server_base.cc:861] Flag tcmalloc_max_total_thread_cache_bytes is not working since tcmalloc is not enabled.
I20260709 12:15:30.695279 27116 webserver.cc:533] Webserver started at http://127.26.123.62:35165/ using document root <none> and password file <none>
I20260709 12:15:30.696252 27116 fs_manager.cc:362] Metadata directory not provided
I20260709 12:15:30.696466 27116 fs_manager.cc:368] Using write-ahead log directory (fs_wal_dir) as metadata directory
I20260709 12:15:30.696908 27116 server_base.cc:909] This appears to be a new deployment of Kudu; creating new FS layout
I20260709 12:15:30.703161 27116 fs_manager.cc:1068] Generated new instance metadata in path /tmp/dist-test-taskNzQYC5/test-tmp/auto_leader_rebalancer-test.0.LeaderRebalancerTest.FunctionalTestForDivided.1783599329322122-27116-0/minicluster-data/master-0-root/instance:
uuid: "967bd590434a476eb193ea471ecd8707"
format_stamp: "Formatted at 2026-07-09 12:15:30 on dist-test-slave-9q7n"
I20260709 12:15:30.712292 27116 fs_manager.cc:696] Time spent creating directory manager: real 0.008s	user 0.004s	sys 0.004s
I20260709 12:15:30.718952 27131 log_block_manager.cc:4127] Time spent loading block containers with low live blocks: real 0.000s	user 0.000s	sys 0.000s
I20260709 12:15:30.720316 27116 fs_manager.cc:730] Time spent opening block manager: real 0.004s	user 0.003s	sys 0.002s
I20260709 12:15:30.720700 27116 fs_manager.cc:647] Opened local filesystem: /tmp/dist-test-taskNzQYC5/test-tmp/auto_leader_rebalancer-test.0.LeaderRebalancerTest.FunctionalTestForDivided.1783599329322122-27116-0/minicluster-data/master-0-root
uuid: "967bd590434a476eb193ea471ecd8707"
format_stamp: "Formatted at 2026-07-09 12:15:30 on dist-test-slave-9q7n"
I20260709 12:15:30.721072 27116 fs_report.cc:389] FS layout report
--------------------
wal directory: /tmp/dist-test-taskNzQYC5/test-tmp/auto_leader_rebalancer-test.0.LeaderRebalancerTest.FunctionalTestForDivided.1783599329322122-27116-0/minicluster-data/master-0-root
metadata directory: /tmp/dist-test-taskNzQYC5/test-tmp/auto_leader_rebalancer-test.0.LeaderRebalancerTest.FunctionalTestForDivided.1783599329322122-27116-0/minicluster-data/master-0-root
1 data directories: /tmp/dist-test-taskNzQYC5/test-tmp/auto_leader_rebalancer-test.0.LeaderRebalancerTest.FunctionalTestForDivided.1783599329322122-27116-0/minicluster-data/master-0-root/data
Total live blocks: 0
Total live bytes: 0
Total live bytes (after alignment): 0
Total number of LBM containers: 0 (0 full)
Did not check for missing blocks
Did not check for orphaned blocks
Total full LBM containers with extra space: 0 (0 repaired)
Total full LBM container extra space in bytes: 0 (0 repaired)
Total incomplete LBM containers: 0 (0 repaired)
Total LBM partial records: 0 (0 repaired)
Total corrupted LBM metadata records in RocksDB: 0 (0 repaired)
I20260709 12:15:30.776721 27116 rpc_server.cc:225] running with OpenSSL 1.1.1  11 Sep 2018
I20260709 12:15:30.778537 27116 env_posix.cc:2285] Not raising this process' running threads per effective uid limit of 18446744073709551615; it is already as high as it can go
I20260709 12:15:30.779047 27116 kserver.cc:163] Server-wide thread pool size limit: 3276
I20260709 12:15:30.862514 27116 rpc_server.cc:307] RPC server started. Bound to: 127.26.123.62:44811
I20260709 12:15:30.862593 27182 acceptor_pool.cc:272] collecting diagnostics on the listening RPC socket 127.26.123.62:44811 every 8 connection(s)
I20260709 12:15:30.871240 27183 data_dirs.cc:400] Could only allocate 1 dirs of requested 3 for tablet 00000000000000000000000000000000. 1 dirs total, 0 dirs full, 0 dirs failed
I20260709 12:15:30.897948 27183 tablet_bootstrap.cc:492] T 00000000000000000000000000000000 P 967bd590434a476eb193ea471ecd8707: Bootstrap starting.
I20260709 12:15:30.904737 27183 tablet_bootstrap.cc:654] T 00000000000000000000000000000000 P 967bd590434a476eb193ea471ecd8707: Neither blocks nor log segments found. Creating new log.
I20260709 12:15:30.906913 27183 log.cc:826] T 00000000000000000000000000000000 P 967bd590434a476eb193ea471ecd8707: Log is configured to *not* fsync() on all Append() calls
I20260709 12:15:30.912237 27183 tablet_bootstrap.cc:492] T 00000000000000000000000000000000 P 967bd590434a476eb193ea471ecd8707: No bootstrap required, opened a new log
I20260709 12:15:30.935365 27183 raft_consensus.cc:359] T 00000000000000000000000000000000 P 967bd590434a476eb193ea471ecd8707 [term 0 FOLLOWER]: Replica starting. Triggering 0 pending ops. Active config: opid_index: -1 OBSOLETE_local: true peers { permanent_uuid: "967bd590434a476eb193ea471ecd8707" member_type: VOTER }
I20260709 12:15:30.935981 27183 raft_consensus.cc:385] T 00000000000000000000000000000000 P 967bd590434a476eb193ea471ecd8707 [term 0 FOLLOWER]: Consensus starting up: Expiring failure detector timer to make a prompt election more likely
I20260709 12:15:30.936247 27183 raft_consensus.cc:740] T 00000000000000000000000000000000 P 967bd590434a476eb193ea471ecd8707 [term 0 FOLLOWER]: Becoming Follower/Learner. State: Replica: 967bd590434a476eb193ea471ecd8707, State: Initialized, Role: FOLLOWER
I20260709 12:15:30.937259 27183 consensus_queue.cc:260] T 00000000000000000000000000000000 P 967bd590434a476eb193ea471ecd8707 [NON_LEADER]: Queue going to NON_LEADER mode. State: All replicated index: 0, Majority replicated index: 0, Committed index: 0, Last appended: 0.0, Last appended by leader: 0, Current term: 0, Majority size: -1, State: 0, Mode: NON_LEADER, active raft config: opid_index: -1 OBSOLETE_local: true peers { permanent_uuid: "967bd590434a476eb193ea471ecd8707" member_type: VOTER }
I20260709 12:15:30.937885 27183 raft_consensus.cc:399] T 00000000000000000000000000000000 P 967bd590434a476eb193ea471ecd8707 [term 0 FOLLOWER]: Only one voter in the Raft config. Triggering election immediately
I20260709 12:15:30.938179 27183 raft_consensus.cc:493] T 00000000000000000000000000000000 P 967bd590434a476eb193ea471ecd8707 [term 0 FOLLOWER]: Starting leader election (initial election of a single-replica configuration)
I20260709 12:15:30.938515 27183 raft_consensus.cc:3060] T 00000000000000000000000000000000 P 967bd590434a476eb193ea471ecd8707 [term 0 FOLLOWER]: Advancing to term 1
I20260709 12:15:30.943593 27183 raft_consensus.cc:515] T 00000000000000000000000000000000 P 967bd590434a476eb193ea471ecd8707 [term 1 FOLLOWER]: Starting leader election with config: opid_index: -1 OBSOLETE_local: true peers { permanent_uuid: "967bd590434a476eb193ea471ecd8707" member_type: VOTER }
I20260709 12:15:30.944496 27183 leader_election.cc:304] T 00000000000000000000000000000000 P 967bd590434a476eb193ea471ecd8707 [CANDIDATE]: Term 1 election: Election decided. Result: candidate won. Election summary: received 1 responses out of 1 voters: 1 yes votes; 0 no votes. yes voters: 967bd590434a476eb193ea471ecd8707; no voters: 
I20260709 12:15:30.946579 27183 leader_election.cc:290] T 00000000000000000000000000000000 P 967bd590434a476eb193ea471ecd8707 [CANDIDATE]: Term 1 election: Requested vote from peers 
I20260709 12:15:30.946941 27186 raft_consensus.cc:2804] T 00000000000000000000000000000000 P 967bd590434a476eb193ea471ecd8707 [term 1 FOLLOWER]: Leader election won for term 1
I20260709 12:15:30.949834 27186 raft_consensus.cc:697] T 00000000000000000000000000000000 P 967bd590434a476eb193ea471ecd8707 [term 1 LEADER]: Becoming Leader. State: Replica: 967bd590434a476eb193ea471ecd8707, State: Running, Role: LEADER
I20260709 12:15:30.950841 27186 consensus_queue.cc:237] T 00000000000000000000000000000000 P 967bd590434a476eb193ea471ecd8707 [LEADER]: Queue going to LEADER mode. State: All replicated index: 0, Majority replicated index: 0, Committed index: 0, Last appended: 0.0, Last appended by leader: 0, Current term: 1, Majority size: 1, State: 0, Mode: LEADER, active raft config: opid_index: -1 OBSOLETE_local: true peers { permanent_uuid: "967bd590434a476eb193ea471ecd8707" member_type: VOTER }
I20260709 12:15:30.952069 27183 sys_catalog.cc:565] T 00000000000000000000000000000000 P 967bd590434a476eb193ea471ecd8707 [sys.catalog]: configured and running, proceeding with master startup.
I20260709 12:15:30.962678 27187 sys_catalog.cc:455] T 00000000000000000000000000000000 P 967bd590434a476eb193ea471ecd8707 [sys.catalog]: SysCatalogTable state changed. Reason: RaftConsensus started. Latest consensus state: current_term: 1 leader_uuid: "967bd590434a476eb193ea471ecd8707" committed_config { opid_index: -1 OBSOLETE_local: true peers { permanent_uuid: "967bd590434a476eb193ea471ecd8707" member_type: VOTER } }
I20260709 12:15:30.963711 27187 sys_catalog.cc:458] T 00000000000000000000000000000000 P 967bd590434a476eb193ea471ecd8707 [sys.catalog]: This master's current role is: LEADER
I20260709 12:15:30.963593 27188 sys_catalog.cc:455] T 00000000000000000000000000000000 P 967bd590434a476eb193ea471ecd8707 [sys.catalog]: SysCatalogTable state changed. Reason: New leader 967bd590434a476eb193ea471ecd8707. Latest consensus state: current_term: 1 leader_uuid: "967bd590434a476eb193ea471ecd8707" committed_config { opid_index: -1 OBSOLETE_local: true peers { permanent_uuid: "967bd590434a476eb193ea471ecd8707" member_type: VOTER } }
I20260709 12:15:30.964329 27188 sys_catalog.cc:458] T 00000000000000000000000000000000 P 967bd590434a476eb193ea471ecd8707 [sys.catalog]: This master's current role is: LEADER
I20260709 12:15:30.967578 27194 catalog_manager.cc:1511] Loading table and tablet metadata into memory...
I20260709 12:15:30.979347 27194 catalog_manager.cc:1520] Initializing Kudu cluster ID...
I20260709 12:15:30.983543 27116 internal_mini_cluster.cc:184] Waiting to initialize catalog manager on master 0
I20260709 12:15:30.999250 27194 catalog_manager.cc:1383] Generated new cluster ID: 49226e4153374f1eaab8c27512d77a21
I20260709 12:15:30.999600 27194 catalog_manager.cc:1531] Initializing Kudu internal certificate authority...
I20260709 12:15:31.019821 27194 catalog_manager.cc:1406] Generated new certificate authority record
I20260709 12:15:31.021546 27194 catalog_manager.cc:1540] Loading token signing keys...
I20260709 12:15:31.039551 27194 catalog_manager.cc:6070] T 00000000000000000000000000000000 P 967bd590434a476eb193ea471ecd8707: Generated new TSK 0
I20260709 12:15:31.040659 27194 catalog_manager.cc:1550] Initializing in-progress tserver states...
I20260709 12:15:31.051033 27116 file_cache.cc:504] Constructed file cache file cache with capacity 419430
W20260709 12:15:31.060627 27205 instance_detector.cc:116] could not retrieve AWS instance metadata: Network error: curl error: HTTP response code said error: The requested URL returned error: 404
W20260709 12:15:31.061878 27206 instance_detector.cc:116] could not retrieve Azure instance metadata: Network error: curl error: HTTP response code said error: The requested URL returned error: 404
W20260709 12:15:31.066664 27208 instance_detector.cc:116] could not retrieve OpenStack instance metadata: Network error: curl error: HTTP response code said error: The requested URL returned error: 404
I20260709 12:15:31.066886 27116 server_base.cc:1061] running on GCE node
I20260709 12:15:31.067781 27116 hybrid_clock.cc:584] initializing the hybrid clock with 'system_unsync' time source
W20260709 12:15:31.067988 27116 system_unsync_time.cc:38] NTP support is disabled. Clock error bounds will not be accurate. This configuration is not suitable for distributed clusters.
I20260709 12:15:31.068179 27116 hybrid_clock.cc:648] HybridClock initialized: now 1783599331068158 us; error 0 us; skew 500 ppm
I20260709 12:15:31.068819 27116 server_base.cc:861] Flag tcmalloc_max_total_thread_cache_bytes is not working since tcmalloc is not enabled.
I20260709 12:15:31.073853 27116 webserver.cc:533] Webserver started at http://127.26.123.1:34199/ using document root <none> and password file <none>
I20260709 12:15:31.074488 27116 fs_manager.cc:362] Metadata directory not provided
I20260709 12:15:31.074688 27116 fs_manager.cc:368] Using write-ahead log directory (fs_wal_dir) as metadata directory
I20260709 12:15:31.074991 27116 server_base.cc:909] This appears to be a new deployment of Kudu; creating new FS layout
I20260709 12:15:31.076457 27116 fs_manager.cc:1068] Generated new instance metadata in path /tmp/dist-test-taskNzQYC5/test-tmp/auto_leader_rebalancer-test.0.LeaderRebalancerTest.FunctionalTestForDivided.1783599329322122-27116-0/minicluster-data/ts-0-root/instance:
uuid: "05d1aaa742b64c7986de8e602f23333c"
format_stamp: "Formatted at 2026-07-09 12:15:31 on dist-test-slave-9q7n"
I20260709 12:15:31.082858 27116 fs_manager.cc:696] Time spent creating directory manager: real 0.006s	user 0.005s	sys 0.003s
I20260709 12:15:31.087730 27213 log_block_manager.cc:4127] Time spent loading block containers with low live blocks: real 0.000s	user 0.000s	sys 0.000s
I20260709 12:15:31.088682 27116 fs_manager.cc:730] Time spent opening block manager: real 0.004s	user 0.005s	sys 0.000s
I20260709 12:15:31.089133 27116 fs_manager.cc:647] Opened local filesystem: /tmp/dist-test-taskNzQYC5/test-tmp/auto_leader_rebalancer-test.0.LeaderRebalancerTest.FunctionalTestForDivided.1783599329322122-27116-0/minicluster-data/ts-0-root
uuid: "05d1aaa742b64c7986de8e602f23333c"
format_stamp: "Formatted at 2026-07-09 12:15:31 on dist-test-slave-9q7n"
I20260709 12:15:31.089576 27116 fs_report.cc:389] FS layout report
--------------------
wal directory: /tmp/dist-test-taskNzQYC5/test-tmp/auto_leader_rebalancer-test.0.LeaderRebalancerTest.FunctionalTestForDivided.1783599329322122-27116-0/minicluster-data/ts-0-root
metadata directory: /tmp/dist-test-taskNzQYC5/test-tmp/auto_leader_rebalancer-test.0.LeaderRebalancerTest.FunctionalTestForDivided.1783599329322122-27116-0/minicluster-data/ts-0-root
1 data directories: /tmp/dist-test-taskNzQYC5/test-tmp/auto_leader_rebalancer-test.0.LeaderRebalancerTest.FunctionalTestForDivided.1783599329322122-27116-0/minicluster-data/ts-0-root/data
Total live blocks: 0
Total live bytes: 0
Total live bytes (after alignment): 0
Total number of LBM containers: 0 (0 full)
Did not check for missing blocks
Did not check for orphaned blocks
Total full LBM containers with extra space: 0 (0 repaired)
Total full LBM container extra space in bytes: 0 (0 repaired)
Total incomplete LBM containers: 0 (0 repaired)
Total LBM partial records: 0 (0 repaired)
Total corrupted LBM metadata records in RocksDB: 0 (0 repaired)
I20260709 12:15:31.119324 27116 rpc_server.cc:225] running with OpenSSL 1.1.1  11 Sep 2018
I20260709 12:15:31.121299 27116 kserver.cc:163] Server-wide thread pool size limit: 3276
I20260709 12:15:31.124435 27116 txn_system_client.cc:432] TxnSystemClient initialization is disabled...
I20260709 12:15:31.130543 27116 ts_tablet_manager.cc:585] Loaded tablet metadata (0 total tablets, 0 live tablets)
I20260709 12:15:31.130909 27116 ts_tablet_manager.cc:531] Time spent load tablet metadata: real 0.000s	user 0.000s	sys 0.000s
I20260709 12:15:31.131255 27116 ts_tablet_manager.cc:616] Registered 0 tablets
I20260709 12:15:31.131490 27116 ts_tablet_manager.cc:595] Time spent register tablets: real 0.000s	user 0.000s	sys 0.000s
I20260709 12:15:31.237485 27116 rpc_server.cc:307] RPC server started. Bound to: 127.26.123.1:46627
I20260709 12:15:31.237617 27275 acceptor_pool.cc:272] collecting diagnostics on the listening RPC socket 127.26.123.1:46627 every 8 connection(s)
I20260709 12:15:31.245532 27116 file_cache.cc:504] Constructed file cache file cache with capacity 419430
W20260709 12:15:31.260098 27280 instance_detector.cc:116] could not retrieve AWS instance metadata: Network error: curl error: HTTP response code said error: The requested URL returned error: 404
W20260709 12:15:31.262362 27281 instance_detector.cc:116] could not retrieve Azure instance metadata: Network error: curl error: HTTP response code said error: The requested URL returned error: 404
W20260709 12:15:31.273415 27283 instance_detector.cc:116] could not retrieve OpenStack instance metadata: Network error: curl error: HTTP response code said error: The requested URL returned error: 404
I20260709 12:15:31.273907 27116 server_base.cc:1061] running on GCE node
I20260709 12:15:31.275061 27116 hybrid_clock.cc:584] initializing the hybrid clock with 'system_unsync' time source
W20260709 12:15:31.275362 27116 system_unsync_time.cc:38] NTP support is disabled. Clock error bounds will not be accurate. This configuration is not suitable for distributed clusters.
I20260709 12:15:31.275596 27116 hybrid_clock.cc:648] HybridClock initialized: now 1783599331275573 us; error 0 us; skew 500 ppm
I20260709 12:15:31.276476 27116 server_base.cc:861] Flag tcmalloc_max_total_thread_cache_bytes is not working since tcmalloc is not enabled.
I20260709 12:15:31.281155 27116 webserver.cc:533] Webserver started at http://127.26.123.2:41683/ using document root <none> and password file <none>
I20260709 12:15:31.281934 27116 fs_manager.cc:362] Metadata directory not provided
I20260709 12:15:31.282220 27116 fs_manager.cc:368] Using write-ahead log directory (fs_wal_dir) as metadata directory
I20260709 12:15:31.282580 27116 server_base.cc:909] This appears to be a new deployment of Kudu; creating new FS layout
I20260709 12:15:31.284045 27116 fs_manager.cc:1068] Generated new instance metadata in path /tmp/dist-test-taskNzQYC5/test-tmp/auto_leader_rebalancer-test.0.LeaderRebalancerTest.FunctionalTestForDivided.1783599329322122-27116-0/minicluster-data/ts-1-root/instance:
uuid: "fec66eb4aa88487eb30eb41db2fc28c5"
format_stamp: "Formatted at 2026-07-09 12:15:31 on dist-test-slave-9q7n"
I20260709 12:15:31.286482 27276 heartbeater.cc:344] Connected to a master server at 127.26.123.62:44811
I20260709 12:15:31.287038 27276 heartbeater.cc:461] Registering TS with master...
I20260709 12:15:31.288435 27276 heartbeater.cc:507] Master 127.26.123.62:44811 requested a full tablet report, sending...
I20260709 12:15:31.292279 27116 fs_manager.cc:696] Time spent creating directory manager: real 0.008s	user 0.007s	sys 0.003s
I20260709 12:15:31.292805 27148 ts_manager.cc:194] Registered new tserver with Master: 05d1aaa742b64c7986de8e602f23333c (127.26.123.1:46627)
I20260709 12:15:31.296144 27148 master_service.cc:502] Signed X509 certificate for tserver {username='slave'} at 127.0.0.1:52468
I20260709 12:15:31.298609 27288 log_block_manager.cc:4127] Time spent loading block containers with low live blocks: real 0.000s	user 0.000s	sys 0.000s
I20260709 12:15:31.299731 27116 fs_manager.cc:730] Time spent opening block manager: real 0.004s	user 0.002s	sys 0.002s
I20260709 12:15:31.300202 27116 fs_manager.cc:647] Opened local filesystem: /tmp/dist-test-taskNzQYC5/test-tmp/auto_leader_rebalancer-test.0.LeaderRebalancerTest.FunctionalTestForDivided.1783599329322122-27116-0/minicluster-data/ts-1-root
uuid: "fec66eb4aa88487eb30eb41db2fc28c5"
format_stamp: "Formatted at 2026-07-09 12:15:31 on dist-test-slave-9q7n"
I20260709 12:15:31.300688 27116 fs_report.cc:389] FS layout report
--------------------
wal directory: /tmp/dist-test-taskNzQYC5/test-tmp/auto_leader_rebalancer-test.0.LeaderRebalancerTest.FunctionalTestForDivided.1783599329322122-27116-0/minicluster-data/ts-1-root
metadata directory: /tmp/dist-test-taskNzQYC5/test-tmp/auto_leader_rebalancer-test.0.LeaderRebalancerTest.FunctionalTestForDivided.1783599329322122-27116-0/minicluster-data/ts-1-root
1 data directories: /tmp/dist-test-taskNzQYC5/test-tmp/auto_leader_rebalancer-test.0.LeaderRebalancerTest.FunctionalTestForDivided.1783599329322122-27116-0/minicluster-data/ts-1-root/data
Total live blocks: 0
Total live bytes: 0
Total live bytes (after alignment): 0
Total number of LBM containers: 0 (0 full)
Did not check for missing blocks
Did not check for orphaned blocks
Total full LBM containers with extra space: 0 (0 repaired)
Total full LBM container extra space in bytes: 0 (0 repaired)
Total incomplete LBM containers: 0 (0 repaired)
Total LBM partial records: 0 (0 repaired)
Total corrupted LBM metadata records in RocksDB: 0 (0 repaired)
I20260709 12:15:31.319922 27116 rpc_server.cc:225] running with OpenSSL 1.1.1  11 Sep 2018
I20260709 12:15:31.321429 27116 kserver.cc:163] Server-wide thread pool size limit: 3276
I20260709 12:15:31.323983 27116 txn_system_client.cc:432] TxnSystemClient initialization is disabled...
I20260709 12:15:31.327395 27116 ts_tablet_manager.cc:585] Loaded tablet metadata (0 total tablets, 0 live tablets)
I20260709 12:15:31.327701 27116 ts_tablet_manager.cc:531] Time spent load tablet metadata: real 0.000s	user 0.000s	sys 0.000s
I20260709 12:15:31.328034 27116 ts_tablet_manager.cc:616] Registered 0 tablets
I20260709 12:15:31.328253 27116 ts_tablet_manager.cc:595] Time spent register tablets: real 0.000s	user 0.000s	sys 0.000s
I20260709 12:15:31.435973 27116 rpc_server.cc:307] RPC server started. Bound to: 127.26.123.2:37647
I20260709 12:15:31.436285 27350 acceptor_pool.cc:272] collecting diagnostics on the listening RPC socket 127.26.123.2:37647 every 8 connection(s)
I20260709 12:15:31.443465 27116 file_cache.cc:504] Constructed file cache file cache with capacity 419430
W20260709 12:15:31.455257 27354 instance_detector.cc:116] could not retrieve AWS instance metadata: Network error: curl error: HTTP response code said error: The requested URL returned error: 404
W20260709 12:15:31.459105 27355 instance_detector.cc:116] could not retrieve Azure instance metadata: Network error: curl error: HTTP response code said error: The requested URL returned error: 404
I20260709 12:15:31.466784 27351 heartbeater.cc:344] Connected to a master server at 127.26.123.62:44811
I20260709 12:15:31.467541 27351 heartbeater.cc:461] Registering TS with master...
I20260709 12:15:31.468433 27351 heartbeater.cc:507] Master 127.26.123.62:44811 requested a full tablet report, sending...
I20260709 12:15:31.470781 27148 ts_manager.cc:194] Registered new tserver with Master: fec66eb4aa88487eb30eb41db2fc28c5 (127.26.123.2:37647)
I20260709 12:15:31.472215 27148 master_service.cc:502] Signed X509 certificate for tserver {username='slave'} at 127.0.0.1:52470
W20260709 12:15:31.476444 27357 instance_detector.cc:116] could not retrieve OpenStack instance metadata: Network error: curl error: HTTP response code said error: The requested URL returned error: 404
I20260709 12:15:31.478329 27116 server_base.cc:1061] running on GCE node
I20260709 12:15:31.479377 27116 hybrid_clock.cc:584] initializing the hybrid clock with 'system_unsync' time source
W20260709 12:15:31.479579 27116 system_unsync_time.cc:38] NTP support is disabled. Clock error bounds will not be accurate. This configuration is not suitable for distributed clusters.
I20260709 12:15:31.479770 27116 hybrid_clock.cc:648] HybridClock initialized: now 1783599331479748 us; error 0 us; skew 500 ppm
I20260709 12:15:31.480370 27116 server_base.cc:861] Flag tcmalloc_max_total_thread_cache_bytes is not working since tcmalloc is not enabled.
I20260709 12:15:31.483372 27116 webserver.cc:533] Webserver started at http://127.26.123.3:32981/ using document root <none> and password file <none>
I20260709 12:15:31.484095 27116 fs_manager.cc:362] Metadata directory not provided
I20260709 12:15:31.484350 27116 fs_manager.cc:368] Using write-ahead log directory (fs_wal_dir) as metadata directory
I20260709 12:15:31.484639 27116 server_base.cc:909] This appears to be a new deployment of Kudu; creating new FS layout
I20260709 12:15:31.485772 27116 fs_manager.cc:1068] Generated new instance metadata in path /tmp/dist-test-taskNzQYC5/test-tmp/auto_leader_rebalancer-test.0.LeaderRebalancerTest.FunctionalTestForDivided.1783599329322122-27116-0/minicluster-data/ts-2-root/instance:
uuid: "ea6d93ecf57a4f6194e0ffe32f963ce9"
format_stamp: "Formatted at 2026-07-09 12:15:31 on dist-test-slave-9q7n"
I20260709 12:15:31.490679 27116 fs_manager.cc:696] Time spent creating directory manager: real 0.004s	user 0.002s	sys 0.002s
I20260709 12:15:31.494495 27362 log_block_manager.cc:4127] Time spent loading block containers with low live blocks: real 0.000s	user 0.000s	sys 0.000s
I20260709 12:15:31.495465 27116 fs_manager.cc:730] Time spent opening block manager: real 0.003s	user 0.003s	sys 0.001s
I20260709 12:15:31.495872 27116 fs_manager.cc:647] Opened local filesystem: /tmp/dist-test-taskNzQYC5/test-tmp/auto_leader_rebalancer-test.0.LeaderRebalancerTest.FunctionalTestForDivided.1783599329322122-27116-0/minicluster-data/ts-2-root
uuid: "ea6d93ecf57a4f6194e0ffe32f963ce9"
format_stamp: "Formatted at 2026-07-09 12:15:31 on dist-test-slave-9q7n"
I20260709 12:15:31.496289 27116 fs_report.cc:389] FS layout report
--------------------
wal directory: /tmp/dist-test-taskNzQYC5/test-tmp/auto_leader_rebalancer-test.0.LeaderRebalancerTest.FunctionalTestForDivided.1783599329322122-27116-0/minicluster-data/ts-2-root
metadata directory: /tmp/dist-test-taskNzQYC5/test-tmp/auto_leader_rebalancer-test.0.LeaderRebalancerTest.FunctionalTestForDivided.1783599329322122-27116-0/minicluster-data/ts-2-root
1 data directories: /tmp/dist-test-taskNzQYC5/test-tmp/auto_leader_rebalancer-test.0.LeaderRebalancerTest.FunctionalTestForDivided.1783599329322122-27116-0/minicluster-data/ts-2-root/data
Total live blocks: 0
Total live bytes: 0
Total live bytes (after alignment): 0
Total number of LBM containers: 0 (0 full)
Did not check for missing blocks
Did not check for orphaned blocks
Total full LBM containers with extra space: 0 (0 repaired)
Total full LBM container extra space in bytes: 0 (0 repaired)
Total incomplete LBM containers: 0 (0 repaired)
Total LBM partial records: 0 (0 repaired)
Total corrupted LBM metadata records in RocksDB: 0 (0 repaired)
I20260709 12:15:31.510226 27116 rpc_server.cc:225] running with OpenSSL 1.1.1  11 Sep 2018
I20260709 12:15:31.512074 27116 kserver.cc:163] Server-wide thread pool size limit: 3276
I20260709 12:15:31.514333 27116 txn_system_client.cc:432] TxnSystemClient initialization is disabled...
I20260709 12:15:31.518632 27116 ts_tablet_manager.cc:585] Loaded tablet metadata (0 total tablets, 0 live tablets)
I20260709 12:15:31.518956 27116 ts_tablet_manager.cc:531] Time spent load tablet metadata: real 0.000s	user 0.000s	sys 0.000s
I20260709 12:15:31.519282 27116 ts_tablet_manager.cc:616] Registered 0 tablets
I20260709 12:15:31.519513 27116 ts_tablet_manager.cc:595] Time spent register tablets: real 0.000s	user 0.000s	sys 0.000s
I20260709 12:15:31.620820 27116 rpc_server.cc:307] RPC server started. Bound to: 127.26.123.3:34435
I20260709 12:15:31.620893 27424 acceptor_pool.cc:272] collecting diagnostics on the listening RPC socket 127.26.123.3:34435 every 8 connection(s)
I20260709 12:15:31.639820 27425 heartbeater.cc:344] Connected to a master server at 127.26.123.62:44811
I20260709 12:15:31.640221 27425 heartbeater.cc:461] Registering TS with master...
I20260709 12:15:31.641058 27425 heartbeater.cc:507] Master 127.26.123.62:44811 requested a full tablet report, sending...
I20260709 12:15:31.643275 27148 ts_manager.cc:194] Registered new tserver with Master: ea6d93ecf57a4f6194e0ffe32f963ce9 (127.26.123.3:34435)
I20260709 12:15:31.644024 27116 internal_mini_cluster.cc:371] 3 TS(s) registered with all masters after 0.016929629s
I20260709 12:15:31.645004 27148 master_service.cc:502] Signed X509 certificate for tserver {username='slave'} at 127.0.0.1:52476
I20260709 12:15:31.702720 27148 catalog_manager.cc:2283] Servicing CreateTable request from {username='slave'} at 127.0.0.1:52484:
name: "test-workload"
schema {
  columns {
    name: "key"
    type: INT32
    is_key: true
    is_nullable: false
    encoding: AUTO_ENCODING
    compression: DEFAULT_COMPRESSION
    cfile_block_size: 0
    immutable: false
  }
  columns {
    name: "int_val"
    type: INT32
    is_key: false
    is_nullable: false
    encoding: AUTO_ENCODING
    compression: DEFAULT_COMPRESSION
    cfile_block_size: 0
    immutable: false
  }
  columns {
    name: "string_val"
    type: STRING
    is_key: false
    is_nullable: true
    encoding: AUTO_ENCODING
    compression: DEFAULT_COMPRESSION
    cfile_block_size: 0
    immutable: false
  }
}
num_replicas: 3
split_rows_range_bounds {
  rows: "\004\001\000\216\3438\016\004\001\000\034\307q\034\004\001\000\252\252\252*\004\001\0008\216\3438\004\001\000\306q\034G\004\001\000TUUU\004\001\000\3428\216c\004\001\000p\034\307q""\004\001\000\216\3438\016\004\001\000\034\307q\034\004\001\000\252\252\252*\004\001\0008\216\3438\004\001\000\306q\034G\004\001\000TUUU\004\001\000\3428\216c\004\001\000p\034\307q"
  indirect_data: """"
}
partition_schema {
  range_schema {
    columns {
      name: "key"
    }
  }
}
W20260709 12:15:31.707073 27148 catalog_manager.cc:7077] The number of live tablet servers is not enough to re-replicate a tablet replica of the newly created table test-workload in case of a server failure: 4 tablet servers would be needed, 3 are available. Consider bringing up more tablet servers.
I20260709 12:15:31.833673 27316 tablet_service.cc:1511] Processing CreateTablet for tablet 3e212ead0131461882a03aed471bb0b7 (DEFAULT_TABLE table=test-workload [id=e4feff7c414941568ff88cc8ba3618b3]), partition=RANGE (key) PARTITION VALUES < 238609294
I20260709 12:15:31.835140 27312 tablet_service.cc:1511] Processing CreateTablet for tablet 6dd7e88f8aed47f49bed724c4173b51a (DEFAULT_TABLE table=test-workload [id=e4feff7c414941568ff88cc8ba3618b3]), partition=RANGE (key) PARTITION 954437176 <= VALUES < 1193046470
I20260709 12:15:31.835767 27316 data_dirs.cc:400] Could only allocate 1 dirs of requested 3 for tablet 3e212ead0131461882a03aed471bb0b7. 1 dirs total, 0 dirs full, 0 dirs failed
I20260709 12:15:31.836938 27312 data_dirs.cc:400] Could only allocate 1 dirs of requested 3 for tablet 6dd7e88f8aed47f49bed724c4173b51a. 1 dirs total, 0 dirs full, 0 dirs failed
I20260709 12:15:31.843772 27313 tablet_service.cc:1511] Processing CreateTablet for tablet 20d96a0ba5324569a4286fd261c93c8c (DEFAULT_TABLE table=test-workload [id=e4feff7c414941568ff88cc8ba3618b3]), partition=RANGE (key) PARTITION 715827882 <= VALUES < 954437176
I20260709 12:15:31.833673 27315 tablet_service.cc:1511] Processing CreateTablet for tablet 954e28fb958e467c9d6be24151505db4 (DEFAULT_TABLE table=test-workload [id=e4feff7c414941568ff88cc8ba3618b3]), partition=RANGE (key) PARTITION 238609294 <= VALUES < 477218588
I20260709 12:15:31.843189 27314 tablet_service.cc:1511] Processing CreateTablet for tablet 61c1a911eff14ce4ad34d1401e44e6bc (DEFAULT_TABLE table=test-workload [id=e4feff7c414941568ff88cc8ba3618b3]), partition=RANGE (key) PARTITION 477218588 <= VALUES < 715827882
I20260709 12:15:31.846952 27311 tablet_service.cc:1511] Processing CreateTablet for tablet 6b251acd25d84b029195fd87c744df81 (DEFAULT_TABLE table=test-workload [id=e4feff7c414941568ff88cc8ba3618b3]), partition=RANGE (key) PARTITION 1193046470 <= VALUES < 1431655764
I20260709 12:15:31.850917 27315 data_dirs.cc:400] Could only allocate 1 dirs of requested 3 for tablet 954e28fb958e467c9d6be24151505db4. 1 dirs total, 0 dirs full, 0 dirs failed
I20260709 12:15:31.853267 27313 data_dirs.cc:400] Could only allocate 1 dirs of requested 3 for tablet 20d96a0ba5324569a4286fd261c93c8c. 1 dirs total, 0 dirs full, 0 dirs failed
I20260709 12:15:31.872151 27311 data_dirs.cc:400] Could only allocate 1 dirs of requested 3 for tablet 6b251acd25d84b029195fd87c744df81. 1 dirs total, 0 dirs full, 0 dirs failed
I20260709 12:15:31.876044 27314 data_dirs.cc:400] Could only allocate 1 dirs of requested 3 for tablet 61c1a911eff14ce4ad34d1401e44e6bc. 1 dirs total, 0 dirs full, 0 dirs failed
I20260709 12:15:31.897533 27390 tablet_service.cc:1511] Processing CreateTablet for tablet 3e212ead0131461882a03aed471bb0b7 (DEFAULT_TABLE table=test-workload [id=e4feff7c414941568ff88cc8ba3618b3]), partition=RANGE (key) PARTITION VALUES < 238609294
I20260709 12:15:31.891852 27310 tablet_service.cc:1511] Processing CreateTablet for tablet 5f632f7ba89546b9a966c6a2ce46f5f3 (DEFAULT_TABLE table=test-workload [id=e4feff7c414941568ff88cc8ba3618b3]), partition=RANGE (key) PARTITION 1431655764 <= VALUES < 1670265058
I20260709 12:15:31.900259 27389 tablet_service.cc:1511] Processing CreateTablet for tablet 954e28fb958e467c9d6be24151505db4 (DEFAULT_TABLE table=test-workload [id=e4feff7c414941568ff88cc8ba3618b3]), partition=RANGE (key) PARTITION 238609294 <= VALUES < 477218588
I20260709 12:15:31.902354 27388 tablet_service.cc:1511] Processing CreateTablet for tablet 61c1a911eff14ce4ad34d1401e44e6bc (DEFAULT_TABLE table=test-workload [id=e4feff7c414941568ff88cc8ba3618b3]), partition=RANGE (key) PARTITION 477218588 <= VALUES < 715827882
I20260709 12:15:31.907490 27309 tablet_service.cc:1511] Processing CreateTablet for tablet a6b134736e8042e49a6f57e52e2eee59 (DEFAULT_TABLE table=test-workload [id=e4feff7c414941568ff88cc8ba3618b3]), partition=RANGE (key) PARTITION 1670265058 <= VALUES < 1908874352
I20260709 12:15:31.921239 27390 data_dirs.cc:400] Could only allocate 1 dirs of requested 3 for tablet 3e212ead0131461882a03aed471bb0b7. 1 dirs total, 0 dirs full, 0 dirs failed
I20260709 12:15:31.918263 27387 tablet_service.cc:1511] Processing CreateTablet for tablet 20d96a0ba5324569a4286fd261c93c8c (DEFAULT_TABLE table=test-workload [id=e4feff7c414941568ff88cc8ba3618b3]), partition=RANGE (key) PARTITION 715827882 <= VALUES < 954437176
I20260709 12:15:31.929929 27310 data_dirs.cc:400] Could only allocate 1 dirs of requested 3 for tablet 5f632f7ba89546b9a966c6a2ce46f5f3. 1 dirs total, 0 dirs full, 0 dirs failed
I20260709 12:15:31.916695 27386 tablet_service.cc:1511] Processing CreateTablet for tablet 6dd7e88f8aed47f49bed724c4173b51a (DEFAULT_TABLE table=test-workload [id=e4feff7c414941568ff88cc8ba3618b3]), partition=RANGE (key) PARTITION 954437176 <= VALUES < 1193046470
I20260709 12:15:31.936723 27389 data_dirs.cc:400] Could only allocate 1 dirs of requested 3 for tablet 954e28fb958e467c9d6be24151505db4. 1 dirs total, 0 dirs full, 0 dirs failed
I20260709 12:15:31.945554 27240 tablet_service.cc:1511] Processing CreateTablet for tablet 954e28fb958e467c9d6be24151505db4 (DEFAULT_TABLE table=test-workload [id=e4feff7c414941568ff88cc8ba3618b3]), partition=RANGE (key) PARTITION 238609294 <= VALUES < 477218588
I20260709 12:15:31.950251 27309 data_dirs.cc:400] Could only allocate 1 dirs of requested 3 for tablet a6b134736e8042e49a6f57e52e2eee59. 1 dirs total, 0 dirs full, 0 dirs failed
I20260709 12:15:31.947042 27238 tablet_service.cc:1511] Processing CreateTablet for tablet 20d96a0ba5324569a4286fd261c93c8c (DEFAULT_TABLE table=test-workload [id=e4feff7c414941568ff88cc8ba3618b3]), partition=RANGE (key) PARTITION 715827882 <= VALUES < 954437176
I20260709 12:15:31.936681 27385 tablet_service.cc:1511] Processing CreateTablet for tablet 6b251acd25d84b029195fd87c744df81 (DEFAULT_TABLE table=test-workload [id=e4feff7c414941568ff88cc8ba3618b3]), partition=RANGE (key) PARTITION 1193046470 <= VALUES < 1431655764
I20260709 12:15:31.947060 27384 tablet_service.cc:1511] Processing CreateTablet for tablet 5f632f7ba89546b9a966c6a2ce46f5f3 (DEFAULT_TABLE table=test-workload [id=e4feff7c414941568ff88cc8ba3618b3]), partition=RANGE (key) PARTITION 1431655764 <= VALUES < 1670265058
I20260709 12:15:31.945544 27239 tablet_service.cc:1511] Processing CreateTablet for tablet 61c1a911eff14ce4ad34d1401e44e6bc (DEFAULT_TABLE table=test-workload [id=e4feff7c414941568ff88cc8ba3618b3]), partition=RANGE (key) PARTITION 477218588 <= VALUES < 715827882
I20260709 12:15:31.951885 27388 data_dirs.cc:400] Could only allocate 1 dirs of requested 3 for tablet 61c1a911eff14ce4ad34d1401e44e6bc. 1 dirs total, 0 dirs full, 0 dirs failed
I20260709 12:15:31.949678 27237 tablet_service.cc:1511] Processing CreateTablet for tablet 6dd7e88f8aed47f49bed724c4173b51a (DEFAULT_TABLE table=test-workload [id=e4feff7c414941568ff88cc8ba3618b3]), partition=RANGE (key) PARTITION 954437176 <= VALUES < 1193046470
I20260709 12:15:31.952345 27383 tablet_service.cc:1511] Processing CreateTablet for tablet a6b134736e8042e49a6f57e52e2eee59 (DEFAULT_TABLE table=test-workload [id=e4feff7c414941568ff88cc8ba3618b3]), partition=RANGE (key) PARTITION 1670265058 <= VALUES < 1908874352
I20260709 12:15:31.950971 27241 tablet_service.cc:1511] Processing CreateTablet for tablet 3e212ead0131461882a03aed471bb0b7 (DEFAULT_TABLE table=test-workload [id=e4feff7c414941568ff88cc8ba3618b3]), partition=RANGE (key) PARTITION VALUES < 238609294
I20260709 12:15:31.968801 27236 tablet_service.cc:1511] Processing CreateTablet for tablet 6b251acd25d84b029195fd87c744df81 (DEFAULT_TABLE table=test-workload [id=e4feff7c414941568ff88cc8ba3618b3]), partition=RANGE (key) PARTITION 1193046470 <= VALUES < 1431655764
I20260709 12:15:31.972857 27240 data_dirs.cc:400] Could only allocate 1 dirs of requested 3 for tablet 954e28fb958e467c9d6be24151505db4. 1 dirs total, 0 dirs full, 0 dirs failed
I20260709 12:15:31.975034 27308 tablet_service.cc:1511] Processing CreateTablet for tablet 42d75d4decde4719873000d6a56e4992 (DEFAULT_TABLE table=test-workload [id=e4feff7c414941568ff88cc8ba3618b3]), partition=RANGE (key) PARTITION 1908874352 <= VALUES
W20260709 12:15:31.976440 27196 auto_rebalancer.cc:288] Could not retrieve cluster info: Service unavailable: Tablet not running
I20260709 12:15:31.976879 27387 data_dirs.cc:400] Could only allocate 1 dirs of requested 3 for tablet 20d96a0ba5324569a4286fd261c93c8c. 1 dirs total, 0 dirs full, 0 dirs failed
I20260709 12:15:31.980480 27308 data_dirs.cc:400] Could only allocate 1 dirs of requested 3 for tablet 42d75d4decde4719873000d6a56e4992. 1 dirs total, 0 dirs full, 0 dirs failed
I20260709 12:15:31.993927 27234 tablet_service.cc:1511] Processing CreateTablet for tablet a6b134736e8042e49a6f57e52e2eee59 (DEFAULT_TABLE table=test-workload [id=e4feff7c414941568ff88cc8ba3618b3]), partition=RANGE (key) PARTITION 1670265058 <= VALUES < 1908874352
I20260709 12:15:31.988713 27241 data_dirs.cc:400] Could only allocate 1 dirs of requested 3 for tablet 3e212ead0131461882a03aed471bb0b7. 1 dirs total, 0 dirs full, 0 dirs failed
I20260709 12:15:31.986155 27235 tablet_service.cc:1511] Processing CreateTablet for tablet 5f632f7ba89546b9a966c6a2ce46f5f3 (DEFAULT_TABLE table=test-workload [id=e4feff7c414941568ff88cc8ba3618b3]), partition=RANGE (key) PARTITION 1431655764 <= VALUES < 1670265058
I20260709 12:15:31.996889 27384 data_dirs.cc:400] Could only allocate 1 dirs of requested 3 for tablet 5f632f7ba89546b9a966c6a2ce46f5f3. 1 dirs total, 0 dirs full, 0 dirs failed
I20260709 12:15:32.005991 27382 tablet_service.cc:1511] Processing CreateTablet for tablet 42d75d4decde4719873000d6a56e4992 (DEFAULT_TABLE table=test-workload [id=e4feff7c414941568ff88cc8ba3618b3]), partition=RANGE (key) PARTITION 1908874352 <= VALUES
I20260709 12:15:32.002871 27235 data_dirs.cc:400] Could only allocate 1 dirs of requested 3 for tablet 5f632f7ba89546b9a966c6a2ce46f5f3. 1 dirs total, 0 dirs full, 0 dirs failed
I20260709 12:15:32.008971 27233 tablet_service.cc:1511] Processing CreateTablet for tablet 42d75d4decde4719873000d6a56e4992 (DEFAULT_TABLE table=test-workload [id=e4feff7c414941568ff88cc8ba3618b3]), partition=RANGE (key) PARTITION 1908874352 <= VALUES
I20260709 12:15:32.020493 27236 data_dirs.cc:400] Could only allocate 1 dirs of requested 3 for tablet 6b251acd25d84b029195fd87c744df81. 1 dirs total, 0 dirs full, 0 dirs failed
I20260709 12:15:32.022728 27234 data_dirs.cc:400] Could only allocate 1 dirs of requested 3 for tablet a6b134736e8042e49a6f57e52e2eee59. 1 dirs total, 0 dirs full, 0 dirs failed
I20260709 12:15:32.026007 27233 data_dirs.cc:400] Could only allocate 1 dirs of requested 3 for tablet 42d75d4decde4719873000d6a56e4992. 1 dirs total, 0 dirs full, 0 dirs failed
I20260709 12:15:32.027832 27383 data_dirs.cc:400] Could only allocate 1 dirs of requested 3 for tablet a6b134736e8042e49a6f57e52e2eee59. 1 dirs total, 0 dirs full, 0 dirs failed
I20260709 12:15:32.029258 27237 data_dirs.cc:400] Could only allocate 1 dirs of requested 3 for tablet 6dd7e88f8aed47f49bed724c4173b51a. 1 dirs total, 0 dirs full, 0 dirs failed
I20260709 12:15:32.030336 27382 data_dirs.cc:400] Could only allocate 1 dirs of requested 3 for tablet 42d75d4decde4719873000d6a56e4992. 1 dirs total, 0 dirs full, 0 dirs failed
I20260709 12:15:32.032748 27238 data_dirs.cc:400] Could only allocate 1 dirs of requested 3 for tablet 20d96a0ba5324569a4286fd261c93c8c. 1 dirs total, 0 dirs full, 0 dirs failed
I20260709 12:15:32.038060 27239 data_dirs.cc:400] Could only allocate 1 dirs of requested 3 for tablet 61c1a911eff14ce4ad34d1401e44e6bc. 1 dirs total, 0 dirs full, 0 dirs failed
I20260709 12:15:32.039259 27385 data_dirs.cc:400] Could only allocate 1 dirs of requested 3 for tablet 6b251acd25d84b029195fd87c744df81. 1 dirs total, 0 dirs full, 0 dirs failed
I20260709 12:15:32.059042 27386 data_dirs.cc:400] Could only allocate 1 dirs of requested 3 for tablet 6dd7e88f8aed47f49bed724c4173b51a. 1 dirs total, 0 dirs full, 0 dirs failed
I20260709 12:15:32.119581 27443 tablet_bootstrap.cc:492] T 954e28fb958e467c9d6be24151505db4 P fec66eb4aa88487eb30eb41db2fc28c5: Bootstrap starting.
I20260709 12:15:32.175100 27443 tablet_bootstrap.cc:654] T 954e28fb958e467c9d6be24151505db4 P fec66eb4aa88487eb30eb41db2fc28c5: Neither blocks nor log segments found. Creating new log.
I20260709 12:15:32.199491 27444 tablet_bootstrap.cc:492] T 6b251acd25d84b029195fd87c744df81 P ea6d93ecf57a4f6194e0ffe32f963ce9: Bootstrap starting.
I20260709 12:15:32.235026 27445 tablet_bootstrap.cc:492] T 6dd7e88f8aed47f49bed724c4173b51a P 05d1aaa742b64c7986de8e602f23333c: Bootstrap starting.
I20260709 12:15:32.244738 27444 tablet_bootstrap.cc:654] T 6b251acd25d84b029195fd87c744df81 P ea6d93ecf57a4f6194e0ffe32f963ce9: Neither blocks nor log segments found. Creating new log.
I20260709 12:15:32.244823 27445 tablet_bootstrap.cc:654] T 6dd7e88f8aed47f49bed724c4173b51a P 05d1aaa742b64c7986de8e602f23333c: Neither blocks nor log segments found. Creating new log.
I20260709 12:15:32.256132 27443 tablet_bootstrap.cc:492] T 954e28fb958e467c9d6be24151505db4 P fec66eb4aa88487eb30eb41db2fc28c5: No bootstrap required, opened a new log
I20260709 12:15:32.256734 27443 ts_tablet_manager.cc:1403] T 954e28fb958e467c9d6be24151505db4 P fec66eb4aa88487eb30eb41db2fc28c5: Time spent bootstrapping tablet: real 0.141s	user 0.012s	sys 0.006s
I20260709 12:15:32.264104 27443 raft_consensus.cc:359] T 954e28fb958e467c9d6be24151505db4 P fec66eb4aa88487eb30eb41db2fc28c5 [term 0 FOLLOWER]: Replica starting. Triggering 0 pending ops. Active config: opid_index: -1 OBSOLETE_local: false peers { permanent_uuid: "05d1aaa742b64c7986de8e602f23333c" member_type: VOTER last_known_addr { host: "127.26.123.1" port: 46627 } } peers { permanent_uuid: "fec66eb4aa88487eb30eb41db2fc28c5" member_type: VOTER last_known_addr { host: "127.26.123.2" port: 37647 } } peers { permanent_uuid: "ea6d93ecf57a4f6194e0ffe32f963ce9" member_type: VOTER last_known_addr { host: "127.26.123.3" port: 34435 } }
I20260709 12:15:32.264986 27443 raft_consensus.cc:385] T 954e28fb958e467c9d6be24151505db4 P fec66eb4aa88487eb30eb41db2fc28c5 [term 0 FOLLOWER]: Consensus starting up: Expiring failure detector timer to make a prompt election more likely
I20260709 12:15:32.265311 27443 raft_consensus.cc:740] T 954e28fb958e467c9d6be24151505db4 P fec66eb4aa88487eb30eb41db2fc28c5 [term 0 FOLLOWER]: Becoming Follower/Learner. State: Replica: fec66eb4aa88487eb30eb41db2fc28c5, State: Initialized, Role: FOLLOWER
I20260709 12:15:32.270334 27443 consensus_queue.cc:260] T 954e28fb958e467c9d6be24151505db4 P fec66eb4aa88487eb30eb41db2fc28c5 [NON_LEADER]: Queue going to NON_LEADER mode. State: All replicated index: 0, Majority replicated index: 0, Committed index: 0, Last appended: 0.0, Last appended by leader: 0, Current term: 0, Majority size: -1, State: 0, Mode: NON_LEADER, active raft config: opid_index: -1 OBSOLETE_local: false peers { permanent_uuid: "05d1aaa742b64c7986de8e602f23333c" member_type: VOTER last_known_addr { host: "127.26.123.1" port: 46627 } } peers { permanent_uuid: "fec66eb4aa88487eb30eb41db2fc28c5" member_type: VOTER last_known_addr { host: "127.26.123.2" port: 37647 } } peers { permanent_uuid: "ea6d93ecf57a4f6194e0ffe32f963ce9" member_type: VOTER last_known_addr { host: "127.26.123.3" port: 34435 } }
I20260709 12:15:32.282394 27351 heartbeater.cc:499] Master 127.26.123.62:44811 was elected leader, sending a full tablet report...
I20260709 12:15:32.283353 27445 tablet_bootstrap.cc:492] T 6dd7e88f8aed47f49bed724c4173b51a P 05d1aaa742b64c7986de8e602f23333c: No bootstrap required, opened a new log
I20260709 12:15:32.283874 27445 ts_tablet_manager.cc:1403] T 6dd7e88f8aed47f49bed724c4173b51a P 05d1aaa742b64c7986de8e602f23333c: Time spent bootstrapping tablet: real 0.049s	user 0.018s	sys 0.025s
I20260709 12:15:32.283917 27444 tablet_bootstrap.cc:492] T 6b251acd25d84b029195fd87c744df81 P ea6d93ecf57a4f6194e0ffe32f963ce9: No bootstrap required, opened a new log
I20260709 12:15:32.284482 27444 ts_tablet_manager.cc:1403] T 6b251acd25d84b029195fd87c744df81 P ea6d93ecf57a4f6194e0ffe32f963ce9: Time spent bootstrapping tablet: real 0.086s	user 0.027s	sys 0.023s
I20260709 12:15:32.287531 27445 raft_consensus.cc:359] T 6dd7e88f8aed47f49bed724c4173b51a P 05d1aaa742b64c7986de8e602f23333c [term 0 FOLLOWER]: Replica starting. Triggering 0 pending ops. Active config: opid_index: -1 OBSOLETE_local: false peers { permanent_uuid: "05d1aaa742b64c7986de8e602f23333c" member_type: VOTER last_known_addr { host: "127.26.123.1" port: 46627 } } peers { permanent_uuid: "fec66eb4aa88487eb30eb41db2fc28c5" member_type: VOTER last_known_addr { host: "127.26.123.2" port: 37647 } } peers { permanent_uuid: "ea6d93ecf57a4f6194e0ffe32f963ce9" member_type: VOTER last_known_addr { host: "127.26.123.3" port: 34435 } }
I20260709 12:15:32.288394 27445 raft_consensus.cc:385] T 6dd7e88f8aed47f49bed724c4173b51a P 05d1aaa742b64c7986de8e602f23333c [term 0 FOLLOWER]: Consensus starting up: Expiring failure detector timer to make a prompt election more likely
I20260709 12:15:32.288705 27443 ts_tablet_manager.cc:1434] T 954e28fb958e467c9d6be24151505db4 P fec66eb4aa88487eb30eb41db2fc28c5: Time spent starting tablet: real 0.032s	user 0.008s	sys 0.000s
I20260709 12:15:32.288187 27444 raft_consensus.cc:359] T 6b251acd25d84b029195fd87c744df81 P ea6d93ecf57a4f6194e0ffe32f963ce9 [term 0 FOLLOWER]: Replica starting. Triggering 0 pending ops. Active config: opid_index: -1 OBSOLETE_local: false peers { permanent_uuid: "05d1aaa742b64c7986de8e602f23333c" member_type: VOTER last_known_addr { host: "127.26.123.1" port: 46627 } } peers { permanent_uuid: "fec66eb4aa88487eb30eb41db2fc28c5" member_type: VOTER last_known_addr { host: "127.26.123.2" port: 37647 } } peers { permanent_uuid: "ea6d93ecf57a4f6194e0ffe32f963ce9" member_type: VOTER last_known_addr { host: "127.26.123.3" port: 34435 } }
I20260709 12:15:32.289356 27444 raft_consensus.cc:385] T 6b251acd25d84b029195fd87c744df81 P ea6d93ecf57a4f6194e0ffe32f963ce9 [term 0 FOLLOWER]: Consensus starting up: Expiring failure detector timer to make a prompt election more likely
I20260709 12:15:32.289798 27444 raft_consensus.cc:740] T 6b251acd25d84b029195fd87c744df81 P ea6d93ecf57a4f6194e0ffe32f963ce9 [term 0 FOLLOWER]: Becoming Follower/Learner. State: Replica: ea6d93ecf57a4f6194e0ffe32f963ce9, State: Initialized, Role: FOLLOWER
I20260709 12:15:32.288786 27445 raft_consensus.cc:740] T 6dd7e88f8aed47f49bed724c4173b51a P 05d1aaa742b64c7986de8e602f23333c [term 0 FOLLOWER]: Becoming Follower/Learner. State: Replica: 05d1aaa742b64c7986de8e602f23333c, State: Initialized, Role: FOLLOWER
I20260709 12:15:32.290743 27443 tablet_bootstrap.cc:492] T 6dd7e88f8aed47f49bed724c4173b51a P fec66eb4aa88487eb30eb41db2fc28c5: Bootstrap starting.
