I20260709 12:16:33.057497 28554 ts_tablet_manager.cc:1434] T 36a59862d7bc4fac8a571259f2029073 P 696836ec47964e5c8e3aa4ec40944442: Time spent starting tablet: real 0.073s	user 0.008s	sys 0.000s
I20260709 12:16:33.049993 28363 raft_consensus.cc:2468] T 231877ddef1f42f484104b7d55e5d282 P 696836ec47964e5c8e3aa4ec40944442 [term 1 FOLLOWER]: Leader election vote request: Granting yes vote for candidate b03ee23132ff40f6932f36be76871526 in term 1.
I20260709 12:16:33.061761 28401 leader_election.cc:304] T 231877ddef1f42f484104b7d55e5d282 P b03ee23132ff40f6932f36be76871526 [CANDIDATE]: Term 1 election: Election decided. Result: candidate won. Election summary: received 2 responses out of 3 voters: 2 yes votes; 0 no votes. yes voters: 696836ec47964e5c8e3aa4ec40944442, b03ee23132ff40f6932f36be76871526; no voters: 
I20260709 12:16:33.063306 28807 raft_consensus.cc:2804] T 231877ddef1f42f484104b7d55e5d282 P b03ee23132ff40f6932f36be76871526 [term 1 FOLLOWER]: Leader election won for term 1
I20260709 12:16:33.063810 28807 raft_consensus.cc:697] T 231877ddef1f42f484104b7d55e5d282 P b03ee23132ff40f6932f36be76871526 [term 1 LEADER]: Becoming Leader. State: Replica: b03ee23132ff40f6932f36be76871526, State: Running, Role: LEADER
I20260709 12:16:33.064667 28807 consensus_queue.cc:237] T 231877ddef1f42f484104b7d55e5d282 P b03ee23132ff40f6932f36be76871526 [LEADER]: Queue going to LEADER mode. State: All replicated index: 0, Majority replicated index: 0, Committed index: 0, Last appended: 0.0, Last appended by leader: 0, Current term: 1, Majority size: 2, State: 0, Mode: LEADER, active raft config: opid_index: -1 OBSOLETE_local: false peers { permanent_uuid: "696836ec47964e5c8e3aa4ec40944442" member_type: VOTER last_known_addr { host: "127.26.144.129" port: 40153 } } peers { permanent_uuid: "b03ee23132ff40f6932f36be76871526" member_type: VOTER last_known_addr { host: "127.26.144.130" port: 44523 } } peers { permanent_uuid: "f9f3b2beb5c9473d835e12f54f44aa17" member_type: VOTER last_known_addr { host: "127.26.144.131" port: 42623 } }
I20260709 12:16:33.070680 28363 tablet_service.cc:1917] Received RequestConsensusVote() RPC: tablet_id: "f779a80304ea45d88736a7a81413a4ff" candidate_uuid: "b03ee23132ff40f6932f36be76871526" candidate_term: 1 candidate_status { last_received { term: 0 index: 0 } } ignore_live_leader: false dest_uuid: "696836ec47964e5c8e3aa4ec40944442" is_pre_election: true
I20260709 12:16:33.072149 28507 raft_consensus.cc:3060] T 12ecbc25d5444072a0cfe00b8f20a575 P f9f3b2beb5c9473d835e12f54f44aa17 [term 0 FOLLOWER]: Advancing to term 1
I20260709 12:16:33.076367 28553 tablet_bootstrap.cc:492] T f27fdc5a23764d6193e61136dc3ccf4d P f9f3b2beb5c9473d835e12f54f44aa17: No bootstrap required, opened a new log
I20260709 12:16:33.076850 28553 ts_tablet_manager.cc:1403] T f27fdc5a23764d6193e61136dc3ccf4d P f9f3b2beb5c9473d835e12f54f44aa17: Time spent bootstrapping tablet: real 0.147s	user 0.018s	sys 0.034s
I20260709 12:16:33.077714 28258 catalog_manager.cc:5697] T faae5b073fe24d9a91a7f9e7bed8384e P f9f3b2beb5c9473d835e12f54f44aa17 reported cstate change: term changed from 0 to 1, leader changed from <none> to f9f3b2beb5c9473d835e12f54f44aa17 (127.26.144.131). New cstate: current_term: 1 leader_uuid: "f9f3b2beb5c9473d835e12f54f44aa17" committed_config { opid_index: -1 OBSOLETE_local: false peers { permanent_uuid: "696836ec47964e5c8e3aa4ec40944442" member_type: VOTER last_known_addr { host: "127.26.144.129" port: 40153 } health_report { overall_health: UNKNOWN } } peers { permanent_uuid: "b03ee23132ff40f6932f36be76871526" member_type: VOTER last_known_addr { host: "127.26.144.130" port: 44523 } health_report { overall_health: UNKNOWN } } peers { permanent_uuid: "f9f3b2beb5c9473d835e12f54f44aa17" member_type: VOTER last_known_addr { host: "127.26.144.131" port: 42623 } health_report { overall_health: HEALTHY } } }
I20260709 12:16:33.079283 28553 raft_consensus.cc:359] T f27fdc5a23764d6193e61136dc3ccf4d P f9f3b2beb5c9473d835e12f54f44aa17 [term 0 FOLLOWER]: Replica starting. Triggering 0 pending ops. Active config: opid_index: -1 OBSOLETE_local: false peers { permanent_uuid: "696836ec47964e5c8e3aa4ec40944442" member_type: VOTER last_known_addr { host: "127.26.144.129" port: 40153 } } peers { permanent_uuid: "b03ee23132ff40f6932f36be76871526" member_type: VOTER last_known_addr { host: "127.26.144.130" port: 44523 } } peers { permanent_uuid: "f9f3b2beb5c9473d835e12f54f44aa17" member_type: VOTER last_known_addr { host: "127.26.144.131" port: 42623 } }
I20260709 12:16:33.079926 28553 raft_consensus.cc:385] T f27fdc5a23764d6193e61136dc3ccf4d P f9f3b2beb5c9473d835e12f54f44aa17 [term 0 FOLLOWER]: Consensus starting up: Expiring failure detector timer to make a prompt election more likely
I20260709 12:16:33.074601 28554 tablet_bootstrap.cc:492] T 0b745aa4d70d409f8eb22859589a1b09 P 696836ec47964e5c8e3aa4ec40944442: Bootstrap starting.
I20260709 12:16:33.080183 28553 raft_consensus.cc:740] T f27fdc5a23764d6193e61136dc3ccf4d P f9f3b2beb5c9473d835e12f54f44aa17 [term 0 FOLLOWER]: Becoming Follower/Learner. State: Replica: f9f3b2beb5c9473d835e12f54f44aa17, State: Initialized, Role: FOLLOWER
I20260709 12:16:33.080888 28553 consensus_queue.cc:260] T f27fdc5a23764d6193e61136dc3ccf4d P f9f3b2beb5c9473d835e12f54f44aa17 [NON_LEADER]: Queue going to NON_LEADER mode. State: All replicated index: 0, Majority replicated index: 0, Committed index: 0, Last appended: 0.0, Last appended by leader: 0, Current term: 0, Majority size: -1, State: 0, Mode: NON_LEADER, active raft config: opid_index: -1 OBSOLETE_local: false peers { permanent_uuid: "696836ec47964e5c8e3aa4ec40944442" member_type: VOTER last_known_addr { host: "127.26.144.129" port: 40153 } } peers { permanent_uuid: "b03ee23132ff40f6932f36be76871526" member_type: VOTER last_known_addr { host: "127.26.144.130" port: 44523 } } peers { permanent_uuid: "f9f3b2beb5c9473d835e12f54f44aa17" member_type: VOTER last_known_addr { host: "127.26.144.131" port: 42623 } }
I20260709 12:16:33.082599 28259 catalog_manager.cc:5697] T 231877ddef1f42f484104b7d55e5d282 P b03ee23132ff40f6932f36be76871526 reported cstate change: term changed from 0 to 1, leader changed from <none> to b03ee23132ff40f6932f36be76871526 (127.26.144.130). New cstate: current_term: 1 leader_uuid: "b03ee23132ff40f6932f36be76871526" committed_config { opid_index: -1 OBSOLETE_local: false peers { permanent_uuid: "696836ec47964e5c8e3aa4ec40944442" member_type: VOTER last_known_addr { host: "127.26.144.129" port: 40153 } health_report { overall_health: UNKNOWN } } peers { permanent_uuid: "b03ee23132ff40f6932f36be76871526" member_type: VOTER last_known_addr { host: "127.26.144.130" port: 44523 } health_report { overall_health: HEALTHY } } peers { permanent_uuid: "f9f3b2beb5c9473d835e12f54f44aa17" member_type: VOTER last_known_addr { host: "127.26.144.131" port: 42623 } health_report { overall_health: UNKNOWN } } }
I20260709 12:16:33.093585 28511 tablet_service.cc:1917] Received RequestConsensusVote() RPC: tablet_id: "ac5860c9fccc4fefb612f8f8552c3c2c" candidate_uuid: "696836ec47964e5c8e3aa4ec40944442" candidate_term: 1 candidate_status { last_received { term: 0 index: 0 } } ignore_live_leader: false dest_uuid: "f9f3b2beb5c9473d835e12f54f44aa17"
I20260709 12:16:33.094295 28511 raft_consensus.cc:3060] T ac5860c9fccc4fefb612f8f8552c3c2c P f9f3b2beb5c9473d835e12f54f44aa17 [term 0 FOLLOWER]: Advancing to term 1
I20260709 12:16:33.097295 28553 ts_tablet_manager.cc:1434] T f27fdc5a23764d6193e61136dc3ccf4d P f9f3b2beb5c9473d835e12f54f44aa17: Time spent starting tablet: real 0.020s	user 0.006s	sys 0.002s
I20260709 12:16:33.098292 28553 tablet_bootstrap.cc:492] T 231877ddef1f42f484104b7d55e5d282 P f9f3b2beb5c9473d835e12f54f44aa17: Bootstrap starting.
I20260709 12:16:33.103960 28553 tablet_bootstrap.cc:654] T 231877ddef1f42f484104b7d55e5d282 P f9f3b2beb5c9473d835e12f54f44aa17: Neither blocks nor log segments found. Creating new log.
I20260709 12:16:33.117830 28511 raft_consensus.cc:2468] T ac5860c9fccc4fefb612f8f8552c3c2c P f9f3b2beb5c9473d835e12f54f44aa17 [term 1 FOLLOWER]: Leader election vote request: Granting yes vote for candidate 696836ec47964e5c8e3aa4ec40944442 in term 1.
I20260709 12:16:33.122936 28807 consensus_queue.cc:1048] T 4b2781dd1b79492ba4e9a2ef5ef115a1 P b03ee23132ff40f6932f36be76871526 [LEADER]: Connected to new peer: Peer: permanent_uuid: "696836ec47964e5c8e3aa4ec40944442" member_type: VOTER last_known_addr { host: "127.26.144.129" port: 40153 }, Status: LMP_MISMATCH, Last received: 0.0, Next index: 1, Last known committed idx: 0, Time since last communication: 0.000s
I20260709 12:16:33.131595 28509 tablet_service.cc:1917] Received RequestConsensusVote() RPC: tablet_id: "231877ddef1f42f484104b7d55e5d282" candidate_uuid: "b03ee23132ff40f6932f36be76871526" candidate_term: 1 candidate_status { last_received { term: 0 index: 0 } } ignore_live_leader: false dest_uuid: "f9f3b2beb5c9473d835e12f54f44aa17"
W20260709 12:16:33.132949 28403 leader_election.cc:343] T 231877ddef1f42f484104b7d55e5d282 P b03ee23132ff40f6932f36be76871526 [CANDIDATE]: Term 1 election: Tablet error from VoteRequest() call to peer f9f3b2beb5c9473d835e12f54f44aa17 (127.26.144.131:42623): Illegal state: must be running to vote when last-logged opid is not known
I20260709 12:16:33.133471 28328 leader_election.cc:304] T ac5860c9fccc4fefb612f8f8552c3c2c P 696836ec47964e5c8e3aa4ec40944442 [CANDIDATE]: Term 1 election: Election decided. Result: candidate won. Election summary: received 3 responses out of 3 voters: 2 yes votes; 1 no votes. yes voters: 696836ec47964e5c8e3aa4ec40944442, f9f3b2beb5c9473d835e12f54f44aa17; no voters: b03ee23132ff40f6932f36be76871526
I20260709 12:16:33.133942 28755 consensus_queue.cc:1048] T 4b2781dd1b79492ba4e9a2ef5ef115a1 P b03ee23132ff40f6932f36be76871526 [LEADER]: Connected to new peer: Peer: permanent_uuid: "f9f3b2beb5c9473d835e12f54f44aa17" member_type: VOTER last_known_addr { host: "127.26.144.131" port: 42623 }, Status: LMP_MISMATCH, Last received: 0.0, Next index: 1, Last known committed idx: 0, Time since last communication: 0.000s
I20260709 12:16:33.134505 28696 consensus_queue.cc:1048] T f779a80304ea45d88736a7a81413a4ff P 696836ec47964e5c8e3aa4ec40944442 [LEADER]: Connected to new peer: Peer: permanent_uuid: "f9f3b2beb5c9473d835e12f54f44aa17" member_type: VOTER last_known_addr { host: "127.26.144.131" port: 42623 }, Status: LMP_MISMATCH, Last received: 0.0, Next index: 1, Last known committed idx: 0, Time since last communication: 0.000s
I20260709 12:16:33.123224 28506 tablet_service.cc:1917] Received RequestConsensusVote() RPC: tablet_id: "f779a80304ea45d88736a7a81413a4ff" candidate_uuid: "b03ee23132ff40f6932f36be76871526" candidate_term: 1 candidate_status { last_received { term: 0 index: 0 } } ignore_live_leader: false dest_uuid: "f9f3b2beb5c9473d835e12f54f44aa17" is_pre_election: true
I20260709 12:16:33.124128 28749 leader_election.cc:290] T 231877ddef1f42f484104b7d55e5d282 P b03ee23132ff40f6932f36be76871526 [CANDIDATE]: Term 1 election: Requested vote from peers 696836ec47964e5c8e3aa4ec40944442 (127.26.144.129:40153), f9f3b2beb5c9473d835e12f54f44aa17 (127.26.144.131:42623)
I20260709 12:16:33.135874 28506 raft_consensus.cc:2393] T f779a80304ea45d88736a7a81413a4ff P f9f3b2beb5c9473d835e12f54f44aa17 [term 1 FOLLOWER]: Leader pre-election vote request: Denying vote to candidate b03ee23132ff40f6932f36be76871526 in current term 1: Already voted for candidate 696836ec47964e5c8e3aa4ec40944442 in this term.
I20260709 12:16:33.125681 28553 tablet_bootstrap.cc:492] T 231877ddef1f42f484104b7d55e5d282 P f9f3b2beb5c9473d835e12f54f44aa17: No bootstrap required, opened a new log
I20260709 12:16:33.136780 28553 ts_tablet_manager.cc:1403] T 231877ddef1f42f484104b7d55e5d282 P f9f3b2beb5c9473d835e12f54f44aa17: Time spent bootstrapping tablet: real 0.039s	user 0.009s	sys 0.001s
I20260709 12:16:33.136855 28403 leader_election.cc:304] T f779a80304ea45d88736a7a81413a4ff P b03ee23132ff40f6932f36be76871526 [CANDIDATE]: Term 1 pre-election: Election decided. Result: candidate lost. Election summary: received 3 responses out of 3 voters: 1 yes votes; 2 no votes. yes voters: b03ee23132ff40f6932f36be76871526; no voters: 696836ec47964e5c8e3aa4ec40944442, f9f3b2beb5c9473d835e12f54f44aa17
I20260709 12:16:33.138077 28749 raft_consensus.cc:3060] T f779a80304ea45d88736a7a81413a4ff P b03ee23132ff40f6932f36be76871526 [term 0 FOLLOWER]: Advancing to term 1
I20260709 12:16:33.138355 28555 tablet_bootstrap.cc:492] T 02a0b8657d614c51a453677d5f2f4f4e P b03ee23132ff40f6932f36be76871526: No bootstrap required, opened a new log
W20260709 12:16:33.126883 28309 auto_rebalancer.cc:288] Could not retrieve cluster info: Service unavailable: Tablet not running
I20260709 12:16:33.138810 28555 ts_tablet_manager.cc:1403] T 02a0b8657d614c51a453677d5f2f4f4e P b03ee23132ff40f6932f36be76871526: Time spent bootstrapping tablet: real 0.111s	user 0.024s	sys 0.031s
I20260709 12:16:33.139415 28553 raft_consensus.cc:359] T 231877ddef1f42f484104b7d55e5d282 P f9f3b2beb5c9473d835e12f54f44aa17 [term 0 FOLLOWER]: Replica starting. Triggering 0 pending ops. Active config: opid_index: -1 OBSOLETE_local: false peers { permanent_uuid: "696836ec47964e5c8e3aa4ec40944442" member_type: VOTER last_known_addr { host: "127.26.144.129" port: 40153 } } peers { permanent_uuid: "b03ee23132ff40f6932f36be76871526" member_type: VOTER last_known_addr { host: "127.26.144.130" port: 44523 } } peers { permanent_uuid: "f9f3b2beb5c9473d835e12f54f44aa17" member_type: VOTER last_known_addr { host: "127.26.144.131" port: 42623 } }
I20260709 12:16:33.140074 28553 raft_consensus.cc:385] T 231877ddef1f42f484104b7d55e5d282 P f9f3b2beb5c9473d835e12f54f44aa17 [term 0 FOLLOWER]: Consensus starting up: Expiring failure detector timer to make a prompt election more likely
I20260709 12:16:33.127789 28554 tablet_bootstrap.cc:654] T 0b745aa4d70d409f8eb22859589a1b09 P 696836ec47964e5c8e3aa4ec40944442: Neither blocks nor log segments found. Creating new log.
I20260709 12:16:33.135180 28810 raft_consensus.cc:2804] T ac5860c9fccc4fefb612f8f8552c3c2c P 696836ec47964e5c8e3aa4ec40944442 [term 1 FOLLOWER]: Leader election won for term 1
I20260709 12:16:33.141675 28810 raft_consensus.cc:697] T ac5860c9fccc4fefb612f8f8552c3c2c P 696836ec47964e5c8e3aa4ec40944442 [term 1 LEADER]: Becoming Leader. State: Replica: 696836ec47964e5c8e3aa4ec40944442, State: Running, Role: LEADER
I20260709 12:16:33.141582 28555 raft_consensus.cc:359] T 02a0b8657d614c51a453677d5f2f4f4e P b03ee23132ff40f6932f36be76871526 [term 0 FOLLOWER]: Replica starting. Triggering 0 pending ops. Active config: opid_index: -1 OBSOLETE_local: false peers { permanent_uuid: "696836ec47964e5c8e3aa4ec40944442" member_type: VOTER last_known_addr { host: "127.26.144.129" port: 40153 } } peers { permanent_uuid: "b03ee23132ff40f6932f36be76871526" member_type: VOTER last_known_addr { host: "127.26.144.130" port: 44523 } } peers { permanent_uuid: "f9f3b2beb5c9473d835e12f54f44aa17" member_type: VOTER last_known_addr { host: "127.26.144.131" port: 42623 } }
I20260709 12:16:33.142872 28555 raft_consensus.cc:385] T 02a0b8657d614c51a453677d5f2f4f4e P b03ee23132ff40f6932f36be76871526 [term 0 FOLLOWER]: Consensus starting up: Expiring failure detector timer to make a prompt election more likely
I20260709 12:16:33.142603 28810 consensus_queue.cc:237] T ac5860c9fccc4fefb612f8f8552c3c2c P 696836ec47964e5c8e3aa4ec40944442 [LEADER]: Queue going to LEADER mode. State: All replicated index: 0, Majority replicated index: 0, Committed index: 0, Last appended: 0.0, Last appended by leader: 0, Current term: 1, Majority size: 2, State: 0, Mode: LEADER, active raft config: opid_index: -1 OBSOLETE_local: false peers { permanent_uuid: "696836ec47964e5c8e3aa4ec40944442" member_type: VOTER last_known_addr { host: "127.26.144.129" port: 40153 } } peers { permanent_uuid: "b03ee23132ff40f6932f36be76871526" member_type: VOTER last_known_addr { host: "127.26.144.130" port: 44523 } } peers { permanent_uuid: "f9f3b2beb5c9473d835e12f54f44aa17" member_type: VOTER last_known_addr { host: "127.26.144.131" port: 42623 } }
I20260709 12:16:33.140374 28553 raft_consensus.cc:740] T 231877ddef1f42f484104b7d55e5d282 P f9f3b2beb5c9473d835e12f54f44aa17 [term 0 FOLLOWER]: Becoming Follower/Learner. State: Replica: f9f3b2beb5c9473d835e12f54f44aa17, State: Initialized, Role: FOLLOWER
I20260709 12:16:33.146638 28553 consensus_queue.cc:260] T 231877ddef1f42f484104b7d55e5d282 P f9f3b2beb5c9473d835e12f54f44aa17 [NON_LEADER]: Queue going to NON_LEADER mode. State: All replicated index: 0, Majority replicated index: 0, Committed index: 0, Last appended: 0.0, Last appended by leader: 0, Current term: 0, Majority size: -1, State: 0, Mode: NON_LEADER, active raft config: opid_index: -1 OBSOLETE_local: false peers { permanent_uuid: "696836ec47964e5c8e3aa4ec40944442" member_type: VOTER last_known_addr { host: "127.26.144.129" port: 40153 } } peers { permanent_uuid: "b03ee23132ff40f6932f36be76871526" member_type: VOTER last_known_addr { host: "127.26.144.130" port: 44523 } } peers { permanent_uuid: "f9f3b2beb5c9473d835e12f54f44aa17" member_type: VOTER last_known_addr { host: "127.26.144.131" port: 42623 } }
I20260709 12:16:33.148370 28749 raft_consensus.cc:2749] T f779a80304ea45d88736a7a81413a4ff P b03ee23132ff40f6932f36be76871526 [term 1 FOLLOWER]: Leader pre-election lost for term 1. Reason: could not achieve majority
I20260709 12:16:33.140977 28507 raft_consensus.cc:2468] T 12ecbc25d5444072a0cfe00b8f20a575 P f9f3b2beb5c9473d835e12f54f44aa17 [term 1 FOLLOWER]: Leader election vote request: Granting yes vote for candidate 696836ec47964e5c8e3aa4ec40944442 in term 1.
I20260709 12:16:33.143144 28555 raft_consensus.cc:740] T 02a0b8657d614c51a453677d5f2f4f4e P b03ee23132ff40f6932f36be76871526 [term 0 FOLLOWER]: Becoming Follower/Learner. State: Replica: b03ee23132ff40f6932f36be76871526, State: Initialized, Role: FOLLOWER
I20260709 12:16:33.149845 28555 consensus_queue.cc:260] T 02a0b8657d614c51a453677d5f2f4f4e P b03ee23132ff40f6932f36be76871526 [NON_LEADER]: Queue going to NON_LEADER mode. State: All replicated index: 0, Majority replicated index: 0, Committed index: 0, Last appended: 0.0, Last appended by leader: 0, Current term: 0, Majority size: -1, State: 0, Mode: NON_LEADER, active raft config: opid_index: -1 OBSOLETE_local: false peers { permanent_uuid: "696836ec47964e5c8e3aa4ec40944442" member_type: VOTER last_known_addr { host: "127.26.144.129" port: 40153 } } peers { permanent_uuid: "b03ee23132ff40f6932f36be76871526" member_type: VOTER last_known_addr { host: "127.26.144.130" port: 44523 } } peers { permanent_uuid: "f9f3b2beb5c9473d835e12f54f44aa17" member_type: VOTER last_known_addr { host: "127.26.144.131" port: 42623 } }
I20260709 12:16:33.151648 28553 ts_tablet_manager.cc:1434] T 231877ddef1f42f484104b7d55e5d282 P f9f3b2beb5c9473d835e12f54f44aa17: Time spent starting tablet: real 0.015s	user 0.008s	sys 0.000s
I20260709 12:16:33.159097 28555 ts_tablet_manager.cc:1434] T 02a0b8657d614c51a453677d5f2f4f4e P b03ee23132ff40f6932f36be76871526: Time spent starting tablet: real 0.020s	user 0.006s	sys 0.000s
I20260709 12:16:33.160900 28328 leader_election.cc:304] T 12ecbc25d5444072a0cfe00b8f20a575 P 696836ec47964e5c8e3aa4ec40944442 [CANDIDATE]: Term 1 election: Election decided. Result: candidate won. Election summary: received 3 responses out of 3 voters: 2 yes votes; 1 no votes. yes voters: 696836ec47964e5c8e3aa4ec40944442, f9f3b2beb5c9473d835e12f54f44aa17; no voters: b03ee23132ff40f6932f36be76871526
I20260709 12:16:33.163702 28559 consensus_queue.cc:1048] T f779a80304ea45d88736a7a81413a4ff P 696836ec47964e5c8e3aa4ec40944442 [LEADER]: Connected to new peer: Peer: permanent_uuid: "b03ee23132ff40f6932f36be76871526" member_type: VOTER last_known_addr { host: "127.26.144.130" port: 44523 }, Status: LMP_MISMATCH, Last received: 0.0, Next index: 1, Last known committed idx: 0, Time since last communication: 0.000s
I20260709 12:16:33.164439 28734 raft_consensus.cc:2804] T 12ecbc25d5444072a0cfe00b8f20a575 P 696836ec47964e5c8e3aa4ec40944442 [term 1 FOLLOWER]: Leader election won for term 1
I20260709 12:16:33.165185 28734 raft_consensus.cc:697] T 12ecbc25d5444072a0cfe00b8f20a575 P 696836ec47964e5c8e3aa4ec40944442 [term 1 LEADER]: Becoming Leader. State: Replica: 696836ec47964e5c8e3aa4ec40944442, State: Running, Role: LEADER
I20260709 12:16:33.165918 28555 tablet_bootstrap.cc:492] T ac5860c9fccc4fefb612f8f8552c3c2c P b03ee23132ff40f6932f36be76871526: Bootstrap starting.
I20260709 12:16:33.166392 28553 tablet_bootstrap.cc:492] T 3bfa8139108e49e9ae3a8d42d8548f80 P f9f3b2beb5c9473d835e12f54f44aa17: Bootstrap starting.
I20260709 12:16:33.166077 28734 consensus_queue.cc:237] T 12ecbc25d5444072a0cfe00b8f20a575 P 696836ec47964e5c8e3aa4ec40944442 [LEADER]: Queue going to LEADER mode. State: All replicated index: 0, Majority replicated index: 0, Committed index: 0, Last appended: 0.0, Last appended by leader: 0, Current term: 1, Majority size: 2, State: 0, Mode: LEADER, active raft config: opid_index: -1 OBSOLETE_local: false peers { permanent_uuid: "696836ec47964e5c8e3aa4ec40944442" member_type: VOTER last_known_addr { host: "127.26.144.129" port: 40153 } } peers { permanent_uuid: "b03ee23132ff40f6932f36be76871526" member_type: VOTER last_known_addr { host: "127.26.144.130" port: 44523 } } peers { permanent_uuid: "f9f3b2beb5c9473d835e12f54f44aa17" member_type: VOTER last_known_addr { host: "127.26.144.131" port: 42623 } }
I20260709 12:16:33.173239 28555 tablet_bootstrap.cc:654] T ac5860c9fccc4fefb612f8f8552c3c2c P b03ee23132ff40f6932f36be76871526: Neither blocks nor log segments found. Creating new log.
I20260709 12:16:33.195344 28259 catalog_manager.cc:5697] T ac5860c9fccc4fefb612f8f8552c3c2c P 696836ec47964e5c8e3aa4ec40944442 reported cstate change: term changed from 0 to 1, leader changed from <none> to 696836ec47964e5c8e3aa4ec40944442 (127.26.144.129). New cstate: current_term: 1 leader_uuid: "696836ec47964e5c8e3aa4ec40944442" committed_config { opid_index: -1 OBSOLETE_local: false peers { permanent_uuid: "696836ec47964e5c8e3aa4ec40944442" member_type: VOTER last_known_addr { host: "127.26.144.129" port: 40153 } health_report { overall_health: HEALTHY } } peers { permanent_uuid: "b03ee23132ff40f6932f36be76871526" member_type: VOTER last_known_addr { host: "127.26.144.130" port: 44523 } health_report { overall_health: UNKNOWN } } peers { permanent_uuid: "f9f3b2beb5c9473d835e12f54f44aa17" member_type: VOTER last_known_addr { host: "127.26.144.131" port: 42623 } health_report { overall_health: UNKNOWN } } }
I20260709 12:16:33.197136 28553 tablet_bootstrap.cc:654] T 3bfa8139108e49e9ae3a8d42d8548f80 P f9f3b2beb5c9473d835e12f54f44aa17: Neither blocks nor log segments found. Creating new log.
I20260709 12:16:33.202328 28555 tablet_bootstrap.cc:492] T ac5860c9fccc4fefb612f8f8552c3c2c P b03ee23132ff40f6932f36be76871526: No bootstrap required, opened a new log
I20260709 12:16:33.203591 28555 ts_tablet_manager.cc:1403] T ac5860c9fccc4fefb612f8f8552c3c2c P b03ee23132ff40f6932f36be76871526: Time spent bootstrapping tablet: real 0.038s	user 0.008s	sys 0.008s
I20260709 12:16:33.206223 28555 raft_consensus.cc:359] T ac5860c9fccc4fefb612f8f8552c3c2c P b03ee23132ff40f6932f36be76871526 [term 0 FOLLOWER]: Replica starting. Triggering 0 pending ops. Active config: opid_index: -1 OBSOLETE_local: false peers { permanent_uuid: "696836ec47964e5c8e3aa4ec40944442" member_type: VOTER last_known_addr { host: "127.26.144.129" port: 40153 } } peers { permanent_uuid: "b03ee23132ff40f6932f36be76871526" member_type: VOTER last_known_addr { host: "127.26.144.130" port: 44523 } } peers { permanent_uuid: "f9f3b2beb5c9473d835e12f54f44aa17" member_type: VOTER last_known_addr { host: "127.26.144.131" port: 42623 } }
I20260709 12:16:33.206933 28555 raft_consensus.cc:385] T ac5860c9fccc4fefb612f8f8552c3c2c P b03ee23132ff40f6932f36be76871526 [term 0 FOLLOWER]: Consensus starting up: Expiring failure detector timer to make a prompt election more likely
I20260709 12:16:33.207185 28555 raft_consensus.cc:740] T ac5860c9fccc4fefb612f8f8552c3c2c P b03ee23132ff40f6932f36be76871526 [term 0 FOLLOWER]: Becoming Follower/Learner. State: Replica: b03ee23132ff40f6932f36be76871526, State: Initialized, Role: FOLLOWER
I20260709 12:16:33.207939 28555 consensus_queue.cc:260] T ac5860c9fccc4fefb612f8f8552c3c2c P b03ee23132ff40f6932f36be76871526 [NON_LEADER]: Queue going to NON_LEADER mode. State: All replicated index: 0, Majority replicated index: 0, Committed index: 0, Last appended: 0.0, Last appended by leader: 0, Current term: 0, Majority size: -1, State: 0, Mode: NON_LEADER, active raft config: opid_index: -1 OBSOLETE_local: false peers { permanent_uuid: "696836ec47964e5c8e3aa4ec40944442" member_type: VOTER last_known_addr { host: "127.26.144.129" port: 40153 } } peers { permanent_uuid: "b03ee23132ff40f6932f36be76871526" member_type: VOTER last_known_addr { host: "127.26.144.130" port: 44523 } } peers { permanent_uuid: "f9f3b2beb5c9473d835e12f54f44aa17" member_type: VOTER last_known_addr { host: "127.26.144.131" port: 42623 } }
I20260709 12:16:33.212647 28824 raft_consensus.cc:493] T 231877ddef1f42f484104b7d55e5d282 P f9f3b2beb5c9473d835e12f54f44aa17 [term 0 FOLLOWER]: Starting pre-election (no leader contacted us within the election timeout)
I20260709 12:16:33.210281 28555 ts_tablet_manager.cc:1434] T ac5860c9fccc4fefb612f8f8552c3c2c P b03ee23132ff40f6932f36be76871526: Time spent starting tablet: real 0.006s	user 0.005s	sys 0.000s
I20260709 12:16:33.213155 28824 raft_consensus.cc:515] T 231877ddef1f42f484104b7d55e5d282 P f9f3b2beb5c9473d835e12f54f44aa17 [term 0 FOLLOWER]: Starting pre-election with config: opid_index: -1 OBSOLETE_local: false peers { permanent_uuid: "696836ec47964e5c8e3aa4ec40944442" member_type: VOTER last_known_addr { host: "127.26.144.129" port: 40153 } } peers { permanent_uuid: "b03ee23132ff40f6932f36be76871526" member_type: VOTER last_known_addr { host: "127.26.144.130" port: 44523 } } peers { permanent_uuid: "f9f3b2beb5c9473d835e12f54f44aa17" member_type: VOTER last_known_addr { host: "127.26.144.131" port: 42623 } }
I20260709 12:16:33.214486 28555 tablet_bootstrap.cc:492] T 0b745aa4d70d409f8eb22859589a1b09 P b03ee23132ff40f6932f36be76871526: Bootstrap starting.
I20260709 12:16:33.215354 28824 leader_election.cc:290] T 231877ddef1f42f484104b7d55e5d282 P f9f3b2beb5c9473d835e12f54f44aa17 [CANDIDATE]: Term 1 pre-election: Requested pre-vote from peers 696836ec47964e5c8e3aa4ec40944442 (127.26.144.129:40153), b03ee23132ff40f6932f36be76871526 (127.26.144.130:44523)
I20260709 12:16:33.223299 28362 tablet_service.cc:1917] Received RequestConsensusVote() RPC: tablet_id: "231877ddef1f42f484104b7d55e5d282" candidate_uuid: "f9f3b2beb5c9473d835e12f54f44aa17" candidate_term: 1 candidate_status { last_received { term: 0 index: 0 } } ignore_live_leader: false dest_uuid: "696836ec47964e5c8e3aa4ec40944442" is_pre_election: true
I20260709 12:16:33.224153 28362 raft_consensus.cc:2393] T 231877ddef1f42f484104b7d55e5d282 P 696836ec47964e5c8e3aa4ec40944442 [term 1 FOLLOWER]: Leader pre-election vote request: Denying vote to candidate f9f3b2beb5c9473d835e12f54f44aa17 in current term 1: Already voted for candidate b03ee23132ff40f6932f36be76871526 in this term.
I20260709 12:16:33.229753 28438 tablet_service.cc:1917] Received RequestConsensusVote() RPC: tablet_id: "231877ddef1f42f484104b7d55e5d282" candidate_uuid: "f9f3b2beb5c9473d835e12f54f44aa17" candidate_term: 1 candidate_status { last_received { term: 0 index: 0 } } ignore_live_leader: false dest_uuid: "b03ee23132ff40f6932f36be76871526" is_pre_election: true
I20260709 12:16:33.238533 28479 leader_election.cc:304] T 231877ddef1f42f484104b7d55e5d282 P f9f3b2beb5c9473d835e12f54f44aa17 [CANDIDATE]: Term 1 pre-election: Election decided. Result: candidate lost. Election summary: received 3 responses out of 3 voters: 1 yes votes; 2 no votes. yes voters: f9f3b2beb5c9473d835e12f54f44aa17; no voters: 696836ec47964e5c8e3aa4ec40944442, b03ee23132ff40f6932f36be76871526
I20260709 12:16:33.238656 28258 catalog_manager.cc:5697] T 12ecbc25d5444072a0cfe00b8f20a575 P 696836ec47964e5c8e3aa4ec40944442 reported cstate change: term changed from 0 to 1, leader changed from <none> to 696836ec47964e5c8e3aa4ec40944442 (127.26.144.129). New cstate: current_term: 1 leader_uuid: "696836ec47964e5c8e3aa4ec40944442" committed_config { opid_index: -1 OBSOLETE_local: false peers { permanent_uuid: "696836ec47964e5c8e3aa4ec40944442" member_type: VOTER last_known_addr { host: "127.26.144.129" port: 40153 } health_report { overall_health: HEALTHY } } peers { permanent_uuid: "b03ee23132ff40f6932f36be76871526" member_type: VOTER last_known_addr { host: "127.26.144.130" port: 44523 } health_report { overall_health: UNKNOWN } } peers { permanent_uuid: "f9f3b2beb5c9473d835e12f54f44aa17" member_type: VOTER last_known_addr { host: "127.26.144.131" port: 42623 } health_report { overall_health: UNKNOWN } } }
I20260709 12:16:33.240881 28611 raft_consensus.cc:3060] T 231877ddef1f42f484104b7d55e5d282 P f9f3b2beb5c9473d835e12f54f44aa17 [term 0 FOLLOWER]: Advancing to term 1
I20260709 12:16:33.246402 28611 raft_consensus.cc:2749] T 231877ddef1f42f484104b7d55e5d282 P f9f3b2beb5c9473d835e12f54f44aa17 [term 1 FOLLOWER]: Leader pre-election lost for term 1. Reason: could not achieve majority
I20260709 12:16:33.254588 28555 tablet_bootstrap.cc:654] T 0b745aa4d70d409f8eb22859589a1b09 P b03ee23132ff40f6932f36be76871526: Neither blocks nor log segments found. Creating new log.
I20260709 12:16:33.257539 28554 tablet_bootstrap.cc:492] T 0b745aa4d70d409f8eb22859589a1b09 P 696836ec47964e5c8e3aa4ec40944442: No bootstrap required, opened a new log
I20260709 12:16:33.258090 28554 ts_tablet_manager.cc:1403] T 0b745aa4d70d409f8eb22859589a1b09 P 696836ec47964e5c8e3aa4ec40944442: Time spent bootstrapping tablet: real 0.191s	user 0.016s	sys 0.012s
I20260709 12:16:33.260726 28554 raft_consensus.cc:359] T 0b745aa4d70d409f8eb22859589a1b09 P 696836ec47964e5c8e3aa4ec40944442 [term 0 FOLLOWER]: Replica starting. Triggering 0 pending ops. Active config: opid_index: -1 OBSOLETE_local: false peers { permanent_uuid: "696836ec47964e5c8e3aa4ec40944442" member_type: VOTER last_known_addr { host: "127.26.144.129" port: 40153 } } peers { permanent_uuid: "b03ee23132ff40f6932f36be76871526" member_type: VOTER last_known_addr { host: "127.26.144.130" port: 44523 } } peers { permanent_uuid: "f9f3b2beb5c9473d835e12f54f44aa17" member_type: VOTER last_known_addr { host: "127.26.144.131" port: 42623 } }
I20260709 12:16:33.261385 28554 raft_consensus.cc:385] T 0b745aa4d70d409f8eb22859589a1b09 P 696836ec47964e5c8e3aa4ec40944442 [term 0 FOLLOWER]: Consensus starting up: Expiring failure detector timer to make a prompt election more likely
I20260709 12:16:33.261497 28762 raft_consensus.cc:493] T 36a59862d7bc4fac8a571259f2029073 P 696836ec47964e5c8e3aa4ec40944442 [term 0 FOLLOWER]: Starting pre-election (no leader contacted us within the election timeout)
I20260709 12:16:33.261672 28554 raft_consensus.cc:740] T 0b745aa4d70d409f8eb22859589a1b09 P 696836ec47964e5c8e3aa4ec40944442 [term 0 FOLLOWER]: Becoming Follower/Learner. State: Replica: 696836ec47964e5c8e3aa4ec40944442, State: Initialized, Role: FOLLOWER
I20260709 12:16:33.262032 28762 raft_consensus.cc:515] T 36a59862d7bc4fac8a571259f2029073 P 696836ec47964e5c8e3aa4ec40944442 [term 0 FOLLOWER]: Starting pre-election with config: opid_index: -1 OBSOLETE_local: false peers { permanent_uuid: "696836ec47964e5c8e3aa4ec40944442" member_type: VOTER last_known_addr { host: "127.26.144.129" port: 40153 } } peers { permanent_uuid: "b03ee23132ff40f6932f36be76871526" member_type: VOTER last_known_addr { host: "127.26.144.130" port: 44523 } } peers { permanent_uuid: "f9f3b2beb5c9473d835e12f54f44aa17" member_type: VOTER last_known_addr { host: "127.26.144.131" port: 42623 } }
I20260709 12:16:33.262362 28554 consensus_queue.cc:260] T 0b745aa4d70d409f8eb22859589a1b09 P 696836ec47964e5c8e3aa4ec40944442 [NON_LEADER]: Queue going to NON_LEADER mode. State: All replicated index: 0, Majority replicated index: 0, Committed index: 0, Last appended: 0.0, Last appended by leader: 0, Current term: 0, Majority size: -1, State: 0, Mode: NON_LEADER, active raft config: opid_index: -1 OBSOLETE_local: false peers { permanent_uuid: "696836ec47964e5c8e3aa4ec40944442" member_type: VOTER last_known_addr { host: "127.26.144.129" port: 40153 } } peers { permanent_uuid: "b03ee23132ff40f6932f36be76871526" member_type: VOTER last_known_addr { host: "127.26.144.130" port: 44523 } } peers { permanent_uuid: "f9f3b2beb5c9473d835e12f54f44aa17" member_type: VOTER last_known_addr { host: "127.26.144.131" port: 42623 } }
I20260709 12:16:33.264456 28762 leader_election.cc:290] T 36a59862d7bc4fac8a571259f2029073 P 696836ec47964e5c8e3aa4ec40944442 [CANDIDATE]: Term 1 pre-election: Requested pre-vote from peers b03ee23132ff40f6932f36be76871526 (127.26.144.130:44523), f9f3b2beb5c9473d835e12f54f44aa17 (127.26.144.131:42623)
I20260709 12:16:33.265070 28554 ts_tablet_manager.cc:1434] T 0b745aa4d70d409f8eb22859589a1b09 P 696836ec47964e5c8e3aa4ec40944442: Time spent starting tablet: real 0.007s	user 0.002s	sys 0.003s
I20260709 12:16:33.266120 28554 tablet_bootstrap.cc:492] T b1c38cb6d4c84ec59c07831395b66a02 P 696836ec47964e5c8e3aa4ec40944442: Bootstrap starting.
I20260709 12:16:33.265990 28436 tablet_service.cc:1917] Received RequestConsensusVote() RPC: tablet_id: "36a59862d7bc4fac8a571259f2029073" candidate_uuid: "696836ec47964e5c8e3aa4ec40944442" candidate_term: 1 candidate_status { last_received { term: 0 index: 0 } } ignore_live_leader: false dest_uuid: "b03ee23132ff40f6932f36be76871526" is_pre_election: true
W20260709 12:16:33.267387 28329 leader_election.cc:343] T 36a59862d7bc4fac8a571259f2029073 P 696836ec47964e5c8e3aa4ec40944442 [CANDIDATE]: Term 1 pre-election: Tablet error from VoteRequest() call to peer b03ee23132ff40f6932f36be76871526 (127.26.144.130:44523): Illegal state: must be running to vote when last-logged opid is not known
I20260709 12:16:33.265971 28506 tablet_service.cc:1917] Received RequestConsensusVote() RPC: tablet_id: "36a59862d7bc4fac8a571259f2029073" candidate_uuid: "696836ec47964e5c8e3aa4ec40944442" candidate_term: 1 candidate_status { last_received { term: 0 index: 0 } } ignore_live_leader: false dest_uuid: "f9f3b2beb5c9473d835e12f54f44aa17" is_pre_election: true
W20260709 12:16:33.268821 28328 leader_election.cc:343] T 36a59862d7bc4fac8a571259f2029073 P 696836ec47964e5c8e3aa4ec40944442 [CANDIDATE]: Term 1 pre-election: Tablet error from VoteRequest() call to peer f9f3b2beb5c9473d835e12f54f44aa17 (127.26.144.131:42623): Illegal state: must be running to vote when last-logged opid is not known
I20260709 12:16:33.269218 28328 leader_election.cc:304] T 36a59862d7bc4fac8a571259f2029073 P 696836ec47964e5c8e3aa4ec40944442 [CANDIDATE]: Term 1 pre-election: Election decided. Result: candidate lost. Election summary: received 3 responses out of 3 voters: 1 yes votes; 2 no votes. yes voters: 696836ec47964e5c8e3aa4ec40944442; no voters: b03ee23132ff40f6932f36be76871526, f9f3b2beb5c9473d835e12f54f44aa17
I20260709 12:16:33.270219 28762 raft_consensus.cc:2749] T 36a59862d7bc4fac8a571259f2029073 P 696836ec47964e5c8e3aa4ec40944442 [term 0 FOLLOWER]: Leader pre-election lost for term 1. Reason: could not achieve majority
I20260709 12:16:33.280392 28554 tablet_bootstrap.cc:654] T b1c38cb6d4c84ec59c07831395b66a02 P 696836ec47964e5c8e3aa4ec40944442: Neither blocks nor log segments found. Creating new log.
I20260709 12:16:33.287691 28554 tablet_bootstrap.cc:492] T b1c38cb6d4c84ec59c07831395b66a02 P 696836ec47964e5c8e3aa4ec40944442: No bootstrap required, opened a new log
I20260709 12:16:33.288157 28554 ts_tablet_manager.cc:1403] T b1c38cb6d4c84ec59c07831395b66a02 P 696836ec47964e5c8e3aa4ec40944442: Time spent bootstrapping tablet: real 0.022s	user 0.009s	sys 0.003s
I20260709 12:16:33.290709 28554 raft_consensus.cc:359] T b1c38cb6d4c84ec59c07831395b66a02 P 696836ec47964e5c8e3aa4ec40944442 [term 0 FOLLOWER]: Replica starting. Triggering 0 pending ops. Active config: opid_index: -1 OBSOLETE_local: false peers { permanent_uuid: "696836ec47964e5c8e3aa4ec40944442" member_type: VOTER last_known_addr { host: "127.26.144.129" port: 40153 } } peers { permanent_uuid: "b03ee23132ff40f6932f36be76871526" member_type: VOTER last_known_addr { host: "127.26.144.130" port: 44523 } } peers { permanent_uuid: "f9f3b2beb5c9473d835e12f54f44aa17" member_type: VOTER last_known_addr { host: "127.26.144.131" port: 42623 } }
I20260709 12:16:33.291405 28554 raft_consensus.cc:385] T b1c38cb6d4c84ec59c07831395b66a02 P 696836ec47964e5c8e3aa4ec40944442 [term 0 FOLLOWER]: Consensus starting up: Expiring failure detector timer to make a prompt election more likely
I20260709 12:16:33.291706 28554 raft_consensus.cc:740] T b1c38cb6d4c84ec59c07831395b66a02 P 696836ec47964e5c8e3aa4ec40944442 [term 0 FOLLOWER]: Becoming Follower/Learner. State: Replica: 696836ec47964e5c8e3aa4ec40944442, State: Initialized, Role: FOLLOWER
I20260709 12:16:33.292302 28554 consensus_queue.cc:260] T b1c38cb6d4c84ec59c07831395b66a02 P 696836ec47964e5c8e3aa4ec40944442 [NON_LEADER]: Queue going to NON_LEADER mode. State: All replicated index: 0, Majority replicated index: 0, Committed index: 0, Last appended: 0.0, Last appended by leader: 0, Current term: 0, Majority size: -1, State: 0, Mode: NON_LEADER, active raft config: opid_index: -1 OBSOLETE_local: false peers { permanent_uuid: "696836ec47964e5c8e3aa4ec40944442" member_type: VOTER last_known_addr { host: "127.26.144.129" port: 40153 } } peers { permanent_uuid: "b03ee23132ff40f6932f36be76871526" member_type: VOTER last_known_addr { host: "127.26.144.130" port: 44523 } } peers { permanent_uuid: "f9f3b2beb5c9473d835e12f54f44aa17" member_type: VOTER last_known_addr { host: "127.26.144.131" port: 42623 } }
I20260709 12:16:33.294771 28554 ts_tablet_manager.cc:1434] T b1c38cb6d4c84ec59c07831395b66a02 P 696836ec47964e5c8e3aa4ec40944442: Time spent starting tablet: real 0.006s	user 0.000s	sys 0.004s
I20260709 12:16:33.295984 28554 tablet_bootstrap.cc:492] T 659ae042f4334c9ea495177035c9379f P 696836ec47964e5c8e3aa4ec40944442: Bootstrap starting.
I20260709 12:16:33.301729 28554 tablet_bootstrap.cc:654] T 659ae042f4334c9ea495177035c9379f P 696836ec47964e5c8e3aa4ec40944442: Neither blocks nor log segments found. Creating new log.
I20260709 12:16:33.307775 28755 raft_consensus.cc:493] T 02a0b8657d614c51a453677d5f2f4f4e P b03ee23132ff40f6932f36be76871526 [term 0 FOLLOWER]: Starting pre-election (no leader contacted us within the election timeout)
I20260709 12:16:33.308540 28755 raft_consensus.cc:515] T 02a0b8657d614c51a453677d5f2f4f4e P b03ee23132ff40f6932f36be76871526 [term 0 FOLLOWER]: Starting pre-election with config: opid_index: -1 OBSOLETE_local: false peers { permanent_uuid: "696836ec47964e5c8e3aa4ec40944442" member_type: VOTER last_known_addr { host: "127.26.144.129" port: 40153 } } peers { permanent_uuid: "b03ee23132ff40f6932f36be76871526" member_type: VOTER last_known_addr { host: "127.26.144.130" port: 44523 } } peers { permanent_uuid: "f9f3b2beb5c9473d835e12f54f44aa17" member_type: VOTER last_known_addr { host: "127.26.144.131" port: 42623 } }
I20260709 12:16:33.312659 28362 tablet_service.cc:1917] Received RequestConsensusVote() RPC: tablet_id: "02a0b8657d614c51a453677d5f2f4f4e" candidate_uuid: "b03ee23132ff40f6932f36be76871526" candidate_term: 1 candidate_status { last_received { term: 0 index: 0 } } ignore_live_leader: false dest_uuid: "696836ec47964e5c8e3aa4ec40944442" is_pre_election: true
I20260709 12:16:33.313813 28362 raft_consensus.cc:2393] T 02a0b8657d614c51a453677d5f2f4f4e P 696836ec47964e5c8e3aa4ec40944442 [term 1 FOLLOWER]: Leader pre-election vote request: Denying vote to candidate b03ee23132ff40f6932f36be76871526 in current term 1: Already voted for candidate f9f3b2beb5c9473d835e12f54f44aa17 in this term.
I20260709 12:16:33.326635 28507 tablet_service.cc:1917] Received RequestConsensusVote() RPC: tablet_id: "02a0b8657d614c51a453677d5f2f4f4e" candidate_uuid: "b03ee23132ff40f6932f36be76871526" candidate_term: 1 candidate_status { last_received { term: 0 index: 0 } } ignore_live_leader: false dest_uuid: "f9f3b2beb5c9473d835e12f54f44aa17" is_pre_election: true
I20260709 12:16:33.329778 28403 leader_election.cc:304] T 02a0b8657d614c51a453677d5f2f4f4e P b03ee23132ff40f6932f36be76871526 [CANDIDATE]: Term 1 pre-election: Election decided. Result: candidate lost. Election summary: received 3 responses out of 3 voters: 1 yes votes; 2 no votes. yes voters: b03ee23132ff40f6932f36be76871526; no voters: 696836ec47964e5c8e3aa4ec40944442, f9f3b2beb5c9473d835e12f54f44aa17
I20260709 12:16:33.334164 28749 raft_consensus.cc:3060] T 02a0b8657d614c51a453677d5f2f4f4e P b03ee23132ff40f6932f36be76871526 [term 0 FOLLOWER]: Advancing to term 1
I20260709 12:16:33.335392 28755 leader_election.cc:290] T 02a0b8657d614c51a453677d5f2f4f4e P b03ee23132ff40f6932f36be76871526 [CANDIDATE]: Term 1 pre-election: Requested pre-vote from peers 696836ec47964e5c8e3aa4ec40944442 (127.26.144.129:40153), f9f3b2beb5c9473d835e12f54f44aa17 (127.26.144.131:42623)
I20260709 12:16:33.339849 28553 tablet_bootstrap.cc:492] T 3bfa8139108e49e9ae3a8d42d8548f80 P f9f3b2beb5c9473d835e12f54f44aa17: No bootstrap required, opened a new log
I20260709 12:16:33.341528 28553 ts_tablet_manager.cc:1403] T 3bfa8139108e49e9ae3a8d42d8548f80 P f9f3b2beb5c9473d835e12f54f44aa17: Time spent bootstrapping tablet: real 0.175s	user 0.034s	sys 0.035s
I20260709 12:16:33.343895 28555 tablet_bootstrap.cc:492] T 0b745aa4d70d409f8eb22859589a1b09 P b03ee23132ff40f6932f36be76871526: No bootstrap required, opened a new log
I20260709 12:16:33.344038 28554 tablet_bootstrap.cc:492] T 659ae042f4334c9ea495177035c9379f P 696836ec47964e5c8e3aa4ec40944442: No bootstrap required, opened a new log
I20260709 12:16:33.343992 28553 raft_consensus.cc:359] T 3bfa8139108e49e9ae3a8d42d8548f80 P f9f3b2beb5c9473d835e12f54f44aa17 [term 0 FOLLOWER]: Replica starting. Triggering 0 pending ops. Active config: opid_index: -1 OBSOLETE_local: false peers { permanent_uuid: "696836ec47964e5c8e3aa4ec40944442" member_type: VOTER last_known_addr { host: "127.26.144.129" port: 40153 } } peers { permanent_uuid: "b03ee23132ff40f6932f36be76871526" member_type: VOTER last_known_addr { host: "127.26.144.130" port: 44523 } } peers { permanent_uuid: "f9f3b2beb5c9473d835e12f54f44aa17" member_type: VOTER last_known_addr { host: "127.26.144.131" port: 42623 } }
I20260709 12:16:33.344617 28554 ts_tablet_manager.cc:1403] T 659ae042f4334c9ea495177035c9379f P 696836ec47964e5c8e3aa4ec40944442: Time spent bootstrapping tablet: real 0.049s	user 0.017s	sys 0.028s
I20260709 12:16:33.344756 28553 raft_consensus.cc:385] T 3bfa8139108e49e9ae3a8d42d8548f80 P f9f3b2beb5c9473d835e12f54f44aa17 [term 0 FOLLOWER]: Consensus starting up: Expiring failure detector timer to make a prompt election more likely
I20260709 12:16:33.345132 28553 raft_consensus.cc:740] T 3bfa8139108e49e9ae3a8d42d8548f80 P f9f3b2beb5c9473d835e12f54f44aa17 [term 0 FOLLOWER]: Becoming Follower/Learner. State: Replica: f9f3b2beb5c9473d835e12f54f44aa17, State: Initialized, Role: FOLLOWER
I20260709 12:16:33.345132 28555 ts_tablet_manager.cc:1403] T 0b745aa4d70d409f8eb22859589a1b09 P b03ee23132ff40f6932f36be76871526: Time spent bootstrapping tablet: real 0.131s	user 0.015s	sys 0.021s
I20260709 12:16:33.345875 28553 consensus_queue.cc:260] T 3bfa8139108e49e9ae3a8d42d8548f80 P f9f3b2beb5c9473d835e12f54f44aa17 [NON_LEADER]: Queue going to NON_LEADER mode. State: All replicated index: 0, Majority replicated index: 0, Committed index: 0, Last appended: 0.0, Last appended by leader: 0, Current term: 0, Majority size: -1, State: 0, Mode: NON_LEADER, active raft config: opid_index: -1 OBSOLETE_local: false peers { permanent_uuid: "696836ec47964e5c8e3aa4ec40944442" member_type: VOTER last_known_addr { host: "127.26.144.129" port: 40153 } } peers { permanent_uuid: "b03ee23132ff40f6932f36be76871526" member_type: VOTER last_known_addr { host: "127.26.144.130" port: 44523 } } peers { permanent_uuid: "f9f3b2beb5c9473d835e12f54f44aa17" member_type: VOTER last_known_addr { host: "127.26.144.131" port: 42623 } }
I20260709 12:16:33.347345 28749 raft_consensus.cc:2749] T 02a0b8657d614c51a453677d5f2f4f4e P b03ee23132ff40f6932f36be76871526 [term 1 FOLLOWER]: Leader pre-election lost for term 1. Reason: could not achieve majority
I20260709 12:16:33.347287 28554 raft_consensus.cc:359] T 659ae042f4334c9ea495177035c9379f P 696836ec47964e5c8e3aa4ec40944442 [term 0 FOLLOWER]: Replica starting. Triggering 0 pending ops. Active config: opid_index: -1 OBSOLETE_local: false peers { permanent_uuid: "696836ec47964e5c8e3aa4ec40944442" member_type: VOTER last_known_addr { host: "127.26.144.129" port: 40153 } } peers { permanent_uuid: "b03ee23132ff40f6932f36be76871526" member_type: VOTER last_known_addr { host: "127.26.144.130" port: 44523 } } peers { permanent_uuid: "f9f3b2beb5c9473d835e12f54f44aa17" member_type: VOTER last_known_addr { host: "127.26.144.131" port: 42623 } }
I20260709 12:16:33.347960 28553 ts_tablet_manager.cc:1434] T 3bfa8139108e49e9ae3a8d42d8548f80 P f9f3b2beb5c9473d835e12f54f44aa17: Time spent starting tablet: real 0.006s	user 0.005s	sys 0.000s
I20260709 12:16:33.348074 28554 raft_consensus.cc:385] T 659ae042f4334c9ea495177035c9379f P 696836ec47964e5c8e3aa4ec40944442 [term 0 FOLLOWER]: Consensus starting up: Expiring failure detector timer to make a prompt election more likely
I20260709 12:16:33.348399 28554 raft_consensus.cc:740] T 659ae042f4334c9ea495177035c9379f P 696836ec47964e5c8e3aa4ec40944442 [term 0 FOLLOWER]: Becoming Follower/Learner. State: Replica: 696836ec47964e5c8e3aa4ec40944442, State: Initialized, Role: FOLLOWER
I20260709 12:16:33.349143 28553 tablet_bootstrap.cc:492] T b1c38cb6d4c84ec59c07831395b66a02 P f9f3b2beb5c9473d835e12f54f44aa17: Bootstrap starting.
I20260709 12:16:33.349026 28554 consensus_queue.cc:260] T 659ae042f4334c9ea495177035c9379f P 696836ec47964e5c8e3aa4ec40944442 [NON_LEADER]: Queue going to NON_LEADER mode. State: All replicated index: 0, Majority replicated index: 0, Committed index: 0, Last appended: 0.0, Last appended by leader: 0, Current term: 0, Majority size: -1, State: 0, Mode: NON_LEADER, active raft config: opid_index: -1 OBSOLETE_local: false peers { permanent_uuid: "696836ec47964e5c8e3aa4ec40944442" member_type: VOTER last_known_addr { host: "127.26.144.129" port: 40153 } } peers { permanent_uuid: "b03ee23132ff40f6932f36be76871526" member_type: VOTER last_known_addr { host: "127.26.144.130" port: 44523 } } peers { permanent_uuid: "f9f3b2beb5c9473d835e12f54f44aa17" member_type: VOTER last_known_addr { host: "127.26.144.131" port: 42623 } }
I20260709 12:16:33.351055 28554 ts_tablet_manager.cc:1434] T 659ae042f4334c9ea495177035c9379f P 696836ec47964e5c8e3aa4ec40944442: Time spent starting tablet: real 0.006s	user 0.008s	sys 0.000s
I20260709 12:16:33.351903 28554 tablet_bootstrap.cc:492] T faae5b073fe24d9a91a7f9e7bed8384e P 696836ec47964e5c8e3aa4ec40944442: Bootstrap starting.
I20260709 12:16:33.354552 28553 tablet_bootstrap.cc:654] T b1c38cb6d4c84ec59c07831395b66a02 P f9f3b2beb5c9473d835e12f54f44aa17: Neither blocks nor log segments found. Creating new log.
I20260709 12:16:33.354961 28555 raft_consensus.cc:359] T 0b745aa4d70d409f8eb22859589a1b09 P b03ee23132ff40f6932f36be76871526 [term 0 FOLLOWER]: Replica starting. Triggering 0 pending ops. Active config: opid_index: -1 OBSOLETE_local: false peers { permanent_uuid: "696836ec47964e5c8e3aa4ec40944442" member_type: VOTER last_known_addr { host: "127.26.144.129" port: 40153 } } peers { permanent_uuid: "b03ee23132ff40f6932f36be76871526" member_type: VOTER last_known_addr { host: "127.26.144.130" port: 44523 } } peers { permanent_uuid: "f9f3b2beb5c9473d835e12f54f44aa17" member_type: VOTER last_known_addr { host: "127.26.144.131" port: 42623 } }
I20260709 12:16:33.355728 28555 raft_consensus.cc:385] T 0b745aa4d70d409f8eb22859589a1b09 P b03ee23132ff40f6932f36be76871526 [term 0 FOLLOWER]: Consensus starting up: Expiring failure detector timer to make a prompt election more likely
I20260709 12:16:33.356043 28555 raft_consensus.cc:740] T 0b745aa4d70d409f8eb22859589a1b09 P b03ee23132ff40f6932f36be76871526 [term 0 FOLLOWER]: Becoming Follower/Learner. State: Replica: b03ee23132ff40f6932f36be76871526, State: Initialized, Role: FOLLOWER
I20260709 12:16:33.358603 28554 tablet_bootstrap.cc:654] T faae5b073fe24d9a91a7f9e7bed8384e P 696836ec47964e5c8e3aa4ec40944442: Neither blocks nor log segments found. Creating new log.
I20260709 12:16:33.359336 28555 consensus_queue.cc:260] T 0b745aa4d70d409f8eb22859589a1b09 P b03ee23132ff40f6932f36be76871526 [NON_LEADER]: Queue going to NON_LEADER mode. State: All replicated index: 0, Majority replicated index: 0, Committed index: 0, Last appended: 0.0, Last appended by leader: 0, Current term: 0, Majority size: -1, State: 0, Mode: NON_LEADER, active raft config: opid_index: -1 OBSOLETE_local: false peers { permanent_uuid: "696836ec47964e5c8e3aa4ec40944442" member_type: VOTER last_known_addr { host: "127.26.144.129" port: 40153 } } peers { permanent_uuid: "b03ee23132ff40f6932f36be76871526" member_type: VOTER last_known_addr { host: "127.26.144.130" port: 44523 } } peers { permanent_uuid: "f9f3b2beb5c9473d835e12f54f44aa17" member_type: VOTER last_known_addr { host: "127.26.144.131" port: 42623 } }
I20260709 12:16:33.361491 28555 ts_tablet_manager.cc:1434] T 0b745aa4d70d409f8eb22859589a1b09 P b03ee23132ff40f6932f36be76871526: Time spent starting tablet: real 0.016s	user 0.004s	sys 0.002s
I20260709 12:16:33.362461 28555 tablet_bootstrap.cc:492] T b1c38cb6d4c84ec59c07831395b66a02 P b03ee23132ff40f6932f36be76871526: Bootstrap starting.
