I20260709 12:16:37.087055 11545 raft_consensus.cc:740] T b220e101d8dd495db5c26d29f30aafd9 P 5e4c3bd16e464c248f6bdb228f07ca07 [term 0 FOLLOWER]: Becoming Follower/Learner. State: Replica: 5e4c3bd16e464c248f6bdb228f07ca07, State: Initialized, Role: FOLLOWER
I20260709 12:16:37.087700 11545 consensus_queue.cc:260] T b220e101d8dd495db5c26d29f30aafd9 P 5e4c3bd16e464c248f6bdb228f07ca07 [NON_LEADER]: Queue going to NON_LEADER mode. State: All replicated index: 0, Majority replicated index: 0, Committed index: 0, Last appended: 0.0, Last appended by leader: 0, Current term: 0, Majority size: -1, State: 0, Mode: NON_LEADER, active raft config: opid_index: -1 OBSOLETE_local: false peers { permanent_uuid: "926198d9ff0e46b090e06ddf568f8f59" member_type: VOTER last_known_addr { host: "127.9.224.129" port: 36825 } } peers { permanent_uuid: "f9acaddbd8e3414c98fdada0f377d5d2" member_type: VOTER last_known_addr { host: "127.9.224.130" port: 37403 } } peers { permanent_uuid: "5e4c3bd16e464c248f6bdb228f07ca07" member_type: VOTER last_known_addr { host: "127.9.224.131" port: 37509 } }
I20260709 12:16:37.089447 11545 ts_tablet_manager.cc:1434] T b220e101d8dd495db5c26d29f30aafd9 P 5e4c3bd16e464c248f6bdb228f07ca07: Time spent starting tablet: real 0.006s	user 0.004s	sys 0.000s
I20260709 12:16:37.091363 11548 tablet_bootstrap.cc:492] T c2b0de0394394442812c64de637402f5 P 926198d9ff0e46b090e06ddf568f8f59: No bootstrap required, opened a new log
I20260709 12:16:37.091519 11545 tablet_bootstrap.cc:492] T a5298c50ec674be69488a0c5a247c3bc P 5e4c3bd16e464c248f6bdb228f07ca07: Bootstrap starting.
I20260709 12:16:37.091177 11546 raft_consensus.cc:359] T 79e22ddbf59d4062af1b8db35a97706b P f9acaddbd8e3414c98fdada0f377d5d2 [term 0 FOLLOWER]: Replica starting. Triggering 0 pending ops. Active config: opid_index: -1 OBSOLETE_local: false peers { permanent_uuid: "926198d9ff0e46b090e06ddf568f8f59" member_type: VOTER last_known_addr { host: "127.9.224.129" port: 36825 } } peers { permanent_uuid: "f9acaddbd8e3414c98fdada0f377d5d2" member_type: VOTER last_known_addr { host: "127.9.224.130" port: 37403 } } peers { permanent_uuid: "5e4c3bd16e464c248f6bdb228f07ca07" member_type: VOTER last_known_addr { host: "127.9.224.131" port: 37509 } }
I20260709 12:16:37.091854 11548 ts_tablet_manager.cc:1403] T c2b0de0394394442812c64de637402f5 P 926198d9ff0e46b090e06ddf568f8f59: Time spent bootstrapping tablet: real 0.059s	user 0.013s	sys 0.000s
I20260709 12:16:37.091979 11546 raft_consensus.cc:385] T 79e22ddbf59d4062af1b8db35a97706b P f9acaddbd8e3414c98fdada0f377d5d2 [term 0 FOLLOWER]: Consensus starting up: Expiring failure detector timer to make a prompt election more likely
I20260709 12:16:37.092311 11546 raft_consensus.cc:740] T 79e22ddbf59d4062af1b8db35a97706b P f9acaddbd8e3414c98fdada0f377d5d2 [term 0 FOLLOWER]: Becoming Follower/Learner. State: Replica: f9acaddbd8e3414c98fdada0f377d5d2, State: Initialized, Role: FOLLOWER
I20260709 12:16:37.093513 11546 consensus_queue.cc:260] T 79e22ddbf59d4062af1b8db35a97706b P f9acaddbd8e3414c98fdada0f377d5d2 [NON_LEADER]: Queue going to NON_LEADER mode. State: All replicated index: 0, Majority replicated index: 0, Committed index: 0, Last appended: 0.0, Last appended by leader: 0, Current term: 0, Majority size: -1, State: 0, Mode: NON_LEADER, active raft config: opid_index: -1 OBSOLETE_local: false peers { permanent_uuid: "926198d9ff0e46b090e06ddf568f8f59" member_type: VOTER last_known_addr { host: "127.9.224.129" port: 36825 } } peers { permanent_uuid: "f9acaddbd8e3414c98fdada0f377d5d2" member_type: VOTER last_known_addr { host: "127.9.224.130" port: 37403 } } peers { permanent_uuid: "5e4c3bd16e464c248f6bdb228f07ca07" member_type: VOTER last_known_addr { host: "127.9.224.131" port: 37509 } }
I20260709 12:16:37.094883 11548 raft_consensus.cc:359] T c2b0de0394394442812c64de637402f5 P 926198d9ff0e46b090e06ddf568f8f59 [term 0 FOLLOWER]: Replica starting. Triggering 0 pending ops. Active config: opid_index: -1 OBSOLETE_local: false peers { permanent_uuid: "926198d9ff0e46b090e06ddf568f8f59" member_type: VOTER last_known_addr { host: "127.9.224.129" port: 36825 } } peers { permanent_uuid: "f9acaddbd8e3414c98fdada0f377d5d2" member_type: VOTER last_known_addr { host: "127.9.224.130" port: 37403 } } peers { permanent_uuid: "5e4c3bd16e464c248f6bdb228f07ca07" member_type: VOTER last_known_addr { host: "127.9.224.131" port: 37509 } }
I20260709 12:16:37.095595 11546 ts_tablet_manager.cc:1434] T 79e22ddbf59d4062af1b8db35a97706b P f9acaddbd8e3414c98fdada0f377d5d2: Time spent starting tablet: real 0.020s	user 0.007s	sys 0.000s
I20260709 12:16:37.095634 11548 raft_consensus.cc:385] T c2b0de0394394442812c64de637402f5 P 926198d9ff0e46b090e06ddf568f8f59 [term 0 FOLLOWER]: Consensus starting up: Expiring failure detector timer to make a prompt election more likely
I20260709 12:16:37.096140 11548 raft_consensus.cc:740] T c2b0de0394394442812c64de637402f5 P 926198d9ff0e46b090e06ddf568f8f59 [term 0 FOLLOWER]: Becoming Follower/Learner. State: Replica: 926198d9ff0e46b090e06ddf568f8f59, State: Initialized, Role: FOLLOWER
I20260709 12:16:37.096681 11546 tablet_bootstrap.cc:492] T 0cdd03cd6c954d9a9d4b623f29d239d1 P f9acaddbd8e3414c98fdada0f377d5d2: Bootstrap starting.
I20260709 12:16:37.096789 11548 consensus_queue.cc:260] T c2b0de0394394442812c64de637402f5 P 926198d9ff0e46b090e06ddf568f8f59 [NON_LEADER]: Queue going to NON_LEADER mode. State: All replicated index: 0, Majority replicated index: 0, Committed index: 0, Last appended: 0.0, Last appended by leader: 0, Current term: 0, Majority size: -1, State: 0, Mode: NON_LEADER, active raft config: opid_index: -1 OBSOLETE_local: false peers { permanent_uuid: "926198d9ff0e46b090e06ddf568f8f59" member_type: VOTER last_known_addr { host: "127.9.224.129" port: 36825 } } peers { permanent_uuid: "f9acaddbd8e3414c98fdada0f377d5d2" member_type: VOTER last_known_addr { host: "127.9.224.130" port: 37403 } } peers { permanent_uuid: "5e4c3bd16e464c248f6bdb228f07ca07" member_type: VOTER last_known_addr { host: "127.9.224.131" port: 37509 } }
I20260709 12:16:37.098954 11545 tablet_bootstrap.cc:654] T a5298c50ec674be69488a0c5a247c3bc P 5e4c3bd16e464c248f6bdb228f07ca07: Neither blocks nor log segments found. Creating new log.
I20260709 12:16:37.103153 11735 consensus_queue.cc:1048] T 6171298224eb4577b08e84db3eaa98bd P f9acaddbd8e3414c98fdada0f377d5d2 [LEADER]: Connected to new peer: Peer: permanent_uuid: "5e4c3bd16e464c248f6bdb228f07ca07" member_type: VOTER last_known_addr { host: "127.9.224.131" port: 37509 }, Status: LMP_MISMATCH, Last received: 0.0, Next index: 1, Last known committed idx: 0, Time since last communication: 0.001s
I20260709 12:16:37.103899 11546 tablet_bootstrap.cc:654] T 0cdd03cd6c954d9a9d4b623f29d239d1 P f9acaddbd8e3414c98fdada0f377d5d2: Neither blocks nor log segments found. Creating new log.
I20260709 12:16:37.106022 11548 ts_tablet_manager.cc:1434] T c2b0de0394394442812c64de637402f5 P 926198d9ff0e46b090e06ddf568f8f59: Time spent starting tablet: real 0.014s	user 0.007s	sys 0.000s
I20260709 12:16:37.107529 11548 tablet_bootstrap.cc:492] T 0cdd03cd6c954d9a9d4b623f29d239d1 P 926198d9ff0e46b090e06ddf568f8f59: Bootstrap starting.
I20260709 12:16:37.114323 11699 consensus_queue.cc:1048] T dca4a765d9414ee2b6cd44681a23a3e8 P f9acaddbd8e3414c98fdada0f377d5d2 [LEADER]: Connected to new peer: Peer: permanent_uuid: "5e4c3bd16e464c248f6bdb228f07ca07" member_type: VOTER last_known_addr { host: "127.9.224.131" port: 37509 }, Status: LMP_MISMATCH, Last received: 0.0, Next index: 1, Last known committed idx: 0, Time since last communication: 0.000s
I20260709 12:16:37.120639 11545 tablet_bootstrap.cc:492] T a5298c50ec674be69488a0c5a247c3bc P 5e4c3bd16e464c248f6bdb228f07ca07: No bootstrap required, opened a new log
I20260709 12:16:37.121186 11545 ts_tablet_manager.cc:1403] T a5298c50ec674be69488a0c5a247c3bc P 5e4c3bd16e464c248f6bdb228f07ca07: Time spent bootstrapping tablet: real 0.030s	user 0.014s	sys 0.013s
I20260709 12:16:37.123420 11546 tablet_bootstrap.cc:492] T 0cdd03cd6c954d9a9d4b623f29d239d1 P f9acaddbd8e3414c98fdada0f377d5d2: No bootstrap required, opened a new log
I20260709 12:16:37.123884 11546 ts_tablet_manager.cc:1403] T 0cdd03cd6c954d9a9d4b623f29d239d1 P f9acaddbd8e3414c98fdada0f377d5d2: Time spent bootstrapping tablet: real 0.027s	user 0.013s	sys 0.001s
I20260709 12:16:37.124234 11545 raft_consensus.cc:359] T a5298c50ec674be69488a0c5a247c3bc P 5e4c3bd16e464c248f6bdb228f07ca07 [term 0 FOLLOWER]: Replica starting. Triggering 0 pending ops. Active config: opid_index: -1 OBSOLETE_local: false peers { permanent_uuid: "926198d9ff0e46b090e06ddf568f8f59" member_type: VOTER last_known_addr { host: "127.9.224.129" port: 36825 } } peers { permanent_uuid: "f9acaddbd8e3414c98fdada0f377d5d2" member_type: VOTER last_known_addr { host: "127.9.224.130" port: 37403 } } peers { permanent_uuid: "5e4c3bd16e464c248f6bdb228f07ca07" member_type: VOTER last_known_addr { host: "127.9.224.131" port: 37509 } }
I20260709 12:16:37.124992 11545 raft_consensus.cc:385] T a5298c50ec674be69488a0c5a247c3bc P 5e4c3bd16e464c248f6bdb228f07ca07 [term 0 FOLLOWER]: Consensus starting up: Expiring failure detector timer to make a prompt election more likely
I20260709 12:16:37.125317 11545 raft_consensus.cc:740] T a5298c50ec674be69488a0c5a247c3bc P 5e4c3bd16e464c248f6bdb228f07ca07 [term 0 FOLLOWER]: Becoming Follower/Learner. State: Replica: 5e4c3bd16e464c248f6bdb228f07ca07, State: Initialized, Role: FOLLOWER
I20260709 12:16:37.126017 11545 consensus_queue.cc:260] T a5298c50ec674be69488a0c5a247c3bc P 5e4c3bd16e464c248f6bdb228f07ca07 [NON_LEADER]: Queue going to NON_LEADER mode. State: All replicated index: 0, Majority replicated index: 0, Committed index: 0, Last appended: 0.0, Last appended by leader: 0, Current term: 0, Majority size: -1, State: 0, Mode: NON_LEADER, active raft config: opid_index: -1 OBSOLETE_local: false peers { permanent_uuid: "926198d9ff0e46b090e06ddf568f8f59" member_type: VOTER last_known_addr { host: "127.9.224.129" port: 36825 } } peers { permanent_uuid: "f9acaddbd8e3414c98fdada0f377d5d2" member_type: VOTER last_known_addr { host: "127.9.224.130" port: 37403 } } peers { permanent_uuid: "5e4c3bd16e464c248f6bdb228f07ca07" member_type: VOTER last_known_addr { host: "127.9.224.131" port: 37509 } }
I20260709 12:16:37.126959 11546 raft_consensus.cc:359] T 0cdd03cd6c954d9a9d4b623f29d239d1 P f9acaddbd8e3414c98fdada0f377d5d2 [term 0 FOLLOWER]: Replica starting. Triggering 0 pending ops. Active config: opid_index: -1 OBSOLETE_local: false peers { permanent_uuid: "926198d9ff0e46b090e06ddf568f8f59" member_type: VOTER last_known_addr { host: "127.9.224.129" port: 36825 } } peers { permanent_uuid: "f9acaddbd8e3414c98fdada0f377d5d2" member_type: VOTER last_known_addr { host: "127.9.224.130" port: 37403 } } peers { permanent_uuid: "5e4c3bd16e464c248f6bdb228f07ca07" member_type: VOTER last_known_addr { host: "127.9.224.131" port: 37509 } }
I20260709 12:16:37.127640 11546 raft_consensus.cc:385] T 0cdd03cd6c954d9a9d4b623f29d239d1 P f9acaddbd8e3414c98fdada0f377d5d2 [term 0 FOLLOWER]: Consensus starting up: Expiring failure detector timer to make a prompt election more likely
I20260709 12:16:37.127919 11546 raft_consensus.cc:740] T 0cdd03cd6c954d9a9d4b623f29d239d1 P f9acaddbd8e3414c98fdada0f377d5d2 [term 0 FOLLOWER]: Becoming Follower/Learner. State: Replica: f9acaddbd8e3414c98fdada0f377d5d2, State: Initialized, Role: FOLLOWER
I20260709 12:16:37.128499 11545 ts_tablet_manager.cc:1434] T a5298c50ec674be69488a0c5a247c3bc P 5e4c3bd16e464c248f6bdb228f07ca07: Time spent starting tablet: real 0.007s	user 0.006s	sys 0.000s
I20260709 12:16:37.128657 11546 consensus_queue.cc:260] T 0cdd03cd6c954d9a9d4b623f29d239d1 P f9acaddbd8e3414c98fdada0f377d5d2 [NON_LEADER]: Queue going to NON_LEADER mode. State: All replicated index: 0, Majority replicated index: 0, Committed index: 0, Last appended: 0.0, Last appended by leader: 0, Current term: 0, Majority size: -1, State: 0, Mode: NON_LEADER, active raft config: opid_index: -1 OBSOLETE_local: false peers { permanent_uuid: "926198d9ff0e46b090e06ddf568f8f59" member_type: VOTER last_known_addr { host: "127.9.224.129" port: 36825 } } peers { permanent_uuid: "f9acaddbd8e3414c98fdada0f377d5d2" member_type: VOTER last_known_addr { host: "127.9.224.130" port: 37403 } } peers { permanent_uuid: "5e4c3bd16e464c248f6bdb228f07ca07" member_type: VOTER last_known_addr { host: "127.9.224.131" port: 37509 } }
I20260709 12:16:37.129623 11545 tablet_bootstrap.cc:492] T 58055175d94f4ec0a0272b89d001634d P 5e4c3bd16e464c248f6bdb228f07ca07: Bootstrap starting.
I20260709 12:16:37.129784 11548 tablet_bootstrap.cc:654] T 0cdd03cd6c954d9a9d4b623f29d239d1 P 926198d9ff0e46b090e06ddf568f8f59: Neither blocks nor log segments found. Creating new log.
I20260709 12:16:37.130786 11546 ts_tablet_manager.cc:1434] T 0cdd03cd6c954d9a9d4b623f29d239d1 P f9acaddbd8e3414c98fdada0f377d5d2: Time spent starting tablet: real 0.007s	user 0.004s	sys 0.000s
I20260709 12:16:37.131886 11546 tablet_bootstrap.cc:492] T 33bccba6b446428788e7f0c53e5770f4 P f9acaddbd8e3414c98fdada0f377d5d2: Bootstrap starting.
I20260709 12:16:37.138355 11546 tablet_bootstrap.cc:654] T 33bccba6b446428788e7f0c53e5770f4 P f9acaddbd8e3414c98fdada0f377d5d2: Neither blocks nor log segments found. Creating new log.
I20260709 12:16:37.138494 11545 tablet_bootstrap.cc:654] T 58055175d94f4ec0a0272b89d001634d P 5e4c3bd16e464c248f6bdb228f07ca07: Neither blocks nor log segments found. Creating new log.
I20260709 12:16:37.140972 11548 tablet_bootstrap.cc:492] T 0cdd03cd6c954d9a9d4b623f29d239d1 P 926198d9ff0e46b090e06ddf568f8f59: No bootstrap required, opened a new log
I20260709 12:16:37.141489 11548 ts_tablet_manager.cc:1403] T 0cdd03cd6c954d9a9d4b623f29d239d1 P 926198d9ff0e46b090e06ddf568f8f59: Time spent bootstrapping tablet: real 0.034s	user 0.013s	sys 0.006s
I20260709 12:16:37.144912 11548 raft_consensus.cc:359] T 0cdd03cd6c954d9a9d4b623f29d239d1 P 926198d9ff0e46b090e06ddf568f8f59 [term 0 FOLLOWER]: Replica starting. Triggering 0 pending ops. Active config: opid_index: -1 OBSOLETE_local: false peers { permanent_uuid: "926198d9ff0e46b090e06ddf568f8f59" member_type: VOTER last_known_addr { host: "127.9.224.129" port: 36825 } } peers { permanent_uuid: "f9acaddbd8e3414c98fdada0f377d5d2" member_type: VOTER last_known_addr { host: "127.9.224.130" port: 37403 } } peers { permanent_uuid: "5e4c3bd16e464c248f6bdb228f07ca07" member_type: VOTER last_known_addr { host: "127.9.224.131" port: 37509 } }
I20260709 12:16:37.148576 11548 raft_consensus.cc:385] T 0cdd03cd6c954d9a9d4b623f29d239d1 P 926198d9ff0e46b090e06ddf568f8f59 [term 0 FOLLOWER]: Consensus starting up: Expiring failure detector timer to make a prompt election more likely
I20260709 12:16:37.148917 11548 raft_consensus.cc:740] T 0cdd03cd6c954d9a9d4b623f29d239d1 P 926198d9ff0e46b090e06ddf568f8f59 [term 0 FOLLOWER]: Becoming Follower/Learner. State: Replica: 926198d9ff0e46b090e06ddf568f8f59, State: Initialized, Role: FOLLOWER
I20260709 12:16:37.149909 11548 consensus_queue.cc:260] T 0cdd03cd6c954d9a9d4b623f29d239d1 P 926198d9ff0e46b090e06ddf568f8f59 [NON_LEADER]: Queue going to NON_LEADER mode. State: All replicated index: 0, Majority replicated index: 0, Committed index: 0, Last appended: 0.0, Last appended by leader: 0, Current term: 0, Majority size: -1, State: 0, Mode: NON_LEADER, active raft config: opid_index: -1 OBSOLETE_local: false peers { permanent_uuid: "926198d9ff0e46b090e06ddf568f8f59" member_type: VOTER last_known_addr { host: "127.9.224.129" port: 36825 } } peers { permanent_uuid: "f9acaddbd8e3414c98fdada0f377d5d2" member_type: VOTER last_known_addr { host: "127.9.224.130" port: 37403 } } peers { permanent_uuid: "5e4c3bd16e464c248f6bdb228f07ca07" member_type: VOTER last_known_addr { host: "127.9.224.131" port: 37509 } }
I20260709 12:16:37.153048 11735 consensus_queue.cc:1048] T 6171298224eb4577b08e84db3eaa98bd P f9acaddbd8e3414c98fdada0f377d5d2 [LEADER]: Connected to new peer: Peer: permanent_uuid: "926198d9ff0e46b090e06ddf568f8f59" member_type: VOTER last_known_addr { host: "127.9.224.129" port: 36825 }, Status: LMP_MISMATCH, Last received: 0.0, Next index: 1, Last known committed idx: 0, Time since last communication: 0.000s
I20260709 12:16:37.163864 11548 ts_tablet_manager.cc:1434] T 0cdd03cd6c954d9a9d4b623f29d239d1 P 926198d9ff0e46b090e06ddf568f8f59: Time spent starting tablet: real 0.022s	user 0.006s	sys 0.000s
I20260709 12:16:37.165030 11546 tablet_bootstrap.cc:492] T 33bccba6b446428788e7f0c53e5770f4 P f9acaddbd8e3414c98fdada0f377d5d2: No bootstrap required, opened a new log
I20260709 12:16:37.165526 11546 ts_tablet_manager.cc:1403] T 33bccba6b446428788e7f0c53e5770f4 P f9acaddbd8e3414c98fdada0f377d5d2: Time spent bootstrapping tablet: real 0.034s	user 0.011s	sys 0.006s
I20260709 12:16:37.166414 11586 raft_consensus.cc:493] T 0cdd03cd6c954d9a9d4b623f29d239d1 P 926198d9ff0e46b090e06ddf568f8f59 [term 0 FOLLOWER]: Starting pre-election (no leader contacted us within the election timeout)
I20260709 12:16:37.166913 11586 raft_consensus.cc:515] T 0cdd03cd6c954d9a9d4b623f29d239d1 P 926198d9ff0e46b090e06ddf568f8f59 [term 0 FOLLOWER]: Starting pre-election with config: opid_index: -1 OBSOLETE_local: false peers { permanent_uuid: "926198d9ff0e46b090e06ddf568f8f59" member_type: VOTER last_known_addr { host: "127.9.224.129" port: 36825 } } peers { permanent_uuid: "f9acaddbd8e3414c98fdada0f377d5d2" member_type: VOTER last_known_addr { host: "127.9.224.130" port: 37403 } } peers { permanent_uuid: "5e4c3bd16e464c248f6bdb228f07ca07" member_type: VOTER last_known_addr { host: "127.9.224.131" port: 37509 } }
I20260709 12:16:37.168290 11546 raft_consensus.cc:359] T 33bccba6b446428788e7f0c53e5770f4 P f9acaddbd8e3414c98fdada0f377d5d2 [term 0 FOLLOWER]: Replica starting. Triggering 0 pending ops. Active config: opid_index: -1 OBSOLETE_local: false peers { permanent_uuid: "926198d9ff0e46b090e06ddf568f8f59" member_type: VOTER last_known_addr { host: "127.9.224.129" port: 36825 } } peers { permanent_uuid: "f9acaddbd8e3414c98fdada0f377d5d2" member_type: VOTER last_known_addr { host: "127.9.224.130" port: 37403 } } peers { permanent_uuid: "5e4c3bd16e464c248f6bdb228f07ca07" member_type: VOTER last_known_addr { host: "127.9.224.131" port: 37509 } }
I20260709 12:16:37.168984 11586 leader_election.cc:290] T 0cdd03cd6c954d9a9d4b623f29d239d1 P 926198d9ff0e46b090e06ddf568f8f59 [CANDIDATE]: Term 1 pre-election: Requested pre-vote from peers f9acaddbd8e3414c98fdada0f377d5d2 (127.9.224.130:37403), 5e4c3bd16e464c248f6bdb228f07ca07 (127.9.224.131:37509)
I20260709 12:16:37.168987 11546 raft_consensus.cc:385] T 33bccba6b446428788e7f0c53e5770f4 P f9acaddbd8e3414c98fdada0f377d5d2 [term 0 FOLLOWER]: Consensus starting up: Expiring failure detector timer to make a prompt election more likely
I20260709 12:16:37.169483 11546 raft_consensus.cc:740] T 33bccba6b446428788e7f0c53e5770f4 P f9acaddbd8e3414c98fdada0f377d5d2 [term 0 FOLLOWER]: Becoming Follower/Learner. State: Replica: f9acaddbd8e3414c98fdada0f377d5d2, State: Initialized, Role: FOLLOWER
I20260709 12:16:37.170046 11431 tablet_service.cc:1917] Received RequestConsensusVote() RPC: tablet_id: "0cdd03cd6c954d9a9d4b623f29d239d1" candidate_uuid: "926198d9ff0e46b090e06ddf568f8f59" candidate_term: 1 candidate_status { last_received { term: 0 index: 0 } } ignore_live_leader: false dest_uuid: "f9acaddbd8e3414c98fdada0f377d5d2" is_pre_election: true
I20260709 12:16:37.170167 11546 consensus_queue.cc:260] T 33bccba6b446428788e7f0c53e5770f4 P f9acaddbd8e3414c98fdada0f377d5d2 [NON_LEADER]: Queue going to NON_LEADER mode. State: All replicated index: 0, Majority replicated index: 0, Committed index: 0, Last appended: 0.0, Last appended by leader: 0, Current term: 0, Majority size: -1, State: 0, Mode: NON_LEADER, active raft config: opid_index: -1 OBSOLETE_local: false peers { permanent_uuid: "926198d9ff0e46b090e06ddf568f8f59" member_type: VOTER last_known_addr { host: "127.9.224.129" port: 36825 } } peers { permanent_uuid: "f9acaddbd8e3414c98fdada0f377d5d2" member_type: VOTER last_known_addr { host: "127.9.224.130" port: 37403 } } peers { permanent_uuid: "5e4c3bd16e464c248f6bdb228f07ca07" member_type: VOTER last_known_addr { host: "127.9.224.131" port: 37509 } }
I20260709 12:16:37.170912 11431 raft_consensus.cc:2468] T 0cdd03cd6c954d9a9d4b623f29d239d1 P f9acaddbd8e3414c98fdada0f377d5d2 [term 0 FOLLOWER]: Leader pre-election vote request: Granting yes vote for candidate 926198d9ff0e46b090e06ddf568f8f59 in term 0.
I20260709 12:16:37.172430 11548 tablet_bootstrap.cc:492] T cc90563dec674ecfbf5353b21cf0576e P 926198d9ff0e46b090e06ddf568f8f59: Bootstrap starting.
I20260709 12:16:37.172640 11546 ts_tablet_manager.cc:1434] T 33bccba6b446428788e7f0c53e5770f4 P f9acaddbd8e3414c98fdada0f377d5d2: Time spent starting tablet: real 0.007s	user 0.007s	sys 0.000s
I20260709 12:16:37.173168 11319 leader_election.cc:304] T 0cdd03cd6c954d9a9d4b623f29d239d1 P 926198d9ff0e46b090e06ddf568f8f59 [CANDIDATE]: Term 1 pre-election: Election decided. Result: candidate won. Election summary: received 2 responses out of 3 voters: 2 yes votes; 0 no votes. yes voters: 926198d9ff0e46b090e06ddf568f8f59, f9acaddbd8e3414c98fdada0f377d5d2; no voters: 
I20260709 12:16:37.173796 11546 tablet_bootstrap.cc:492] T a2323ef88b2d485ea7905c582ef78d42 P f9acaddbd8e3414c98fdada0f377d5d2: Bootstrap starting.
I20260709 12:16:37.174343 11586 raft_consensus.cc:2804] T 0cdd03cd6c954d9a9d4b623f29d239d1 P 926198d9ff0e46b090e06ddf568f8f59 [term 0 FOLLOWER]: Leader pre-election won for term 1
I20260709 12:16:37.174914 11586 raft_consensus.cc:493] T 0cdd03cd6c954d9a9d4b623f29d239d1 P 926198d9ff0e46b090e06ddf568f8f59 [term 0 FOLLOWER]: Starting leader election (no leader contacted us within the election timeout)
I20260709 12:16:37.175369 11586 raft_consensus.cc:3060] T 0cdd03cd6c954d9a9d4b623f29d239d1 P 926198d9ff0e46b090e06ddf568f8f59 [term 0 FOLLOWER]: Advancing to term 1
I20260709 12:16:37.177747 11503 tablet_service.cc:1917] Received RequestConsensusVote() RPC: tablet_id: "0cdd03cd6c954d9a9d4b623f29d239d1" candidate_uuid: "926198d9ff0e46b090e06ddf568f8f59" candidate_term: 1 candidate_status { last_received { term: 0 index: 0 } } ignore_live_leader: false dest_uuid: "5e4c3bd16e464c248f6bdb228f07ca07" is_pre_election: true
I20260709 12:16:37.179262 11503 raft_consensus.cc:2468] T 0cdd03cd6c954d9a9d4b623f29d239d1 P 5e4c3bd16e464c248f6bdb228f07ca07 [term 0 FOLLOWER]: Leader pre-election vote request: Granting yes vote for candidate 926198d9ff0e46b090e06ddf568f8f59 in term 0.
I20260709 12:16:37.180528 11699 consensus_queue.cc:1048] T dca4a765d9414ee2b6cd44681a23a3e8 P f9acaddbd8e3414c98fdada0f377d5d2 [LEADER]: Connected to new peer: Peer: permanent_uuid: "926198d9ff0e46b090e06ddf568f8f59" member_type: VOTER last_known_addr { host: "127.9.224.129" port: 36825 }, Status: LMP_MISMATCH, Last received: 0.0, Next index: 1, Last known committed idx: 0, Time since last communication: 0.000s
I20260709 12:16:37.178550 11566 raft_consensus.cc:493] T 242f85159c3f42848d5250b8a6cdabd0 P 5e4c3bd16e464c248f6bdb228f07ca07 [term 0 FOLLOWER]: Starting pre-election (no leader contacted us within the election timeout)
I20260709 12:16:37.182363 11566 raft_consensus.cc:515] T 242f85159c3f42848d5250b8a6cdabd0 P 5e4c3bd16e464c248f6bdb228f07ca07 [term 0 FOLLOWER]: Starting pre-election with config: opid_index: -1 OBSOLETE_local: false peers { permanent_uuid: "926198d9ff0e46b090e06ddf568f8f59" member_type: VOTER last_known_addr { host: "127.9.224.129" port: 36825 } } peers { permanent_uuid: "f9acaddbd8e3414c98fdada0f377d5d2" member_type: VOTER last_known_addr { host: "127.9.224.130" port: 37403 } } peers { permanent_uuid: "5e4c3bd16e464c248f6bdb228f07ca07" member_type: VOTER last_known_addr { host: "127.9.224.131" port: 37509 } }
I20260709 12:16:37.185882 11566 leader_election.cc:290] T 242f85159c3f42848d5250b8a6cdabd0 P 5e4c3bd16e464c248f6bdb228f07ca07 [CANDIDATE]: Term 1 pre-election: Requested pre-vote from peers 926198d9ff0e46b090e06ddf568f8f59 (127.9.224.129:36825), f9acaddbd8e3414c98fdada0f377d5d2 (127.9.224.130:37403)
I20260709 12:16:37.187237 11355 tablet_service.cc:1917] Received RequestConsensusVote() RPC: tablet_id: "242f85159c3f42848d5250b8a6cdabd0" candidate_uuid: "5e4c3bd16e464c248f6bdb228f07ca07" candidate_term: 1 candidate_status { last_received { term: 0 index: 0 } } ignore_live_leader: false dest_uuid: "926198d9ff0e46b090e06ddf568f8f59" is_pre_election: true
I20260709 12:16:37.187486 11431 tablet_service.cc:1917] Received RequestConsensusVote() RPC: tablet_id: "242f85159c3f42848d5250b8a6cdabd0" candidate_uuid: "5e4c3bd16e464c248f6bdb228f07ca07" candidate_term: 1 candidate_status { last_received { term: 0 index: 0 } } ignore_live_leader: false dest_uuid: "f9acaddbd8e3414c98fdada0f377d5d2" is_pre_election: true
W20260709 12:16:37.188898 11468 leader_election.cc:343] T 242f85159c3f42848d5250b8a6cdabd0 P 5e4c3bd16e464c248f6bdb228f07ca07 [CANDIDATE]: Term 1 pre-election: Tablet error from VoteRequest() call to peer f9acaddbd8e3414c98fdada0f377d5d2 (127.9.224.130:37403): Illegal state: must be running to vote when last-logged opid is not known
I20260709 12:16:37.189680 11546 tablet_bootstrap.cc:654] T a2323ef88b2d485ea7905c582ef78d42 P f9acaddbd8e3414c98fdada0f377d5d2: Neither blocks nor log segments found. Creating new log.
I20260709 12:16:37.190344 11548 tablet_bootstrap.cc:654] T cc90563dec674ecfbf5353b21cf0576e P 926198d9ff0e46b090e06ddf568f8f59: Neither blocks nor log segments found. Creating new log.
I20260709 12:16:37.192675 11545 tablet_bootstrap.cc:492] T 58055175d94f4ec0a0272b89d001634d P 5e4c3bd16e464c248f6bdb228f07ca07: No bootstrap required, opened a new log
I20260709 12:16:37.193122 11545 ts_tablet_manager.cc:1403] T 58055175d94f4ec0a0272b89d001634d P 5e4c3bd16e464c248f6bdb228f07ca07: Time spent bootstrapping tablet: real 0.064s	user 0.022s	sys 0.013s
W20260709 12:16:37.194337 11471 leader_election.cc:343] T 242f85159c3f42848d5250b8a6cdabd0 P 5e4c3bd16e464c248f6bdb228f07ca07 [CANDIDATE]: Term 1 pre-election: Tablet error from VoteRequest() call to peer 926198d9ff0e46b090e06ddf568f8f59 (127.9.224.129:36825): Illegal state: must be running to vote when last-logged opid is not known
I20260709 12:16:37.195622 11471 leader_election.cc:304] T 242f85159c3f42848d5250b8a6cdabd0 P 5e4c3bd16e464c248f6bdb228f07ca07 [CANDIDATE]: Term 1 pre-election: Election decided. Result: candidate lost. Election summary: received 3 responses out of 3 voters: 1 yes votes; 2 no votes. yes voters: 5e4c3bd16e464c248f6bdb228f07ca07; no voters: 926198d9ff0e46b090e06ddf568f8f59, f9acaddbd8e3414c98fdada0f377d5d2
I20260709 12:16:37.203078 11648 raft_consensus.cc:493] T b220e101d8dd495db5c26d29f30aafd9 P 5e4c3bd16e464c248f6bdb228f07ca07 [term 0 FOLLOWER]: Starting pre-election (no leader contacted us within the election timeout)
I20260709 12:16:37.203811 11648 raft_consensus.cc:515] T b220e101d8dd495db5c26d29f30aafd9 P 5e4c3bd16e464c248f6bdb228f07ca07 [term 0 FOLLOWER]: Starting pre-election with config: opid_index: -1 OBSOLETE_local: false peers { permanent_uuid: "926198d9ff0e46b090e06ddf568f8f59" member_type: VOTER last_known_addr { host: "127.9.224.129" port: 36825 } } peers { permanent_uuid: "f9acaddbd8e3414c98fdada0f377d5d2" member_type: VOTER last_known_addr { host: "127.9.224.130" port: 37403 } } peers { permanent_uuid: "5e4c3bd16e464c248f6bdb228f07ca07" member_type: VOTER last_known_addr { host: "127.9.224.131" port: 37509 } }
I20260709 12:16:37.206561 11586 raft_consensus.cc:515] T 0cdd03cd6c954d9a9d4b623f29d239d1 P 926198d9ff0e46b090e06ddf568f8f59 [term 1 FOLLOWER]: Starting leader election with config: opid_index: -1 OBSOLETE_local: false peers { permanent_uuid: "926198d9ff0e46b090e06ddf568f8f59" member_type: VOTER last_known_addr { host: "127.9.224.129" port: 36825 } } peers { permanent_uuid: "f9acaddbd8e3414c98fdada0f377d5d2" member_type: VOTER last_known_addr { host: "127.9.224.130" port: 37403 } } peers { permanent_uuid: "5e4c3bd16e464c248f6bdb228f07ca07" member_type: VOTER last_known_addr { host: "127.9.224.131" port: 37509 } }
I20260709 12:16:37.206748 11648 leader_election.cc:290] T b220e101d8dd495db5c26d29f30aafd9 P 5e4c3bd16e464c248f6bdb228f07ca07 [CANDIDATE]: Term 1 pre-election: Requested pre-vote from peers 926198d9ff0e46b090e06ddf568f8f59 (127.9.224.129:36825), f9acaddbd8e3414c98fdada0f377d5d2 (127.9.224.130:37403)
I20260709 12:16:37.216720 11431 tablet_service.cc:1917] Received RequestConsensusVote() RPC: tablet_id: "b220e101d8dd495db5c26d29f30aafd9" candidate_uuid: "5e4c3bd16e464c248f6bdb228f07ca07" candidate_term: 1 candidate_status { last_received { term: 0 index: 0 } } ignore_live_leader: false dest_uuid: "f9acaddbd8e3414c98fdada0f377d5d2" is_pre_election: true
W20260709 12:16:37.228538 11468 leader_election.cc:343] T b220e101d8dd495db5c26d29f30aafd9 P 5e4c3bd16e464c248f6bdb228f07ca07 [CANDIDATE]: Term 1 pre-election: Tablet error from VoteRequest() call to peer f9acaddbd8e3414c98fdada0f377d5d2 (127.9.224.130:37403): Illegal state: must be running to vote when last-logged opid is not known
I20260709 12:16:37.237896 11354 tablet_service.cc:1917] Received RequestConsensusVote() RPC: tablet_id: "b220e101d8dd495db5c26d29f30aafd9" candidate_uuid: "5e4c3bd16e464c248f6bdb228f07ca07" candidate_term: 1 candidate_status { last_received { term: 0 index: 0 } } ignore_live_leader: false dest_uuid: "926198d9ff0e46b090e06ddf568f8f59" is_pre_election: true
I20260709 12:16:37.238348 11431 tablet_service.cc:1917] Received RequestConsensusVote() RPC: tablet_id: "0cdd03cd6c954d9a9d4b623f29d239d1" candidate_uuid: "926198d9ff0e46b090e06ddf568f8f59" candidate_term: 1 candidate_status { last_received { term: 0 index: 0 } } ignore_live_leader: false dest_uuid: "f9acaddbd8e3414c98fdada0f377d5d2"
W20260709 12:16:37.240235 11471 leader_election.cc:343] T b220e101d8dd495db5c26d29f30aafd9 P 5e4c3bd16e464c248f6bdb228f07ca07 [CANDIDATE]: Term 1 pre-election: Tablet error from VoteRequest() call to peer 926198d9ff0e46b090e06ddf568f8f59 (127.9.224.129:36825): Illegal state: must be running to vote when last-logged opid is not known
I20260709 12:16:37.240880 11471 leader_election.cc:304] T b220e101d8dd495db5c26d29f30aafd9 P 5e4c3bd16e464c248f6bdb228f07ca07 [CANDIDATE]: Term 1 pre-election: Election decided. Result: candidate lost. Election summary: received 3 responses out of 3 voters: 1 yes votes; 2 no votes. yes voters: 5e4c3bd16e464c248f6bdb228f07ca07; no voters: 926198d9ff0e46b090e06ddf568f8f59, f9acaddbd8e3414c98fdada0f377d5d2
I20260709 12:16:37.239395 11431 raft_consensus.cc:3060] T 0cdd03cd6c954d9a9d4b623f29d239d1 P f9acaddbd8e3414c98fdada0f377d5d2 [term 0 FOLLOWER]: Advancing to term 1
I20260709 12:16:37.243027 11642 raft_consensus.cc:2749] T 242f85159c3f42848d5250b8a6cdabd0 P 5e4c3bd16e464c248f6bdb228f07ca07 [term 0 FOLLOWER]: Leader pre-election lost for term 1. Reason: could not achieve majority
I20260709 12:16:37.244004 11642 raft_consensus.cc:2749] T b220e101d8dd495db5c26d29f30aafd9 P 5e4c3bd16e464c248f6bdb228f07ca07 [term 0 FOLLOWER]: Leader pre-election lost for term 1. Reason: could not achieve majority
I20260709 12:16:37.243968 11545 raft_consensus.cc:359] T 58055175d94f4ec0a0272b89d001634d P 5e4c3bd16e464c248f6bdb228f07ca07 [term 0 FOLLOWER]: Replica starting. Triggering 0 pending ops. Active config: opid_index: -1 OBSOLETE_local: false peers { permanent_uuid: "926198d9ff0e46b090e06ddf568f8f59" member_type: VOTER last_known_addr { host: "127.9.224.129" port: 36825 } } peers { permanent_uuid: "f9acaddbd8e3414c98fdada0f377d5d2" member_type: VOTER last_known_addr { host: "127.9.224.130" port: 37403 } } peers { permanent_uuid: "5e4c3bd16e464c248f6bdb228f07ca07" member_type: VOTER last_known_addr { host: "127.9.224.131" port: 37509 } }
I20260709 12:16:37.244807 11545 raft_consensus.cc:385] T 58055175d94f4ec0a0272b89d001634d P 5e4c3bd16e464c248f6bdb228f07ca07 [term 0 FOLLOWER]: Consensus starting up: Expiring failure detector timer to make a prompt election more likely
I20260709 12:16:37.245451 11545 raft_consensus.cc:740] T 58055175d94f4ec0a0272b89d001634d P 5e4c3bd16e464c248f6bdb228f07ca07 [term 0 FOLLOWER]: Becoming Follower/Learner. State: Replica: 5e4c3bd16e464c248f6bdb228f07ca07, State: Initialized, Role: FOLLOWER
I20260709 12:16:37.246354 11545 consensus_queue.cc:260] T 58055175d94f4ec0a0272b89d001634d P 5e4c3bd16e464c248f6bdb228f07ca07 [NON_LEADER]: Queue going to NON_LEADER mode. State: All replicated index: 0, Majority replicated index: 0, Committed index: 0, Last appended: 0.0, Last appended by leader: 0, Current term: 0, Majority size: -1, State: 0, Mode: NON_LEADER, active raft config: opid_index: -1 OBSOLETE_local: false peers { permanent_uuid: "926198d9ff0e46b090e06ddf568f8f59" member_type: VOTER last_known_addr { host: "127.9.224.129" port: 36825 } } peers { permanent_uuid: "f9acaddbd8e3414c98fdada0f377d5d2" member_type: VOTER last_known_addr { host: "127.9.224.130" port: 37403 } } peers { permanent_uuid: "5e4c3bd16e464c248f6bdb228f07ca07" member_type: VOTER last_known_addr { host: "127.9.224.131" port: 37509 } }
I20260709 12:16:37.248368 11545 ts_tablet_manager.cc:1434] T 58055175d94f4ec0a0272b89d001634d P 5e4c3bd16e464c248f6bdb228f07ca07: Time spent starting tablet: real 0.055s	user 0.008s	sys 0.000s
I20260709 12:16:37.249723 11545 tablet_bootstrap.cc:492] T 0f18379a885f4e429f2efd9e64d0e485 P 5e4c3bd16e464c248f6bdb228f07ca07: Bootstrap starting.
I20260709 12:16:37.259598 11585 raft_consensus.cc:493] T ad8861724dd24580b9fbe94f7c0328c3 P 926198d9ff0e46b090e06ddf568f8f59 [term 0 FOLLOWER]: Starting pre-election (no leader contacted us within the election timeout)
I20260709 12:16:37.260142 11585 raft_consensus.cc:515] T ad8861724dd24580b9fbe94f7c0328c3 P 926198d9ff0e46b090e06ddf568f8f59 [term 0 FOLLOWER]: Starting pre-election with config: opid_index: -1 OBSOLETE_local: false peers { permanent_uuid: "926198d9ff0e46b090e06ddf568f8f59" member_type: VOTER last_known_addr { host: "127.9.224.129" port: 36825 } } peers { permanent_uuid: "f9acaddbd8e3414c98fdada0f377d5d2" member_type: VOTER last_known_addr { host: "127.9.224.130" port: 37403 } } peers { permanent_uuid: "5e4c3bd16e464c248f6bdb228f07ca07" member_type: VOTER last_known_addr { host: "127.9.224.131" port: 37509 } }
I20260709 12:16:37.262275 11585 leader_election.cc:290] T ad8861724dd24580b9fbe94f7c0328c3 P 926198d9ff0e46b090e06ddf568f8f59 [CANDIDATE]: Term 1 pre-election: Requested pre-vote from peers f9acaddbd8e3414c98fdada0f377d5d2 (127.9.224.130:37403), 5e4c3bd16e464c248f6bdb228f07ca07 (127.9.224.131:37509)
I20260709 12:16:37.270792 11429 tablet_service.cc:1917] Received RequestConsensusVote() RPC: tablet_id: "ad8861724dd24580b9fbe94f7c0328c3" candidate_uuid: "926198d9ff0e46b090e06ddf568f8f59" candidate_term: 1 candidate_status { last_received { term: 0 index: 0 } } ignore_live_leader: false dest_uuid: "f9acaddbd8e3414c98fdada0f377d5d2" is_pre_election: true
I20260709 12:16:37.271757 11429 raft_consensus.cc:2468] T ad8861724dd24580b9fbe94f7c0328c3 P f9acaddbd8e3414c98fdada0f377d5d2 [term 0 FOLLOWER]: Leader pre-election vote request: Granting yes vote for candidate 926198d9ff0e46b090e06ddf568f8f59 in term 0.
I20260709 12:16:37.273150 11505 tablet_service.cc:1917] Received RequestConsensusVote() RPC: tablet_id: "ad8861724dd24580b9fbe94f7c0328c3" candidate_uuid: "926198d9ff0e46b090e06ddf568f8f59" candidate_term: 1 candidate_status { last_received { term: 0 index: 0 } } ignore_live_leader: false dest_uuid: "5e4c3bd16e464c248f6bdb228f07ca07" is_pre_election: true
I20260709 12:16:37.274173 11505 raft_consensus.cc:2468] T ad8861724dd24580b9fbe94f7c0328c3 P 5e4c3bd16e464c248f6bdb228f07ca07 [term 0 FOLLOWER]: Leader pre-election vote request: Granting yes vote for candidate 926198d9ff0e46b090e06ddf568f8f59 in term 0.
I20260709 12:16:37.276083 11322 leader_election.cc:304] T ad8861724dd24580b9fbe94f7c0328c3 P 926198d9ff0e46b090e06ddf568f8f59 [CANDIDATE]: Term 1 pre-election: Election decided. Result: candidate won. Election summary: received 2 responses out of 3 voters: 2 yes votes; 0 no votes. yes voters: 5e4c3bd16e464c248f6bdb228f07ca07, 926198d9ff0e46b090e06ddf568f8f59; no voters: 
I20260709 12:16:37.277316 11585 raft_consensus.cc:2804] T ad8861724dd24580b9fbe94f7c0328c3 P 926198d9ff0e46b090e06ddf568f8f59 [term 0 FOLLOWER]: Leader pre-election won for term 1
I20260709 12:16:37.277797 11585 raft_consensus.cc:493] T ad8861724dd24580b9fbe94f7c0328c3 P 926198d9ff0e46b090e06ddf568f8f59 [term 0 FOLLOWER]: Starting leader election (no leader contacted us within the election timeout)
I20260709 12:16:37.278208 11585 raft_consensus.cc:3060] T ad8861724dd24580b9fbe94f7c0328c3 P 926198d9ff0e46b090e06ddf568f8f59 [term 0 FOLLOWER]: Advancing to term 1
I20260709 12:16:37.284976 11552 raft_consensus.cc:493] T 33bccba6b446428788e7f0c53e5770f4 P f9acaddbd8e3414c98fdada0f377d5d2 [term 0 FOLLOWER]: Starting pre-election (no leader contacted us within the election timeout)
I20260709 12:16:37.285827 11552 raft_consensus.cc:515] T 33bccba6b446428788e7f0c53e5770f4 P f9acaddbd8e3414c98fdada0f377d5d2 [term 0 FOLLOWER]: Starting pre-election with config: opid_index: -1 OBSOLETE_local: false peers { permanent_uuid: "926198d9ff0e46b090e06ddf568f8f59" member_type: VOTER last_known_addr { host: "127.9.224.129" port: 36825 } } peers { permanent_uuid: "f9acaddbd8e3414c98fdada0f377d5d2" member_type: VOTER last_known_addr { host: "127.9.224.130" port: 37403 } } peers { permanent_uuid: "5e4c3bd16e464c248f6bdb228f07ca07" member_type: VOTER last_known_addr { host: "127.9.224.131" port: 37509 } }
I20260709 12:16:37.289860 11354 tablet_service.cc:1917] Received RequestConsensusVote() RPC: tablet_id: "33bccba6b446428788e7f0c53e5770f4" candidate_uuid: "f9acaddbd8e3414c98fdada0f377d5d2" candidate_term: 1 candidate_status { last_received { term: 0 index: 0 } } ignore_live_leader: false dest_uuid: "926198d9ff0e46b090e06ddf568f8f59" is_pre_election: true
I20260709 12:16:37.291357 11503 tablet_service.cc:1917] Received RequestConsensusVote() RPC: tablet_id: "0cdd03cd6c954d9a9d4b623f29d239d1" candidate_uuid: "926198d9ff0e46b090e06ddf568f8f59" candidate_term: 1 candidate_status { last_received { term: 0 index: 0 } } ignore_live_leader: false dest_uuid: "5e4c3bd16e464c248f6bdb228f07ca07"
I20260709 12:16:37.292189 11503 raft_consensus.cc:3060] T 0cdd03cd6c954d9a9d4b623f29d239d1 P 5e4c3bd16e464c248f6bdb228f07ca07 [term 0 FOLLOWER]: Advancing to term 1
W20260709 12:16:37.292059 11397 leader_election.cc:343] T 33bccba6b446428788e7f0c53e5770f4 P f9acaddbd8e3414c98fdada0f377d5d2 [CANDIDATE]: Term 1 pre-election: Tablet error from VoteRequest() call to peer 926198d9ff0e46b090e06ddf568f8f59 (127.9.224.129:36825): Illegal state: must be running to vote when last-logged opid is not known
I20260709 12:16:37.296351 11504 tablet_service.cc:1917] Received RequestConsensusVote() RPC: tablet_id: "33bccba6b446428788e7f0c53e5770f4" candidate_uuid: "f9acaddbd8e3414c98fdada0f377d5d2" candidate_term: 1 candidate_status { last_received { term: 0 index: 0 } } ignore_live_leader: false dest_uuid: "5e4c3bd16e464c248f6bdb228f07ca07" is_pre_election: true
I20260709 12:16:37.297206 11504 raft_consensus.cc:2468] T 33bccba6b446428788e7f0c53e5770f4 P 5e4c3bd16e464c248f6bdb228f07ca07 [term 0 FOLLOWER]: Leader pre-election vote request: Granting yes vote for candidate f9acaddbd8e3414c98fdada0f377d5d2 in term 0.
I20260709 12:16:37.298619 11397 leader_election.cc:304] T 33bccba6b446428788e7f0c53e5770f4 P f9acaddbd8e3414c98fdada0f377d5d2 [CANDIDATE]: Term 1 pre-election: Election decided. Result: candidate won. Election summary: received 3 responses out of 3 voters: 2 yes votes; 1 no votes. yes voters: 5e4c3bd16e464c248f6bdb228f07ca07, f9acaddbd8e3414c98fdada0f377d5d2; no voters: 926198d9ff0e46b090e06ddf568f8f59
I20260709 12:16:37.280845 11586 leader_election.cc:290] T 0cdd03cd6c954d9a9d4b623f29d239d1 P 926198d9ff0e46b090e06ddf568f8f59 [CANDIDATE]: Term 1 election: Requested vote from peers f9acaddbd8e3414c98fdada0f377d5d2 (127.9.224.130:37403), 5e4c3bd16e464c248f6bdb228f07ca07 (127.9.224.131:37509)
W20260709 12:16:37.302284 11756 log.cc:927] Time spent T dca4a765d9414ee2b6cd44681a23a3e8 P 926198d9ff0e46b090e06ddf568f8f59: Append to log took a long time: real 0.063s	user 0.000s	sys 0.000s
I20260709 12:16:37.302359 11735 raft_consensus.cc:2804] T 33bccba6b446428788e7f0c53e5770f4 P f9acaddbd8e3414c98fdada0f377d5d2 [term 0 FOLLOWER]: Leader pre-election won for term 1
I20260709 12:16:37.307433 11735 raft_consensus.cc:493] T 33bccba6b446428788e7f0c53e5770f4 P f9acaddbd8e3414c98fdada0f377d5d2 [term 0 FOLLOWER]: Starting leader election (no leader contacted us within the election timeout)
I20260709 12:16:37.307911 11735 raft_consensus.cc:3060] T 33bccba6b446428788e7f0c53e5770f4 P f9acaddbd8e3414c98fdada0f377d5d2 [term 0 FOLLOWER]: Advancing to term 1
I20260709 12:16:37.316351 11642 raft_consensus.cc:493] T 58055175d94f4ec0a0272b89d001634d P 5e4c3bd16e464c248f6bdb228f07ca07 [term 0 FOLLOWER]: Starting pre-election (no leader contacted us within the election timeout)
I20260709 12:16:37.317092 11642 raft_consensus.cc:515] T 58055175d94f4ec0a0272b89d001634d P 5e4c3bd16e464c248f6bdb228f07ca07 [term 0 FOLLOWER]: Starting pre-election with config: opid_index: -1 OBSOLETE_local: false peers { permanent_uuid: "926198d9ff0e46b090e06ddf568f8f59" member_type: VOTER last_known_addr { host: "127.9.224.129" port: 36825 } } peers { permanent_uuid: "f9acaddbd8e3414c98fdada0f377d5d2" member_type: VOTER last_known_addr { host: "127.9.224.130" port: 37403 } } peers { permanent_uuid: "5e4c3bd16e464c248f6bdb228f07ca07" member_type: VOTER last_known_addr { host: "127.9.224.131" port: 37509 } }
I20260709 12:16:37.320960 11545 tablet_bootstrap.cc:654] T 0f18379a885f4e429f2efd9e64d0e485 P 5e4c3bd16e464c248f6bdb228f07ca07: Neither blocks nor log segments found. Creating new log.
I20260709 12:16:37.332649 11566 raft_consensus.cc:493] T a5298c50ec674be69488a0c5a247c3bc P 5e4c3bd16e464c248f6bdb228f07ca07 [term 0 FOLLOWER]: Starting pre-election (no leader contacted us within the election timeout)
I20260709 12:16:37.333346 11566 raft_consensus.cc:515] T a5298c50ec674be69488a0c5a247c3bc P 5e4c3bd16e464c248f6bdb228f07ca07 [term 0 FOLLOWER]: Starting pre-election with config: opid_index: -1 OBSOLETE_local: false peers { permanent_uuid: "926198d9ff0e46b090e06ddf568f8f59" member_type: VOTER last_known_addr { host: "127.9.224.129" port: 36825 } } peers { permanent_uuid: "f9acaddbd8e3414c98fdada0f377d5d2" member_type: VOTER last_known_addr { host: "127.9.224.130" port: 37403 } } peers { permanent_uuid: "5e4c3bd16e464c248f6bdb228f07ca07" member_type: VOTER last_known_addr { host: "127.9.224.131" port: 37509 } }
I20260709 12:16:37.298991 11552 leader_election.cc:290] T 33bccba6b446428788e7f0c53e5770f4 P f9acaddbd8e3414c98fdada0f377d5d2 [CANDIDATE]: Term 1 pre-election: Requested pre-vote from peers 926198d9ff0e46b090e06ddf568f8f59 (127.9.224.129:36825), 5e4c3bd16e464c248f6bdb228f07ca07 (127.9.224.131:37509)
I20260709 12:16:37.394865 11648 raft_consensus.cc:493] T acc73fd6627d47cba11361a5f8554dc2 P 5e4c3bd16e464c248f6bdb228f07ca07 [term 0 FOLLOWER]: Starting pre-election (no leader contacted us within the election timeout)
I20260709 12:16:37.395619 11648 raft_consensus.cc:515] T acc73fd6627d47cba11361a5f8554dc2 P 5e4c3bd16e464c248f6bdb228f07ca07 [term 0 FOLLOWER]: Starting pre-election with config: opid_index: -1 OBSOLETE_local: false peers { permanent_uuid: "926198d9ff0e46b090e06ddf568f8f59" member_type: VOTER last_known_addr { host: "127.9.224.129" port: 36825 } } peers { permanent_uuid: "f9acaddbd8e3414c98fdada0f377d5d2" member_type: VOTER last_known_addr { host: "127.9.224.130" port: 37403 } } peers { permanent_uuid: "5e4c3bd16e464c248f6bdb228f07ca07" member_type: VOTER last_known_addr { host: "127.9.224.131" port: 37509 } }
I20260709 12:16:37.538890 11566 leader_election.cc:290] T a5298c50ec674be69488a0c5a247c3bc P 5e4c3bd16e464c248f6bdb228f07ca07 [CANDIDATE]: Term 1 pre-election: Requested pre-vote from peers 926198d9ff0e46b090e06ddf568f8f59 (127.9.224.129:36825), f9acaddbd8e3414c98fdada0f377d5d2 (127.9.224.130:37403)
I20260709 12:16:37.526684 11586 raft_consensus.cc:493] T c2b0de0394394442812c64de637402f5 P 926198d9ff0e46b090e06ddf568f8f59 [term 0 FOLLOWER]: Starting pre-election (no leader contacted us within the election timeout)
W20260709 12:16:37.539703 11319 outbound_call.cc:321] RPC callback for RPC call kudu.consensus.ConsensusService.UpdateConsensus -> {remote=127.9.224.130:37403, user_credentials={real_user=slave}} blocked reactor thread for 112035us
I20260709 12:16:37.553251 11431 raft_consensus.cc:2468] T 0cdd03cd6c954d9a9d4b623f29d239d1 P f9acaddbd8e3414c98fdada0f377d5d2 [term 1 FOLLOWER]: Leader election vote request: Granting yes vote for candidate 926198d9ff0e46b090e06ddf568f8f59 in term 1.
I20260709 12:16:37.553727 11585 raft_consensus.cc:515] T ad8861724dd24580b9fbe94f7c0328c3 P 926198d9ff0e46b090e06ddf568f8f59 [term 1 FOLLOWER]: Starting leader election with config: opid_index: -1 OBSOLETE_local: false peers { permanent_uuid: "926198d9ff0e46b090e06ddf568f8f59" member_type: VOTER last_known_addr { host: "127.9.224.129" port: 36825 } } peers { permanent_uuid: "f9acaddbd8e3414c98fdada0f377d5d2" member_type: VOTER last_known_addr { host: "127.9.224.130" port: 37403 } } peers { permanent_uuid: "5e4c3bd16e464c248f6bdb228f07ca07" member_type: VOTER last_known_addr { host: "127.9.224.131" port: 37509 } }
I20260709 12:16:37.560045 11642 leader_election.cc:290] T 58055175d94f4ec0a0272b89d001634d P 5e4c3bd16e464c248f6bdb228f07ca07 [CANDIDATE]: Term 1 pre-election: Requested pre-vote from peers 926198d9ff0e46b090e06ddf568f8f59 (127.9.224.129:36825), f9acaddbd8e3414c98fdada0f377d5d2 (127.9.224.130:37403)
I20260709 12:16:37.551347 11586 raft_consensus.cc:515] T c2b0de0394394442812c64de637402f5 P 926198d9ff0e46b090e06ddf568f8f59 [term 0 FOLLOWER]: Starting pre-election with config: opid_index: -1 OBSOLETE_local: false peers { permanent_uuid: "926198d9ff0e46b090e06ddf568f8f59" member_type: VOTER last_known_addr { host: "127.9.224.129" port: 36825 } } peers { permanent_uuid: "f9acaddbd8e3414c98fdada0f377d5d2" member_type: VOTER last_known_addr { host: "127.9.224.130" port: 37403 } } peers { permanent_uuid: "5e4c3bd16e464c248f6bdb228f07ca07" member_type: VOTER last_known_addr { host: "127.9.224.131" port: 37509 } }
I20260709 12:16:37.576627 11585 leader_election.cc:290] T ad8861724dd24580b9fbe94f7c0328c3 P 926198d9ff0e46b090e06ddf568f8f59 [CANDIDATE]: Term 1 election: Requested vote from peers f9acaddbd8e3414c98fdada0f377d5d2 (127.9.224.130:37403), 5e4c3bd16e464c248f6bdb228f07ca07 (127.9.224.131:37509)
I20260709 12:16:37.574795 11648 leader_election.cc:290] T acc73fd6627d47cba11361a5f8554dc2 P 5e4c3bd16e464c248f6bdb228f07ca07 [CANDIDATE]: Term 1 pre-election: Requested pre-vote from peers 926198d9ff0e46b090e06ddf568f8f59 (127.9.224.129:36825), f9acaddbd8e3414c98fdada0f377d5d2 (127.9.224.130:37403)
I20260709 12:16:37.591156 11586 leader_election.cc:290] T c2b0de0394394442812c64de637402f5 P 926198d9ff0e46b090e06ddf568f8f59 [CANDIDATE]: Term 1 pre-election: Requested pre-vote from peers f9acaddbd8e3414c98fdada0f377d5d2 (127.9.224.130:37403), 5e4c3bd16e464c248f6bdb228f07ca07 (127.9.224.131:37509)
I20260709 12:16:37.603173 11546 tablet_bootstrap.cc:492] T a2323ef88b2d485ea7905c582ef78d42 P f9acaddbd8e3414c98fdada0f377d5d2: No bootstrap required, opened a new log
I20260709 12:16:37.603667 11546 ts_tablet_manager.cc:1403] T a2323ef88b2d485ea7905c582ef78d42 P f9acaddbd8e3414c98fdada0f377d5d2: Time spent bootstrapping tablet: real 0.430s	user 0.090s	sys 0.172s
I20260709 12:16:37.613577 11545 tablet_bootstrap.cc:492] T 0f18379a885f4e429f2efd9e64d0e485 P 5e4c3bd16e464c248f6bdb228f07ca07: No bootstrap required, opened a new log
I20260709 12:16:37.613729 11431 raft_consensus.cc:3060] T 79e22ddbf59d4062af1b8db35a97706b P f9acaddbd8e3414c98fdada0f377d5d2 [term 0 FOLLOWER]: Advancing to term 1
I20260709 12:16:37.614084 11545 ts_tablet_manager.cc:1403] T 0f18379a885f4e429f2efd9e64d0e485 P 5e4c3bd16e464c248f6bdb228f07ca07: Time spent bootstrapping tablet: real 0.365s	user 0.017s	sys 0.007s
I20260709 12:16:37.617405 11353 tablet_service.cc:1917] Received RequestConsensusVote() RPC: tablet_id: "a5298c50ec674be69488a0c5a247c3bc" candidate_uuid: "5e4c3bd16e464c248f6bdb228f07ca07" candidate_term: 1 candidate_status { last_received { term: 0 index: 0 } } ignore_live_leader: false dest_uuid: "926198d9ff0e46b090e06ddf568f8f59" is_pre_election: true
I20260709 12:16:37.618610 11545 raft_consensus.cc:359] T 0f18379a885f4e429f2efd9e64d0e485 P 5e4c3bd16e464c248f6bdb228f07ca07 [term 0 FOLLOWER]: Replica starting. Triggering 0 pending ops. Active config: opid_index: -1 OBSOLETE_local: false peers { permanent_uuid: "926198d9ff0e46b090e06ddf568f8f59" member_type: VOTER last_known_addr { host: "127.9.224.129" port: 36825 } } peers { permanent_uuid: "f9acaddbd8e3414c98fdada0f377d5d2" member_type: VOTER last_known_addr { host: "127.9.224.130" port: 37403 } } peers { permanent_uuid: "5e4c3bd16e464c248f6bdb228f07ca07" member_type: VOTER last_known_addr { host: "127.9.224.131" port: 37509 } }
I20260709 12:16:37.619580 11545 raft_consensus.cc:385] T 0f18379a885f4e429f2efd9e64d0e485 P 5e4c3bd16e464c248f6bdb228f07ca07 [term 0 FOLLOWER]: Consensus starting up: Expiring failure detector timer to make a prompt election more likely
I20260709 12:16:37.619871 11545 raft_consensus.cc:740] T 0f18379a885f4e429f2efd9e64d0e485 P 5e4c3bd16e464c248f6bdb228f07ca07 [term 0 FOLLOWER]: Becoming Follower/Learner. State: Replica: 5e4c3bd16e464c248f6bdb228f07ca07, State: Initialized, Role: FOLLOWER
