I20260709 12:09:18.449954 14037 leader_election.cc:290] T ae214c1d993c48839150e6fc4b5fb68c P 27414d7f7eed414f9fe59ba3c44ad9c2 [CANDIDATE]: Term 1 election: Requested vote from peers 3059b18653ae458d915093e96ccc8bec (127.12.81.65:34681), fd28eed7f885404ab8f47e7e2c5e6e9a (127.12.81.66:35861)
I20260709 12:09:18.450553 14006 leader_election.cc:290] T 0cafbf94be634dbd8e5d6668b8e7074a P 3059b18653ae458d915093e96ccc8bec [CANDIDATE]: Term 1 election: Requested vote from peers fd28eed7f885404ab8f47e7e2c5e6e9a (127.12.81.66:35861), 27414d7f7eed414f9fe59ba3c44ad9c2 (127.12.81.67:41067)
I20260709 12:09:18.451532 13964 leader_election.cc:290] T d93ea29c8b4c4364ad6ef247babb152d P fd28eed7f885404ab8f47e7e2c5e6e9a [CANDIDATE]: Term 1 pre-election: Requested pre-vote from peers 3059b18653ae458d915093e96ccc8bec (127.12.81.65:34681), 27414d7f7eed414f9fe59ba3c44ad9c2 (127.12.81.67:41067)
I20260709 12:09:18.451771 13988 leader_election.cc:290] T b4bffab29dee41b2813a21a5fafbfd18 P fd28eed7f885404ab8f47e7e2c5e6e9a [CANDIDATE]: Term 1 election: Requested vote from peers 3059b18653ae458d915093e96ccc8bec (127.12.81.65:34681), 27414d7f7eed414f9fe59ba3c44ad9c2 (127.12.81.67:41067)
I20260709 12:09:18.452183 13959 raft_consensus.cc:359] T 0f5fe7f64249410b9bece3a19eb04626 P 27414d7f7eed414f9fe59ba3c44ad9c2 [term 0 FOLLOWER]: Replica starting. Triggering 0 pending ops. Active config: opid_index: -1 OBSOLETE_local: false peers { permanent_uuid: "3059b18653ae458d915093e96ccc8bec" member_type: VOTER last_known_addr { host: "127.12.81.65" port: 34681 } } peers { permanent_uuid: "fd28eed7f885404ab8f47e7e2c5e6e9a" member_type: VOTER last_known_addr { host: "127.12.81.66" port: 35861 } } peers { permanent_uuid: "27414d7f7eed414f9fe59ba3c44ad9c2" member_type: VOTER last_known_addr { host: "127.12.81.67" port: 41067 } }
I20260709 12:09:18.452791 13959 raft_consensus.cc:385] T 0f5fe7f64249410b9bece3a19eb04626 P 27414d7f7eed414f9fe59ba3c44ad9c2 [term 0 FOLLOWER]: Consensus starting up: Expiring failure detector timer to make a prompt election more likely
I20260709 12:09:18.453094 13959 raft_consensus.cc:740] T 0f5fe7f64249410b9bece3a19eb04626 P 27414d7f7eed414f9fe59ba3c44ad9c2 [term 0 FOLLOWER]: Becoming Follower/Learner. State: Replica: 27414d7f7eed414f9fe59ba3c44ad9c2, State: Initialized, Role: FOLLOWER
I20260709 12:09:18.453094 13765 raft_consensus.cc:3060] T 26b62586c86d4397a81721ca5e109dc8 P 3059b18653ae458d915093e96ccc8bec [term 0 FOLLOWER]: Advancing to term 1
I20260709 12:09:18.454244 13959 consensus_queue.cc:260] T 0f5fe7f64249410b9bece3a19eb04626 P 27414d7f7eed414f9fe59ba3c44ad9c2 [NON_LEADER]: Queue going to NON_LEADER mode. State: All replicated index: 0, Majority replicated index: 0, Committed index: 0, Last appended: 0.0, Last appended by leader: 0, Current term: 0, Majority size: -1, State: 0, Mode: NON_LEADER, active raft config: opid_index: -1 OBSOLETE_local: false peers { permanent_uuid: "3059b18653ae458d915093e96ccc8bec" member_type: VOTER last_known_addr { host: "127.12.81.65" port: 34681 } } peers { permanent_uuid: "fd28eed7f885404ab8f47e7e2c5e6e9a" member_type: VOTER last_known_addr { host: "127.12.81.66" port: 35861 } } peers { permanent_uuid: "27414d7f7eed414f9fe59ba3c44ad9c2" member_type: VOTER last_known_addr { host: "127.12.81.67" port: 41067 } }
I20260709 12:09:18.456192 13959 ts_tablet_manager.cc:1434] T 0f5fe7f64249410b9bece3a19eb04626 P 27414d7f7eed414f9fe59ba3c44ad9c2: Time spent starting tablet: real 0.006s	user 0.007s	sys 0.000s
I20260709 12:09:18.456923 13959 tablet_bootstrap.cc:492] T 6ddb89a829db4283bdec6ba5f4bdee88 P 27414d7f7eed414f9fe59ba3c44ad9c2: Bootstrap starting.
I20260709 12:09:18.440689 13764 tablet_service.cc:1917] Received RequestConsensusVote() RPC: tablet_id: "25129ce7c3ec43b197838dff00cb67c4" candidate_uuid: "fd28eed7f885404ab8f47e7e2c5e6e9a" candidate_term: 1 candidate_status { last_received { term: 0 index: 0 } } ignore_live_leader: false dest_uuid: "3059b18653ae458d915093e96ccc8bec"
I20260709 12:09:18.456071 13915 raft_consensus.cc:3060] T 25129ce7c3ec43b197838dff00cb67c4 P 27414d7f7eed414f9fe59ba3c44ad9c2 [term 0 FOLLOWER]: Advancing to term 1
I20260709 12:09:18.463665 13839 tablet_service.cc:1917] Received RequestConsensusVote() RPC: tablet_id: "26b62586c86d4397a81721ca5e109dc8" candidate_uuid: "27414d7f7eed414f9fe59ba3c44ad9c2" candidate_term: 1 candidate_status { last_received { term: 0 index: 0 } } ignore_live_leader: false dest_uuid: "fd28eed7f885404ab8f47e7e2c5e6e9a"
I20260709 12:09:18.464260 13839 raft_consensus.cc:3060] T 26b62586c86d4397a81721ca5e109dc8 P fd28eed7f885404ab8f47e7e2c5e6e9a [term 0 FOLLOWER]: Advancing to term 1
I20260709 12:09:18.462770 13764 raft_consensus.cc:3060] T 25129ce7c3ec43b197838dff00cb67c4 P 3059b18653ae458d915093e96ccc8bec [term 0 FOLLOWER]: Advancing to term 1
I20260709 12:09:18.456759 14005 consensus_queue.cc:1048] T 6170191f91374526a2750eb4d03a3054 P 3059b18653ae458d915093e96ccc8bec [LEADER]: Connected to new peer: Peer: permanent_uuid: "27414d7f7eed414f9fe59ba3c44ad9c2" member_type: VOTER last_known_addr { host: "127.12.81.67" port: 41067 }, Status: LMP_MISMATCH, Last received: 0.0, Next index: 1, Last known committed idx: 0, Time since last communication: 0.014s
I20260709 12:09:18.473623 13762 tablet_service.cc:1917] Received RequestConsensusVote() RPC: tablet_id: "b4bffab29dee41b2813a21a5fafbfd18" candidate_uuid: "fd28eed7f885404ab8f47e7e2c5e6e9a" candidate_term: 1 candidate_status { last_received { term: 0 index: 0 } } ignore_live_leader: false dest_uuid: "3059b18653ae458d915093e96ccc8bec"
I20260709 12:09:18.476651 13765 raft_consensus.cc:2468] T 26b62586c86d4397a81721ca5e109dc8 P 3059b18653ae458d915093e96ccc8bec [term 1 FOLLOWER]: Leader election vote request: Granting yes vote for candidate 27414d7f7eed414f9fe59ba3c44ad9c2 in term 1.
W20260709 12:09:18.477494 13806 leader_election.cc:343] T b4bffab29dee41b2813a21a5fafbfd18 P fd28eed7f885404ab8f47e7e2c5e6e9a [CANDIDATE]: Term 1 election: Tablet error from VoteRequest() call to peer 3059b18653ae458d915093e96ccc8bec (127.12.81.65:34681): Illegal state: must be running to vote when last-logged opid is not known
I20260709 12:09:18.479175 13762 tablet_service.cc:1917] Received RequestConsensusVote() RPC: tablet_id: "d93ea29c8b4c4364ad6ef247babb152d" candidate_uuid: "fd28eed7f885404ab8f47e7e2c5e6e9a" candidate_term: 1 candidate_status { last_received { term: 0 index: 0 } } ignore_live_leader: false dest_uuid: "3059b18653ae458d915093e96ccc8bec" is_pre_election: true
I20260709 12:09:18.482774 13957 tablet_bootstrap.cc:492] T 4d95ffad91104563aa0ef705df6b93d0 P 3059b18653ae458d915093e96ccc8bec: No bootstrap required, opened a new log
I20260709 12:09:18.483330 13957 ts_tablet_manager.cc:1403] T 4d95ffad91104563aa0ef705df6b93d0 P 3059b18653ae458d915093e96ccc8bec: Time spent bootstrapping tablet: real 0.307s	user 0.009s	sys 0.009s
W20260709 12:09:18.498558 13806 leader_election.cc:343] T d93ea29c8b4c4364ad6ef247babb152d P fd28eed7f885404ab8f47e7e2c5e6e9a [CANDIDATE]: Term 1 pre-election: Tablet error from VoteRequest() call to peer 3059b18653ae458d915093e96ccc8bec (127.12.81.65:34681): Illegal state: must be running to vote when last-logged opid is not known
I20260709 12:09:18.501503 14060 consensus_queue.cc:1048] T 661ffd6f24fa4ae2b39267526acf04aa P 3059b18653ae458d915093e96ccc8bec [LEADER]: Connected to new peer: Peer: permanent_uuid: "27414d7f7eed414f9fe59ba3c44ad9c2" member_type: VOTER last_known_addr { host: "127.12.81.67" port: 41067 }, Status: LMP_MISMATCH, Last received: 0.0, Next index: 1, Last known committed idx: 0, Time since last communication: 0.013s
I20260709 12:09:18.485313 13841 tablet_service.cc:1917] Received RequestConsensusVote() RPC: tablet_id: "ae214c1d993c48839150e6fc4b5fb68c" candidate_uuid: "27414d7f7eed414f9fe59ba3c44ad9c2" candidate_term: 1 candidate_status { last_received { term: 0 index: 0 } } ignore_live_leader: false dest_uuid: "fd28eed7f885404ab8f47e7e2c5e6e9a"
I20260709 12:09:18.503027 14005 consensus_queue.cc:1048] T 6170191f91374526a2750eb4d03a3054 P 3059b18653ae458d915093e96ccc8bec [LEADER]: Connected to new peer: Peer: permanent_uuid: "fd28eed7f885404ab8f47e7e2c5e6e9a" member_type: VOTER last_known_addr { host: "127.12.81.66" port: 35861 }, Status: LMP_MISMATCH, Last received: 0.0, Next index: 1, Last known committed idx: 0, Time since last communication: 0.017s
I20260709 12:09:18.521210 13836 tablet_service.cc:1917] Received RequestConsensusVote() RPC: tablet_id: "0cafbf94be634dbd8e5d6668b8e7074a" candidate_uuid: "3059b18653ae458d915093e96ccc8bec" candidate_term: 1 candidate_status { last_received { term: 0 index: 0 } } ignore_live_leader: false dest_uuid: "fd28eed7f885404ab8f47e7e2c5e6e9a"
W20260709 12:09:18.523888 13732 leader_election.cc:343] T 0cafbf94be634dbd8e5d6668b8e7074a P 3059b18653ae458d915093e96ccc8bec [CANDIDATE]: Term 1 election: Tablet error from VoteRequest() call to peer fd28eed7f885404ab8f47e7e2c5e6e9a (127.12.81.66:35861): Illegal state: must be running to vote when last-logged opid is not known
I20260709 12:09:18.524921 13956 tablet_bootstrap.cc:492] T 0cafbf94be634dbd8e5d6668b8e7074a P fd28eed7f885404ab8f47e7e2c5e6e9a: Bootstrap starting.
I20260709 12:09:18.495018 13880 leader_election.cc:304] T 26b62586c86d4397a81721ca5e109dc8 P 27414d7f7eed414f9fe59ba3c44ad9c2 [CANDIDATE]: Term 1 election: Election decided. Result: candidate won. Election summary: received 2 responses out of 3 voters: 2 yes votes; 0 no votes. yes voters: 27414d7f7eed414f9fe59ba3c44ad9c2, 3059b18653ae458d915093e96ccc8bec; no voters: 
I20260709 12:09:18.499192 13914 tablet_service.cc:1917] Received RequestConsensusVote() RPC: tablet_id: "0cafbf94be634dbd8e5d6668b8e7074a" candidate_uuid: "3059b18653ae458d915093e96ccc8bec" candidate_term: 1 candidate_status { last_received { term: 0 index: 0 } } ignore_live_leader: false dest_uuid: "27414d7f7eed414f9fe59ba3c44ad9c2"
I20260709 12:09:18.528136 13963 raft_consensus.cc:2804] T 26b62586c86d4397a81721ca5e109dc8 P 27414d7f7eed414f9fe59ba3c44ad9c2 [term 1 FOLLOWER]: Leader election won for term 1
I20260709 12:09:18.528469 13914 raft_consensus.cc:3060] T 0cafbf94be634dbd8e5d6668b8e7074a P 27414d7f7eed414f9fe59ba3c44ad9c2 [term 0 FOLLOWER]: Advancing to term 1
I20260709 12:09:18.528591 13963 raft_consensus.cc:697] T 26b62586c86d4397a81721ca5e109dc8 P 27414d7f7eed414f9fe59ba3c44ad9c2 [term 1 LEADER]: Becoming Leader. State: Replica: 27414d7f7eed414f9fe59ba3c44ad9c2, State: Running, Role: LEADER
I20260709 12:09:18.512876 13765 tablet_service.cc:1917] Received RequestConsensusVote() RPC: tablet_id: "ae214c1d993c48839150e6fc4b5fb68c" candidate_uuid: "27414d7f7eed414f9fe59ba3c44ad9c2" candidate_term: 1 candidate_status { last_received { term: 0 index: 0 } } ignore_live_leader: false dest_uuid: "3059b18653ae458d915093e96ccc8bec"
W20260709 12:09:18.550510 14053 log.cc:927] Time spent T 09953979092a4182a13efee198fb4fbb P fd28eed7f885404ab8f47e7e2c5e6e9a: Append to log took a long time: real 0.075s	user 0.001s	sys 0.000s
I20260709 12:09:18.556519 13963 consensus_queue.cc:237] T 26b62586c86d4397a81721ca5e109dc8 P 27414d7f7eed414f9fe59ba3c44ad9c2 [LEADER]: Queue going to LEADER mode. State: All replicated index: 0, Majority replicated index: 0, Committed index: 0, Last appended: 0.0, Last appended by leader: 0, Current term: 1, Majority size: 2, State: 0, Mode: LEADER, active raft config: opid_index: -1 OBSOLETE_local: false peers { permanent_uuid: "3059b18653ae458d915093e96ccc8bec" member_type: VOTER last_known_addr { host: "127.12.81.65" port: 34681 } } peers { permanent_uuid: "fd28eed7f885404ab8f47e7e2c5e6e9a" member_type: VOTER last_known_addr { host: "127.12.81.66" port: 35861 } } peers { permanent_uuid: "27414d7f7eed414f9fe59ba3c44ad9c2" member_type: VOTER last_known_addr { host: "127.12.81.67" port: 41067 } }
I20260709 12:09:18.562103 13764 raft_consensus.cc:2468] T 25129ce7c3ec43b197838dff00cb67c4 P 3059b18653ae458d915093e96ccc8bec [term 1 FOLLOWER]: Leader election vote request: Granting yes vote for candidate fd28eed7f885404ab8f47e7e2c5e6e9a in term 1.
W20260709 12:09:18.563015 13880 leader_election.cc:343] T ae214c1d993c48839150e6fc4b5fb68c P 27414d7f7eed414f9fe59ba3c44ad9c2 [CANDIDATE]: Term 1 election: Tablet error from VoteRequest() call to peer 3059b18653ae458d915093e96ccc8bec (127.12.81.65:34681): Illegal state: must be running to vote when last-logged opid is not known
I20260709 12:09:18.563448 14021 raft_consensus.cc:493] T 0f5fe7f64249410b9bece3a19eb04626 P 27414d7f7eed414f9fe59ba3c44ad9c2 [term 0 FOLLOWER]: Starting pre-election (no leader contacted us within the election timeout)
I20260709 12:09:18.549783 13841 raft_consensus.cc:3060] T ae214c1d993c48839150e6fc4b5fb68c P fd28eed7f885404ab8f47e7e2c5e6e9a [term 0 FOLLOWER]: Advancing to term 1
I20260709 12:09:18.576540 13916 tablet_service.cc:1917] Received RequestConsensusVote() RPC: tablet_id: "d93ea29c8b4c4364ad6ef247babb152d" candidate_uuid: "fd28eed7f885404ab8f47e7e2c5e6e9a" candidate_term: 1 candidate_status { last_received { term: 0 index: 0 } } ignore_live_leader: false dest_uuid: "27414d7f7eed414f9fe59ba3c44ad9c2" is_pre_election: true
I20260709 12:09:18.693207 13806 leader_election.cc:304] T 25129ce7c3ec43b197838dff00cb67c4 P fd28eed7f885404ab8f47e7e2c5e6e9a [CANDIDATE]: Term 1 election: Election decided. Result: candidate won. Election summary: received 2 responses out of 3 voters: 2 yes votes; 0 no votes. yes voters: 3059b18653ae458d915093e96ccc8bec, fd28eed7f885404ab8f47e7e2c5e6e9a; no voters: 
I20260709 12:09:18.693714 13957 raft_consensus.cc:359] T 4d95ffad91104563aa0ef705df6b93d0 P 3059b18653ae458d915093e96ccc8bec [term 0 FOLLOWER]: Replica starting. Triggering 0 pending ops. Active config: opid_index: -1 OBSOLETE_local: false peers { permanent_uuid: "3059b18653ae458d915093e96ccc8bec" member_type: VOTER last_known_addr { host: "127.12.81.65" port: 34681 } } peers { permanent_uuid: "fd28eed7f885404ab8f47e7e2c5e6e9a" member_type: VOTER last_known_addr { host: "127.12.81.66" port: 35861 } } peers { permanent_uuid: "27414d7f7eed414f9fe59ba3c44ad9c2" member_type: VOTER last_known_addr { host: "127.12.81.67" port: 41067 } }
I20260709 12:09:18.694074 13964 raft_consensus.cc:2804] T 25129ce7c3ec43b197838dff00cb67c4 P fd28eed7f885404ab8f47e7e2c5e6e9a [term 1 FOLLOWER]: Leader election won for term 1
I20260709 12:09:18.694387 13957 raft_consensus.cc:385] T 4d95ffad91104563aa0ef705df6b93d0 P 3059b18653ae458d915093e96ccc8bec [term 0 FOLLOWER]: Consensus starting up: Expiring failure detector timer to make a prompt election more likely
I20260709 12:09:18.694574 13964 raft_consensus.cc:697] T 25129ce7c3ec43b197838dff00cb67c4 P fd28eed7f885404ab8f47e7e2c5e6e9a [term 1 LEADER]: Becoming Leader. State: Replica: fd28eed7f885404ab8f47e7e2c5e6e9a, State: Running, Role: LEADER
I20260709 12:09:18.695230 13914 raft_consensus.cc:2468] T 0cafbf94be634dbd8e5d6668b8e7074a P 27414d7f7eed414f9fe59ba3c44ad9c2 [term 1 FOLLOWER]: Leader election vote request: Granting yes vote for candidate 3059b18653ae458d915093e96ccc8bec in term 1.
I20260709 12:09:18.695417 13964 consensus_queue.cc:237] T 25129ce7c3ec43b197838dff00cb67c4 P fd28eed7f885404ab8f47e7e2c5e6e9a [LEADER]: Queue going to LEADER mode. State: All replicated index: 0, Majority replicated index: 0, Committed index: 0, Last appended: 0.0, Last appended by leader: 0, Current term: 1, Majority size: 2, State: 0, Mode: LEADER, active raft config: opid_index: -1 OBSOLETE_local: false peers { permanent_uuid: "3059b18653ae458d915093e96ccc8bec" member_type: VOTER last_known_addr { host: "127.12.81.65" port: 34681 } } peers { permanent_uuid: "fd28eed7f885404ab8f47e7e2c5e6e9a" member_type: VOTER last_known_addr { host: "127.12.81.66" port: 35861 } } peers { permanent_uuid: "27414d7f7eed414f9fe59ba3c44ad9c2" member_type: VOTER last_known_addr { host: "127.12.81.67" port: 41067 } }
I20260709 12:09:18.697647 13957 raft_consensus.cc:740] T 4d95ffad91104563aa0ef705df6b93d0 P 3059b18653ae458d915093e96ccc8bec [term 0 FOLLOWER]: Becoming Follower/Learner. State: Replica: 3059b18653ae458d915093e96ccc8bec, State: Initialized, Role: FOLLOWER
I20260709 12:09:18.591655 13839 raft_consensus.cc:2468] T 26b62586c86d4397a81721ca5e109dc8 P fd28eed7f885404ab8f47e7e2c5e6e9a [term 1 FOLLOWER]: Leader election vote request: Granting yes vote for candidate 27414d7f7eed414f9fe59ba3c44ad9c2 in term 1.
I20260709 12:09:18.700282 13959 tablet_bootstrap.cc:654] T 6ddb89a829db4283bdec6ba5f4bdee88 P 27414d7f7eed414f9fe59ba3c44ad9c2: Neither blocks nor log segments found. Creating new log.
I20260709 12:09:18.700945 13957 consensus_queue.cc:260] T 4d95ffad91104563aa0ef705df6b93d0 P 3059b18653ae458d915093e96ccc8bec [NON_LEADER]: Queue going to NON_LEADER mode. State: All replicated index: 0, Majority replicated index: 0, Committed index: 0, Last appended: 0.0, Last appended by leader: 0, Current term: 0, Majority size: -1, State: 0, Mode: NON_LEADER, active raft config: opid_index: -1 OBSOLETE_local: false peers { permanent_uuid: "3059b18653ae458d915093e96ccc8bec" member_type: VOTER last_known_addr { host: "127.12.81.65" port: 34681 } } peers { permanent_uuid: "fd28eed7f885404ab8f47e7e2c5e6e9a" member_type: VOTER last_known_addr { host: "127.12.81.66" port: 35861 } } peers { permanent_uuid: "27414d7f7eed414f9fe59ba3c44ad9c2" member_type: VOTER last_known_addr { host: "127.12.81.67" port: 41067 } }
I20260709 12:09:18.688486 14021 raft_consensus.cc:515] T 0f5fe7f64249410b9bece3a19eb04626 P 27414d7f7eed414f9fe59ba3c44ad9c2 [term 0 FOLLOWER]: Starting pre-election with config: opid_index: -1 OBSOLETE_local: false peers { permanent_uuid: "3059b18653ae458d915093e96ccc8bec" member_type: VOTER last_known_addr { host: "127.12.81.65" port: 34681 } } peers { permanent_uuid: "fd28eed7f885404ab8f47e7e2c5e6e9a" member_type: VOTER last_known_addr { host: "127.12.81.66" port: 35861 } } peers { permanent_uuid: "27414d7f7eed414f9fe59ba3c44ad9c2" member_type: VOTER last_known_addr { host: "127.12.81.67" port: 41067 } }
I20260709 12:09:18.702401 13957 ts_tablet_manager.cc:1434] T 4d95ffad91104563aa0ef705df6b93d0 P 3059b18653ae458d915093e96ccc8bec: Time spent starting tablet: real 0.219s	user 0.003s	sys 0.002s
I20260709 12:09:18.705132 13957 tablet_bootstrap.cc:492] T d93ea29c8b4c4364ad6ef247babb152d P 3059b18653ae458d915093e96ccc8bec: Bootstrap starting.
I20260709 12:09:18.591168 13915 raft_consensus.cc:2468] T 25129ce7c3ec43b197838dff00cb67c4 P 27414d7f7eed414f9fe59ba3c44ad9c2 [term 1 FOLLOWER]: Leader election vote request: Granting yes vote for candidate fd28eed7f885404ab8f47e7e2c5e6e9a in term 1.
I20260709 12:09:18.717658 14021 leader_election.cc:290] T 0f5fe7f64249410b9bece3a19eb04626 P 27414d7f7eed414f9fe59ba3c44ad9c2 [CANDIDATE]: Term 1 pre-election: Requested pre-vote from peers 3059b18653ae458d915093e96ccc8bec (127.12.81.65:34681), fd28eed7f885404ab8f47e7e2c5e6e9a (127.12.81.66:35861)
I20260709 12:09:18.577582 13912 tablet_service.cc:1917] Received RequestConsensusVote() RPC: tablet_id: "b4bffab29dee41b2813a21a5fafbfd18" candidate_uuid: "fd28eed7f885404ab8f47e7e2c5e6e9a" candidate_term: 1 candidate_status { last_received { term: 0 index: 0 } } ignore_live_leader: false dest_uuid: "27414d7f7eed414f9fe59ba3c44ad9c2"
I20260709 12:09:18.593456 14061 consensus_queue.cc:1048] T 661ffd6f24fa4ae2b39267526acf04aa P 3059b18653ae458d915093e96ccc8bec [LEADER]: Connected to new peer: Peer: permanent_uuid: "fd28eed7f885404ab8f47e7e2c5e6e9a" member_type: VOTER last_known_addr { host: "127.12.81.66" port: 35861 }, Status: LMP_MISMATCH, Last received: 0.0, Next index: 1, Last known committed idx: 0, Time since last communication: 0.123s
I20260709 12:09:18.727273 13841 raft_consensus.cc:2468] T ae214c1d993c48839150e6fc4b5fb68c P fd28eed7f885404ab8f47e7e2c5e6e9a [term 1 FOLLOWER]: Leader election vote request: Granting yes vote for candidate 27414d7f7eed414f9fe59ba3c44ad9c2 in term 1.
I20260709 12:09:18.736999 13730 leader_election.cc:304] T 0cafbf94be634dbd8e5d6668b8e7074a P 3059b18653ae458d915093e96ccc8bec [CANDIDATE]: Term 1 election: Election decided. Result: candidate won. Election summary: received 3 responses out of 3 voters: 2 yes votes; 1 no votes. yes voters: 27414d7f7eed414f9fe59ba3c44ad9c2, 3059b18653ae458d915093e96ccc8bec; no voters: fd28eed7f885404ab8f47e7e2c5e6e9a
I20260709 12:09:18.738198 13956 tablet_bootstrap.cc:654] T 0cafbf94be634dbd8e5d6668b8e7074a P fd28eed7f885404ab8f47e7e2c5e6e9a: Neither blocks nor log segments found. Creating new log.
W20260709 12:09:18.738108 13880 outbound_call.cc:321] RPC callback for RPC call kudu.consensus.ConsensusService.RequestConsensusVote -> {remote=127.12.81.65:34681, user_credentials={real_user=slave}} blocked reactor thread for 175132us
I20260709 12:09:18.738499 14006 raft_consensus.cc:2804] T 0cafbf94be634dbd8e5d6668b8e7074a P 3059b18653ae458d915093e96ccc8bec [term 1 FOLLOWER]: Leader election won for term 1
I20260709 12:09:18.739060 14006 raft_consensus.cc:697] T 0cafbf94be634dbd8e5d6668b8e7074a P 3059b18653ae458d915093e96ccc8bec [term 1 LEADER]: Becoming Leader. State: Replica: 3059b18653ae458d915093e96ccc8bec, State: Running, Role: LEADER
I20260709 12:09:18.740240 14006 consensus_queue.cc:237] T 0cafbf94be634dbd8e5d6668b8e7074a P 3059b18653ae458d915093e96ccc8bec [LEADER]: Queue going to LEADER mode. State: All replicated index: 0, Majority replicated index: 0, Committed index: 0, Last appended: 0.0, Last appended by leader: 0, Current term: 1, Majority size: 2, State: 0, Mode: LEADER, active raft config: opid_index: -1 OBSOLETE_local: false peers { permanent_uuid: "3059b18653ae458d915093e96ccc8bec" member_type: VOTER last_known_addr { host: "127.12.81.65" port: 34681 } } peers { permanent_uuid: "fd28eed7f885404ab8f47e7e2c5e6e9a" member_type: VOTER last_known_addr { host: "127.12.81.66" port: 35861 } } peers { permanent_uuid: "27414d7f7eed414f9fe59ba3c44ad9c2" member_type: VOTER last_known_addr { host: "127.12.81.67" port: 41067 } }
W20260709 12:09:18.741622 13805 leader_election.cc:343] T d93ea29c8b4c4364ad6ef247babb152d P fd28eed7f885404ab8f47e7e2c5e6e9a [CANDIDATE]: Term 1 pre-election: Tablet error from VoteRequest() call to peer 27414d7f7eed414f9fe59ba3c44ad9c2 (127.12.81.67:41067): Illegal state: must be running to vote when last-logged opid is not known
I20260709 12:09:18.741909 13841 tablet_service.cc:1917] Received RequestConsensusVote() RPC: tablet_id: "0f5fe7f64249410b9bece3a19eb04626" candidate_uuid: "27414d7f7eed414f9fe59ba3c44ad9c2" candidate_term: 1 candidate_status { last_received { term: 0 index: 0 } } ignore_live_leader: false dest_uuid: "fd28eed7f885404ab8f47e7e2c5e6e9a" is_pre_election: true
I20260709 12:09:18.742059 13805 leader_election.cc:304] T d93ea29c8b4c4364ad6ef247babb152d P fd28eed7f885404ab8f47e7e2c5e6e9a [CANDIDATE]: Term 1 pre-election: Election decided. Result: candidate lost. Election summary: received 3 responses out of 3 voters: 1 yes votes; 2 no votes. yes voters: fd28eed7f885404ab8f47e7e2c5e6e9a; no voters: 27414d7f7eed414f9fe59ba3c44ad9c2, 3059b18653ae458d915093e96ccc8bec
I20260709 12:09:18.730718 13912 raft_consensus.cc:3060] T b4bffab29dee41b2813a21a5fafbfd18 P 27414d7f7eed414f9fe59ba3c44ad9c2 [term 0 FOLLOWER]: Advancing to term 1
I20260709 12:09:18.744324 13964 raft_consensus.cc:2749] T d93ea29c8b4c4364ad6ef247babb152d P fd28eed7f885404ab8f47e7e2c5e6e9a [term 0 FOLLOWER]: Leader pre-election lost for term 1. Reason: could not achieve majority
I20260709 12:09:18.742859 13765 tablet_service.cc:1917] Received RequestConsensusVote() RPC: tablet_id: "0f5fe7f64249410b9bece3a19eb04626" candidate_uuid: "27414d7f7eed414f9fe59ba3c44ad9c2" candidate_term: 1 candidate_status { last_received { term: 0 index: 0 } } ignore_live_leader: false dest_uuid: "3059b18653ae458d915093e96ccc8bec" is_pre_election: true
I20260709 12:09:18.749274 13881 leader_election.cc:304] T ae214c1d993c48839150e6fc4b5fb68c P 27414d7f7eed414f9fe59ba3c44ad9c2 [CANDIDATE]: Term 1 election: Election decided. Result: candidate won. Election summary: received 3 responses out of 3 voters: 2 yes votes; 1 no votes. yes voters: 27414d7f7eed414f9fe59ba3c44ad9c2, fd28eed7f885404ab8f47e7e2c5e6e9a; no voters: 3059b18653ae458d915093e96ccc8bec
I20260709 12:09:18.750373 14019 consensus_queue.cc:1048] T d74dbb9b58b441c1b902456d97d9a81e P 27414d7f7eed414f9fe59ba3c44ad9c2 [LEADER]: Connected to new peer: Peer: permanent_uuid: "fd28eed7f885404ab8f47e7e2c5e6e9a" member_type: VOTER last_known_addr { host: "127.12.81.66" port: 35861 }, Status: LMP_MISMATCH, Last received: 0.0, Next index: 1, Last known committed idx: 0, Time since last communication: 0.004s
W20260709 12:09:18.750406 13881 leader_election.cc:343] T 0f5fe7f64249410b9bece3a19eb04626 P 27414d7f7eed414f9fe59ba3c44ad9c2 [CANDIDATE]: Term 1 pre-election: Tablet error from VoteRequest() call to peer fd28eed7f885404ab8f47e7e2c5e6e9a (127.12.81.66:35861): Illegal state: must be running to vote when last-logged opid is not known
I20260709 12:09:18.758078 14037 raft_consensus.cc:2804] T ae214c1d993c48839150e6fc4b5fb68c P 27414d7f7eed414f9fe59ba3c44ad9c2 [term 1 FOLLOWER]: Leader election won for term 1
I20260709 12:09:18.762868 14036 consensus_queue.cc:1048] T d74dbb9b58b441c1b902456d97d9a81e P 27414d7f7eed414f9fe59ba3c44ad9c2 [LEADER]: Connected to new peer: Peer: permanent_uuid: "3059b18653ae458d915093e96ccc8bec" member_type: VOTER last_known_addr { host: "127.12.81.65" port: 34681 }, Status: LMP_MISMATCH, Last received: 0.0, Next index: 1, Last known committed idx: 0, Time since last communication: 0.004s
I20260709 12:09:18.769348 14069 consensus_queue.cc:1048] T de5082befaf84858bdb42c8b69e7a8b0 P 27414d7f7eed414f9fe59ba3c44ad9c2 [LEADER]: Connected to new peer: Peer: permanent_uuid: "fd28eed7f885404ab8f47e7e2c5e6e9a" member_type: VOTER last_known_addr { host: "127.12.81.66" port: 35861 }, Status: LMP_MISMATCH, Last received: 0.0, Next index: 1, Last known committed idx: 0, Time since last communication: 0.016s
W20260709 12:09:18.771620 13732 consensus_peers.cc:597] T b779adea40ae4790896d631eaae66635 P 3059b18653ae458d915093e96ccc8bec -> Peer fd28eed7f885404ab8f47e7e2c5e6e9a (127.12.81.66:35861): Couldn't send request to peer fd28eed7f885404ab8f47e7e2c5e6e9a. Error code: TABLET_NOT_RUNNING (12). Status: Illegal state: Tablet not RUNNING: INITIALIZED. This is attempt 1: this message will repeat every 5th retry.
W20260709 12:09:18.776378 13880 leader_election.cc:343] T 0f5fe7f64249410b9bece3a19eb04626 P 27414d7f7eed414f9fe59ba3c44ad9c2 [CANDIDATE]: Term 1 pre-election: Tablet error from VoteRequest() call to peer 3059b18653ae458d915093e96ccc8bec (127.12.81.65:34681): Illegal state: must be running to vote when last-logged opid is not known
I20260709 12:09:18.776939 13880 leader_election.cc:304] T 0f5fe7f64249410b9bece3a19eb04626 P 27414d7f7eed414f9fe59ba3c44ad9c2 [CANDIDATE]: Term 1 pre-election: Election decided. Result: candidate lost. Election summary: received 3 responses out of 3 voters: 1 yes votes; 2 no votes. yes voters: 27414d7f7eed414f9fe59ba3c44ad9c2; no voters: 3059b18653ae458d915093e96ccc8bec, fd28eed7f885404ab8f47e7e2c5e6e9a
I20260709 12:09:18.782670 14019 raft_consensus.cc:2749] T 0f5fe7f64249410b9bece3a19eb04626 P 27414d7f7eed414f9fe59ba3c44ad9c2 [term 0 FOLLOWER]: Leader pre-election lost for term 1. Reason: could not achieve majority
I20260709 12:09:18.783409 13957 tablet_bootstrap.cc:654] T d93ea29c8b4c4364ad6ef247babb152d P 3059b18653ae458d915093e96ccc8bec: Neither blocks nor log segments found. Creating new log.
I20260709 12:09:18.780527 14037 raft_consensus.cc:697] T ae214c1d993c48839150e6fc4b5fb68c P 27414d7f7eed414f9fe59ba3c44ad9c2 [term 1 LEADER]: Becoming Leader. State: Replica: 27414d7f7eed414f9fe59ba3c44ad9c2, State: Running, Role: LEADER
I20260709 12:09:18.784621 14019 consensus_queue.cc:1048] T de5082befaf84858bdb42c8b69e7a8b0 P 27414d7f7eed414f9fe59ba3c44ad9c2 [LEADER]: Connected to new peer: Peer: permanent_uuid: "3059b18653ae458d915093e96ccc8bec" member_type: VOTER last_known_addr { host: "127.12.81.65" port: 34681 }, Status: LMP_MISMATCH, Last received: 0.0, Next index: 1, Last known committed idx: 0, Time since last communication: 0.000s
I20260709 12:09:18.784583 14037 consensus_queue.cc:237] T ae214c1d993c48839150e6fc4b5fb68c P 27414d7f7eed414f9fe59ba3c44ad9c2 [LEADER]: Queue going to LEADER mode. State: All replicated index: 0, Majority replicated index: 0, Committed index: 0, Last appended: 0.0, Last appended by leader: 0, Current term: 1, Majority size: 2, State: 0, Mode: LEADER, active raft config: opid_index: -1 OBSOLETE_local: false peers { permanent_uuid: "3059b18653ae458d915093e96ccc8bec" member_type: VOTER last_known_addr { host: "127.12.81.65" port: 34681 } } peers { permanent_uuid: "fd28eed7f885404ab8f47e7e2c5e6e9a" member_type: VOTER last_known_addr { host: "127.12.81.66" port: 35861 } } peers { permanent_uuid: "27414d7f7eed414f9fe59ba3c44ad9c2" member_type: VOTER last_known_addr { host: "127.12.81.67" port: 41067 } }
I20260709 12:09:18.780694 14021 consensus_queue.cc:1048] T 45b52b507f2346e9980eab77a9803a37 P 27414d7f7eed414f9fe59ba3c44ad9c2 [LEADER]: Connected to new peer: Peer: permanent_uuid: "3059b18653ae458d915093e96ccc8bec" member_type: VOTER last_known_addr { host: "127.12.81.65" port: 34681 }, Status: LMP_MISMATCH, Last received: 0.0, Next index: 1, Last known committed idx: 0, Time since last communication: 0.006s
I20260709 12:09:18.828383 14006 raft_consensus.cc:493] T 4d95ffad91104563aa0ef705df6b93d0 P 3059b18653ae458d915093e96ccc8bec [term 0 FOLLOWER]: Starting pre-election (no leader contacted us within the election timeout)
I20260709 12:09:18.828887 14006 raft_consensus.cc:515] T 4d95ffad91104563aa0ef705df6b93d0 P 3059b18653ae458d915093e96ccc8bec [term 0 FOLLOWER]: Starting pre-election with config: opid_index: -1 OBSOLETE_local: false peers { permanent_uuid: "3059b18653ae458d915093e96ccc8bec" member_type: VOTER last_known_addr { host: "127.12.81.65" port: 34681 } } peers { permanent_uuid: "fd28eed7f885404ab8f47e7e2c5e6e9a" member_type: VOTER last_known_addr { host: "127.12.81.66" port: 35861 } } peers { permanent_uuid: "27414d7f7eed414f9fe59ba3c44ad9c2" member_type: VOTER last_known_addr { host: "127.12.81.67" port: 41067 } }
I20260709 12:09:18.832293 13915 tablet_service.cc:1917] Received RequestConsensusVote() RPC: tablet_id: "4d95ffad91104563aa0ef705df6b93d0" candidate_uuid: "3059b18653ae458d915093e96ccc8bec" candidate_term: 1 candidate_status { last_received { term: 0 index: 0 } } ignore_live_leader: false dest_uuid: "27414d7f7eed414f9fe59ba3c44ad9c2" is_pre_election: true
I20260709 12:09:18.832913 13915 raft_consensus.cc:2468] T 4d95ffad91104563aa0ef705df6b93d0 P 27414d7f7eed414f9fe59ba3c44ad9c2 [term 0 FOLLOWER]: Leader pre-election vote request: Granting yes vote for candidate 3059b18653ae458d915093e96ccc8bec in term 0.
I20260709 12:09:18.834491 13730 leader_election.cc:304] T 4d95ffad91104563aa0ef705df6b93d0 P 3059b18653ae458d915093e96ccc8bec [CANDIDATE]: Term 1 pre-election: Election decided. Result: candidate won. Election summary: received 2 responses out of 3 voters: 2 yes votes; 0 no votes. yes voters: 27414d7f7eed414f9fe59ba3c44ad9c2, 3059b18653ae458d915093e96ccc8bec; no voters: 
I20260709 12:09:18.834858 13665 catalog_manager.cc:5697] T 25129ce7c3ec43b197838dff00cb67c4 P fd28eed7f885404ab8f47e7e2c5e6e9a reported cstate change: term changed from 0 to 1, leader changed from <none> to fd28eed7f885404ab8f47e7e2c5e6e9a (127.12.81.66). New cstate: current_term: 1 leader_uuid: "fd28eed7f885404ab8f47e7e2c5e6e9a" committed_config { opid_index: -1 OBSOLETE_local: false peers { permanent_uuid: "3059b18653ae458d915093e96ccc8bec" member_type: VOTER last_known_addr { host: "127.12.81.65" port: 34681 } health_report { overall_health: UNKNOWN } } peers { permanent_uuid: "fd28eed7f885404ab8f47e7e2c5e6e9a" member_type: VOTER last_known_addr { host: "127.12.81.66" port: 35861 } health_report { overall_health: HEALTHY } } peers { permanent_uuid: "27414d7f7eed414f9fe59ba3c44ad9c2" member_type: VOTER last_known_addr { host: "127.12.81.67" port: 41067 } health_report { overall_health: UNKNOWN } } }
I20260709 12:09:18.831343 14006 leader_election.cc:290] T 4d95ffad91104563aa0ef705df6b93d0 P 3059b18653ae458d915093e96ccc8bec [CANDIDATE]: Term 1 pre-election: Requested pre-vote from peers fd28eed7f885404ab8f47e7e2c5e6e9a (127.12.81.66:35861), 27414d7f7eed414f9fe59ba3c44ad9c2 (127.12.81.67:41067)
I20260709 12:09:18.813128 14061 consensus_queue.cc:1048] T b779adea40ae4790896d631eaae66635 P 3059b18653ae458d915093e96ccc8bec [LEADER]: Connected to new peer: Peer: permanent_uuid: "27414d7f7eed414f9fe59ba3c44ad9c2" member_type: VOTER last_known_addr { host: "127.12.81.67" port: 41067 }, Status: LMP_MISMATCH, Last received: 0.0, Next index: 1, Last known committed idx: 0, Time since last communication: 0.010s
I20260709 12:09:18.839915 13663 catalog_manager.cc:5697] T 0cafbf94be634dbd8e5d6668b8e7074a P 3059b18653ae458d915093e96ccc8bec reported cstate change: term changed from 0 to 1, leader changed from <none> to 3059b18653ae458d915093e96ccc8bec (127.12.81.65). New cstate: current_term: 1 leader_uuid: "3059b18653ae458d915093e96ccc8bec" committed_config { opid_index: -1 OBSOLETE_local: false peers { permanent_uuid: "3059b18653ae458d915093e96ccc8bec" member_type: VOTER last_known_addr { host: "127.12.81.65" port: 34681 } health_report { overall_health: HEALTHY } } peers { permanent_uuid: "fd28eed7f885404ab8f47e7e2c5e6e9a" member_type: VOTER last_known_addr { host: "127.12.81.66" port: 35861 } health_report { overall_health: UNKNOWN } } peers { permanent_uuid: "27414d7f7eed414f9fe59ba3c44ad9c2" member_type: VOTER last_known_addr { host: "127.12.81.67" port: 41067 } health_report { overall_health: UNKNOWN } } }
I20260709 12:09:18.835237 14005 raft_consensus.cc:2804] T 4d95ffad91104563aa0ef705df6b93d0 P 3059b18653ae458d915093e96ccc8bec [term 0 FOLLOWER]: Leader pre-election won for term 1
I20260709 12:09:18.841246 14005 raft_consensus.cc:493] T 4d95ffad91104563aa0ef705df6b93d0 P 3059b18653ae458d915093e96ccc8bec [term 0 FOLLOWER]: Starting leader election (no leader contacted us within the election timeout)
I20260709 12:09:18.842550 14005 raft_consensus.cc:3060] T 4d95ffad91104563aa0ef705df6b93d0 P 3059b18653ae458d915093e96ccc8bec [term 0 FOLLOWER]: Advancing to term 1
I20260709 12:09:18.849944 13957 tablet_bootstrap.cc:492] T d93ea29c8b4c4364ad6ef247babb152d P 3059b18653ae458d915093e96ccc8bec: No bootstrap required, opened a new log
I20260709 12:09:18.852118 13836 tablet_service.cc:1917] Received RequestConsensusVote() RPC: tablet_id: "4d95ffad91104563aa0ef705df6b93d0" candidate_uuid: "3059b18653ae458d915093e96ccc8bec" candidate_term: 1 candidate_status { last_received { term: 0 index: 0 } } ignore_live_leader: false dest_uuid: "fd28eed7f885404ab8f47e7e2c5e6e9a" is_pre_election: true
I20260709 12:09:18.852754 13957 ts_tablet_manager.cc:1403] T d93ea29c8b4c4364ad6ef247babb152d P 3059b18653ae458d915093e96ccc8bec: Time spent bootstrapping tablet: real 0.148s	user 0.021s	sys 0.012s
W20260709 12:09:18.859687 13732 leader_election.cc:343] T 4d95ffad91104563aa0ef705df6b93d0 P 3059b18653ae458d915093e96ccc8bec [CANDIDATE]: Term 1 pre-election: Tablet error from VoteRequest() call to peer fd28eed7f885404ab8f47e7e2c5e6e9a (127.12.81.66:35861): Illegal state: must be running to vote when last-logged opid is not known
I20260709 12:09:18.852495 14067 consensus_queue.cc:1048] T 45b52b507f2346e9980eab77a9803a37 P 27414d7f7eed414f9fe59ba3c44ad9c2 [LEADER]: Connected to new peer: Peer: permanent_uuid: "fd28eed7f885404ab8f47e7e2c5e6e9a" member_type: VOTER last_known_addr { host: "127.12.81.66" port: 35861 }, Status: LMP_MISMATCH, Last received: 0.0, Next index: 1, Last known committed idx: 0, Time since last communication: 0.009s
W20260709 12:09:18.874320 14072 log.cc:927] Time spent T 6170191f91374526a2750eb4d03a3054 P fd28eed7f885404ab8f47e7e2c5e6e9a: Append to log took a long time: real 0.108s	user 0.001s	sys 0.000s
I20260709 12:09:18.957458 14005 raft_consensus.cc:515] T 4d95ffad91104563aa0ef705df6b93d0 P 3059b18653ae458d915093e96ccc8bec [term 1 FOLLOWER]: Starting leader election with config: opid_index: -1 OBSOLETE_local: false peers { permanent_uuid: "3059b18653ae458d915093e96ccc8bec" member_type: VOTER last_known_addr { host: "127.12.81.65" port: 34681 } } peers { permanent_uuid: "fd28eed7f885404ab8f47e7e2c5e6e9a" member_type: VOTER last_known_addr { host: "127.12.81.66" port: 35861 } } peers { permanent_uuid: "27414d7f7eed414f9fe59ba3c44ad9c2" member_type: VOTER last_known_addr { host: "127.12.81.67" port: 41067 } }
I20260709 12:09:18.963480 13912 raft_consensus.cc:2468] T b4bffab29dee41b2813a21a5fafbfd18 P 27414d7f7eed414f9fe59ba3c44ad9c2 [term 1 FOLLOWER]: Leader election vote request: Granting yes vote for candidate fd28eed7f885404ab8f47e7e2c5e6e9a in term 1.
I20260709 12:09:18.973948 13805 leader_election.cc:304] T b4bffab29dee41b2813a21a5fafbfd18 P fd28eed7f885404ab8f47e7e2c5e6e9a [CANDIDATE]: Term 1 election: Election decided. Result: candidate won. Election summary: received 3 responses out of 3 voters: 2 yes votes; 1 no votes. yes voters: 27414d7f7eed414f9fe59ba3c44ad9c2, fd28eed7f885404ab8f47e7e2c5e6e9a; no voters: 3059b18653ae458d915093e96ccc8bec
I20260709 12:09:18.974802 13988 raft_consensus.cc:2804] T b4bffab29dee41b2813a21a5fafbfd18 P fd28eed7f885404ab8f47e7e2c5e6e9a [term 1 FOLLOWER]: Leader election won for term 1
I20260709 12:09:18.975383 13988 raft_consensus.cc:697] T b4bffab29dee41b2813a21a5fafbfd18 P fd28eed7f885404ab8f47e7e2c5e6e9a [term 1 LEADER]: Becoming Leader. State: Replica: fd28eed7f885404ab8f47e7e2c5e6e9a, State: Running, Role: LEADER
I20260709 12:09:18.980152 13988 consensus_queue.cc:237] T b4bffab29dee41b2813a21a5fafbfd18 P fd28eed7f885404ab8f47e7e2c5e6e9a [LEADER]: Queue going to LEADER mode. State: All replicated index: 0, Majority replicated index: 0, Committed index: 0, Last appended: 0.0, Last appended by leader: 0, Current term: 1, Majority size: 2, State: 0, Mode: LEADER, active raft config: opid_index: -1 OBSOLETE_local: false peers { permanent_uuid: "3059b18653ae458d915093e96ccc8bec" member_type: VOTER last_known_addr { host: "127.12.81.65" port: 34681 } } peers { permanent_uuid: "fd28eed7f885404ab8f47e7e2c5e6e9a" member_type: VOTER last_known_addr { host: "127.12.81.66" port: 35861 } } peers { permanent_uuid: "27414d7f7eed414f9fe59ba3c44ad9c2" member_type: VOTER last_known_addr { host: "127.12.81.67" port: 41067 } }
I20260709 12:09:18.992127 14005 leader_election.cc:290] T 4d95ffad91104563aa0ef705df6b93d0 P 3059b18653ae458d915093e96ccc8bec [CANDIDATE]: Term 1 election: Requested vote from peers fd28eed7f885404ab8f47e7e2c5e6e9a (127.12.81.66:35861), 27414d7f7eed414f9fe59ba3c44ad9c2 (127.12.81.67:41067)
I20260709 12:09:18.992544 13912 tablet_service.cc:1917] Received RequestConsensusVote() RPC: tablet_id: "4d95ffad91104563aa0ef705df6b93d0" candidate_uuid: "3059b18653ae458d915093e96ccc8bec" candidate_term: 1 candidate_status { last_received { term: 0 index: 0 } } ignore_live_leader: false dest_uuid: "27414d7f7eed414f9fe59ba3c44ad9c2"
I20260709 12:09:18.993103 13912 raft_consensus.cc:3060] T 4d95ffad91104563aa0ef705df6b93d0 P 27414d7f7eed414f9fe59ba3c44ad9c2 [term 0 FOLLOWER]: Advancing to term 1
I20260709 12:09:19.001616 13956 tablet_bootstrap.cc:492] T 0cafbf94be634dbd8e5d6668b8e7074a P fd28eed7f885404ab8f47e7e2c5e6e9a: No bootstrap required, opened a new log
I20260709 12:09:19.002081 13956 ts_tablet_manager.cc:1403] T 0cafbf94be634dbd8e5d6668b8e7074a P fd28eed7f885404ab8f47e7e2c5e6e9a: Time spent bootstrapping tablet: real 0.477s	user 0.009s	sys 0.046s
I20260709 12:09:19.002221 13838 tablet_service.cc:1917] Received RequestConsensusVote() RPC: tablet_id: "4d95ffad91104563aa0ef705df6b93d0" candidate_uuid: "3059b18653ae458d915093e96ccc8bec" candidate_term: 1 candidate_status { last_received { term: 0 index: 0 } } ignore_live_leader: false dest_uuid: "fd28eed7f885404ab8f47e7e2c5e6e9a"
I20260709 12:09:19.002902 13663 catalog_manager.cc:5697] T 26b62586c86d4397a81721ca5e109dc8 P 27414d7f7eed414f9fe59ba3c44ad9c2 reported cstate change: term changed from 0 to 1, leader changed from <none> to 27414d7f7eed414f9fe59ba3c44ad9c2 (127.12.81.67). New cstate: current_term: 1 leader_uuid: "27414d7f7eed414f9fe59ba3c44ad9c2" committed_config { opid_index: -1 OBSOLETE_local: false peers { permanent_uuid: "3059b18653ae458d915093e96ccc8bec" member_type: VOTER last_known_addr { host: "127.12.81.65" port: 34681 } health_report { overall_health: UNKNOWN } } peers { permanent_uuid: "fd28eed7f885404ab8f47e7e2c5e6e9a" member_type: VOTER last_known_addr { host: "127.12.81.66" port: 35861 } health_report { overall_health: UNKNOWN } } peers { permanent_uuid: "27414d7f7eed414f9fe59ba3c44ad9c2" member_type: VOTER last_known_addr { host: "127.12.81.67" port: 41067 } health_report { overall_health: HEALTHY } } }
W20260709 12:09:19.004498 13732 leader_election.cc:343] T 4d95ffad91104563aa0ef705df6b93d0 P 3059b18653ae458d915093e96ccc8bec [CANDIDATE]: Term 1 election: Tablet error from VoteRequest() call to peer fd28eed7f885404ab8f47e7e2c5e6e9a (127.12.81.66:35861): Illegal state: must be running to vote when last-logged opid is not known
I20260709 12:09:19.005518 13956 raft_consensus.cc:359] T 0cafbf94be634dbd8e5d6668b8e7074a P fd28eed7f885404ab8f47e7e2c5e6e9a [term 0 FOLLOWER]: Replica starting. Triggering 0 pending ops. Active config: opid_index: -1 OBSOLETE_local: false peers { permanent_uuid: "3059b18653ae458d915093e96ccc8bec" member_type: VOTER last_known_addr { host: "127.12.81.65" port: 34681 } } peers { permanent_uuid: "fd28eed7f885404ab8f47e7e2c5e6e9a" member_type: VOTER last_known_addr { host: "127.12.81.66" port: 35861 } } peers { permanent_uuid: "27414d7f7eed414f9fe59ba3c44ad9c2" member_type: VOTER last_known_addr { host: "127.12.81.67" port: 41067 } }
I20260709 12:09:19.006129 13956 raft_consensus.cc:385] T 0cafbf94be634dbd8e5d6668b8e7074a P fd28eed7f885404ab8f47e7e2c5e6e9a [term 0 FOLLOWER]: Consensus starting up: Expiring failure detector timer to make a prompt election more likely
I20260709 12:09:19.006389 13956 raft_consensus.cc:740] T 0cafbf94be634dbd8e5d6668b8e7074a P fd28eed7f885404ab8f47e7e2c5e6e9a [term 0 FOLLOWER]: Becoming Follower/Learner. State: Replica: fd28eed7f885404ab8f47e7e2c5e6e9a, State: Initialized, Role: FOLLOWER
I20260709 12:09:19.006975 13956 consensus_queue.cc:260] T 0cafbf94be634dbd8e5d6668b8e7074a P fd28eed7f885404ab8f47e7e2c5e6e9a [NON_LEADER]: Queue going to NON_LEADER mode. State: All replicated index: 0, Majority replicated index: 0, Committed index: 0, Last appended: 0.0, Last appended by leader: 0, Current term: 0, Majority size: -1, State: 0, Mode: NON_LEADER, active raft config: opid_index: -1 OBSOLETE_local: false peers { permanent_uuid: "3059b18653ae458d915093e96ccc8bec" member_type: VOTER last_known_addr { host: "127.12.81.65" port: 34681 } } peers { permanent_uuid: "fd28eed7f885404ab8f47e7e2c5e6e9a" member_type: VOTER last_known_addr { host: "127.12.81.66" port: 35861 } } peers { permanent_uuid: "27414d7f7eed414f9fe59ba3c44ad9c2" member_type: VOTER last_known_addr { host: "127.12.81.67" port: 41067 } }
I20260709 12:09:19.008337 13663 catalog_manager.cc:5697] T ae214c1d993c48839150e6fc4b5fb68c P 27414d7f7eed414f9fe59ba3c44ad9c2 reported cstate change: term changed from 0 to 1, leader changed from <none> to 27414d7f7eed414f9fe59ba3c44ad9c2 (127.12.81.67). New cstate: current_term: 1 leader_uuid: "27414d7f7eed414f9fe59ba3c44ad9c2" committed_config { opid_index: -1 OBSOLETE_local: false peers { permanent_uuid: "3059b18653ae458d915093e96ccc8bec" member_type: VOTER last_known_addr { host: "127.12.81.65" port: 34681 } health_report { overall_health: UNKNOWN } } peers { permanent_uuid: "fd28eed7f885404ab8f47e7e2c5e6e9a" member_type: VOTER last_known_addr { host: "127.12.81.66" port: 35861 } health_report { overall_health: UNKNOWN } } peers { permanent_uuid: "27414d7f7eed414f9fe59ba3c44ad9c2" member_type: VOTER last_known_addr { host: "127.12.81.67" port: 41067 } health_report { overall_health: HEALTHY } } }
I20260709 12:09:18.992059 13957 raft_consensus.cc:359] T d93ea29c8b4c4364ad6ef247babb152d P 3059b18653ae458d915093e96ccc8bec [term 0 FOLLOWER]: Replica starting. Triggering 0 pending ops. Active config: opid_index: -1 OBSOLETE_local: false peers { permanent_uuid: "3059b18653ae458d915093e96ccc8bec" member_type: VOTER last_known_addr { host: "127.12.81.65" port: 34681 } } peers { permanent_uuid: "fd28eed7f885404ab8f47e7e2c5e6e9a" member_type: VOTER last_known_addr { host: "127.12.81.66" port: 35861 } } peers { permanent_uuid: "27414d7f7eed414f9fe59ba3c44ad9c2" member_type: VOTER last_known_addr { host: "127.12.81.67" port: 41067 } }
I20260709 12:09:19.013152 13957 raft_consensus.cc:385] T d93ea29c8b4c4364ad6ef247babb152d P 3059b18653ae458d915093e96ccc8bec [term 0 FOLLOWER]: Consensus starting up: Expiring failure detector timer to make a prompt election more likely
I20260709 12:09:19.014106 13957 raft_consensus.cc:740] T d93ea29c8b4c4364ad6ef247babb152d P 3059b18653ae458d915093e96ccc8bec [term 0 FOLLOWER]: Becoming Follower/Learner. State: Replica: 3059b18653ae458d915093e96ccc8bec, State: Initialized, Role: FOLLOWER
I20260709 12:09:19.015940 13956 ts_tablet_manager.cc:1434] T 0cafbf94be634dbd8e5d6668b8e7074a P fd28eed7f885404ab8f47e7e2c5e6e9a: Time spent starting tablet: real 0.014s	user 0.003s	sys 0.003s
I20260709 12:09:19.016057 13957 consensus_queue.cc:260] T d93ea29c8b4c4364ad6ef247babb152d P 3059b18653ae458d915093e96ccc8bec [NON_LEADER]: Queue going to NON_LEADER mode. State: All replicated index: 0, Majority replicated index: 0, Committed index: 0, Last appended: 0.0, Last appended by leader: 0, Current term: 0, Majority size: -1, State: 0, Mode: NON_LEADER, active raft config: opid_index: -1 OBSOLETE_local: false peers { permanent_uuid: "3059b18653ae458d915093e96ccc8bec" member_type: VOTER last_known_addr { host: "127.12.81.65" port: 34681 } } peers { permanent_uuid: "fd28eed7f885404ab8f47e7e2c5e6e9a" member_type: VOTER last_known_addr { host: "127.12.81.66" port: 35861 } } peers { permanent_uuid: "27414d7f7eed414f9fe59ba3c44ad9c2" member_type: VOTER last_known_addr { host: "127.12.81.67" port: 41067 } }
I20260709 12:09:19.016853 13956 tablet_bootstrap.cc:492] T 4d95ffad91104563aa0ef705df6b93d0 P fd28eed7f885404ab8f47e7e2c5e6e9a: Bootstrap starting.
I20260709 12:09:19.017992 13959 tablet_bootstrap.cc:492] T 6ddb89a829db4283bdec6ba5f4bdee88 P 27414d7f7eed414f9fe59ba3c44ad9c2: No bootstrap required, opened a new log
I20260709 12:09:19.018430 13959 ts_tablet_manager.cc:1403] T 6ddb89a829db4283bdec6ba5f4bdee88 P 27414d7f7eed414f9fe59ba3c44ad9c2: Time spent bootstrapping tablet: real 0.562s	user 0.035s	sys 0.053s
I20260709 12:09:19.023944 13957 ts_tablet_manager.cc:1434] T d93ea29c8b4c4364ad6ef247babb152d P 3059b18653ae458d915093e96ccc8bec: Time spent starting tablet: real 0.171s	user 0.008s	sys 0.000s
I20260709 12:09:19.040402 13959 raft_consensus.cc:359] T 6ddb89a829db4283bdec6ba5f4bdee88 P 27414d7f7eed414f9fe59ba3c44ad9c2 [term 0 FOLLOWER]: Replica starting. Triggering 0 pending ops. Active config: opid_index: -1 OBSOLETE_local: false peers { permanent_uuid: "3059b18653ae458d915093e96ccc8bec" member_type: VOTER last_known_addr { host: "127.12.81.65" port: 34681 } } peers { permanent_uuid: "fd28eed7f885404ab8f47e7e2c5e6e9a" member_type: VOTER last_known_addr { host: "127.12.81.66" port: 35861 } } peers { permanent_uuid: "27414d7f7eed414f9fe59ba3c44ad9c2" member_type: VOTER last_known_addr { host: "127.12.81.67" port: 41067 } }
I20260709 12:09:19.041275 13959 raft_consensus.cc:385] T 6ddb89a829db4283bdec6ba5f4bdee88 P 27414d7f7eed414f9fe59ba3c44ad9c2 [term 0 FOLLOWER]: Consensus starting up: Expiring failure detector timer to make a prompt election more likely
I20260709 12:09:19.041560 13959 raft_consensus.cc:740] T 6ddb89a829db4283bdec6ba5f4bdee88 P 27414d7f7eed414f9fe59ba3c44ad9c2 [term 0 FOLLOWER]: Becoming Follower/Learner. State: Replica: 27414d7f7eed414f9fe59ba3c44ad9c2, State: Initialized, Role: FOLLOWER
I20260709 12:09:19.042191 13959 consensus_queue.cc:260] T 6ddb89a829db4283bdec6ba5f4bdee88 P 27414d7f7eed414f9fe59ba3c44ad9c2 [NON_LEADER]: Queue going to NON_LEADER mode. State: All replicated index: 0, Majority replicated index: 0, Committed index: 0, Last appended: 0.0, Last appended by leader: 0, Current term: 0, Majority size: -1, State: 0, Mode: NON_LEADER, active raft config: opid_index: -1 OBSOLETE_local: false peers { permanent_uuid: "3059b18653ae458d915093e96ccc8bec" member_type: VOTER last_known_addr { host: "127.12.81.65" port: 34681 } } peers { permanent_uuid: "fd28eed7f885404ab8f47e7e2c5e6e9a" member_type: VOTER last_known_addr { host: "127.12.81.66" port: 35861 } } peers { permanent_uuid: "27414d7f7eed414f9fe59ba3c44ad9c2" member_type: VOTER last_known_addr { host: "127.12.81.67" port: 41067 } }
I20260709 12:09:19.044097 13959 ts_tablet_manager.cc:1434] T 6ddb89a829db4283bdec6ba5f4bdee88 P 27414d7f7eed414f9fe59ba3c44ad9c2: Time spent starting tablet: real 0.025s	user 0.010s	sys 0.000s
I20260709 12:09:19.044952 13959 tablet_bootstrap.cc:492] T baf7f9ddf3784849b45c3e50657fc92a P 27414d7f7eed414f9fe59ba3c44ad9c2: Bootstrap starting.
I20260709 12:09:19.046761 13956 tablet_bootstrap.cc:654] T 4d95ffad91104563aa0ef705df6b93d0 P fd28eed7f885404ab8f47e7e2c5e6e9a: Neither blocks nor log segments found. Creating new log.
I20260709 12:09:19.051321 13957 tablet_bootstrap.cc:492] T b4bffab29dee41b2813a21a5fafbfd18 P 3059b18653ae458d915093e96ccc8bec: Bootstrap starting.
I20260709 12:09:19.051859 13959 tablet_bootstrap.cc:654] T baf7f9ddf3784849b45c3e50657fc92a P 27414d7f7eed414f9fe59ba3c44ad9c2: Neither blocks nor log segments found. Creating new log.
I20260709 12:09:19.065299 13912 raft_consensus.cc:2468] T 4d95ffad91104563aa0ef705df6b93d0 P 27414d7f7eed414f9fe59ba3c44ad9c2 [term 1 FOLLOWER]: Leader election vote request: Granting yes vote for candidate 3059b18653ae458d915093e96ccc8bec in term 1.
