W20260709 12:16:29.848186 22250 leader_election.cc:343] T c53e0ff5e86d4299bdc234291a1f03d7 P 5907fa614c3b48d4929abeab9e536753 [CANDIDATE]: Term 1 pre-election: Tablet error from VoteRequest() call to peer b6b908ce98c243cdbf93b1b205a2935a (127.20.149.195:34465): Illegal state: must be running to vote when last-logged opid is not known
I20260709 12:16:29.848511 22250 leader_election.cc:304] T c53e0ff5e86d4299bdc234291a1f03d7 P 5907fa614c3b48d4929abeab9e536753 [CANDIDATE]: Term 1 pre-election: Election decided. Result: candidate lost. Election summary: received 3 responses out of 3 voters: 1 yes votes; 2 no votes. yes voters: 5907fa614c3b48d4929abeab9e536753; no voters: 200ef61e8527460dad43c9ba80dc2ae2, b6b908ce98c243cdbf93b1b205a2935a
I20260709 12:16:29.849069 22497 raft_consensus.cc:2749] T c53e0ff5e86d4299bdc234291a1f03d7 P 5907fa614c3b48d4929abeab9e536753 [term 0 FOLLOWER]: Leader pre-election lost for term 1. Reason: could not achieve majority
I20260709 12:16:29.850490 22433 tablet_service.cc:1917] Received RequestConsensusVote() RPC: tablet_id: "6aaaf1c08bba461bb8bdbe70df41cd61" candidate_uuid: "5907fa614c3b48d4929abeab9e536753" candidate_term: 1 candidate_status { last_received { term: 0 index: 0 } } ignore_live_leader: false dest_uuid: "b6b908ce98c243cdbf93b1b205a2935a"
I20260709 12:16:29.851300 22433 raft_consensus.cc:3060] T 6aaaf1c08bba461bb8bdbe70df41cd61 P b6b908ce98c243cdbf93b1b205a2935a [term 0 FOLLOWER]: Advancing to term 1
I20260709 12:16:29.851366 22181 catalog_manager.cc:5697] T 1ad2e972da734e6e9b1fe2ef33dac9ca P 5907fa614c3b48d4929abeab9e536753 reported cstate change: term changed from 0 to 1, leader changed from <none> to 5907fa614c3b48d4929abeab9e536753 (127.20.149.193). New cstate: current_term: 1 leader_uuid: "5907fa614c3b48d4929abeab9e536753" committed_config { opid_index: -1 OBSOLETE_local: false peers { permanent_uuid: "5907fa614c3b48d4929abeab9e536753" member_type: VOTER last_known_addr { host: "127.20.149.193" port: 41961 } health_report { overall_health: HEALTHY } } peers { permanent_uuid: "200ef61e8527460dad43c9ba80dc2ae2" member_type: VOTER last_known_addr { host: "127.20.149.194" port: 38227 } health_report { overall_health: UNKNOWN } } peers { permanent_uuid: "b6b908ce98c243cdbf93b1b205a2935a" member_type: VOTER last_known_addr { host: "127.20.149.195" port: 34465 } health_report { overall_health: UNKNOWN } } }
I20260709 12:16:29.853757 22183 catalog_manager.cc:5697] T e8ae6c95314b4a208b810f8adf4d646e P b6b908ce98c243cdbf93b1b205a2935a reported cstate change: term changed from 0 to 1, leader changed from <none> to b6b908ce98c243cdbf93b1b205a2935a (127.20.149.195). New cstate: current_term: 1 leader_uuid: "b6b908ce98c243cdbf93b1b205a2935a" committed_config { opid_index: -1 OBSOLETE_local: false peers { permanent_uuid: "5907fa614c3b48d4929abeab9e536753" member_type: VOTER last_known_addr { host: "127.20.149.193" port: 41961 } health_report { overall_health: UNKNOWN } } peers { permanent_uuid: "200ef61e8527460dad43c9ba80dc2ae2" member_type: VOTER last_known_addr { host: "127.20.149.194" port: 38227 } health_report { overall_health: UNKNOWN } } peers { permanent_uuid: "b6b908ce98c243cdbf93b1b205a2935a" member_type: VOTER last_known_addr { host: "127.20.149.195" port: 34465 } health_report { overall_health: HEALTHY } } }
I20260709 12:16:29.854854 22476 tablet_bootstrap.cc:492] T 2df8fb9e2c784afb9fed7c5fd250656d P 5907fa614c3b48d4929abeab9e536753: No bootstrap required, opened a new log
I20260709 12:16:29.855363 22476 ts_tablet_manager.cc:1403] T 2df8fb9e2c784afb9fed7c5fd250656d P 5907fa614c3b48d4929abeab9e536753: Time spent bootstrapping tablet: real 0.158s	user 0.023s	sys 0.005s
I20260709 12:16:29.857060 22359 tablet_service.cc:1917] Received RequestConsensusVote() RPC: tablet_id: "6aaaf1c08bba461bb8bdbe70df41cd61" candidate_uuid: "5907fa614c3b48d4929abeab9e536753" candidate_term: 1 candidate_status { last_received { term: 0 index: 0 } } ignore_live_leader: false dest_uuid: "200ef61e8527460dad43c9ba80dc2ae2"
I20260709 12:16:29.861972 22359 raft_consensus.cc:3060] T 6aaaf1c08bba461bb8bdbe70df41cd61 P 200ef61e8527460dad43c9ba80dc2ae2 [term 0 FOLLOWER]: Advancing to term 1
I20260709 12:16:29.868736 22359 raft_consensus.cc:2468] T 6aaaf1c08bba461bb8bdbe70df41cd61 P 200ef61e8527460dad43c9ba80dc2ae2 [term 1 FOLLOWER]: Leader election vote request: Granting yes vote for candidate 5907fa614c3b48d4929abeab9e536753 in term 1.
I20260709 12:16:29.859031 22475 tablet_bootstrap.cc:654] T defb6c3267414683872e2472701d0d8a P b6b908ce98c243cdbf93b1b205a2935a: Neither blocks nor log segments found. Creating new log.
I20260709 12:16:29.860066 22433 raft_consensus.cc:2468] T 6aaaf1c08bba461bb8bdbe70df41cd61 P b6b908ce98c243cdbf93b1b205a2935a [term 1 FOLLOWER]: Leader election vote request: Granting yes vote for candidate 5907fa614c3b48d4929abeab9e536753 in term 1.
I20260709 12:16:29.859748 22476 raft_consensus.cc:359] T 2df8fb9e2c784afb9fed7c5fd250656d P 5907fa614c3b48d4929abeab9e536753 [term 0 FOLLOWER]: Replica starting. Triggering 0 pending ops. Active config: opid_index: -1 OBSOLETE_local: false peers { permanent_uuid: "5907fa614c3b48d4929abeab9e536753" member_type: VOTER last_known_addr { host: "127.20.149.193" port: 41961 } } peers { permanent_uuid: "200ef61e8527460dad43c9ba80dc2ae2" member_type: VOTER last_known_addr { host: "127.20.149.194" port: 38227 } } peers { permanent_uuid: "b6b908ce98c243cdbf93b1b205a2935a" member_type: VOTER last_known_addr { host: "127.20.149.195" port: 34465 } }
I20260709 12:16:29.872596 22476 raft_consensus.cc:385] T 2df8fb9e2c784afb9fed7c5fd250656d P 5907fa614c3b48d4929abeab9e536753 [term 0 FOLLOWER]: Consensus starting up: Expiring failure detector timer to make a prompt election more likely
I20260709 12:16:29.872978 22476 raft_consensus.cc:740] T 2df8fb9e2c784afb9fed7c5fd250656d P 5907fa614c3b48d4929abeab9e536753 [term 0 FOLLOWER]: Becoming Follower/Learner. State: Replica: 5907fa614c3b48d4929abeab9e536753, State: Initialized, Role: FOLLOWER
I20260709 12:16:29.873710 22476 consensus_queue.cc:260] T 2df8fb9e2c784afb9fed7c5fd250656d P 5907fa614c3b48d4929abeab9e536753 [NON_LEADER]: Queue going to NON_LEADER mode. State: All replicated index: 0, Majority replicated index: 0, Committed index: 0, Last appended: 0.0, Last appended by leader: 0, Current term: 0, Majority size: -1, State: 0, Mode: NON_LEADER, active raft config: opid_index: -1 OBSOLETE_local: false peers { permanent_uuid: "5907fa614c3b48d4929abeab9e536753" member_type: VOTER last_known_addr { host: "127.20.149.193" port: 41961 } } peers { permanent_uuid: "200ef61e8527460dad43c9ba80dc2ae2" member_type: VOTER last_known_addr { host: "127.20.149.194" port: 38227 } } peers { permanent_uuid: "b6b908ce98c243cdbf93b1b205a2935a" member_type: VOTER last_known_addr { host: "127.20.149.195" port: 34465 } }
I20260709 12:16:29.874203 22474 tablet_bootstrap.cc:492] T c53e0ff5e86d4299bdc234291a1f03d7 P 200ef61e8527460dad43c9ba80dc2ae2: No bootstrap required, opened a new log
I20260709 12:16:29.874452 22251 leader_election.cc:304] T 6aaaf1c08bba461bb8bdbe70df41cd61 P 5907fa614c3b48d4929abeab9e536753 [CANDIDATE]: Term 1 election: Election decided. Result: candidate won. Election summary: received 2 responses out of 3 voters: 2 yes votes; 0 no votes. yes voters: 200ef61e8527460dad43c9ba80dc2ae2, 5907fa614c3b48d4929abeab9e536753; no voters: 
I20260709 12:16:29.874677 22474 ts_tablet_manager.cc:1403] T c53e0ff5e86d4299bdc234291a1f03d7 P 200ef61e8527460dad43c9ba80dc2ae2: Time spent bootstrapping tablet: real 0.077s	user 0.007s	sys 0.003s
I20260709 12:16:29.875633 22476 ts_tablet_manager.cc:1434] T 2df8fb9e2c784afb9fed7c5fd250656d P 5907fa614c3b48d4929abeab9e536753: Time spent starting tablet: real 0.020s	user 0.000s	sys 0.004s
I20260709 12:16:29.876571 22497 raft_consensus.cc:2804] T 6aaaf1c08bba461bb8bdbe70df41cd61 P 5907fa614c3b48d4929abeab9e536753 [term 1 FOLLOWER]: Leader election won for term 1
I20260709 12:16:29.876845 22521 raft_consensus.cc:493] T defb6c3267414683872e2472701d0d8a P 200ef61e8527460dad43c9ba80dc2ae2 [term 0 FOLLOWER]: Starting pre-election (no leader contacted us within the election timeout)
I20260709 12:16:29.877075 22497 raft_consensus.cc:697] T 6aaaf1c08bba461bb8bdbe70df41cd61 P 5907fa614c3b48d4929abeab9e536753 [term 1 LEADER]: Becoming Leader. State: Replica: 5907fa614c3b48d4929abeab9e536753, State: Running, Role: LEADER
I20260709 12:16:29.877341 22521 raft_consensus.cc:515] T defb6c3267414683872e2472701d0d8a P 200ef61e8527460dad43c9ba80dc2ae2 [term 0 FOLLOWER]: Starting pre-election with config: opid_index: -1 OBSOLETE_local: false peers { permanent_uuid: "5907fa614c3b48d4929abeab9e536753" member_type: VOTER last_known_addr { host: "127.20.149.193" port: 41961 } } peers { permanent_uuid: "200ef61e8527460dad43c9ba80dc2ae2" member_type: VOTER last_known_addr { host: "127.20.149.194" port: 38227 } } peers { permanent_uuid: "b6b908ce98c243cdbf93b1b205a2935a" member_type: VOTER last_known_addr { host: "127.20.149.195" port: 34465 } }
I20260709 12:16:29.878150 22476 tablet_bootstrap.cc:492] T aa45f545f5b04e5d8bf600377b2a0aca P 5907fa614c3b48d4929abeab9e536753: Bootstrap starting.
I20260709 12:16:29.877983 22497 consensus_queue.cc:237] T 6aaaf1c08bba461bb8bdbe70df41cd61 P 5907fa614c3b48d4929abeab9e536753 [LEADER]: Queue going to LEADER mode. State: All replicated index: 0, Majority replicated index: 0, Committed index: 0, Last appended: 0.0, Last appended by leader: 0, Current term: 1, Majority size: 2, State: 0, Mode: LEADER, active raft config: opid_index: -1 OBSOLETE_local: false peers { permanent_uuid: "5907fa614c3b48d4929abeab9e536753" member_type: VOTER last_known_addr { host: "127.20.149.193" port: 41961 } } peers { permanent_uuid: "200ef61e8527460dad43c9ba80dc2ae2" member_type: VOTER last_known_addr { host: "127.20.149.194" port: 38227 } } peers { permanent_uuid: "b6b908ce98c243cdbf93b1b205a2935a" member_type: VOTER last_known_addr { host: "127.20.149.195" port: 34465 } }
I20260709 12:16:29.879446 22521 leader_election.cc:290] T defb6c3267414683872e2472701d0d8a P 200ef61e8527460dad43c9ba80dc2ae2 [CANDIDATE]: Term 1 pre-election: Requested pre-vote from peers 5907fa614c3b48d4929abeab9e536753 (127.20.149.193:41961), b6b908ce98c243cdbf93b1b205a2935a (127.20.149.195:34465)
I20260709 12:16:29.881052 22283 tablet_service.cc:1917] Received RequestConsensusVote() RPC: tablet_id: "defb6c3267414683872e2472701d0d8a" candidate_uuid: "200ef61e8527460dad43c9ba80dc2ae2" candidate_term: 1 candidate_status { last_received { term: 0 index: 0 } } ignore_live_leader: false dest_uuid: "5907fa614c3b48d4929abeab9e536753" is_pre_election: true
I20260709 12:16:29.881227 22433 tablet_service.cc:1917] Received RequestConsensusVote() RPC: tablet_id: "defb6c3267414683872e2472701d0d8a" candidate_uuid: "200ef61e8527460dad43c9ba80dc2ae2" candidate_term: 1 candidate_status { last_received { term: 0 index: 0 } } ignore_live_leader: false dest_uuid: "b6b908ce98c243cdbf93b1b205a2935a" is_pre_election: true
I20260709 12:16:29.881778 22283 raft_consensus.cc:2468] T defb6c3267414683872e2472701d0d8a P 5907fa614c3b48d4929abeab9e536753 [term 0 FOLLOWER]: Leader pre-election vote request: Granting yes vote for candidate 200ef61e8527460dad43c9ba80dc2ae2 in term 0.
W20260709 12:16:29.882491 22325 leader_election.cc:343] T defb6c3267414683872e2472701d0d8a P 200ef61e8527460dad43c9ba80dc2ae2 [CANDIDATE]: Term 1 pre-election: Tablet error from VoteRequest() call to peer b6b908ce98c243cdbf93b1b205a2935a (127.20.149.195:34465): Illegal state: must be running to vote when last-logged opid is not known
I20260709 12:16:29.883083 22324 leader_election.cc:304] T defb6c3267414683872e2472701d0d8a P 200ef61e8527460dad43c9ba80dc2ae2 [CANDIDATE]: Term 1 pre-election: Election decided. Result: candidate won. Election summary: received 3 responses out of 3 voters: 2 yes votes; 1 no votes. yes voters: 200ef61e8527460dad43c9ba80dc2ae2, 5907fa614c3b48d4929abeab9e536753; no voters: b6b908ce98c243cdbf93b1b205a2935a
I20260709 12:16:29.884222 22476 tablet_bootstrap.cc:654] T aa45f545f5b04e5d8bf600377b2a0aca P 5907fa614c3b48d4929abeab9e536753: Neither blocks nor log segments found. Creating new log.
I20260709 12:16:29.884351 22521 raft_consensus.cc:2804] T defb6c3267414683872e2472701d0d8a P 200ef61e8527460dad43c9ba80dc2ae2 [term 0 FOLLOWER]: Leader pre-election won for term 1
I20260709 12:16:29.884871 22521 raft_consensus.cc:493] T defb6c3267414683872e2472701d0d8a P 200ef61e8527460dad43c9ba80dc2ae2 [term 0 FOLLOWER]: Starting leader election (no leader contacted us within the election timeout)
I20260709 12:16:29.885294 22521 raft_consensus.cc:3060] T defb6c3267414683872e2472701d0d8a P 200ef61e8527460dad43c9ba80dc2ae2 [term 0 FOLLOWER]: Advancing to term 1
I20260709 12:16:29.886379 22474 raft_consensus.cc:359] T c53e0ff5e86d4299bdc234291a1f03d7 P 200ef61e8527460dad43c9ba80dc2ae2 [term 0 FOLLOWER]: Replica starting. Triggering 0 pending ops. Active config: opid_index: -1 OBSOLETE_local: false peers { permanent_uuid: "5907fa614c3b48d4929abeab9e536753" member_type: VOTER last_known_addr { host: "127.20.149.193" port: 41961 } } peers { permanent_uuid: "200ef61e8527460dad43c9ba80dc2ae2" member_type: VOTER last_known_addr { host: "127.20.149.194" port: 38227 } } peers { permanent_uuid: "b6b908ce98c243cdbf93b1b205a2935a" member_type: VOTER last_known_addr { host: "127.20.149.195" port: 34465 } }
I20260709 12:16:29.887059 22475 tablet_bootstrap.cc:492] T defb6c3267414683872e2472701d0d8a P b6b908ce98c243cdbf93b1b205a2935a: No bootstrap required, opened a new log
I20260709 12:16:29.887943 22474 raft_consensus.cc:385] T c53e0ff5e86d4299bdc234291a1f03d7 P 200ef61e8527460dad43c9ba80dc2ae2 [term 0 FOLLOWER]: Consensus starting up: Expiring failure detector timer to make a prompt election more likely
I20260709 12:16:29.888114 22475 ts_tablet_manager.cc:1403] T defb6c3267414683872e2472701d0d8a P b6b908ce98c243cdbf93b1b205a2935a: Time spent bootstrapping tablet: real 0.063s	user 0.009s	sys 0.003s
I20260709 12:16:29.888299 22474 raft_consensus.cc:740] T c53e0ff5e86d4299bdc234291a1f03d7 P 200ef61e8527460dad43c9ba80dc2ae2 [term 0 FOLLOWER]: Becoming Follower/Learner. State: Replica: 200ef61e8527460dad43c9ba80dc2ae2, State: Initialized, Role: FOLLOWER
I20260709 12:16:29.889173 22474 consensus_queue.cc:260] T c53e0ff5e86d4299bdc234291a1f03d7 P 200ef61e8527460dad43c9ba80dc2ae2 [NON_LEADER]: Queue going to NON_LEADER mode. State: All replicated index: 0, Majority replicated index: 0, Committed index: 0, Last appended: 0.0, Last appended by leader: 0, Current term: 0, Majority size: -1, State: 0, Mode: NON_LEADER, active raft config: opid_index: -1 OBSOLETE_local: false peers { permanent_uuid: "5907fa614c3b48d4929abeab9e536753" member_type: VOTER last_known_addr { host: "127.20.149.193" port: 41961 } } peers { permanent_uuid: "200ef61e8527460dad43c9ba80dc2ae2" member_type: VOTER last_known_addr { host: "127.20.149.194" port: 38227 } } peers { permanent_uuid: "b6b908ce98c243cdbf93b1b205a2935a" member_type: VOTER last_known_addr { host: "127.20.149.195" port: 34465 } }
I20260709 12:16:29.890693 22475 raft_consensus.cc:359] T defb6c3267414683872e2472701d0d8a P b6b908ce98c243cdbf93b1b205a2935a [term 0 FOLLOWER]: Replica starting. Triggering 0 pending ops. Active config: opid_index: -1 OBSOLETE_local: false peers { permanent_uuid: "5907fa614c3b48d4929abeab9e536753" member_type: VOTER last_known_addr { host: "127.20.149.193" port: 41961 } } peers { permanent_uuid: "200ef61e8527460dad43c9ba80dc2ae2" member_type: VOTER last_known_addr { host: "127.20.149.194" port: 38227 } } peers { permanent_uuid: "b6b908ce98c243cdbf93b1b205a2935a" member_type: VOTER last_known_addr { host: "127.20.149.195" port: 34465 } }
I20260709 12:16:29.891343 22475 raft_consensus.cc:385] T defb6c3267414683872e2472701d0d8a P b6b908ce98c243cdbf93b1b205a2935a [term 0 FOLLOWER]: Consensus starting up: Expiring failure detector timer to make a prompt election more likely
I20260709 12:16:29.891377 22474 ts_tablet_manager.cc:1434] T c53e0ff5e86d4299bdc234291a1f03d7 P 200ef61e8527460dad43c9ba80dc2ae2: Time spent starting tablet: real 0.016s	user 0.007s	sys 0.000s
I20260709 12:16:29.891741 22475 raft_consensus.cc:740] T defb6c3267414683872e2472701d0d8a P b6b908ce98c243cdbf93b1b205a2935a [term 0 FOLLOWER]: Becoming Follower/Learner. State: Replica: b6b908ce98c243cdbf93b1b205a2935a, State: Initialized, Role: FOLLOWER
I20260709 12:16:29.892745 22474 tablet_bootstrap.cc:492] T 43de8cf3dff8450daaa1ef1b48896c95 P 200ef61e8527460dad43c9ba80dc2ae2: Bootstrap starting.
I20260709 12:16:29.892596 22475 consensus_queue.cc:260] T defb6c3267414683872e2472701d0d8a P b6b908ce98c243cdbf93b1b205a2935a [NON_LEADER]: Queue going to NON_LEADER mode. State: All replicated index: 0, Majority replicated index: 0, Committed index: 0, Last appended: 0.0, Last appended by leader: 0, Current term: 0, Majority size: -1, State: 0, Mode: NON_LEADER, active raft config: opid_index: -1 OBSOLETE_local: false peers { permanent_uuid: "5907fa614c3b48d4929abeab9e536753" member_type: VOTER last_known_addr { host: "127.20.149.193" port: 41961 } } peers { permanent_uuid: "200ef61e8527460dad43c9ba80dc2ae2" member_type: VOTER last_known_addr { host: "127.20.149.194" port: 38227 } } peers { permanent_uuid: "b6b908ce98c243cdbf93b1b205a2935a" member_type: VOTER last_known_addr { host: "127.20.149.195" port: 34465 } }
I20260709 12:16:29.895268 22475 ts_tablet_manager.cc:1434] T defb6c3267414683872e2472701d0d8a P b6b908ce98c243cdbf93b1b205a2935a: Time spent starting tablet: real 0.007s	user 0.006s	sys 0.000s
I20260709 12:16:29.896279 22475 tablet_bootstrap.cc:492] T c53e0ff5e86d4299bdc234291a1f03d7 P b6b908ce98c243cdbf93b1b205a2935a: Bootstrap starting.
I20260709 12:16:29.899201 22474 tablet_bootstrap.cc:654] T 43de8cf3dff8450daaa1ef1b48896c95 P 200ef61e8527460dad43c9ba80dc2ae2: Neither blocks nor log segments found. Creating new log.
I20260709 12:16:29.899498 22521 raft_consensus.cc:515] T defb6c3267414683872e2472701d0d8a P 200ef61e8527460dad43c9ba80dc2ae2 [term 1 FOLLOWER]: Starting leader election with config: opid_index: -1 OBSOLETE_local: false peers { permanent_uuid: "5907fa614c3b48d4929abeab9e536753" member_type: VOTER last_known_addr { host: "127.20.149.193" port: 41961 } } peers { permanent_uuid: "200ef61e8527460dad43c9ba80dc2ae2" member_type: VOTER last_known_addr { host: "127.20.149.194" port: 38227 } } peers { permanent_uuid: "b6b908ce98c243cdbf93b1b205a2935a" member_type: VOTER last_known_addr { host: "127.20.149.195" port: 34465 } }
I20260709 12:16:29.902071 22475 tablet_bootstrap.cc:654] T c53e0ff5e86d4299bdc234291a1f03d7 P b6b908ce98c243cdbf93b1b205a2935a: Neither blocks nor log segments found. Creating new log.
I20260709 12:16:29.902216 22283 tablet_service.cc:1917] Received RequestConsensusVote() RPC: tablet_id: "defb6c3267414683872e2472701d0d8a" candidate_uuid: "200ef61e8527460dad43c9ba80dc2ae2" candidate_term: 1 candidate_status { last_received { term: 0 index: 0 } } ignore_live_leader: false dest_uuid: "5907fa614c3b48d4929abeab9e536753"
I20260709 12:16:29.902842 22283 raft_consensus.cc:3060] T defb6c3267414683872e2472701d0d8a P 5907fa614c3b48d4929abeab9e536753 [term 0 FOLLOWER]: Advancing to term 1
I20260709 12:16:29.915006 22521 leader_election.cc:290] T defb6c3267414683872e2472701d0d8a P 200ef61e8527460dad43c9ba80dc2ae2 [CANDIDATE]: Term 1 election: Requested vote from peers 5907fa614c3b48d4929abeab9e536753 (127.20.149.193:41961), b6b908ce98c243cdbf93b1b205a2935a (127.20.149.195:34465)
I20260709 12:16:29.916357 22433 tablet_service.cc:1917] Received RequestConsensusVote() RPC: tablet_id: "defb6c3267414683872e2472701d0d8a" candidate_uuid: "200ef61e8527460dad43c9ba80dc2ae2" candidate_term: 1 candidate_status { last_received { term: 0 index: 0 } } ignore_live_leader: false dest_uuid: "b6b908ce98c243cdbf93b1b205a2935a"
I20260709 12:16:29.916950 22433 raft_consensus.cc:3060] T defb6c3267414683872e2472701d0d8a P b6b908ce98c243cdbf93b1b205a2935a [term 0 FOLLOWER]: Advancing to term 1
I20260709 12:16:29.924387 22433 raft_consensus.cc:2468] T defb6c3267414683872e2472701d0d8a P b6b908ce98c243cdbf93b1b205a2935a [term 1 FOLLOWER]: Leader election vote request: Granting yes vote for candidate 200ef61e8527460dad43c9ba80dc2ae2 in term 1.
I20260709 12:16:29.925572 22325 leader_election.cc:304] T defb6c3267414683872e2472701d0d8a P 200ef61e8527460dad43c9ba80dc2ae2 [CANDIDATE]: Term 1 election: Election decided. Result: candidate won. Election summary: received 2 responses out of 3 voters: 2 yes votes; 0 no votes. yes voters: 200ef61e8527460dad43c9ba80dc2ae2, b6b908ce98c243cdbf93b1b205a2935a; no voters: 
I20260709 12:16:29.926692 22183 catalog_manager.cc:5697] T 6aaaf1c08bba461bb8bdbe70df41cd61 P 5907fa614c3b48d4929abeab9e536753 reported cstate change: term changed from 0 to 1, leader changed from <none> to 5907fa614c3b48d4929abeab9e536753 (127.20.149.193). New cstate: current_term: 1 leader_uuid: "5907fa614c3b48d4929abeab9e536753" committed_config { opid_index: -1 OBSOLETE_local: false peers { permanent_uuid: "5907fa614c3b48d4929abeab9e536753" member_type: VOTER last_known_addr { host: "127.20.149.193" port: 41961 } health_report { overall_health: HEALTHY } } peers { permanent_uuid: "200ef61e8527460dad43c9ba80dc2ae2" member_type: VOTER last_known_addr { host: "127.20.149.194" port: 38227 } health_report { overall_health: UNKNOWN } } peers { permanent_uuid: "b6b908ce98c243cdbf93b1b205a2935a" member_type: VOTER last_known_addr { host: "127.20.149.195" port: 34465 } health_report { overall_health: UNKNOWN } } }
I20260709 12:16:29.930608 22521 raft_consensus.cc:2804] T defb6c3267414683872e2472701d0d8a P 200ef61e8527460dad43c9ba80dc2ae2 [term 1 FOLLOWER]: Leader election won for term 1
I20260709 12:16:29.931288 22521 raft_consensus.cc:697] T defb6c3267414683872e2472701d0d8a P 200ef61e8527460dad43c9ba80dc2ae2 [term 1 LEADER]: Becoming Leader. State: Replica: 200ef61e8527460dad43c9ba80dc2ae2, State: Running, Role: LEADER
I20260709 12:16:29.932089 22521 consensus_queue.cc:237] T defb6c3267414683872e2472701d0d8a P 200ef61e8527460dad43c9ba80dc2ae2 [LEADER]: Queue going to LEADER mode. State: All replicated index: 0, Majority replicated index: 0, Committed index: 0, Last appended: 0.0, Last appended by leader: 0, Current term: 1, Majority size: 2, State: 0, Mode: LEADER, active raft config: opid_index: -1 OBSOLETE_local: false peers { permanent_uuid: "5907fa614c3b48d4929abeab9e536753" member_type: VOTER last_known_addr { host: "127.20.149.193" port: 41961 } } peers { permanent_uuid: "200ef61e8527460dad43c9ba80dc2ae2" member_type: VOTER last_known_addr { host: "127.20.149.194" port: 38227 } } peers { permanent_uuid: "b6b908ce98c243cdbf93b1b205a2935a" member_type: VOTER last_known_addr { host: "127.20.149.195" port: 34465 } }
I20260709 12:16:29.935460 22283 raft_consensus.cc:2468] T defb6c3267414683872e2472701d0d8a P 5907fa614c3b48d4929abeab9e536753 [term 1 FOLLOWER]: Leader election vote request: Granting yes vote for candidate 200ef61e8527460dad43c9ba80dc2ae2 in term 1.
I20260709 12:16:29.936509 22433 raft_consensus.cc:3060] T b892b9441c3b419680237e9cf77244be P b6b908ce98c243cdbf93b1b205a2935a [term 0 FOLLOWER]: Advancing to term 1
I20260709 12:16:29.939139 22474 tablet_bootstrap.cc:492] T 43de8cf3dff8450daaa1ef1b48896c95 P 200ef61e8527460dad43c9ba80dc2ae2: No bootstrap required, opened a new log
I20260709 12:16:29.939637 22474 ts_tablet_manager.cc:1403] T 43de8cf3dff8450daaa1ef1b48896c95 P 200ef61e8527460dad43c9ba80dc2ae2: Time spent bootstrapping tablet: real 0.047s	user 0.023s	sys 0.019s
I20260709 12:16:29.942513 22474 raft_consensus.cc:359] T 43de8cf3dff8450daaa1ef1b48896c95 P 200ef61e8527460dad43c9ba80dc2ae2 [term 0 FOLLOWER]: Replica starting. Triggering 0 pending ops. Active config: opid_index: -1 OBSOLETE_local: false peers { permanent_uuid: "5907fa614c3b48d4929abeab9e536753" member_type: VOTER last_known_addr { host: "127.20.149.193" port: 41961 } } peers { permanent_uuid: "200ef61e8527460dad43c9ba80dc2ae2" member_type: VOTER last_known_addr { host: "127.20.149.194" port: 38227 } } peers { permanent_uuid: "b6b908ce98c243cdbf93b1b205a2935a" member_type: VOTER last_known_addr { host: "127.20.149.195" port: 34465 } }
I20260709 12:16:29.943146 22474 raft_consensus.cc:385] T 43de8cf3dff8450daaa1ef1b48896c95 P 200ef61e8527460dad43c9ba80dc2ae2 [term 0 FOLLOWER]: Consensus starting up: Expiring failure detector timer to make a prompt election more likely
I20260709 12:16:29.943269 22476 tablet_bootstrap.cc:492] T aa45f545f5b04e5d8bf600377b2a0aca P 5907fa614c3b48d4929abeab9e536753: No bootstrap required, opened a new log
I20260709 12:16:29.943441 22474 raft_consensus.cc:740] T 43de8cf3dff8450daaa1ef1b48896c95 P 200ef61e8527460dad43c9ba80dc2ae2 [term 0 FOLLOWER]: Becoming Follower/Learner. State: Replica: 200ef61e8527460dad43c9ba80dc2ae2, State: Initialized, Role: FOLLOWER
I20260709 12:16:29.943708 22476 ts_tablet_manager.cc:1403] T aa45f545f5b04e5d8bf600377b2a0aca P 5907fa614c3b48d4929abeab9e536753: Time spent bootstrapping tablet: real 0.066s	user 0.015s	sys 0.022s
I20260709 12:16:29.944205 22474 consensus_queue.cc:260] T 43de8cf3dff8450daaa1ef1b48896c95 P 200ef61e8527460dad43c9ba80dc2ae2 [NON_LEADER]: Queue going to NON_LEADER mode. State: All replicated index: 0, Majority replicated index: 0, Committed index: 0, Last appended: 0.0, Last appended by leader: 0, Current term: 0, Majority size: -1, State: 0, Mode: NON_LEADER, active raft config: opid_index: -1 OBSOLETE_local: false peers { permanent_uuid: "5907fa614c3b48d4929abeab9e536753" member_type: VOTER last_known_addr { host: "127.20.149.193" port: 41961 } } peers { permanent_uuid: "200ef61e8527460dad43c9ba80dc2ae2" member_type: VOTER last_known_addr { host: "127.20.149.194" port: 38227 } } peers { permanent_uuid: "b6b908ce98c243cdbf93b1b205a2935a" member_type: VOTER last_known_addr { host: "127.20.149.195" port: 34465 } }
I20260709 12:16:29.946398 22474 ts_tablet_manager.cc:1434] T 43de8cf3dff8450daaa1ef1b48896c95 P 200ef61e8527460dad43c9ba80dc2ae2: Time spent starting tablet: real 0.006s	user 0.006s	sys 0.001s
I20260709 12:16:29.946291 22476 raft_consensus.cc:359] T aa45f545f5b04e5d8bf600377b2a0aca P 5907fa614c3b48d4929abeab9e536753 [term 0 FOLLOWER]: Replica starting. Triggering 0 pending ops. Active config: opid_index: -1 OBSOLETE_local: false peers { permanent_uuid: "5907fa614c3b48d4929abeab9e536753" member_type: VOTER last_known_addr { host: "127.20.149.193" port: 41961 } } peers { permanent_uuid: "200ef61e8527460dad43c9ba80dc2ae2" member_type: VOTER last_known_addr { host: "127.20.149.194" port: 38227 } } peers { permanent_uuid: "b6b908ce98c243cdbf93b1b205a2935a" member_type: VOTER last_known_addr { host: "127.20.149.195" port: 34465 } }
I20260709 12:16:29.947007 22476 raft_consensus.cc:385] T aa45f545f5b04e5d8bf600377b2a0aca P 5907fa614c3b48d4929abeab9e536753 [term 0 FOLLOWER]: Consensus starting up: Expiring failure detector timer to make a prompt election more likely
I20260709 12:16:29.947268 22476 raft_consensus.cc:740] T aa45f545f5b04e5d8bf600377b2a0aca P 5907fa614c3b48d4929abeab9e536753 [term 0 FOLLOWER]: Becoming Follower/Learner. State: Replica: 5907fa614c3b48d4929abeab9e536753, State: Initialized, Role: FOLLOWER
I20260709 12:16:29.947351 22474 tablet_bootstrap.cc:492] T aa45f545f5b04e5d8bf600377b2a0aca P 200ef61e8527460dad43c9ba80dc2ae2: Bootstrap starting.
I20260709 12:16:29.948227 22475 tablet_bootstrap.cc:492] T c53e0ff5e86d4299bdc234291a1f03d7 P b6b908ce98c243cdbf93b1b205a2935a: No bootstrap required, opened a new log
I20260709 12:16:29.948742 22475 ts_tablet_manager.cc:1403] T c53e0ff5e86d4299bdc234291a1f03d7 P b6b908ce98c243cdbf93b1b205a2935a: Time spent bootstrapping tablet: real 0.053s	user 0.011s	sys 0.006s
I20260709 12:16:29.949713 22476 consensus_queue.cc:260] T aa45f545f5b04e5d8bf600377b2a0aca P 5907fa614c3b48d4929abeab9e536753 [NON_LEADER]: Queue going to NON_LEADER mode. State: All replicated index: 0, Majority replicated index: 0, Committed index: 0, Last appended: 0.0, Last appended by leader: 0, Current term: 0, Majority size: -1, State: 0, Mode: NON_LEADER, active raft config: opid_index: -1 OBSOLETE_local: false peers { permanent_uuid: "5907fa614c3b48d4929abeab9e536753" member_type: VOTER last_known_addr { host: "127.20.149.193" port: 41961 } } peers { permanent_uuid: "200ef61e8527460dad43c9ba80dc2ae2" member_type: VOTER last_known_addr { host: "127.20.149.194" port: 38227 } } peers { permanent_uuid: "b6b908ce98c243cdbf93b1b205a2935a" member_type: VOTER last_known_addr { host: "127.20.149.195" port: 34465 } }
I20260709 12:16:29.951380 22475 raft_consensus.cc:359] T c53e0ff5e86d4299bdc234291a1f03d7 P b6b908ce98c243cdbf93b1b205a2935a [term 0 FOLLOWER]: Replica starting. Triggering 0 pending ops. Active config: opid_index: -1 OBSOLETE_local: false peers { permanent_uuid: "5907fa614c3b48d4929abeab9e536753" member_type: VOTER last_known_addr { host: "127.20.149.193" port: 41961 } } peers { permanent_uuid: "200ef61e8527460dad43c9ba80dc2ae2" member_type: VOTER last_known_addr { host: "127.20.149.194" port: 38227 } } peers { permanent_uuid: "b6b908ce98c243cdbf93b1b205a2935a" member_type: VOTER last_known_addr { host: "127.20.149.195" port: 34465 } }
I20260709 12:16:29.951838 22476 ts_tablet_manager.cc:1434] T aa45f545f5b04e5d8bf600377b2a0aca P 5907fa614c3b48d4929abeab9e536753: Time spent starting tablet: real 0.008s	user 0.005s	sys 0.001s
I20260709 12:16:29.952010 22475 raft_consensus.cc:385] T c53e0ff5e86d4299bdc234291a1f03d7 P b6b908ce98c243cdbf93b1b205a2935a [term 0 FOLLOWER]: Consensus starting up: Expiring failure detector timer to make a prompt election more likely
I20260709 12:16:29.952311 22475 raft_consensus.cc:740] T c53e0ff5e86d4299bdc234291a1f03d7 P b6b908ce98c243cdbf93b1b205a2935a [term 0 FOLLOWER]: Becoming Follower/Learner. State: Replica: b6b908ce98c243cdbf93b1b205a2935a, State: Initialized, Role: FOLLOWER
I20260709 12:16:29.952984 22475 consensus_queue.cc:260] T c53e0ff5e86d4299bdc234291a1f03d7 P b6b908ce98c243cdbf93b1b205a2935a [NON_LEADER]: Queue going to NON_LEADER mode. State: All replicated index: 0, Majority replicated index: 0, Committed index: 0, Last appended: 0.0, Last appended by leader: 0, Current term: 0, Majority size: -1, State: 0, Mode: NON_LEADER, active raft config: opid_index: -1 OBSOLETE_local: false peers { permanent_uuid: "5907fa614c3b48d4929abeab9e536753" member_type: VOTER last_known_addr { host: "127.20.149.193" port: 41961 } } peers { permanent_uuid: "200ef61e8527460dad43c9ba80dc2ae2" member_type: VOTER last_known_addr { host: "127.20.149.194" port: 38227 } } peers { permanent_uuid: "b6b908ce98c243cdbf93b1b205a2935a" member_type: VOTER last_known_addr { host: "127.20.149.195" port: 34465 } }
I20260709 12:16:29.954216 22474 tablet_bootstrap.cc:654] T aa45f545f5b04e5d8bf600377b2a0aca P 200ef61e8527460dad43c9ba80dc2ae2: Neither blocks nor log segments found. Creating new log.
I20260709 12:16:29.958262 22476 tablet_bootstrap.cc:492] T db4cd429de9f4ca1871af83649881944 P 5907fa614c3b48d4929abeab9e536753: Bootstrap starting.
I20260709 12:16:29.959139 22475 ts_tablet_manager.cc:1434] T c53e0ff5e86d4299bdc234291a1f03d7 P b6b908ce98c243cdbf93b1b205a2935a: Time spent starting tablet: real 0.010s	user 0.007s	sys 0.000s
I20260709 12:16:29.960088 22475 tablet_bootstrap.cc:492] T 43de8cf3dff8450daaa1ef1b48896c95 P b6b908ce98c243cdbf93b1b205a2935a: Bootstrap starting.
I20260709 12:16:29.966180 22475 tablet_bootstrap.cc:654] T 43de8cf3dff8450daaa1ef1b48896c95 P b6b908ce98c243cdbf93b1b205a2935a: Neither blocks nor log segments found. Creating new log.
I20260709 12:16:29.971710 22474 tablet_bootstrap.cc:492] T aa45f545f5b04e5d8bf600377b2a0aca P 200ef61e8527460dad43c9ba80dc2ae2: No bootstrap required, opened a new log
I20260709 12:16:29.972172 22474 ts_tablet_manager.cc:1403] T aa45f545f5b04e5d8bf600377b2a0aca P 200ef61e8527460dad43c9ba80dc2ae2: Time spent bootstrapping tablet: real 0.025s	user 0.008s	sys 0.014s
I20260709 12:16:29.975093 22475 tablet_bootstrap.cc:492] T 43de8cf3dff8450daaa1ef1b48896c95 P b6b908ce98c243cdbf93b1b205a2935a: No bootstrap required, opened a new log
I20260709 12:16:29.975591 22475 ts_tablet_manager.cc:1403] T 43de8cf3dff8450daaa1ef1b48896c95 P b6b908ce98c243cdbf93b1b205a2935a: Time spent bootstrapping tablet: real 0.016s	user 0.009s	sys 0.000s
I20260709 12:16:29.975319 22474 raft_consensus.cc:359] T aa45f545f5b04e5d8bf600377b2a0aca P 200ef61e8527460dad43c9ba80dc2ae2 [term 0 FOLLOWER]: Replica starting. Triggering 0 pending ops. Active config: opid_index: -1 OBSOLETE_local: false peers { permanent_uuid: "5907fa614c3b48d4929abeab9e536753" member_type: VOTER last_known_addr { host: "127.20.149.193" port: 41961 } } peers { permanent_uuid: "200ef61e8527460dad43c9ba80dc2ae2" member_type: VOTER last_known_addr { host: "127.20.149.194" port: 38227 } } peers { permanent_uuid: "b6b908ce98c243cdbf93b1b205a2935a" member_type: VOTER last_known_addr { host: "127.20.149.195" port: 34465 } }
I20260709 12:16:29.976068 22474 raft_consensus.cc:385] T aa45f545f5b04e5d8bf600377b2a0aca P 200ef61e8527460dad43c9ba80dc2ae2 [term 0 FOLLOWER]: Consensus starting up: Expiring failure detector timer to make a prompt election more likely
I20260709 12:16:29.976380 22474 raft_consensus.cc:740] T aa45f545f5b04e5d8bf600377b2a0aca P 200ef61e8527460dad43c9ba80dc2ae2 [term 0 FOLLOWER]: Becoming Follower/Learner. State: Replica: 200ef61e8527460dad43c9ba80dc2ae2, State: Initialized, Role: FOLLOWER
I20260709 12:16:29.971414 22183 catalog_manager.cc:5697] T defb6c3267414683872e2472701d0d8a P 200ef61e8527460dad43c9ba80dc2ae2 reported cstate change: term changed from 0 to 1, leader changed from <none> to 200ef61e8527460dad43c9ba80dc2ae2 (127.20.149.194). New cstate: current_term: 1 leader_uuid: "200ef61e8527460dad43c9ba80dc2ae2" committed_config { opid_index: -1 OBSOLETE_local: false peers { permanent_uuid: "5907fa614c3b48d4929abeab9e536753" member_type: VOTER last_known_addr { host: "127.20.149.193" port: 41961 } health_report { overall_health: UNKNOWN } } peers { permanent_uuid: "200ef61e8527460dad43c9ba80dc2ae2" member_type: VOTER last_known_addr { host: "127.20.149.194" port: 38227 } health_report { overall_health: HEALTHY } } peers { permanent_uuid: "b6b908ce98c243cdbf93b1b205a2935a" member_type: VOTER last_known_addr { host: "127.20.149.195" port: 34465 } health_report { overall_health: UNKNOWN } } }
I20260709 12:16:29.978340 22475 raft_consensus.cc:359] T 43de8cf3dff8450daaa1ef1b48896c95 P b6b908ce98c243cdbf93b1b205a2935a [term 0 FOLLOWER]: Replica starting. Triggering 0 pending ops. Active config: opid_index: -1 OBSOLETE_local: false peers { permanent_uuid: "5907fa614c3b48d4929abeab9e536753" member_type: VOTER last_known_addr { host: "127.20.149.193" port: 41961 } } peers { permanent_uuid: "200ef61e8527460dad43c9ba80dc2ae2" member_type: VOTER last_known_addr { host: "127.20.149.194" port: 38227 } } peers { permanent_uuid: "b6b908ce98c243cdbf93b1b205a2935a" member_type: VOTER last_known_addr { host: "127.20.149.195" port: 34465 } }
I20260709 12:16:29.979028 22475 raft_consensus.cc:385] T 43de8cf3dff8450daaa1ef1b48896c95 P b6b908ce98c243cdbf93b1b205a2935a [term 0 FOLLOWER]: Consensus starting up: Expiring failure detector timer to make a prompt election more likely
I20260709 12:16:29.979314 22475 raft_consensus.cc:740] T 43de8cf3dff8450daaa1ef1b48896c95 P b6b908ce98c243cdbf93b1b205a2935a [term 0 FOLLOWER]: Becoming Follower/Learner. State: Replica: b6b908ce98c243cdbf93b1b205a2935a, State: Initialized, Role: FOLLOWER
I20260709 12:16:29.979606 22476 tablet_bootstrap.cc:654] T db4cd429de9f4ca1871af83649881944 P 5907fa614c3b48d4929abeab9e536753: Neither blocks nor log segments found. Creating new log.
I20260709 12:16:29.980072 22475 consensus_queue.cc:260] T 43de8cf3dff8450daaa1ef1b48896c95 P b6b908ce98c243cdbf93b1b205a2935a [NON_LEADER]: Queue going to NON_LEADER mode. State: All replicated index: 0, Majority replicated index: 0, Committed index: 0, Last appended: 0.0, Last appended by leader: 0, Current term: 0, Majority size: -1, State: 0, Mode: NON_LEADER, active raft config: opid_index: -1 OBSOLETE_local: false peers { permanent_uuid: "5907fa614c3b48d4929abeab9e536753" member_type: VOTER last_known_addr { host: "127.20.149.193" port: 41961 } } peers { permanent_uuid: "200ef61e8527460dad43c9ba80dc2ae2" member_type: VOTER last_known_addr { host: "127.20.149.194" port: 38227 } } peers { permanent_uuid: "b6b908ce98c243cdbf93b1b205a2935a" member_type: VOTER last_known_addr { host: "127.20.149.195" port: 34465 } }
I20260709 12:16:29.982259 22475 ts_tablet_manager.cc:1434] T 43de8cf3dff8450daaa1ef1b48896c95 P b6b908ce98c243cdbf93b1b205a2935a: Time spent starting tablet: real 0.006s	user 0.006s	sys 0.001s
I20260709 12:16:29.981606 22474 consensus_queue.cc:260] T aa45f545f5b04e5d8bf600377b2a0aca P 200ef61e8527460dad43c9ba80dc2ae2 [NON_LEADER]: Queue going to NON_LEADER mode. State: All replicated index: 0, Majority replicated index: 0, Committed index: 0, Last appended: 0.0, Last appended by leader: 0, Current term: 0, Majority size: -1, State: 0, Mode: NON_LEADER, active raft config: opid_index: -1 OBSOLETE_local: false peers { permanent_uuid: "5907fa614c3b48d4929abeab9e536753" member_type: VOTER last_known_addr { host: "127.20.149.193" port: 41961 } } peers { permanent_uuid: "200ef61e8527460dad43c9ba80dc2ae2" member_type: VOTER last_known_addr { host: "127.20.149.194" port: 38227 } } peers { permanent_uuid: "b6b908ce98c243cdbf93b1b205a2935a" member_type: VOTER last_known_addr { host: "127.20.149.195" port: 34465 } }
I20260709 12:16:29.983649 22475 tablet_bootstrap.cc:492] T aa45f545f5b04e5d8bf600377b2a0aca P b6b908ce98c243cdbf93b1b205a2935a: Bootstrap starting.
I20260709 12:16:29.984503 22474 ts_tablet_manager.cc:1434] T aa45f545f5b04e5d8bf600377b2a0aca P 200ef61e8527460dad43c9ba80dc2ae2: Time spent starting tablet: real 0.012s	user 0.008s	sys 0.000s
I20260709 12:16:29.985404 22474 tablet_bootstrap.cc:492] T 2df8fb9e2c784afb9fed7c5fd250656d P 200ef61e8527460dad43c9ba80dc2ae2: Bootstrap starting.
I20260709 12:16:29.990654 22475 tablet_bootstrap.cc:654] T aa45f545f5b04e5d8bf600377b2a0aca P b6b908ce98c243cdbf93b1b205a2935a: Neither blocks nor log segments found. Creating new log.
I20260709 12:16:29.992581 22474 tablet_bootstrap.cc:654] T 2df8fb9e2c784afb9fed7c5fd250656d P 200ef61e8527460dad43c9ba80dc2ae2: Neither blocks nor log segments found. Creating new log.
I20260709 12:16:29.995007 22476 tablet_bootstrap.cc:492] T db4cd429de9f4ca1871af83649881944 P 5907fa614c3b48d4929abeab9e536753: No bootstrap required, opened a new log
I20260709 12:16:29.995536 22476 ts_tablet_manager.cc:1403] T db4cd429de9f4ca1871af83649881944 P 5907fa614c3b48d4929abeab9e536753: Time spent bootstrapping tablet: real 0.038s	user 0.010s	sys 0.007s
I20260709 12:16:29.997226 22497 raft_consensus.cc:493] T 2df8fb9e2c784afb9fed7c5fd250656d P 5907fa614c3b48d4929abeab9e536753 [term 0 FOLLOWER]: Starting pre-election (no leader contacted us within the election timeout)
I20260709 12:16:29.997906 22497 raft_consensus.cc:515] T 2df8fb9e2c784afb9fed7c5fd250656d P 5907fa614c3b48d4929abeab9e536753 [term 0 FOLLOWER]: Starting pre-election with config: opid_index: -1 OBSOLETE_local: false peers { permanent_uuid: "5907fa614c3b48d4929abeab9e536753" member_type: VOTER last_known_addr { host: "127.20.149.193" port: 41961 } } peers { permanent_uuid: "200ef61e8527460dad43c9ba80dc2ae2" member_type: VOTER last_known_addr { host: "127.20.149.194" port: 38227 } } peers { permanent_uuid: "b6b908ce98c243cdbf93b1b205a2935a" member_type: VOTER last_known_addr { host: "127.20.149.195" port: 34465 } }
I20260709 12:16:30.000293 22476 raft_consensus.cc:359] T db4cd429de9f4ca1871af83649881944 P 5907fa614c3b48d4929abeab9e536753 [term 0 FOLLOWER]: Replica starting. Triggering 0 pending ops. Active config: opid_index: -1 OBSOLETE_local: false peers { permanent_uuid: "5907fa614c3b48d4929abeab9e536753" member_type: VOTER last_known_addr { host: "127.20.149.193" port: 41961 } } peers { permanent_uuid: "200ef61e8527460dad43c9ba80dc2ae2" member_type: VOTER last_known_addr { host: "127.20.149.194" port: 38227 } } peers { permanent_uuid: "b6b908ce98c243cdbf93b1b205a2935a" member_type: VOTER last_known_addr { host: "127.20.149.195" port: 34465 } }
I20260709 12:16:30.001200 22476 raft_consensus.cc:385] T db4cd429de9f4ca1871af83649881944 P 5907fa614c3b48d4929abeab9e536753 [term 0 FOLLOWER]: Consensus starting up: Expiring failure detector timer to make a prompt election more likely
I20260709 12:16:30.001478 22476 raft_consensus.cc:740] T db4cd429de9f4ca1871af83649881944 P 5907fa614c3b48d4929abeab9e536753 [term 0 FOLLOWER]: Becoming Follower/Learner. State: Replica: 5907fa614c3b48d4929abeab9e536753, State: Initialized, Role: FOLLOWER
I20260709 12:16:30.001628 22359 tablet_service.cc:1917] Received RequestConsensusVote() RPC: tablet_id: "2df8fb9e2c784afb9fed7c5fd250656d" candidate_uuid: "5907fa614c3b48d4929abeab9e536753" candidate_term: 1 candidate_status { last_received { term: 0 index: 0 } } ignore_live_leader: false dest_uuid: "200ef61e8527460dad43c9ba80dc2ae2" is_pre_election: true
I20260709 12:16:30.002266 22476 consensus_queue.cc:260] T db4cd429de9f4ca1871af83649881944 P 5907fa614c3b48d4929abeab9e536753 [NON_LEADER]: Queue going to NON_LEADER mode. State: All replicated index: 0, Majority replicated index: 0, Committed index: 0, Last appended: 0.0, Last appended by leader: 0, Current term: 0, Majority size: -1, State: 0, Mode: NON_LEADER, active raft config: opid_index: -1 OBSOLETE_local: false peers { permanent_uuid: "5907fa614c3b48d4929abeab9e536753" member_type: VOTER last_known_addr { host: "127.20.149.193" port: 41961 } } peers { permanent_uuid: "200ef61e8527460dad43c9ba80dc2ae2" member_type: VOTER last_known_addr { host: "127.20.149.194" port: 38227 } } peers { permanent_uuid: "b6b908ce98c243cdbf93b1b205a2935a" member_type: VOTER last_known_addr { host: "127.20.149.195" port: 34465 } }
W20260709 12:16:30.003050 22251 leader_election.cc:343] T 2df8fb9e2c784afb9fed7c5fd250656d P 5907fa614c3b48d4929abeab9e536753 [CANDIDATE]: Term 1 pre-election: Tablet error from VoteRequest() call to peer 200ef61e8527460dad43c9ba80dc2ae2 (127.20.149.194:38227): Illegal state: must be running to vote when last-logged opid is not known
I20260709 12:16:30.003674 22433 tablet_service.cc:1917] Received RequestConsensusVote() RPC: tablet_id: "2df8fb9e2c784afb9fed7c5fd250656d" candidate_uuid: "5907fa614c3b48d4929abeab9e536753" candidate_term: 1 candidate_status { last_received { term: 0 index: 0 } } ignore_live_leader: false dest_uuid: "b6b908ce98c243cdbf93b1b205a2935a" is_pre_election: true
I20260709 12:16:30.006307 22474 tablet_bootstrap.cc:492] T 2df8fb9e2c784afb9fed7c5fd250656d P 200ef61e8527460dad43c9ba80dc2ae2: No bootstrap required, opened a new log
W20260709 12:16:30.006243 22250 leader_election.cc:343] T 2df8fb9e2c784afb9fed7c5fd250656d P 5907fa614c3b48d4929abeab9e536753 [CANDIDATE]: Term 1 pre-election: Tablet error from VoteRequest() call to peer b6b908ce98c243cdbf93b1b205a2935a (127.20.149.195:34465): Illegal state: must be running to vote when last-logged opid is not known
I20260709 12:16:30.007262 22474 ts_tablet_manager.cc:1403] T 2df8fb9e2c784afb9fed7c5fd250656d P 200ef61e8527460dad43c9ba80dc2ae2: Time spent bootstrapping tablet: real 0.022s	user 0.014s	sys 0.004s
I20260709 12:16:30.007311 22250 leader_election.cc:304] T 2df8fb9e2c784afb9fed7c5fd250656d P 5907fa614c3b48d4929abeab9e536753 [CANDIDATE]: Term 1 pre-election: Election decided. Result: candidate lost. Election summary: received 3 responses out of 3 voters: 1 yes votes; 2 no votes. yes voters: 5907fa614c3b48d4929abeab9e536753; no voters: 200ef61e8527460dad43c9ba80dc2ae2, b6b908ce98c243cdbf93b1b205a2935a
I20260709 12:16:30.008427 22544 raft_consensus.cc:2749] T 2df8fb9e2c784afb9fed7c5fd250656d P 5907fa614c3b48d4929abeab9e536753 [term 0 FOLLOWER]: Leader pre-election lost for term 1. Reason: could not achieve majority
I20260709 12:16:30.008598 22497 leader_election.cc:290] T 2df8fb9e2c784afb9fed7c5fd250656d P 5907fa614c3b48d4929abeab9e536753 [CANDIDATE]: Term 1 pre-election: Requested pre-vote from peers 200ef61e8527460dad43c9ba80dc2ae2 (127.20.149.194:38227), b6b908ce98c243cdbf93b1b205a2935a (127.20.149.195:34465)
I20260709 12:16:30.010128 22474 raft_consensus.cc:359] T 2df8fb9e2c784afb9fed7c5fd250656d P 200ef61e8527460dad43c9ba80dc2ae2 [term 0 FOLLOWER]: Replica starting. Triggering 0 pending ops. Active config: opid_index: -1 OBSOLETE_local: false peers { permanent_uuid: "5907fa614c3b48d4929abeab9e536753" member_type: VOTER last_known_addr { host: "127.20.149.193" port: 41961 } } peers { permanent_uuid: "200ef61e8527460dad43c9ba80dc2ae2" member_type: VOTER last_known_addr { host: "127.20.149.194" port: 38227 } } peers { permanent_uuid: "b6b908ce98c243cdbf93b1b205a2935a" member_type: VOTER last_known_addr { host: "127.20.149.195" port: 34465 } }
I20260709 12:16:30.010803 22474 raft_consensus.cc:385] T 2df8fb9e2c784afb9fed7c5fd250656d P 200ef61e8527460dad43c9ba80dc2ae2 [term 0 FOLLOWER]: Consensus starting up: Expiring failure detector timer to make a prompt election more likely
I20260709 12:16:30.011109 22474 raft_consensus.cc:740] T 2df8fb9e2c784afb9fed7c5fd250656d P 200ef61e8527460dad43c9ba80dc2ae2 [term 0 FOLLOWER]: Becoming Follower/Learner. State: Replica: 200ef61e8527460dad43c9ba80dc2ae2, State: Initialized, Role: FOLLOWER
I20260709 12:16:30.011881 22474 consensus_queue.cc:260] T 2df8fb9e2c784afb9fed7c5fd250656d P 200ef61e8527460dad43c9ba80dc2ae2 [NON_LEADER]: Queue going to NON_LEADER mode. State: All replicated index: 0, Majority replicated index: 0, Committed index: 0, Last appended: 0.0, Last appended by leader: 0, Current term: 0, Majority size: -1, State: 0, Mode: NON_LEADER, active raft config: opid_index: -1 OBSOLETE_local: false peers { permanent_uuid: "5907fa614c3b48d4929abeab9e536753" member_type: VOTER last_known_addr { host: "127.20.149.193" port: 41961 } } peers { permanent_uuid: "200ef61e8527460dad43c9ba80dc2ae2" member_type: VOTER last_known_addr { host: "127.20.149.194" port: 38227 } } peers { permanent_uuid: "b6b908ce98c243cdbf93b1b205a2935a" member_type: VOTER last_known_addr { host: "127.20.149.195" port: 34465 } }
I20260709 12:16:30.013973 22474 ts_tablet_manager.cc:1434] T 2df8fb9e2c784afb9fed7c5fd250656d P 200ef61e8527460dad43c9ba80dc2ae2: Time spent starting tablet: real 0.006s	user 0.006s	sys 0.000s
I20260709 12:16:30.013974 22476 ts_tablet_manager.cc:1434] T db4cd429de9f4ca1871af83649881944 P 5907fa614c3b48d4929abeab9e536753: Time spent starting tablet: real 0.018s	user 0.009s	sys 0.000s
I20260709 12:16:30.014977 22474 tablet_bootstrap.cc:492] T db4cd429de9f4ca1871af83649881944 P 200ef61e8527460dad43c9ba80dc2ae2: Bootstrap starting.
I20260709 12:16:30.021227 22474 tablet_bootstrap.cc:654] T db4cd429de9f4ca1871af83649881944 P 200ef61e8527460dad43c9ba80dc2ae2: Neither blocks nor log segments found. Creating new log.
I20260709 12:16:30.026783 22476 tablet_bootstrap.cc:492] T a85e2b35247a4881b46fde6756c5e639 P 5907fa614c3b48d4929abeab9e536753: Bootstrap starting.
I20260709 12:16:30.032363 22474 tablet_bootstrap.cc:492] T db4cd429de9f4ca1871af83649881944 P 200ef61e8527460dad43c9ba80dc2ae2: No bootstrap required, opened a new log
I20260709 12:16:30.032941 22474 ts_tablet_manager.cc:1403] T db4cd429de9f4ca1871af83649881944 P 200ef61e8527460dad43c9ba80dc2ae2: Time spent bootstrapping tablet: real 0.018s	user 0.009s	sys 0.007s
I20260709 12:16:30.035936 22476 tablet_bootstrap.cc:654] T a85e2b35247a4881b46fde6756c5e639 P 5907fa614c3b48d4929abeab9e536753: Neither blocks nor log segments found. Creating new log.
I20260709 12:16:30.035581 22474 raft_consensus.cc:359] T db4cd429de9f4ca1871af83649881944 P 200ef61e8527460dad43c9ba80dc2ae2 [term 0 FOLLOWER]: Replica starting. Triggering 0 pending ops. Active config: opid_index: -1 OBSOLETE_local: false peers { permanent_uuid: "5907fa614c3b48d4929abeab9e536753" member_type: VOTER last_known_addr { host: "127.20.149.193" port: 41961 } } peers { permanent_uuid: "200ef61e8527460dad43c9ba80dc2ae2" member_type: VOTER last_known_addr { host: "127.20.149.194" port: 38227 } } peers { permanent_uuid: "b6b908ce98c243cdbf93b1b205a2935a" member_type: VOTER last_known_addr { host: "127.20.149.195" port: 34465 } }
I20260709 12:16:30.036324 22474 raft_consensus.cc:385] T db4cd429de9f4ca1871af83649881944 P 200ef61e8527460dad43c9ba80dc2ae2 [term 0 FOLLOWER]: Consensus starting up: Expiring failure detector timer to make a prompt election more likely
I20260709 12:16:30.036613 22474 raft_consensus.cc:740] T db4cd429de9f4ca1871af83649881944 P 200ef61e8527460dad43c9ba80dc2ae2 [term 0 FOLLOWER]: Becoming Follower/Learner. State: Replica: 200ef61e8527460dad43c9ba80dc2ae2, State: Initialized, Role: FOLLOWER
I20260709 12:16:30.037524 22474 consensus_queue.cc:260] T db4cd429de9f4ca1871af83649881944 P 200ef61e8527460dad43c9ba80dc2ae2 [NON_LEADER]: Queue going to NON_LEADER mode. State: All replicated index: 0, Majority replicated index: 0, Committed index: 0, Last appended: 0.0, Last appended by leader: 0, Current term: 0, Majority size: -1, State: 0, Mode: NON_LEADER, active raft config: opid_index: -1 OBSOLETE_local: false peers { permanent_uuid: "5907fa614c3b48d4929abeab9e536753" member_type: VOTER last_known_addr { host: "127.20.149.193" port: 41961 } } peers { permanent_uuid: "200ef61e8527460dad43c9ba80dc2ae2" member_type: VOTER last_known_addr { host: "127.20.149.194" port: 38227 } } peers { permanent_uuid: "b6b908ce98c243cdbf93b1b205a2935a" member_type: VOTER last_known_addr { host: "127.20.149.195" port: 34465 } }
I20260709 12:16:30.039670 22521 raft_consensus.cc:493] T aa45f545f5b04e5d8bf600377b2a0aca P 200ef61e8527460dad43c9ba80dc2ae2 [term 0 FOLLOWER]: Starting pre-election (no leader contacted us within the election timeout)
