[==========] Running 8 tests from 2 test suites.
[----------] Global test environment set-up.
[----------] 6 tests from LeaderRebalancerTest
[ RUN      ] LeaderRebalancerTest.FunctionalTestForDivided
WARNING: Logging before InitGoogleLogging() is written to STDERR
I20260709 12:15:23.468113 14316 internal_mini_cluster.cc:156] Creating distributed mini masters. Addrs: 127.13.251.62:41981
I20260709 12:15:23.469929 14316 env_posix.cc:2285] Not raising this process' open files per process limit of 1048576; it is already as high as it can go
I20260709 12:15:23.471114 14316 file_cache.cc:504] Constructed file cache file cache with capacity 419430
W20260709 12:15:23.491044 14325 instance_detector.cc:116] could not retrieve OpenStack instance metadata: Network error: curl error: HTTP response code said error: The requested URL returned error: 404
W20260709 12:15:23.491645 14322 instance_detector.cc:116] could not retrieve AWS instance metadata: Network error: curl error: HTTP response code said error: The requested URL returned error: 404
W20260709 12:15:23.491123 14323 instance_detector.cc:116] could not retrieve Azure instance metadata: Network error: curl error: HTTP response code said error: The requested URL returned error: 404
I20260709 12:15:23.493012 14316 server_base.cc:1061] running on GCE node
I20260709 12:15:24.766968 14316 hybrid_clock.cc:584] initializing the hybrid clock with 'system_unsync' time source
W20260709 12:15:24.767225 14316 system_unsync_time.cc:38] NTP support is disabled. Clock error bounds will not be accurate. This configuration is not suitable for distributed clusters.
I20260709 12:15:24.767495 14316 hybrid_clock.cc:648] HybridClock initialized: now 1783599324767468 us; error 0 us; skew 500 ppm
I20260709 12:15:24.768349 14316 server_base.cc:861] Flag tcmalloc_max_total_thread_cache_bytes is not working since tcmalloc is not enabled.
I20260709 12:15:24.775103 14316 webserver.cc:533] Webserver started at http://127.13.251.62:33601/ using document root <none> and password file <none>
I20260709 12:15:24.776015 14316 fs_manager.cc:362] Metadata directory not provided
I20260709 12:15:24.776252 14316 fs_manager.cc:368] Using write-ahead log directory (fs_wal_dir) as metadata directory
I20260709 12:15:24.776733 14316 server_base.cc:909] This appears to be a new deployment of Kudu; creating new FS layout
I20260709 12:15:24.782892 14316 fs_manager.cc:1068] Generated new instance metadata in path /tmp/dist-test-taskJcN3ms/test-tmp/auto_leader_rebalancer-test.0.LeaderRebalancerTest.FunctionalTestForDivided.1783599323289523-14316-0/minicluster-data/master-0-root/instance:
uuid: "6455b5677dd248ce80776598e3ca292c"
format_stamp: "Formatted at 2026-07-09 12:15:24 on dist-test-slave-j56d"
I20260709 12:15:24.791326 14316 fs_manager.cc:696] Time spent creating directory manager: real 0.007s	user 0.001s	sys 0.008s
I20260709 12:15:24.796911 14331 log_block_manager.cc:4127] Time spent loading block containers with low live blocks: real 0.000s	user 0.000s	sys 0.000s
I20260709 12:15:24.798297 14316 fs_manager.cc:730] Time spent opening block manager: real 0.004s	user 0.003s	sys 0.000s
I20260709 12:15:24.798694 14316 fs_manager.cc:647] Opened local filesystem: /tmp/dist-test-taskJcN3ms/test-tmp/auto_leader_rebalancer-test.0.LeaderRebalancerTest.FunctionalTestForDivided.1783599323289523-14316-0/minicluster-data/master-0-root
uuid: "6455b5677dd248ce80776598e3ca292c"
format_stamp: "Formatted at 2026-07-09 12:15:24 on dist-test-slave-j56d"
I20260709 12:15:24.799016 14316 fs_report.cc:389] FS layout report
--------------------
wal directory: /tmp/dist-test-taskJcN3ms/test-tmp/auto_leader_rebalancer-test.0.LeaderRebalancerTest.FunctionalTestForDivided.1783599323289523-14316-0/minicluster-data/master-0-root
metadata directory: /tmp/dist-test-taskJcN3ms/test-tmp/auto_leader_rebalancer-test.0.LeaderRebalancerTest.FunctionalTestForDivided.1783599323289523-14316-0/minicluster-data/master-0-root
1 data directories: /tmp/dist-test-taskJcN3ms/test-tmp/auto_leader_rebalancer-test.0.LeaderRebalancerTest.FunctionalTestForDivided.1783599323289523-14316-0/minicluster-data/master-0-root/data
Total live blocks: 0
Total live bytes: 0
Total live bytes (after alignment): 0
Total number of LBM containers: 0 (0 full)
Did not check for missing blocks
Did not check for orphaned blocks
Total full LBM containers with extra space: 0 (0 repaired)
Total full LBM container extra space in bytes: 0 (0 repaired)
Total incomplete LBM containers: 0 (0 repaired)
Total LBM partial records: 0 (0 repaired)
Total corrupted LBM metadata records in RocksDB: 0 (0 repaired)
I20260709 12:15:24.865182 14316 rpc_server.cc:225] running with OpenSSL 1.1.1  11 Sep 2018
I20260709 12:15:24.866804 14316 env_posix.cc:2285] Not raising this process' running threads per effective uid limit of 18446744073709551615; it is already as high as it can go
I20260709 12:15:24.867316 14316 kserver.cc:163] Server-wide thread pool size limit: 3276
I20260709 12:15:24.947685 14316 rpc_server.cc:307] RPC server started. Bound to: 127.13.251.62:41981
I20260709 12:15:24.947784 14382 acceptor_pool.cc:272] collecting diagnostics on the listening RPC socket 127.13.251.62:41981 every 8 connection(s)
I20260709 12:15:24.956446 14383 data_dirs.cc:400] Could only allocate 1 dirs of requested 3 for tablet 00000000000000000000000000000000. 1 dirs total, 0 dirs full, 0 dirs failed
I20260709 12:15:24.979127 14383 tablet_bootstrap.cc:492] T 00000000000000000000000000000000 P 6455b5677dd248ce80776598e3ca292c: Bootstrap starting.
I20260709 12:15:24.985307 14383 tablet_bootstrap.cc:654] T 00000000000000000000000000000000 P 6455b5677dd248ce80776598e3ca292c: Neither blocks nor log segments found. Creating new log.
I20260709 12:15:24.987304 14383 log.cc:826] T 00000000000000000000000000000000 P 6455b5677dd248ce80776598e3ca292c: Log is configured to *not* fsync() on all Append() calls
I20260709 12:15:24.992973 14383 tablet_bootstrap.cc:492] T 00000000000000000000000000000000 P 6455b5677dd248ce80776598e3ca292c: No bootstrap required, opened a new log
I20260709 12:15:25.014530 14383 raft_consensus.cc:359] T 00000000000000000000000000000000 P 6455b5677dd248ce80776598e3ca292c [term 0 FOLLOWER]: Replica starting. Triggering 0 pending ops. Active config: opid_index: -1 OBSOLETE_local: true peers { permanent_uuid: "6455b5677dd248ce80776598e3ca292c" member_type: VOTER }
I20260709 12:15:25.015100 14383 raft_consensus.cc:385] T 00000000000000000000000000000000 P 6455b5677dd248ce80776598e3ca292c [term 0 FOLLOWER]: Consensus starting up: Expiring failure detector timer to make a prompt election more likely
I20260709 12:15:25.015312 14383 raft_consensus.cc:740] T 00000000000000000000000000000000 P 6455b5677dd248ce80776598e3ca292c [term 0 FOLLOWER]: Becoming Follower/Learner. State: Replica: 6455b5677dd248ce80776598e3ca292c, State: Initialized, Role: FOLLOWER
I20260709 12:15:25.016284 14383 consensus_queue.cc:260] T 00000000000000000000000000000000 P 6455b5677dd248ce80776598e3ca292c [NON_LEADER]: Queue going to NON_LEADER mode. State: All replicated index: 0, Majority replicated index: 0, Committed index: 0, Last appended: 0.0, Last appended by leader: 0, Current term: 0, Majority size: -1, State: 0, Mode: NON_LEADER, active raft config: opid_index: -1 OBSOLETE_local: true peers { permanent_uuid: "6455b5677dd248ce80776598e3ca292c" member_type: VOTER }
I20260709 12:15:25.016765 14383 raft_consensus.cc:399] T 00000000000000000000000000000000 P 6455b5677dd248ce80776598e3ca292c [term 0 FOLLOWER]: Only one voter in the Raft config. Triggering election immediately
I20260709 12:15:25.017035 14383 raft_consensus.cc:493] T 00000000000000000000000000000000 P 6455b5677dd248ce80776598e3ca292c [term 0 FOLLOWER]: Starting leader election (initial election of a single-replica configuration)
I20260709 12:15:25.017532 14383 raft_consensus.cc:3060] T 00000000000000000000000000000000 P 6455b5677dd248ce80776598e3ca292c [term 0 FOLLOWER]: Advancing to term 1
I20260709 12:15:25.021934 14383 raft_consensus.cc:515] T 00000000000000000000000000000000 P 6455b5677dd248ce80776598e3ca292c [term 1 FOLLOWER]: Starting leader election with config: opid_index: -1 OBSOLETE_local: true peers { permanent_uuid: "6455b5677dd248ce80776598e3ca292c" member_type: VOTER }
I20260709 12:15:25.022678 14383 leader_election.cc:304] T 00000000000000000000000000000000 P 6455b5677dd248ce80776598e3ca292c [CANDIDATE]: Term 1 election: Election decided. Result: candidate won. Election summary: received 1 responses out of 1 voters: 1 yes votes; 0 no votes. yes voters: 6455b5677dd248ce80776598e3ca292c; no voters: 
I20260709 12:15:25.024434 14383 leader_election.cc:290] T 00000000000000000000000000000000 P 6455b5677dd248ce80776598e3ca292c [CANDIDATE]: Term 1 election: Requested vote from peers 
I20260709 12:15:25.024828 14386 raft_consensus.cc:2804] T 00000000000000000000000000000000 P 6455b5677dd248ce80776598e3ca292c [term 1 FOLLOWER]: Leader election won for term 1
I20260709 12:15:25.027676 14386 raft_consensus.cc:697] T 00000000000000000000000000000000 P 6455b5677dd248ce80776598e3ca292c [term 1 LEADER]: Becoming Leader. State: Replica: 6455b5677dd248ce80776598e3ca292c, State: Running, Role: LEADER
I20260709 12:15:25.028644 14386 consensus_queue.cc:237] T 00000000000000000000000000000000 P 6455b5677dd248ce80776598e3ca292c [LEADER]: Queue going to LEADER mode. State: All replicated index: 0, Majority replicated index: 0, Committed index: 0, Last appended: 0.0, Last appended by leader: 0, Current term: 1, Majority size: 1, State: 0, Mode: LEADER, active raft config: opid_index: -1 OBSOLETE_local: true peers { permanent_uuid: "6455b5677dd248ce80776598e3ca292c" member_type: VOTER }
I20260709 12:15:25.029781 14383 sys_catalog.cc:565] T 00000000000000000000000000000000 P 6455b5677dd248ce80776598e3ca292c [sys.catalog]: configured and running, proceeding with master startup.
I20260709 12:15:25.040156 14388 sys_catalog.cc:455] T 00000000000000000000000000000000 P 6455b5677dd248ce80776598e3ca292c [sys.catalog]: SysCatalogTable state changed. Reason: New leader 6455b5677dd248ce80776598e3ca292c. Latest consensus state: current_term: 1 leader_uuid: "6455b5677dd248ce80776598e3ca292c" committed_config { opid_index: -1 OBSOLETE_local: true peers { permanent_uuid: "6455b5677dd248ce80776598e3ca292c" member_type: VOTER } }
I20260709 12:15:25.040333 14387 sys_catalog.cc:455] T 00000000000000000000000000000000 P 6455b5677dd248ce80776598e3ca292c [sys.catalog]: SysCatalogTable state changed. Reason: RaftConsensus started. Latest consensus state: current_term: 1 leader_uuid: "6455b5677dd248ce80776598e3ca292c" committed_config { opid_index: -1 OBSOLETE_local: true peers { permanent_uuid: "6455b5677dd248ce80776598e3ca292c" member_type: VOTER } }
I20260709 12:15:25.041101 14388 sys_catalog.cc:458] T 00000000000000000000000000000000 P 6455b5677dd248ce80776598e3ca292c [sys.catalog]: This master's current role is: LEADER
I20260709 12:15:25.041121 14387 sys_catalog.cc:458] T 00000000000000000000000000000000 P 6455b5677dd248ce80776598e3ca292c [sys.catalog]: This master's current role is: LEADER
I20260709 12:15:25.045881 14396 catalog_manager.cc:1511] Loading table and tablet metadata into memory...
I20260709 12:15:25.057370 14396 catalog_manager.cc:1520] Initializing Kudu cluster ID...
I20260709 12:15:25.059732 14316 internal_mini_cluster.cc:184] Waiting to initialize catalog manager on master 0
I20260709 12:15:25.075719 14396 catalog_manager.cc:1383] Generated new cluster ID: edc1fc6779b84163808d53c1072d5bd1
I20260709 12:15:25.076063 14396 catalog_manager.cc:1531] Initializing Kudu internal certificate authority...
I20260709 12:15:25.099159 14396 catalog_manager.cc:1406] Generated new certificate authority record
I20260709 12:15:25.101431 14396 catalog_manager.cc:1540] Loading token signing keys...
I20260709 12:15:25.118458 14396 catalog_manager.cc:6070] T 00000000000000000000000000000000 P 6455b5677dd248ce80776598e3ca292c: Generated new TSK 0
I20260709 12:15:25.119704 14396 catalog_manager.cc:1550] Initializing in-progress tserver states...
I20260709 12:15:25.126502 14316 file_cache.cc:504] Constructed file cache file cache with capacity 419430
W20260709 12:15:25.135282 14405 instance_detector.cc:116] could not retrieve AWS instance metadata: Network error: curl error: HTTP response code said error: The requested URL returned error: 404
W20260709 12:15:25.136873 14406 instance_detector.cc:116] could not retrieve Azure instance metadata: Network error: curl error: HTTP response code said error: The requested URL returned error: 404
W20260709 12:15:25.141880 14409 instance_detector.cc:116] could not retrieve OpenStack instance metadata: Network error: curl error: HTTP response code said error: The requested URL returned error: 404
I20260709 12:15:25.142128 14316 server_base.cc:1061] running on GCE node
I20260709 12:15:25.143045 14316 hybrid_clock.cc:584] initializing the hybrid clock with 'system_unsync' time source
W20260709 12:15:25.143252 14316 system_unsync_time.cc:38] NTP support is disabled. Clock error bounds will not be accurate. This configuration is not suitable for distributed clusters.
I20260709 12:15:25.143473 14316 hybrid_clock.cc:648] HybridClock initialized: now 1783599325143436 us; error 0 us; skew 500 ppm
I20260709 12:15:25.144090 14316 server_base.cc:861] Flag tcmalloc_max_total_thread_cache_bytes is not working since tcmalloc is not enabled.
I20260709 12:15:25.159917 14316 webserver.cc:533] Webserver started at http://127.13.251.1:35025/ using document root <none> and password file <none>
I20260709 12:15:25.160542 14316 fs_manager.cc:362] Metadata directory not provided
I20260709 12:15:25.160749 14316 fs_manager.cc:368] Using write-ahead log directory (fs_wal_dir) as metadata directory
I20260709 12:15:25.161116 14316 server_base.cc:909] This appears to be a new deployment of Kudu; creating new FS layout
I20260709 12:15:25.162284 14316 fs_manager.cc:1068] Generated new instance metadata in path /tmp/dist-test-taskJcN3ms/test-tmp/auto_leader_rebalancer-test.0.LeaderRebalancerTest.FunctionalTestForDivided.1783599323289523-14316-0/minicluster-data/ts-0-root/instance:
uuid: "eb51113211914726960fbd471a27ab07"
format_stamp: "Formatted at 2026-07-09 12:15:25 on dist-test-slave-j56d"
I20260709 12:15:25.168260 14316 fs_manager.cc:696] Time spent creating directory manager: real 0.005s	user 0.006s	sys 0.001s
I20260709 12:15:25.173384 14413 log_block_manager.cc:4127] Time spent loading block containers with low live blocks: real 0.000s	user 0.000s	sys 0.000s
I20260709 12:15:25.174333 14316 fs_manager.cc:730] Time spent opening block manager: real 0.004s	user 0.004s	sys 0.000s
I20260709 12:15:25.174639 14316 fs_manager.cc:647] Opened local filesystem: /tmp/dist-test-taskJcN3ms/test-tmp/auto_leader_rebalancer-test.0.LeaderRebalancerTest.FunctionalTestForDivided.1783599323289523-14316-0/minicluster-data/ts-0-root
uuid: "eb51113211914726960fbd471a27ab07"
format_stamp: "Formatted at 2026-07-09 12:15:25 on dist-test-slave-j56d"
I20260709 12:15:25.174950 14316 fs_report.cc:389] FS layout report
--------------------
wal directory: /tmp/dist-test-taskJcN3ms/test-tmp/auto_leader_rebalancer-test.0.LeaderRebalancerTest.FunctionalTestForDivided.1783599323289523-14316-0/minicluster-data/ts-0-root
metadata directory: /tmp/dist-test-taskJcN3ms/test-tmp/auto_leader_rebalancer-test.0.LeaderRebalancerTest.FunctionalTestForDivided.1783599323289523-14316-0/minicluster-data/ts-0-root
1 data directories: /tmp/dist-test-taskJcN3ms/test-tmp/auto_leader_rebalancer-test.0.LeaderRebalancerTest.FunctionalTestForDivided.1783599323289523-14316-0/minicluster-data/ts-0-root/data
Total live blocks: 0
Total live bytes: 0
Total live bytes (after alignment): 0
Total number of LBM containers: 0 (0 full)
Did not check for missing blocks
Did not check for orphaned blocks
Total full LBM containers with extra space: 0 (0 repaired)
Total full LBM container extra space in bytes: 0 (0 repaired)
Total incomplete LBM containers: 0 (0 repaired)
Total LBM partial records: 0 (0 repaired)
Total corrupted LBM metadata records in RocksDB: 0 (0 repaired)
I20260709 12:15:25.208643 14316 rpc_server.cc:225] running with OpenSSL 1.1.1  11 Sep 2018
I20260709 12:15:25.210251 14316 kserver.cc:163] Server-wide thread pool size limit: 3276
I20260709 12:15:25.213438 14316 txn_system_client.cc:432] TxnSystemClient initialization is disabled...
I20260709 12:15:25.217918 14316 ts_tablet_manager.cc:585] Loaded tablet metadata (0 total tablets, 0 live tablets)
I20260709 12:15:25.218173 14316 ts_tablet_manager.cc:531] Time spent load tablet metadata: real 0.000s	user 0.000s	sys 0.000s
I20260709 12:15:25.218525 14316 ts_tablet_manager.cc:616] Registered 0 tablets
I20260709 12:15:25.218724 14316 ts_tablet_manager.cc:595] Time spent register tablets: real 0.000s	user 0.000s	sys 0.000s
I20260709 12:15:25.337741 14316 rpc_server.cc:307] RPC server started. Bound to: 127.13.251.1:46207
I20260709 12:15:25.337826 14475 acceptor_pool.cc:272] collecting diagnostics on the listening RPC socket 127.13.251.1:46207 every 8 connection(s)
I20260709 12:15:25.345103 14316 file_cache.cc:504] Constructed file cache file cache with capacity 419430
W20260709 12:15:25.357664 14480 instance_detector.cc:116] could not retrieve AWS instance metadata: Network error: curl error: HTTP response code said error: The requested URL returned error: 404
I20260709 12:15:25.372756 14476 heartbeater.cc:344] Connected to a master server at 127.13.251.62:41981
I20260709 12:15:25.373250 14476 heartbeater.cc:461] Registering TS with master...
W20260709 12:15:25.373792 14481 instance_detector.cc:116] could not retrieve Azure instance metadata: Network error: curl error: HTTP response code said error: The requested URL returned error: 404
I20260709 12:15:25.374429 14476 heartbeater.cc:507] Master 127.13.251.62:41981 requested a full tablet report, sending...
W20260709 12:15:25.375979 14483 instance_detector.cc:116] could not retrieve OpenStack instance metadata: Network error: curl error: HTTP response code said error: The requested URL returned error: 404
I20260709 12:15:25.376876 14316 server_base.cc:1061] running on GCE node
I20260709 12:15:25.377797 14316 hybrid_clock.cc:584] initializing the hybrid clock with 'system_unsync' time source
W20260709 12:15:25.378082 14316 system_unsync_time.cc:38] NTP support is disabled. Clock error bounds will not be accurate. This configuration is not suitable for distributed clusters.
I20260709 12:15:25.378288 14316 hybrid_clock.cc:648] HybridClock initialized: now 1783599325378269 us; error 0 us; skew 500 ppm
I20260709 12:15:25.378223 14348 ts_manager.cc:194] Registered new tserver with Master: eb51113211914726960fbd471a27ab07 (127.13.251.1:46207)
I20260709 12:15:25.379016 14316 server_base.cc:861] Flag tcmalloc_max_total_thread_cache_bytes is not working since tcmalloc is not enabled.
I20260709 12:15:25.381373 14348 master_service.cc:502] Signed X509 certificate for tserver {username='slave'} at 127.0.0.1:34946
I20260709 12:15:25.385702 14316 webserver.cc:533] Webserver started at http://127.13.251.2:34375/ using document root <none> and password file <none>
I20260709 12:15:25.386294 14316 fs_manager.cc:362] Metadata directory not provided
I20260709 12:15:25.386519 14316 fs_manager.cc:368] Using write-ahead log directory (fs_wal_dir) as metadata directory
I20260709 12:15:25.386816 14316 server_base.cc:909] This appears to be a new deployment of Kudu; creating new FS layout
I20260709 12:15:25.388065 14316 fs_manager.cc:1068] Generated new instance metadata in path /tmp/dist-test-taskJcN3ms/test-tmp/auto_leader_rebalancer-test.0.LeaderRebalancerTest.FunctionalTestForDivided.1783599323289523-14316-0/minicluster-data/ts-1-root/instance:
uuid: "0153bf2537534615ae290cbeea774d84"
format_stamp: "Formatted at 2026-07-09 12:15:25 on dist-test-slave-j56d"
I20260709 12:15:25.393833 14316 fs_manager.cc:696] Time spent creating directory manager: real 0.005s	user 0.007s	sys 0.000s
I20260709 12:15:25.398342 14488 log_block_manager.cc:4127] Time spent loading block containers with low live blocks: real 0.000s	user 0.000s	sys 0.000s
I20260709 12:15:25.399756 14316 fs_manager.cc:730] Time spent opening block manager: real 0.004s	user 0.003s	sys 0.001s
I20260709 12:15:25.400111 14316 fs_manager.cc:647] Opened local filesystem: /tmp/dist-test-taskJcN3ms/test-tmp/auto_leader_rebalancer-test.0.LeaderRebalancerTest.FunctionalTestForDivided.1783599323289523-14316-0/minicluster-data/ts-1-root
uuid: "0153bf2537534615ae290cbeea774d84"
format_stamp: "Formatted at 2026-07-09 12:15:25 on dist-test-slave-j56d"
I20260709 12:15:25.400409 14316 fs_report.cc:389] FS layout report
--------------------
wal directory: /tmp/dist-test-taskJcN3ms/test-tmp/auto_leader_rebalancer-test.0.LeaderRebalancerTest.FunctionalTestForDivided.1783599323289523-14316-0/minicluster-data/ts-1-root
metadata directory: /tmp/dist-test-taskJcN3ms/test-tmp/auto_leader_rebalancer-test.0.LeaderRebalancerTest.FunctionalTestForDivided.1783599323289523-14316-0/minicluster-data/ts-1-root
1 data directories: /tmp/dist-test-taskJcN3ms/test-tmp/auto_leader_rebalancer-test.0.LeaderRebalancerTest.FunctionalTestForDivided.1783599323289523-14316-0/minicluster-data/ts-1-root/data
Total live blocks: 0
Total live bytes: 0
Total live bytes (after alignment): 0
Total number of LBM containers: 0 (0 full)
Did not check for missing blocks
Did not check for orphaned blocks
Total full LBM containers with extra space: 0 (0 repaired)
Total full LBM container extra space in bytes: 0 (0 repaired)
Total incomplete LBM containers: 0 (0 repaired)
Total LBM partial records: 0 (0 repaired)
Total corrupted LBM metadata records in RocksDB: 0 (0 repaired)
I20260709 12:15:25.433192 14316 rpc_server.cc:225] running with OpenSSL 1.1.1  11 Sep 2018
I20260709 12:15:25.434522 14316 kserver.cc:163] Server-wide thread pool size limit: 3276
I20260709 12:15:25.437366 14316 txn_system_client.cc:432] TxnSystemClient initialization is disabled...
I20260709 12:15:25.440331 14316 ts_tablet_manager.cc:585] Loaded tablet metadata (0 total tablets, 0 live tablets)
I20260709 12:15:25.440536 14316 ts_tablet_manager.cc:531] Time spent load tablet metadata: real 0.000s	user 0.000s	sys 0.000s
I20260709 12:15:25.440843 14316 ts_tablet_manager.cc:616] Registered 0 tablets
I20260709 12:15:25.440987 14316 ts_tablet_manager.cc:595] Time spent register tablets: real 0.000s	user 0.000s	sys 0.000s
I20260709 12:15:25.540506 14316 rpc_server.cc:307] RPC server started. Bound to: 127.13.251.2:36327
I20260709 12:15:25.540872 14550 acceptor_pool.cc:272] collecting diagnostics on the listening RPC socket 127.13.251.2:36327 every 8 connection(s)
I20260709 12:15:25.548137 14316 file_cache.cc:504] Constructed file cache file cache with capacity 419430
I20260709 12:15:25.567780 14551 heartbeater.cc:344] Connected to a master server at 127.13.251.62:41981
W20260709 12:15:25.567950 14554 instance_detector.cc:116] could not retrieve AWS instance metadata: Network error: curl error: HTTP response code said error: The requested URL returned error: 404
I20260709 12:15:25.568276 14551 heartbeater.cc:461] Registering TS with master...
I20260709 12:15:25.569656 14551 heartbeater.cc:507] Master 127.13.251.62:41981 requested a full tablet report, sending...
I20260709 12:15:25.572692 14348 ts_manager.cc:194] Registered new tserver with Master: 0153bf2537534615ae290cbeea774d84 (127.13.251.2:36327)
I20260709 12:15:25.574950 14348 master_service.cc:502] Signed X509 certificate for tserver {username='slave'} at 127.0.0.1:34956
W20260709 12:15:25.576501 14555 instance_detector.cc:116] could not retrieve Azure instance metadata: Network error: curl error: HTTP response code said error: The requested URL returned error: 404
W20260709 12:15:25.575030 14557 instance_detector.cc:116] could not retrieve OpenStack instance metadata: Network error: curl error: HTTP response code said error: The requested URL returned error: 404
I20260709 12:15:25.583316 14316 server_base.cc:1061] running on GCE node
I20260709 12:15:25.584425 14316 hybrid_clock.cc:584] initializing the hybrid clock with 'system_unsync' time source
W20260709 12:15:25.584695 14316 system_unsync_time.cc:38] NTP support is disabled. Clock error bounds will not be accurate. This configuration is not suitable for distributed clusters.
I20260709 12:15:25.584896 14316 hybrid_clock.cc:648] HybridClock initialized: now 1783599325584879 us; error 0 us; skew 500 ppm
I20260709 12:15:25.585672 14316 server_base.cc:861] Flag tcmalloc_max_total_thread_cache_bytes is not working since tcmalloc is not enabled.
I20260709 12:15:25.589072 14316 webserver.cc:533] Webserver started at http://127.13.251.3:34103/ using document root <none> and password file <none>
I20260709 12:15:25.589695 14316 fs_manager.cc:362] Metadata directory not provided
I20260709 12:15:25.589915 14316 fs_manager.cc:368] Using write-ahead log directory (fs_wal_dir) as metadata directory
I20260709 12:15:25.590235 14316 server_base.cc:909] This appears to be a new deployment of Kudu; creating new FS layout
I20260709 12:15:25.591662 14316 fs_manager.cc:1068] Generated new instance metadata in path /tmp/dist-test-taskJcN3ms/test-tmp/auto_leader_rebalancer-test.0.LeaderRebalancerTest.FunctionalTestForDivided.1783599323289523-14316-0/minicluster-data/ts-2-root/instance:
uuid: "00f4cc2ca7a343939a72c199a6540231"
format_stamp: "Formatted at 2026-07-09 12:15:25 on dist-test-slave-j56d"
I20260709 12:15:25.597985 14316 fs_manager.cc:696] Time spent creating directory manager: real 0.006s	user 0.005s	sys 0.000s
I20260709 12:15:25.602653 14562 log_block_manager.cc:4127] Time spent loading block containers with low live blocks: real 0.000s	user 0.000s	sys 0.000s
I20260709 12:15:25.603677 14316 fs_manager.cc:730] Time spent opening block manager: real 0.003s	user 0.003s	sys 0.002s
I20260709 12:15:25.604030 14316 fs_manager.cc:647] Opened local filesystem: /tmp/dist-test-taskJcN3ms/test-tmp/auto_leader_rebalancer-test.0.LeaderRebalancerTest.FunctionalTestForDivided.1783599323289523-14316-0/minicluster-data/ts-2-root
uuid: "00f4cc2ca7a343939a72c199a6540231"
format_stamp: "Formatted at 2026-07-09 12:15:25 on dist-test-slave-j56d"
I20260709 12:15:25.604410 14316 fs_report.cc:389] FS layout report
--------------------
wal directory: /tmp/dist-test-taskJcN3ms/test-tmp/auto_leader_rebalancer-test.0.LeaderRebalancerTest.FunctionalTestForDivided.1783599323289523-14316-0/minicluster-data/ts-2-root
metadata directory: /tmp/dist-test-taskJcN3ms/test-tmp/auto_leader_rebalancer-test.0.LeaderRebalancerTest.FunctionalTestForDivided.1783599323289523-14316-0/minicluster-data/ts-2-root
1 data directories: /tmp/dist-test-taskJcN3ms/test-tmp/auto_leader_rebalancer-test.0.LeaderRebalancerTest.FunctionalTestForDivided.1783599323289523-14316-0/minicluster-data/ts-2-root/data
Total live blocks: 0
Total live bytes: 0
Total live bytes (after alignment): 0
Total number of LBM containers: 0 (0 full)
Did not check for missing blocks
Did not check for orphaned blocks
Total full LBM containers with extra space: 0 (0 repaired)
Total full LBM container extra space in bytes: 0 (0 repaired)
Total incomplete LBM containers: 0 (0 repaired)
Total LBM partial records: 0 (0 repaired)
Total corrupted LBM metadata records in RocksDB: 0 (0 repaired)
I20260709 12:15:25.632766 14316 rpc_server.cc:225] running with OpenSSL 1.1.1  11 Sep 2018
I20260709 12:15:25.634479 14316 kserver.cc:163] Server-wide thread pool size limit: 3276
I20260709 12:15:25.636370 14316 txn_system_client.cc:432] TxnSystemClient initialization is disabled...
I20260709 12:15:25.639319 14316 ts_tablet_manager.cc:585] Loaded tablet metadata (0 total tablets, 0 live tablets)
I20260709 12:15:25.639604 14316 ts_tablet_manager.cc:531] Time spent load tablet metadata: real 0.000s	user 0.000s	sys 0.000s
I20260709 12:15:25.639894 14316 ts_tablet_manager.cc:616] Registered 0 tablets
I20260709 12:15:25.640101 14316 ts_tablet_manager.cc:595] Time spent register tablets: real 0.000s	user 0.000s	sys 0.000s
I20260709 12:15:25.733637 14316 rpc_server.cc:307] RPC server started. Bound to: 127.13.251.3:39107
I20260709 12:15:25.734150 14624 acceptor_pool.cc:272] collecting diagnostics on the listening RPC socket 127.13.251.3:39107 every 8 connection(s)
I20260709 12:15:25.752390 14625 heartbeater.cc:344] Connected to a master server at 127.13.251.62:41981
I20260709 12:15:25.752851 14625 heartbeater.cc:461] Registering TS with master...
I20260709 12:15:25.753727 14625 heartbeater.cc:507] Master 127.13.251.62:41981 requested a full tablet report, sending...
I20260709 12:15:25.755996 14348 ts_manager.cc:194] Registered new tserver with Master: 00f4cc2ca7a343939a72c199a6540231 (127.13.251.3:39107)
I20260709 12:15:25.756477 14316 internal_mini_cluster.cc:371] 3 TS(s) registered with all masters after 0.016402299s
I20260709 12:15:25.757891 14348 master_service.cc:502] Signed X509 certificate for tserver {username='slave'} at 127.0.0.1:51010
I20260709 12:15:25.809466 14348 catalog_manager.cc:2283] Servicing CreateTable request from {username='slave'} at 127.0.0.1:51016:
name: "test-workload"
schema {
  columns {
    name: "key"
    type: INT32
    is_key: true
    is_nullable: false
    encoding: AUTO_ENCODING
    compression: DEFAULT_COMPRESSION
    cfile_block_size: 0
    immutable: false
  }
  columns {
    name: "int_val"
    type: INT32
    is_key: false
    is_nullable: false
    encoding: AUTO_ENCODING
    compression: DEFAULT_COMPRESSION
    cfile_block_size: 0
    immutable: false
  }
  columns {
    name: "string_val"
    type: STRING
    is_key: false
    is_nullable: true
    encoding: AUTO_ENCODING
    compression: DEFAULT_COMPRESSION
    cfile_block_size: 0
    immutable: false
  }
}
num_replicas: 3
split_rows_range_bounds {
  rows: "\004\001\000\216\3438\016\004\001\000\034\307q\034\004\001\000\252\252\252*\004\001\0008\216\3438\004\001\000\306q\034G\004\001\000TUUU\004\001\000\3428\216c\004\001\000p\034\307q""\004\001\000\216\3438\016\004\001\000\034\307q\034\004\001\000\252\252\252*\004\001\0008\216\3438\004\001\000\306q\034G\004\001\000TUUU\004\001\000\3428\216c\004\001\000p\034\307q"
  indirect_data: """"
}
partition_schema {
  range_schema {
    columns {
      name: "key"
    }
  }
}
W20260709 12:15:25.813006 14348 catalog_manager.cc:7077] The number of live tablet servers is not enough to re-replicate a tablet replica of the newly created table test-workload in case of a server failure: 4 tablet servers would be needed, 3 are available. Consider bringing up more tablet servers.
I20260709 12:15:25.938570 14439 tablet_service.cc:1511] Processing CreateTablet for tablet a4df0c774cd44731a7df5cdb2e52e4ea (DEFAULT_TABLE table=test-workload [id=faa385a06a2946aca1fce9c71754cb31]), partition=RANGE (key) PARTITION 477218588 <= VALUES < 715827882
I20260709 12:15:25.940322 14439 data_dirs.cc:400] Could only allocate 1 dirs of requested 3 for tablet a4df0c774cd44731a7df5cdb2e52e4ea. 1 dirs total, 0 dirs full, 0 dirs failed
I20260709 12:15:25.940143 14440 tablet_service.cc:1511] Processing CreateTablet for tablet 9afe43aa81864f90b326c24d30df7d15 (DEFAULT_TABLE table=test-workload [id=faa385a06a2946aca1fce9c71754cb31]), partition=RANGE (key) PARTITION 238609294 <= VALUES < 477218588
I20260709 12:15:25.941179 14515 tablet_service.cc:1511] Processing CreateTablet for tablet 9afe43aa81864f90b326c24d30df7d15 (DEFAULT_TABLE table=test-workload [id=faa385a06a2946aca1fce9c71754cb31]), partition=RANGE (key) PARTITION 238609294 <= VALUES < 477218588
I20260709 12:15:25.942618 14515 data_dirs.cc:400] Could only allocate 1 dirs of requested 3 for tablet 9afe43aa81864f90b326c24d30df7d15. 1 dirs total, 0 dirs full, 0 dirs failed
I20260709 12:15:25.942739 14516 tablet_service.cc:1511] Processing CreateTablet for tablet d161d557668442e28882f5e6f0f8fc2f (DEFAULT_TABLE table=test-workload [id=faa385a06a2946aca1fce9c71754cb31]), partition=RANGE (key) PARTITION VALUES < 238609294
I20260709 12:15:25.944061 14516 data_dirs.cc:400] Could only allocate 1 dirs of requested 3 for tablet d161d557668442e28882f5e6f0f8fc2f. 1 dirs total, 0 dirs full, 0 dirs failed
I20260709 12:15:25.941598 14440 data_dirs.cc:400] Could only allocate 1 dirs of requested 3 for tablet 9afe43aa81864f90b326c24d30df7d15. 1 dirs total, 0 dirs full, 0 dirs failed
I20260709 12:15:25.938445 14441 tablet_service.cc:1511] Processing CreateTablet for tablet d161d557668442e28882f5e6f0f8fc2f (DEFAULT_TABLE table=test-workload [id=faa385a06a2946aca1fce9c71754cb31]), partition=RANGE (key) PARTITION VALUES < 238609294
I20260709 12:15:25.960691 14589 tablet_service.cc:1511] Processing CreateTablet for tablet 9afe43aa81864f90b326c24d30df7d15 (DEFAULT_TABLE table=test-workload [id=faa385a06a2946aca1fce9c71754cb31]), partition=RANGE (key) PARTITION 238609294 <= VALUES < 477218588
I20260709 12:15:25.960534 14585 tablet_service.cc:1511] Processing CreateTablet for tablet 524dd8bd87064a629819bed2dd0ffb18 (DEFAULT_TABLE table=test-workload [id=faa385a06a2946aca1fce9c71754cb31]), partition=RANGE (key) PARTITION 1193046470 <= VALUES < 1431655764
I20260709 12:15:25.962394 14441 data_dirs.cc:400] Could only allocate 1 dirs of requested 3 for tablet d161d557668442e28882f5e6f0f8fc2f. 1 dirs total, 0 dirs full, 0 dirs failed
I20260709 12:15:25.955611 14587 tablet_service.cc:1511] Processing CreateTablet for tablet db13d5d8a3954476b747b9a159c09df4 (DEFAULT_TABLE table=test-workload [id=faa385a06a2946aca1fce9c71754cb31]), partition=RANGE (key) PARTITION 715827882 <= VALUES < 954437176
I20260709 12:15:25.967971 14438 tablet_service.cc:1511] Processing CreateTablet for tablet db13d5d8a3954476b747b9a159c09df4 (DEFAULT_TABLE table=test-workload [id=faa385a06a2946aca1fce9c71754cb31]), partition=RANGE (key) PARTITION 715827882 <= VALUES < 954437176
I20260709 12:15:25.985579 14589 data_dirs.cc:400] Could only allocate 1 dirs of requested 3 for tablet 9afe43aa81864f90b326c24d30df7d15. 1 dirs total, 0 dirs full, 0 dirs failed
I20260709 12:15:25.993124 14512 tablet_service.cc:1511] Processing CreateTablet for tablet bc372962111a428ea4857ef4c8367b9e (DEFAULT_TABLE table=test-workload [id=faa385a06a2946aca1fce9c71754cb31]), partition=RANGE (key) PARTITION 954437176 <= VALUES < 1193046470
I20260709 12:15:25.981088 14584 tablet_service.cc:1511] Processing CreateTablet for tablet 02dcd5051d684fe998bdac715e1b3532 (DEFAULT_TABLE table=test-workload [id=faa385a06a2946aca1fce9c71754cb31]), partition=RANGE (key) PARTITION 1431655764 <= VALUES < 1670265058
I20260709 12:15:25.994405 14590 tablet_service.cc:1511] Processing CreateTablet for tablet d161d557668442e28882f5e6f0f8fc2f (DEFAULT_TABLE table=test-workload [id=faa385a06a2946aca1fce9c71754cb31]), partition=RANGE (key) PARTITION VALUES < 238609294
I20260709 12:15:25.975458 14437 tablet_service.cc:1511] Processing CreateTablet for tablet bc372962111a428ea4857ef4c8367b9e (DEFAULT_TABLE table=test-workload [id=faa385a06a2946aca1fce9c71754cb31]), partition=RANGE (key) PARTITION 954437176 <= VALUES < 1193046470
I20260709 12:15:25.997737 14433 tablet_service.cc:1511] Processing CreateTablet for tablet 3ccebb1654b24a5f9bd73802c2ee9228 (DEFAULT_TABLE table=test-workload [id=faa385a06a2946aca1fce9c71754cb31]), partition=RANGE (key) PARTITION 1908874352 <= VALUES
I20260709 12:15:26.002064 14514 tablet_service.cc:1511] Processing CreateTablet for tablet a4df0c774cd44731a7df5cdb2e52e4ea (DEFAULT_TABLE table=test-workload [id=faa385a06a2946aca1fce9c71754cb31]), partition=RANGE (key) PARTITION 477218588 <= VALUES < 715827882
I20260709 12:15:26.007252 14512 data_dirs.cc:400] Could only allocate 1 dirs of requested 3 for tablet bc372962111a428ea4857ef4c8367b9e. 1 dirs total, 0 dirs full, 0 dirs failed
I20260709 12:15:26.007265 14587 data_dirs.cc:400] Could only allocate 1 dirs of requested 3 for tablet db13d5d8a3954476b747b9a159c09df4. 1 dirs total, 0 dirs full, 0 dirs failed
I20260709 12:15:25.991219 14436 tablet_service.cc:1511] Processing CreateTablet for tablet 524dd8bd87064a629819bed2dd0ffb18 (DEFAULT_TABLE table=test-workload [id=faa385a06a2946aca1fce9c71754cb31]), partition=RANGE (key) PARTITION 1193046470 <= VALUES < 1431655764
I20260709 12:15:26.011970 14435 tablet_service.cc:1511] Processing CreateTablet for tablet 02dcd5051d684fe998bdac715e1b3532 (DEFAULT_TABLE table=test-workload [id=faa385a06a2946aca1fce9c71754cb31]), partition=RANGE (key) PARTITION 1431655764 <= VALUES < 1670265058
I20260709 12:15:26.018852 14438 data_dirs.cc:400] Could only allocate 1 dirs of requested 3 for tablet db13d5d8a3954476b747b9a159c09df4. 1 dirs total, 0 dirs full, 0 dirs failed
I20260709 12:15:25.999408 14586 tablet_service.cc:1511] Processing CreateTablet for tablet bc372962111a428ea4857ef4c8367b9e (DEFAULT_TABLE table=test-workload [id=faa385a06a2946aca1fce9c71754cb31]), partition=RANGE (key) PARTITION 954437176 <= VALUES < 1193046470
I20260709 12:15:26.026046 14514 data_dirs.cc:400] Could only allocate 1 dirs of requested 3 for tablet a4df0c774cd44731a7df5cdb2e52e4ea. 1 dirs total, 0 dirs full, 0 dirs failed
I20260709 12:15:26.024318 14513 tablet_service.cc:1511] Processing CreateTablet for tablet db13d5d8a3954476b747b9a159c09df4 (DEFAULT_TABLE table=test-workload [id=faa385a06a2946aca1fce9c71754cb31]), partition=RANGE (key) PARTITION 715827882 <= VALUES < 954437176
I20260709 12:15:26.009768 14510 tablet_service.cc:1511] Processing CreateTablet for tablet 02dcd5051d684fe998bdac715e1b3532 (DEFAULT_TABLE table=test-workload [id=faa385a06a2946aca1fce9c71754cb31]), partition=RANGE (key) PARTITION 1431655764 <= VALUES < 1670265058
I20260709 12:15:26.012073 14511 tablet_service.cc:1511] Processing CreateTablet for tablet 524dd8bd87064a629819bed2dd0ffb18 (DEFAULT_TABLE table=test-workload [id=faa385a06a2946aca1fce9c71754cb31]), partition=RANGE (key) PARTITION 1193046470 <= VALUES < 1431655764
I20260709 12:15:26.024158 14583 tablet_service.cc:1511] Processing CreateTablet for tablet 47a2bb1ac7514ff7830f4e286396c9a3 (DEFAULT_TABLE table=test-workload [id=faa385a06a2946aca1fce9c71754cb31]), partition=RANGE (key) PARTITION 1670265058 <= VALUES < 1908874352
I20260709 12:15:26.030514 14510 data_dirs.cc:400] Could only allocate 1 dirs of requested 3 for tablet 02dcd5051d684fe998bdac715e1b3532. 1 dirs total, 0 dirs full, 0 dirs failed
I20260709 12:15:26.008116 14588 tablet_service.cc:1511] Processing CreateTablet for tablet a4df0c774cd44731a7df5cdb2e52e4ea (DEFAULT_TABLE table=test-workload [id=faa385a06a2946aca1fce9c71754cb31]), partition=RANGE (key) PARTITION 477218588 <= VALUES < 715827882
I20260709 12:15:26.019945 14582 tablet_service.cc:1511] Processing CreateTablet for tablet 3ccebb1654b24a5f9bd73802c2ee9228 (DEFAULT_TABLE table=test-workload [id=faa385a06a2946aca1fce9c71754cb31]), partition=RANGE (key) PARTITION 1908874352 <= VALUES
I20260709 12:15:26.021618 14434 tablet_service.cc:1511] Processing CreateTablet for tablet 47a2bb1ac7514ff7830f4e286396c9a3 (DEFAULT_TABLE table=test-workload [id=faa385a06a2946aca1fce9c71754cb31]), partition=RANGE (key) PARTITION 1670265058 <= VALUES < 1908874352
I20260709 12:15:26.034441 14585 data_dirs.cc:400] Could only allocate 1 dirs of requested 3 for tablet 524dd8bd87064a629819bed2dd0ffb18. 1 dirs total, 0 dirs full, 0 dirs failed
I20260709 12:15:26.043129 14513 data_dirs.cc:400] Could only allocate 1 dirs of requested 3 for tablet db13d5d8a3954476b747b9a159c09df4. 1 dirs total, 0 dirs full, 0 dirs failed
I20260709 12:15:26.026818 14508 tablet_service.cc:1511] Processing CreateTablet for tablet 3ccebb1654b24a5f9bd73802c2ee9228 (DEFAULT_TABLE table=test-workload [id=faa385a06a2946aca1fce9c71754cb31]), partition=RANGE (key) PARTITION 1908874352 <= VALUES
I20260709 12:15:26.039726 14509 tablet_service.cc:1511] Processing CreateTablet for tablet 47a2bb1ac7514ff7830f4e286396c9a3 (DEFAULT_TABLE table=test-workload [id=faa385a06a2946aca1fce9c71754cb31]), partition=RANGE (key) PARTITION 1670265058 <= VALUES < 1908874352
I20260709 12:15:26.054165 14433 data_dirs.cc:400] Could only allocate 1 dirs of requested 3 for tablet 3ccebb1654b24a5f9bd73802c2ee9228. 1 dirs total, 0 dirs full, 0 dirs failed
W20260709 12:15:26.066476 14395 auto_rebalancer.cc:288] Could not retrieve cluster info: Service unavailable: Tablet not running
I20260709 12:15:26.070580 14508 data_dirs.cc:400] Could only allocate 1 dirs of requested 3 for tablet 3ccebb1654b24a5f9bd73802c2ee9228. 1 dirs total, 0 dirs full, 0 dirs failed
I20260709 12:15:26.070644 14437 data_dirs.cc:400] Could only allocate 1 dirs of requested 3 for tablet bc372962111a428ea4857ef4c8367b9e. 1 dirs total, 0 dirs full, 0 dirs failed
I20260709 12:15:26.073462 14509 data_dirs.cc:400] Could only allocate 1 dirs of requested 3 for tablet 47a2bb1ac7514ff7830f4e286396c9a3. 1 dirs total, 0 dirs full, 0 dirs failed
I20260709 12:15:26.074368 14584 data_dirs.cc:400] Could only allocate 1 dirs of requested 3 for tablet 02dcd5051d684fe998bdac715e1b3532. 1 dirs total, 0 dirs full, 0 dirs failed
I20260709 12:15:26.085332 14588 data_dirs.cc:400] Could only allocate 1 dirs of requested 3 for tablet a4df0c774cd44731a7df5cdb2e52e4ea. 1 dirs total, 0 dirs full, 0 dirs failed
I20260709 12:15:26.085839 14511 data_dirs.cc:400] Could only allocate 1 dirs of requested 3 for tablet 524dd8bd87064a629819bed2dd0ffb18. 1 dirs total, 0 dirs full, 0 dirs failed
I20260709 12:15:26.093787 14582 data_dirs.cc:400] Could only allocate 1 dirs of requested 3 for tablet 3ccebb1654b24a5f9bd73802c2ee9228. 1 dirs total, 0 dirs full, 0 dirs failed
I20260709 12:15:26.096158 14435 data_dirs.cc:400] Could only allocate 1 dirs of requested 3 for tablet 02dcd5051d684fe998bdac715e1b3532. 1 dirs total, 0 dirs full, 0 dirs failed
I20260709 12:15:26.102684 14583 data_dirs.cc:400] Could only allocate 1 dirs of requested 3 for tablet 47a2bb1ac7514ff7830f4e286396c9a3. 1 dirs total, 0 dirs full, 0 dirs failed
I20260709 12:15:26.117885 14590 data_dirs.cc:400] Could only allocate 1 dirs of requested 3 for tablet d161d557668442e28882f5e6f0f8fc2f. 1 dirs total, 0 dirs full, 0 dirs failed
I20260709 12:15:26.117127 14434 data_dirs.cc:400] Could only allocate 1 dirs of requested 3 for tablet 47a2bb1ac7514ff7830f4e286396c9a3. 1 dirs total, 0 dirs full, 0 dirs failed
I20260709 12:15:26.182219 14586 data_dirs.cc:400] Could only allocate 1 dirs of requested 3 for tablet bc372962111a428ea4857ef4c8367b9e. 1 dirs total, 0 dirs full, 0 dirs failed
I20260709 12:15:26.192787 14436 data_dirs.cc:400] Could only allocate 1 dirs of requested 3 for tablet 524dd8bd87064a629819bed2dd0ffb18. 1 dirs total, 0 dirs full, 0 dirs failed
I20260709 12:15:26.395767 14644 tablet_bootstrap.cc:492] T d161d557668442e28882f5e6f0f8fc2f P 00f4cc2ca7a343939a72c199a6540231: Bootstrap starting.
I20260709 12:15:26.390084 14476 heartbeater.cc:499] Master 127.13.251.62:41981 was elected leader, sending a full tablet report...
I20260709 12:15:26.400415 14643 tablet_bootstrap.cc:492] T d161d557668442e28882f5e6f0f8fc2f P 0153bf2537534615ae290cbeea774d84: Bootstrap starting.
I20260709 12:15:26.451285 14643 tablet_bootstrap.cc:654] T d161d557668442e28882f5e6f0f8fc2f P 0153bf2537534615ae290cbeea774d84: Neither blocks nor log segments found. Creating new log.
I20260709 12:15:26.451386 14644 tablet_bootstrap.cc:654] T d161d557668442e28882f5e6f0f8fc2f P 00f4cc2ca7a343939a72c199a6540231: Neither blocks nor log segments found. Creating new log.
I20260709 12:15:26.457299 14645 tablet_bootstrap.cc:492] T 9afe43aa81864f90b326c24d30df7d15 P eb51113211914726960fbd471a27ab07: Bootstrap starting.
I20260709 12:15:26.478753 14645 tablet_bootstrap.cc:654] T 9afe43aa81864f90b326c24d30df7d15 P eb51113211914726960fbd471a27ab07: Neither blocks nor log segments found. Creating new log.
I20260709 12:15:26.480480 14644 tablet_bootstrap.cc:492] T d161d557668442e28882f5e6f0f8fc2f P 00f4cc2ca7a343939a72c199a6540231: No bootstrap required, opened a new log
I20260709 12:15:26.480756 14643 tablet_bootstrap.cc:492] T d161d557668442e28882f5e6f0f8fc2f P 0153bf2537534615ae290cbeea774d84: No bootstrap required, opened a new log
I20260709 12:15:26.481123 14644 ts_tablet_manager.cc:1403] T d161d557668442e28882f5e6f0f8fc2f P 00f4cc2ca7a343939a72c199a6540231: Time spent bootstrapping tablet: real 0.086s	user 0.010s	sys 0.004s
I20260709 12:15:26.481455 14643 ts_tablet_manager.cc:1403] T d161d557668442e28882f5e6f0f8fc2f P 0153bf2537534615ae290cbeea774d84: Time spent bootstrapping tablet: real 0.108s	user 0.009s	sys 0.009s
I20260709 12:15:26.484472 14644 raft_consensus.cc:359] T d161d557668442e28882f5e6f0f8fc2f P 00f4cc2ca7a343939a72c199a6540231 [term 0 FOLLOWER]: Replica starting. Triggering 0 pending ops. Active config: opid_index: -1 OBSOLETE_local: false peers { permanent_uuid: "00f4cc2ca7a343939a72c199a6540231" member_type: VOTER last_known_addr { host: "127.13.251.3" port: 39107 } } peers { permanent_uuid: "eb51113211914726960fbd471a27ab07" member_type: VOTER last_known_addr { host: "127.13.251.1" port: 46207 } } peers { permanent_uuid: "0153bf2537534615ae290cbeea774d84" member_type: VOTER last_known_addr { host: "127.13.251.2" port: 36327 } }
I20260709 12:15:26.485304 14644 raft_consensus.cc:385] T d161d557668442e28882f5e6f0f8fc2f P 00f4cc2ca7a343939a72c199a6540231 [term 0 FOLLOWER]: Consensus starting up: Expiring failure detector timer to make a prompt election more likely
I20260709 12:15:26.485615 14644 raft_consensus.cc:740] T d161d557668442e28882f5e6f0f8fc2f P 00f4cc2ca7a343939a72c199a6540231 [term 0 FOLLOWER]: Becoming Follower/Learner. State: Replica: 00f4cc2ca7a343939a72c199a6540231, State: Initialized, Role: FOLLOWER
I20260709 12:15:26.485697 14643 raft_consensus.cc:359] T d161d557668442e28882f5e6f0f8fc2f P 0153bf2537534615ae290cbeea774d84 [term 0 FOLLOWER]: Replica starting. Triggering 0 pending ops. Active config: opid_index: -1 OBSOLETE_local: false peers { permanent_uuid: "00f4cc2ca7a343939a72c199a6540231" member_type: VOTER last_known_addr { host: "127.13.251.3" port: 39107 } } peers { permanent_uuid: "eb51113211914726960fbd471a27ab07" member_type: VOTER last_known_addr { host: "127.13.251.1" port: 46207 } } peers { permanent_uuid: "0153bf2537534615ae290cbeea774d84" member_type: VOTER last_known_addr { host: "127.13.251.2" port: 36327 } }
I20260709 12:15:26.486835 14643 raft_consensus.cc:385] T d161d557668442e28882f5e6f0f8fc2f P 0153bf2537534615ae290cbeea774d84 [term 0 FOLLOWER]: Consensus starting up: Expiring failure detector timer to make a prompt election more likely
I20260709 12:15:26.486536 14644 consensus_queue.cc:260] T d161d557668442e28882f5e6f0f8fc2f P 00f4cc2ca7a343939a72c199a6540231 [NON_LEADER]: Queue going to NON_LEADER mode. State: All replicated index: 0, Majority replicated index: 0, Committed index: 0, Last appended: 0.0, Last appended by leader: 0, Current term: 0, Majority size: -1, State: 0, Mode: NON_LEADER, active raft config: opid_index: -1 OBSOLETE_local: false peers { permanent_uuid: "00f4cc2ca7a343939a72c199a6540231" member_type: VOTER last_known_addr { host: "127.13.251.3" port: 39107 } } peers { permanent_uuid: "eb51113211914726960fbd471a27ab07" member_type: VOTER last_known_addr { host: "127.13.251.1" port: 46207 } } peers { permanent_uuid: "0153bf2537534615ae290cbeea774d84" member_type: VOTER last_known_addr { host: "127.13.251.2" port: 36327 } }
I20260709 12:15:26.487349 14643 raft_consensus.cc:740] T d161d557668442e28882f5e6f0f8fc2f P 0153bf2537534615ae290cbeea774d84 [term 0 FOLLOWER]: Becoming Follower/Learner. State: Replica: 0153bf2537534615ae290cbeea774d84, State: Initialized, Role: FOLLOWER
I20260709 12:15:26.488524 14643 consensus_queue.cc:260] T d161d557668442e28882f5e6f0f8fc2f P 0153bf2537534615ae290cbeea774d84 [NON_LEADER]: Queue going to NON_LEADER mode. State: All replicated index: 0, Majority replicated index: 0, Committed index: 0, Last appended: 0.0, Last appended by leader: 0, Current term: 0, Majority size: -1, State: 0, Mode: NON_LEADER, active raft config: opid_index: -1 OBSOLETE_local: false peers { permanent_uuid: "00f4cc2ca7a343939a72c199a6540231" member_type: VOTER last_known_addr { host: "127.13.251.3" port: 39107 } } peers { permanent_uuid: "eb51113211914726960fbd471a27ab07" member_type: VOTER last_known_addr { host: "127.13.251.1" port: 46207 } } peers { permanent_uuid: "0153bf2537534615ae290cbeea774d84" member_type: VOTER last_known_addr { host: "127.13.251.2" port: 36327 } }
I20260709 12:15:26.494310 14645 tablet_bootstrap.cc:492] T 9afe43aa81864f90b326c24d30df7d15 P eb51113211914726960fbd471a27ab07: No bootstrap required, opened a new log
I20260709 12:15:26.494928 14645 ts_tablet_manager.cc:1403] T 9afe43aa81864f90b326c24d30df7d15 P eb51113211914726960fbd471a27ab07: Time spent bootstrapping tablet: real 0.050s	user 0.017s	sys 0.004s
I20260709 12:15:26.496392 14643 ts_tablet_manager.cc:1434] T d161d557668442e28882f5e6f0f8fc2f P 0153bf2537534615ae290cbeea774d84: Time spent starting tablet: real 0.015s	user 0.007s	sys 0.005s
I20260709 12:15:26.497251 14551 heartbeater.cc:499] Master 127.13.251.62:41981 was elected leader, sending a full tablet report...
I20260709 12:15:26.498142 14645 raft_consensus.cc:359] T 9afe43aa81864f90b326c24d30df7d15 P eb51113211914726960fbd471a27ab07 [term 0 FOLLOWER]: Replica starting. Triggering 0 pending ops. Active config: opid_index: -1 OBSOLETE_local: false peers { permanent_uuid: "eb51113211914726960fbd471a27ab07" member_type: VOTER last_known_addr { host: "127.13.251.1" port: 46207 } } peers { permanent_uuid: "0153bf2537534615ae290cbeea774d84" member_type: VOTER last_known_addr { host: "127.13.251.2" port: 36327 } } peers { permanent_uuid: "00f4cc2ca7a343939a72c199a6540231" member_type: VOTER last_known_addr { host: "127.13.251.3" port: 39107 } }
I20260709 12:15:26.498960 14645 raft_consensus.cc:385] T 9afe43aa81864f90b326c24d30df7d15 P eb51113211914726960fbd471a27ab07 [term 0 FOLLOWER]: Consensus starting up: Expiring failure detector timer to make a prompt election more likely
