I20260709 12:16:12.259187  2580 leader_election.cc:304] T 63b67568d10e49a1ba0098c4e553db99 P 9f300ad7db8c4dbf914daaef7a6c0256 [CANDIDATE]: Term 3 election: Election decided. Result: candidate won. Election summary: received 2 responses out of 3 voters: 2 yes votes; 0 no votes. yes voters: 9b0cbbd104c843cca209a1f6e4182d00, 9f300ad7db8c4dbf914daaef7a6c0256; no voters: 
I20260709 12:16:12.259446  2963 raft_consensus.cc:1081] T 9f1fad26e7ed44e8add029ba9529cd68 P 9b0cbbd104c843cca209a1f6e4182d00 [term 3 LEADER]: Signalling peer 9f300ad7db8c4dbf914daaef7a6c0256 to start an election
I20260709 12:16:12.260118  2968 raft_consensus.cc:2804] T 63b67568d10e49a1ba0098c4e553db99 P 9f300ad7db8c4dbf914daaef7a6c0256 [term 3 FOLLOWER]: Leader election won for term 3
I20260709 12:16:12.262048  2686 raft_consensus.cc:2468] T 63b67568d10e49a1ba0098c4e553db99 P 9a6b6cdbb23f4597a962c92820865e83 [term 3 FOLLOWER]: Leader election vote request: Granting yes vote for candidate 9f300ad7db8c4dbf914daaef7a6c0256 in term 3.
I20260709 12:16:12.263248  2615 tablet_service.cc:2044] Received Run Leader Election RPC: tablet_id: "9f1fad26e7ed44e8add029ba9529cd68"
dest_uuid: "9f300ad7db8c4dbf914daaef7a6c0256"
 from {username='slave'} at 127.0.0.1:46386
I20260709 12:16:12.263954  2615 raft_consensus.cc:493] T 9f1fad26e7ed44e8add029ba9529cd68 P 9f300ad7db8c4dbf914daaef7a6c0256 [term 3 FOLLOWER]: Starting forced leader election (received explicit request)
I20260709 12:16:12.264017  2968 raft_consensus.cc:697] T 63b67568d10e49a1ba0098c4e553db99 P 9f300ad7db8c4dbf914daaef7a6c0256 [term 3 LEADER]: Becoming Leader. State: Replica: 9f300ad7db8c4dbf914daaef7a6c0256, State: Running, Role: LEADER
I20260709 12:16:12.264353  2615 raft_consensus.cc:3060] T 9f1fad26e7ed44e8add029ba9529cd68 P 9f300ad7db8c4dbf914daaef7a6c0256 [term 3 FOLLOWER]: Advancing to term 4
I20260709 12:16:12.266603  2614 raft_consensus.cc:515] T cd28f49b7b17473fb4f77288754f68a2 P 9f300ad7db8c4dbf914daaef7a6c0256 [term 3 FOLLOWER]: Starting forced leader election with config: opid_index: -1 OBSOLETE_local: false peers { permanent_uuid: "9f300ad7db8c4dbf914daaef7a6c0256" member_type: VOTER last_known_addr { host: "127.1.225.1" port: 44583 } } peers { permanent_uuid: "9a6b6cdbb23f4597a962c92820865e83" member_type: VOTER last_known_addr { host: "127.1.225.2" port: 43409 } } peers { permanent_uuid: "9b0cbbd104c843cca209a1f6e4182d00" member_type: VOTER last_known_addr { host: "127.1.225.3" port: 45921 } }
I20260709 12:16:12.266948  2968 consensus_queue.cc:237] T 63b67568d10e49a1ba0098c4e553db99 P 9f300ad7db8c4dbf914daaef7a6c0256 [LEADER]: Queue going to LEADER mode. State: All replicated index: 0, Majority replicated index: 2, Committed index: 2, Last appended: 2.2, Last appended by leader: 2, Current term: 3, Majority size: 2, State: 0, Mode: LEADER, active raft config: opid_index: -1 OBSOLETE_local: false peers { permanent_uuid: "9f300ad7db8c4dbf914daaef7a6c0256" member_type: VOTER last_known_addr { host: "127.1.225.1" port: 44583 } } peers { permanent_uuid: "9a6b6cdbb23f4597a962c92820865e83" member_type: VOTER last_known_addr { host: "127.1.225.2" port: 43409 } } peers { permanent_uuid: "9b0cbbd104c843cca209a1f6e4182d00" member_type: VOTER last_known_addr { host: "127.1.225.3" port: 45921 } }
I20260709 12:16:12.269111  2686 tablet_service.cc:1917] Received RequestConsensusVote() RPC: tablet_id: "cd28f49b7b17473fb4f77288754f68a2" candidate_uuid: "9f300ad7db8c4dbf914daaef7a6c0256" candidate_term: 3 candidate_status { last_received { term: 2 index: 2 } } ignore_live_leader: true dest_uuid: "9a6b6cdbb23f4597a962c92820865e83"
I20260709 12:16:12.269658  2686 raft_consensus.cc:3060] T cd28f49b7b17473fb4f77288754f68a2 P 9a6b6cdbb23f4597a962c92820865e83 [term 2 FOLLOWER]: Advancing to term 3
I20260709 12:16:12.269411  2510 catalog_manager.cc:5697] T e8d2e266fa4f4ec294eb5b16d4a06e89 P 9f300ad7db8c4dbf914daaef7a6c0256 reported cstate change: term changed from 2 to 3, leader changed from 9a6b6cdbb23f4597a962c92820865e83 (127.1.225.2) to 9f300ad7db8c4dbf914daaef7a6c0256 (127.1.225.1). New cstate: current_term: 3 leader_uuid: "9f300ad7db8c4dbf914daaef7a6c0256" committed_config { opid_index: -1 OBSOLETE_local: false peers { permanent_uuid: "9f300ad7db8c4dbf914daaef7a6c0256" member_type: VOTER last_known_addr { host: "127.1.225.1" port: 44583 } health_report { overall_health: HEALTHY } } peers { permanent_uuid: "9a6b6cdbb23f4597a962c92820865e83" member_type: VOTER last_known_addr { host: "127.1.225.2" port: 43409 } health_report { overall_health: UNKNOWN } } peers { permanent_uuid: "9b0cbbd104c843cca209a1f6e4182d00" member_type: VOTER last_known_addr { host: "127.1.225.3" port: 45921 } health_report { overall_health: UNKNOWN } } }
I20260709 12:16:12.270817  2615 raft_consensus.cc:515] T 9f1fad26e7ed44e8add029ba9529cd68 P 9f300ad7db8c4dbf914daaef7a6c0256 [term 4 FOLLOWER]: Starting forced leader election with config: opid_index: -1 OBSOLETE_local: false peers { permanent_uuid: "9f300ad7db8c4dbf914daaef7a6c0256" member_type: VOTER last_known_addr { host: "127.1.225.1" port: 44583 } } peers { permanent_uuid: "9a6b6cdbb23f4597a962c92820865e83" member_type: VOTER last_known_addr { host: "127.1.225.2" port: 43409 } } peers { permanent_uuid: "9b0cbbd104c843cca209a1f6e4182d00" member_type: VOTER last_known_addr { host: "127.1.225.3" port: 45921 } }
I20260709 12:16:12.272662  2614 leader_election.cc:290] T cd28f49b7b17473fb4f77288754f68a2 P 9f300ad7db8c4dbf914daaef7a6c0256 [CANDIDATE]: Term 3 election: Requested vote from peers 9a6b6cdbb23f4597a962c92820865e83 (127.1.225.2:43409), 9b0cbbd104c843cca209a1f6e4182d00 (127.1.225.3:45921)
I20260709 12:16:12.274129  2757 tablet_service.cc:1917] Received RequestConsensusVote() RPC: tablet_id: "cd28f49b7b17473fb4f77288754f68a2" candidate_uuid: "9f300ad7db8c4dbf914daaef7a6c0256" candidate_term: 3 candidate_status { last_received { term: 2 index: 2 } } ignore_live_leader: true dest_uuid: "9b0cbbd104c843cca209a1f6e4182d00"
I20260709 12:16:12.273144  2615 leader_election.cc:290] T 9f1fad26e7ed44e8add029ba9529cd68 P 9f300ad7db8c4dbf914daaef7a6c0256 [CANDIDATE]: Term 4 election: Requested vote from peers 9a6b6cdbb23f4597a962c92820865e83 (127.1.225.2:43409), 9b0cbbd104c843cca209a1f6e4182d00 (127.1.225.3:45921)
I20260709 12:16:12.274619  2761 tablet_service.cc:1917] Received RequestConsensusVote() RPC: tablet_id: "9f1fad26e7ed44e8add029ba9529cd68" candidate_uuid: "9f300ad7db8c4dbf914daaef7a6c0256" candidate_term: 4 candidate_status { last_received { term: 3 index: 3 } } ignore_live_leader: true dest_uuid: "9b0cbbd104c843cca209a1f6e4182d00"
I20260709 12:16:12.275200  2761 raft_consensus.cc:3055] T 9f1fad26e7ed44e8add029ba9529cd68 P 9b0cbbd104c843cca209a1f6e4182d00 [term 3 LEADER]: Stepping down as leader of term 3
I20260709 12:16:12.274679  2757 raft_consensus.cc:3055] T cd28f49b7b17473fb4f77288754f68a2 P 9b0cbbd104c843cca209a1f6e4182d00 [term 2 LEADER]: Stepping down as leader of term 2
I20260709 12:16:12.275514  2761 raft_consensus.cc:740] T 9f1fad26e7ed44e8add029ba9529cd68 P 9b0cbbd104c843cca209a1f6e4182d00 [term 3 LEADER]: Becoming Follower/Learner. State: Replica: 9b0cbbd104c843cca209a1f6e4182d00, State: Running, Role: LEADER
I20260709 12:16:12.275655  2757 raft_consensus.cc:740] T cd28f49b7b17473fb4f77288754f68a2 P 9b0cbbd104c843cca209a1f6e4182d00 [term 2 LEADER]: Becoming Follower/Learner. State: Replica: 9b0cbbd104c843cca209a1f6e4182d00, State: Running, Role: LEADER
I20260709 12:16:12.276420  2761 consensus_queue.cc:260] T 9f1fad26e7ed44e8add029ba9529cd68 P 9b0cbbd104c843cca209a1f6e4182d00 [NON_LEADER]: Queue going to NON_LEADER mode. State: All replicated index: 0, Majority replicated index: 3, Committed index: 3, Last appended: 3.3, Last appended by leader: 3, Current term: 3, Majority size: -1, State: 0, Mode: NON_LEADER, active raft config: opid_index: -1 OBSOLETE_local: false peers { permanent_uuid: "9f300ad7db8c4dbf914daaef7a6c0256" member_type: VOTER last_known_addr { host: "127.1.225.1" port: 44583 } } peers { permanent_uuid: "9a6b6cdbb23f4597a962c92820865e83" member_type: VOTER last_known_addr { host: "127.1.225.2" port: 43409 } } peers { permanent_uuid: "9b0cbbd104c843cca209a1f6e4182d00" member_type: VOTER last_known_addr { host: "127.1.225.3" port: 45921 } }
I20260709 12:16:12.277705  2761 raft_consensus.cc:3060] T 9f1fad26e7ed44e8add029ba9529cd68 P 9b0cbbd104c843cca209a1f6e4182d00 [term 3 FOLLOWER]: Advancing to term 4
I20260709 12:16:12.277688  2686 raft_consensus.cc:2468] T cd28f49b7b17473fb4f77288754f68a2 P 9a6b6cdbb23f4597a962c92820865e83 [term 3 FOLLOWER]: Leader election vote request: Granting yes vote for candidate 9f300ad7db8c4dbf914daaef7a6c0256 in term 3.
I20260709 12:16:12.278702  2689 tablet_service.cc:1917] Received RequestConsensusVote() RPC: tablet_id: "9f1fad26e7ed44e8add029ba9529cd68" candidate_uuid: "9f300ad7db8c4dbf914daaef7a6c0256" candidate_term: 4 candidate_status { last_received { term: 3 index: 3 } } ignore_live_leader: true dest_uuid: "9a6b6cdbb23f4597a962c92820865e83"
I20260709 12:16:12.279052  2580 leader_election.cc:304] T cd28f49b7b17473fb4f77288754f68a2 P 9f300ad7db8c4dbf914daaef7a6c0256 [CANDIDATE]: Term 3 election: Election decided. Result: candidate won. Election summary: received 2 responses out of 3 voters: 2 yes votes; 0 no votes. yes voters: 9a6b6cdbb23f4597a962c92820865e83, 9f300ad7db8c4dbf914daaef7a6c0256; no voters: 
I20260709 12:16:12.279193  2689 raft_consensus.cc:3060] T 9f1fad26e7ed44e8add029ba9529cd68 P 9a6b6cdbb23f4597a962c92820865e83 [term 3 FOLLOWER]: Advancing to term 4
I20260709 12:16:12.279919  2968 raft_consensus.cc:2804] T cd28f49b7b17473fb4f77288754f68a2 P 9f300ad7db8c4dbf914daaef7a6c0256 [term 3 FOLLOWER]: Leader election won for term 3
I20260709 12:16:12.280700  2968 raft_consensus.cc:697] T cd28f49b7b17473fb4f77288754f68a2 P 9f300ad7db8c4dbf914daaef7a6c0256 [term 3 LEADER]: Becoming Leader. State: Replica: 9f300ad7db8c4dbf914daaef7a6c0256, State: Running, Role: LEADER
I20260709 12:16:12.281539  2968 consensus_queue.cc:237] T cd28f49b7b17473fb4f77288754f68a2 P 9f300ad7db8c4dbf914daaef7a6c0256 [LEADER]: Queue going to LEADER mode. State: All replicated index: 0, Majority replicated index: 2, Committed index: 2, Last appended: 2.2, Last appended by leader: 2, Current term: 3, Majority size: 2, State: 0, Mode: LEADER, active raft config: opid_index: -1 OBSOLETE_local: false peers { permanent_uuid: "9f300ad7db8c4dbf914daaef7a6c0256" member_type: VOTER last_known_addr { host: "127.1.225.1" port: 44583 } } peers { permanent_uuid: "9a6b6cdbb23f4597a962c92820865e83" member_type: VOTER last_known_addr { host: "127.1.225.2" port: 43409 } } peers { permanent_uuid: "9b0cbbd104c843cca209a1f6e4182d00" member_type: VOTER last_known_addr { host: "127.1.225.3" port: 45921 } }
I20260709 12:16:12.276443  2757 consensus_queue.cc:260] T cd28f49b7b17473fb4f77288754f68a2 P 9b0cbbd104c843cca209a1f6e4182d00 [NON_LEADER]: Queue going to NON_LEADER mode. State: All replicated index: 0, Majority replicated index: 2, Committed index: 2, Last appended: 2.2, Last appended by leader: 2, Current term: 2, Majority size: -1, State: 0, Mode: NON_LEADER, active raft config: opid_index: -1 OBSOLETE_local: false peers { permanent_uuid: "9f300ad7db8c4dbf914daaef7a6c0256" member_type: VOTER last_known_addr { host: "127.1.225.1" port: 44583 } } peers { permanent_uuid: "9a6b6cdbb23f4597a962c92820865e83" member_type: VOTER last_known_addr { host: "127.1.225.2" port: 43409 } } peers { permanent_uuid: "9b0cbbd104c843cca209a1f6e4182d00" member_type: VOTER last_known_addr { host: "127.1.225.3" port: 45921 } }
I20260709 12:16:12.283013  2757 raft_consensus.cc:3060] T cd28f49b7b17473fb4f77288754f68a2 P 9b0cbbd104c843cca209a1f6e4182d00 [term 2 FOLLOWER]: Advancing to term 3
I20260709 12:16:12.285707  2689 raft_consensus.cc:2468] T 9f1fad26e7ed44e8add029ba9529cd68 P 9a6b6cdbb23f4597a962c92820865e83 [term 4 FOLLOWER]: Leader election vote request: Granting yes vote for candidate 9f300ad7db8c4dbf914daaef7a6c0256 in term 4.
I20260709 12:16:12.287593  2580 leader_election.cc:304] T 9f1fad26e7ed44e8add029ba9529cd68 P 9f300ad7db8c4dbf914daaef7a6c0256 [CANDIDATE]: Term 4 election: Election decided. Result: candidate won. Election summary: received 2 responses out of 3 voters: 2 yes votes; 0 no votes. yes voters: 9a6b6cdbb23f4597a962c92820865e83, 9f300ad7db8c4dbf914daaef7a6c0256; no voters: 
I20260709 12:16:12.288430  2961 raft_consensus.cc:2804] T 9f1fad26e7ed44e8add029ba9529cd68 P 9f300ad7db8c4dbf914daaef7a6c0256 [term 4 FOLLOWER]: Leader election won for term 4
I20260709 12:16:12.288861  2961 raft_consensus.cc:697] T 9f1fad26e7ed44e8add029ba9529cd68 P 9f300ad7db8c4dbf914daaef7a6c0256 [term 4 LEADER]: Becoming Leader. State: Replica: 9f300ad7db8c4dbf914daaef7a6c0256, State: Running, Role: LEADER
I20260709 12:16:12.289443  2761 raft_consensus.cc:2468] T 9f1fad26e7ed44e8add029ba9529cd68 P 9b0cbbd104c843cca209a1f6e4182d00 [term 4 FOLLOWER]: Leader election vote request: Granting yes vote for candidate 9f300ad7db8c4dbf914daaef7a6c0256 in term 4.
I20260709 12:16:12.289698  2961 consensus_queue.cc:237] T 9f1fad26e7ed44e8add029ba9529cd68 P 9f300ad7db8c4dbf914daaef7a6c0256 [LEADER]: Queue going to LEADER mode. State: All replicated index: 0, Majority replicated index: 3, Committed index: 3, Last appended: 3.3, Last appended by leader: 3, Current term: 4, Majority size: 2, State: 0, Mode: LEADER, active raft config: opid_index: -1 OBSOLETE_local: false peers { permanent_uuid: "9f300ad7db8c4dbf914daaef7a6c0256" member_type: VOTER last_known_addr { host: "127.1.225.1" port: 44583 } } peers { permanent_uuid: "9a6b6cdbb23f4597a962c92820865e83" member_type: VOTER last_known_addr { host: "127.1.225.2" port: 43409 } } peers { permanent_uuid: "9b0cbbd104c843cca209a1f6e4182d00" member_type: VOTER last_known_addr { host: "127.1.225.3" port: 45921 } }
I20260709 12:16:12.289599  2757 raft_consensus.cc:2468] T cd28f49b7b17473fb4f77288754f68a2 P 9b0cbbd104c843cca209a1f6e4182d00 [term 3 FOLLOWER]: Leader election vote request: Granting yes vote for candidate 9f300ad7db8c4dbf914daaef7a6c0256 in term 3.
I20260709 12:16:12.296473  2510 catalog_manager.cc:5697] T 63b67568d10e49a1ba0098c4e553db99 P 9f300ad7db8c4dbf914daaef7a6c0256 reported cstate change: term changed from 2 to 3, leader changed from 9a6b6cdbb23f4597a962c92820865e83 (127.1.225.2) to 9f300ad7db8c4dbf914daaef7a6c0256 (127.1.225.1). New cstate: current_term: 3 leader_uuid: "9f300ad7db8c4dbf914daaef7a6c0256" committed_config { opid_index: -1 OBSOLETE_local: false peers { permanent_uuid: "9f300ad7db8c4dbf914daaef7a6c0256" member_type: VOTER last_known_addr { host: "127.1.225.1" port: 44583 } health_report { overall_health: HEALTHY } } peers { permanent_uuid: "9a6b6cdbb23f4597a962c92820865e83" member_type: VOTER last_known_addr { host: "127.1.225.2" port: 43409 } health_report { overall_health: UNKNOWN } } peers { permanent_uuid: "9b0cbbd104c843cca209a1f6e4182d00" member_type: VOTER last_known_addr { host: "127.1.225.3" port: 45921 } health_report { overall_health: UNKNOWN } } }
I20260709 12:16:12.297490  2510 catalog_manager.cc:5697] T cd28f49b7b17473fb4f77288754f68a2 P 9f300ad7db8c4dbf914daaef7a6c0256 reported cstate change: term changed from 2 to 3, leader changed from 9b0cbbd104c843cca209a1f6e4182d00 (127.1.225.3) to 9f300ad7db8c4dbf914daaef7a6c0256 (127.1.225.1). New cstate: current_term: 3 leader_uuid: "9f300ad7db8c4dbf914daaef7a6c0256" committed_config { opid_index: -1 OBSOLETE_local: false peers { permanent_uuid: "9f300ad7db8c4dbf914daaef7a6c0256" member_type: VOTER last_known_addr { host: "127.1.225.1" port: 44583 } health_report { overall_health: HEALTHY } } peers { permanent_uuid: "9a6b6cdbb23f4597a962c92820865e83" member_type: VOTER last_known_addr { host: "127.1.225.2" port: 43409 } health_report { overall_health: UNKNOWN } } peers { permanent_uuid: "9b0cbbd104c843cca209a1f6e4182d00" member_type: VOTER last_known_addr { host: "127.1.225.3" port: 45921 } health_report { overall_health: UNKNOWN } } }
I20260709 12:16:12.309875  2510 catalog_manager.cc:5697] T 9f1fad26e7ed44e8add029ba9529cd68 P 9f300ad7db8c4dbf914daaef7a6c0256 reported cstate change: term changed from 3 to 4, leader changed from 9b0cbbd104c843cca209a1f6e4182d00 (127.1.225.3) to 9f300ad7db8c4dbf914daaef7a6c0256 (127.1.225.1). New cstate: current_term: 4 leader_uuid: "9f300ad7db8c4dbf914daaef7a6c0256" committed_config { opid_index: -1 OBSOLETE_local: false peers { permanent_uuid: "9f300ad7db8c4dbf914daaef7a6c0256" member_type: VOTER last_known_addr { host: "127.1.225.1" port: 44583 } health_report { overall_health: HEALTHY } } peers { permanent_uuid: "9a6b6cdbb23f4597a962c92820865e83" member_type: VOTER last_known_addr { host: "127.1.225.2" port: 43409 } health_report { overall_health: UNKNOWN } } peers { permanent_uuid: "9b0cbbd104c843cca209a1f6e4182d00" member_type: VOTER last_known_addr { host: "127.1.225.3" port: 45921 } health_report { overall_health: UNKNOWN } } }
I20260709 12:16:12.325255  2689 raft_consensus.cc:1275] T 1b5b0006a9d24c1eb2583a26102c46a3 P 9a6b6cdbb23f4597a962c92820865e83 [term 3 FOLLOWER]: Refusing update from remote peer 9f300ad7db8c4dbf914daaef7a6c0256: Log matching property violated. Preceding OpId in replica: term: 2 index: 2. Preceding OpId from leader: term: 3 index: 3. (index mismatch)
I20260709 12:16:12.326365  2961 consensus_queue.cc:1048] T 1b5b0006a9d24c1eb2583a26102c46a3 P 9f300ad7db8c4dbf914daaef7a6c0256 [LEADER]: Connected to new peer: Peer: permanent_uuid: "9a6b6cdbb23f4597a962c92820865e83" member_type: VOTER last_known_addr { host: "127.1.225.2" port: 43409 }, Status: LMP_MISMATCH, Last received: 0.0, Next index: 3, Last known committed idx: 2, Time since last communication: 0.000s
I20260709 12:16:12.344403  2757 raft_consensus.cc:1275] T 1b5b0006a9d24c1eb2583a26102c46a3 P 9b0cbbd104c843cca209a1f6e4182d00 [term 3 FOLLOWER]: Refusing update from remote peer 9f300ad7db8c4dbf914daaef7a6c0256: Log matching property violated. Preceding OpId in replica: term: 2 index: 2. Preceding OpId from leader: term: 3 index: 3. (index mismatch)
I20260709 12:16:12.345633  2968 consensus_queue.cc:1048] T 1b5b0006a9d24c1eb2583a26102c46a3 P 9f300ad7db8c4dbf914daaef7a6c0256 [LEADER]: Connected to new peer: Peer: permanent_uuid: "9b0cbbd104c843cca209a1f6e4182d00" member_type: VOTER last_known_addr { host: "127.1.225.3" port: 45921 }, Status: LMP_MISMATCH, Last received: 0.0, Next index: 3, Last known committed idx: 2, Time since last communication: 0.000s
I20260709 12:16:12.664479  2757 raft_consensus.cc:1275] T e8d2e266fa4f4ec294eb5b16d4a06e89 P 9b0cbbd104c843cca209a1f6e4182d00 [term 3 FOLLOWER]: Refusing update from remote peer 9f300ad7db8c4dbf914daaef7a6c0256: Log matching property violated. Preceding OpId in replica: term: 2 index: 1. Preceding OpId from leader: term: 3 index: 2. (index mismatch)
I20260709 12:16:12.665802  2968 consensus_queue.cc:1048] T e8d2e266fa4f4ec294eb5b16d4a06e89 P 9f300ad7db8c4dbf914daaef7a6c0256 [LEADER]: Connected to new peer: Peer: permanent_uuid: "9b0cbbd104c843cca209a1f6e4182d00" member_type: VOTER last_known_addr { host: "127.1.225.3" port: 45921 }, Status: LMP_MISMATCH, Last received: 0.0, Next index: 2, Last known committed idx: 1, Time since last communication: 0.001s
I20260709 12:16:12.678046  2689 raft_consensus.cc:1275] T e8d2e266fa4f4ec294eb5b16d4a06e89 P 9a6b6cdbb23f4597a962c92820865e83 [term 3 FOLLOWER]: Refusing update from remote peer 9f300ad7db8c4dbf914daaef7a6c0256: Log matching property violated. Preceding OpId in replica: term: 2 index: 1. Preceding OpId from leader: term: 3 index: 2. (index mismatch)
I20260709 12:16:12.679535  2977 consensus_queue.cc:1048] T e8d2e266fa4f4ec294eb5b16d4a06e89 P 9f300ad7db8c4dbf914daaef7a6c0256 [LEADER]: Connected to new peer: Peer: permanent_uuid: "9a6b6cdbb23f4597a962c92820865e83" member_type: VOTER last_known_addr { host: "127.1.225.2" port: 43409 }, Status: LMP_MISMATCH, Last received: 0.0, Next index: 2, Last known committed idx: 1, Time since last communication: 0.001s
I20260709 12:16:12.688090  2689 raft_consensus.cc:1275] T 63b67568d10e49a1ba0098c4e553db99 P 9a6b6cdbb23f4597a962c92820865e83 [term 3 FOLLOWER]: Refusing update from remote peer 9f300ad7db8c4dbf914daaef7a6c0256: Log matching property violated. Preceding OpId in replica: term: 2 index: 2. Preceding OpId from leader: term: 3 index: 3. (index mismatch)
I20260709 12:16:12.689248  2977 consensus_queue.cc:1048] T 63b67568d10e49a1ba0098c4e553db99 P 9f300ad7db8c4dbf914daaef7a6c0256 [LEADER]: Connected to new peer: Peer: permanent_uuid: "9a6b6cdbb23f4597a962c92820865e83" member_type: VOTER last_known_addr { host: "127.1.225.2" port: 43409 }, Status: LMP_MISMATCH, Last received: 0.0, Next index: 3, Last known committed idx: 2, Time since last communication: 0.000s
I20260709 12:16:12.699584  2757 raft_consensus.cc:1275] T 63b67568d10e49a1ba0098c4e553db99 P 9b0cbbd104c843cca209a1f6e4182d00 [term 3 FOLLOWER]: Refusing update from remote peer 9f300ad7db8c4dbf914daaef7a6c0256: Log matching property violated. Preceding OpId in replica: term: 2 index: 2. Preceding OpId from leader: term: 3 index: 3. (index mismatch)
I20260709 12:16:12.700907  2977 consensus_queue.cc:1048] T 63b67568d10e49a1ba0098c4e553db99 P 9f300ad7db8c4dbf914daaef7a6c0256 [LEADER]: Connected to new peer: Peer: permanent_uuid: "9b0cbbd104c843cca209a1f6e4182d00" member_type: VOTER last_known_addr { host: "127.1.225.3" port: 45921 }, Status: LMP_MISMATCH, Last received: 0.0, Next index: 3, Last known committed idx: 2, Time since last communication: 0.000s
I20260709 12:16:12.790868  2689 raft_consensus.cc:1275] T cd28f49b7b17473fb4f77288754f68a2 P 9a6b6cdbb23f4597a962c92820865e83 [term 3 FOLLOWER]: Refusing update from remote peer 9f300ad7db8c4dbf914daaef7a6c0256: Log matching property violated. Preceding OpId in replica: term: 2 index: 2. Preceding OpId from leader: term: 3 index: 3. (index mismatch)
I20260709 12:16:12.792104  2977 consensus_queue.cc:1048] T cd28f49b7b17473fb4f77288754f68a2 P 9f300ad7db8c4dbf914daaef7a6c0256 [LEADER]: Connected to new peer: Peer: permanent_uuid: "9a6b6cdbb23f4597a962c92820865e83" member_type: VOTER last_known_addr { host: "127.1.225.2" port: 43409 }, Status: LMP_MISMATCH, Last received: 0.0, Next index: 3, Last known committed idx: 2, Time since last communication: 0.000s
I20260709 12:16:12.801415  2757 raft_consensus.cc:1275] T cd28f49b7b17473fb4f77288754f68a2 P 9b0cbbd104c843cca209a1f6e4182d00 [term 3 FOLLOWER]: Refusing update from remote peer 9f300ad7db8c4dbf914daaef7a6c0256: Log matching property violated. Preceding OpId in replica: term: 2 index: 2. Preceding OpId from leader: term: 3 index: 3. (index mismatch)
I20260709 12:16:12.803193  2977 consensus_queue.cc:1048] T cd28f49b7b17473fb4f77288754f68a2 P 9f300ad7db8c4dbf914daaef7a6c0256 [LEADER]: Connected to new peer: Peer: permanent_uuid: "9b0cbbd104c843cca209a1f6e4182d00" member_type: VOTER last_known_addr { host: "127.1.225.3" port: 45921 }, Status: LMP_MISMATCH, Last received: 0.0, Next index: 3, Last known committed idx: 2, Time since last communication: 0.000s
I20260709 12:16:12.868786  2757 raft_consensus.cc:1275] T 9f1fad26e7ed44e8add029ba9529cd68 P 9b0cbbd104c843cca209a1f6e4182d00 [term 4 FOLLOWER]: Refusing update from remote peer 9f300ad7db8c4dbf914daaef7a6c0256: Log matching property violated. Preceding OpId in replica: term: 3 index: 3. Preceding OpId from leader: term: 4 index: 4. (index mismatch)
I20260709 12:16:12.870352  2961 consensus_queue.cc:1048] T 9f1fad26e7ed44e8add029ba9529cd68 P 9f300ad7db8c4dbf914daaef7a6c0256 [LEADER]: Connected to new peer: Peer: permanent_uuid: "9b0cbbd104c843cca209a1f6e4182d00" member_type: VOTER last_known_addr { host: "127.1.225.3" port: 45921 }, Status: LMP_MISMATCH, Last received: 0.0, Next index: 4, Last known committed idx: 3, Time since last communication: 0.000s
I20260709 12:16:12.889232  2689 raft_consensus.cc:1275] T 9f1fad26e7ed44e8add029ba9529cd68 P 9a6b6cdbb23f4597a962c92820865e83 [term 4 FOLLOWER]: Refusing update from remote peer 9f300ad7db8c4dbf914daaef7a6c0256: Log matching property violated. Preceding OpId in replica: term: 3 index: 3. Preceding OpId from leader: term: 4 index: 4. (index mismatch)
I20260709 12:16:12.890390  2977 consensus_queue.cc:1048] T 9f1fad26e7ed44e8add029ba9529cd68 P 9f300ad7db8c4dbf914daaef7a6c0256 [LEADER]: Connected to new peer: Peer: permanent_uuid: "9a6b6cdbb23f4597a962c92820865e83" member_type: VOTER last_known_addr { host: "127.1.225.2" port: 43409 }, Status: LMP_MISMATCH, Last received: 0.0, Next index: 4, Last known committed idx: 3, Time since last communication: 0.000s
I20260709 12:16:14.815761  1924 auto_leader_rebalancer-test.cc:399] The leader distribution is 
I20260709 12:16:14.816419  1924 auto_leader_rebalancer.cc:141] leader rebalance for table test-workload
I20260709 12:16:14.823767  2615 tablet_service.cc:2072] Received LeaderStepDown RPC: tablet_id: "1b5b0006a9d24c1eb2583a26102c46a3"
dest_uuid: "9f300ad7db8c4dbf914daaef7a6c0256"
mode: GRACEFUL
new_leader_uuid: "9a6b6cdbb23f4597a962c92820865e83"
 from {username='slave'} at 127.0.0.1:46408
I20260709 12:16:14.824295  2615 raft_consensus.cc:606] T 1b5b0006a9d24c1eb2583a26102c46a3 P 9f300ad7db8c4dbf914daaef7a6c0256 [term 3 LEADER]: Received request to transfer leadership to TS 9a6b6cdbb23f4597a962c92820865e83
I20260709 12:16:14.826579  2615 tablet_service.cc:2072] Received LeaderStepDown RPC: tablet_id: "63b67568d10e49a1ba0098c4e553db99"
dest_uuid: "9f300ad7db8c4dbf914daaef7a6c0256"
mode: GRACEFUL
new_leader_uuid: "9a6b6cdbb23f4597a962c92820865e83"
 from {username='slave'} at 127.0.0.1:46408
I20260709 12:16:14.826952  2615 raft_consensus.cc:606] T 63b67568d10e49a1ba0098c4e553db99 P 9f300ad7db8c4dbf914daaef7a6c0256 [term 3 LEADER]: Received request to transfer leadership to TS 9a6b6cdbb23f4597a962c92820865e83
I20260709 12:16:14.829109  2615 tablet_service.cc:2072] Received LeaderStepDown RPC: tablet_id: "9f1fad26e7ed44e8add029ba9529cd68"
dest_uuid: "9f300ad7db8c4dbf914daaef7a6c0256"
mode: GRACEFUL
new_leader_uuid: "9b0cbbd104c843cca209a1f6e4182d00"
 from {username='slave'} at 127.0.0.1:46408
I20260709 12:16:14.829510  2615 raft_consensus.cc:606] T 9f1fad26e7ed44e8add029ba9529cd68 P 9f300ad7db8c4dbf914daaef7a6c0256 [term 4 LEADER]: Received request to transfer leadership to TS 9b0cbbd104c843cca209a1f6e4182d00
I20260709 12:16:14.831640  2615 tablet_service.cc:2072] Received LeaderStepDown RPC: tablet_id: "fd0b1bef11bf4db091ce2c606cafb365"
dest_uuid: "9f300ad7db8c4dbf914daaef7a6c0256"
mode: GRACEFUL
new_leader_uuid: "9b0cbbd104c843cca209a1f6e4182d00"
 from {username='slave'} at 127.0.0.1:46408
I20260709 12:16:14.832099  2615 raft_consensus.cc:606] T fd0b1bef11bf4db091ce2c606cafb365 P 9f300ad7db8c4dbf914daaef7a6c0256 [term 1 LEADER]: Received request to transfer leadership to TS 9b0cbbd104c843cca209a1f6e4182d00
I20260709 12:16:14.833101  1924 auto_leader_rebalancer.cc:440] table: test-workload, leader rebalance finish, leader transfer count: 4
I20260709 12:16:14.833508  1924 auto_leader_rebalancer.cc:515] All tables' leader rebalancing finished this round
I20260709 12:16:14.943183  2977 raft_consensus.cc:993] T 63b67568d10e49a1ba0098c4e553db99 P 9f300ad7db8c4dbf914daaef7a6c0256: : Instructing follower 9a6b6cdbb23f4597a962c92820865e83 to start an election
I20260709 12:16:14.943686  2977 raft_consensus.cc:1081] T 63b67568d10e49a1ba0098c4e553db99 P 9f300ad7db8c4dbf914daaef7a6c0256 [term 3 LEADER]: Signalling peer 9a6b6cdbb23f4597a962c92820865e83 to start an election
I20260709 12:16:14.945354  2686 tablet_service.cc:2044] Received Run Leader Election RPC: tablet_id: "63b67568d10e49a1ba0098c4e553db99"
dest_uuid: "9a6b6cdbb23f4597a962c92820865e83"
 from {username='slave'} at 127.0.0.1:37538
I20260709 12:16:14.945844  2686 raft_consensus.cc:493] T 63b67568d10e49a1ba0098c4e553db99 P 9a6b6cdbb23f4597a962c92820865e83 [term 3 FOLLOWER]: Starting forced leader election (received explicit request)
I20260709 12:16:14.946121  2686 raft_consensus.cc:3060] T 63b67568d10e49a1ba0098c4e553db99 P 9a6b6cdbb23f4597a962c92820865e83 [term 3 FOLLOWER]: Advancing to term 4
I20260709 12:16:14.951978  2686 raft_consensus.cc:515] T 63b67568d10e49a1ba0098c4e553db99 P 9a6b6cdbb23f4597a962c92820865e83 [term 4 FOLLOWER]: Starting forced leader election with config: opid_index: -1 OBSOLETE_local: false peers { permanent_uuid: "9f300ad7db8c4dbf914daaef7a6c0256" member_type: VOTER last_known_addr { host: "127.1.225.1" port: 44583 } } peers { permanent_uuid: "9a6b6cdbb23f4597a962c92820865e83" member_type: VOTER last_known_addr { host: "127.1.225.2" port: 43409 } } peers { permanent_uuid: "9b0cbbd104c843cca209a1f6e4182d00" member_type: VOTER last_known_addr { host: "127.1.225.3" port: 45921 } }
I20260709 12:16:14.954165  2686 leader_election.cc:290] T 63b67568d10e49a1ba0098c4e553db99 P 9a6b6cdbb23f4597a962c92820865e83 [CANDIDATE]: Term 4 election: Requested vote from peers 9f300ad7db8c4dbf914daaef7a6c0256 (127.1.225.1:44583), 9b0cbbd104c843cca209a1f6e4182d00 (127.1.225.3:45921)
I20260709 12:16:14.955137  2615 tablet_service.cc:1917] Received RequestConsensusVote() RPC: tablet_id: "63b67568d10e49a1ba0098c4e553db99" candidate_uuid: "9a6b6cdbb23f4597a962c92820865e83" candidate_term: 4 candidate_status { last_received { term: 3 index: 3 } } ignore_live_leader: true dest_uuid: "9f300ad7db8c4dbf914daaef7a6c0256"
I20260709 12:16:14.955343  2761 tablet_service.cc:1917] Received RequestConsensusVote() RPC: tablet_id: "63b67568d10e49a1ba0098c4e553db99" candidate_uuid: "9a6b6cdbb23f4597a962c92820865e83" candidate_term: 4 candidate_status { last_received { term: 3 index: 3 } } ignore_live_leader: true dest_uuid: "9b0cbbd104c843cca209a1f6e4182d00"
I20260709 12:16:14.955818  2615 raft_consensus.cc:3055] T 63b67568d10e49a1ba0098c4e553db99 P 9f300ad7db8c4dbf914daaef7a6c0256 [term 3 LEADER]: Stepping down as leader of term 3
I20260709 12:16:14.955988  2761 raft_consensus.cc:3060] T 63b67568d10e49a1ba0098c4e553db99 P 9b0cbbd104c843cca209a1f6e4182d00 [term 3 FOLLOWER]: Advancing to term 4
I20260709 12:16:14.956151  2615 raft_consensus.cc:740] T 63b67568d10e49a1ba0098c4e553db99 P 9f300ad7db8c4dbf914daaef7a6c0256 [term 3 LEADER]: Becoming Follower/Learner. State: Replica: 9f300ad7db8c4dbf914daaef7a6c0256, State: Running, Role: LEADER
I20260709 12:16:14.956902  2615 consensus_queue.cc:260] T 63b67568d10e49a1ba0098c4e553db99 P 9f300ad7db8c4dbf914daaef7a6c0256 [NON_LEADER]: Queue going to NON_LEADER mode. State: All replicated index: 0, Majority replicated index: 3, Committed index: 3, Last appended: 3.3, Last appended by leader: 3, Current term: 3, Majority size: -1, State: 0, Mode: NON_LEADER, active raft config: opid_index: -1 OBSOLETE_local: false peers { permanent_uuid: "9f300ad7db8c4dbf914daaef7a6c0256" member_type: VOTER last_known_addr { host: "127.1.225.1" port: 44583 } } peers { permanent_uuid: "9a6b6cdbb23f4597a962c92820865e83" member_type: VOTER last_known_addr { host: "127.1.225.2" port: 43409 } } peers { permanent_uuid: "9b0cbbd104c843cca209a1f6e4182d00" member_type: VOTER last_known_addr { host: "127.1.225.3" port: 45921 } }
I20260709 12:16:14.957814  2615 raft_consensus.cc:3060] T 63b67568d10e49a1ba0098c4e553db99 P 9f300ad7db8c4dbf914daaef7a6c0256 [term 3 FOLLOWER]: Advancing to term 4
I20260709 12:16:14.961275  2761 raft_consensus.cc:2468] T 63b67568d10e49a1ba0098c4e553db99 P 9b0cbbd104c843cca209a1f6e4182d00 [term 4 FOLLOWER]: Leader election vote request: Granting yes vote for candidate 9a6b6cdbb23f4597a962c92820865e83 in term 4.
I20260709 12:16:14.962563  2655 leader_election.cc:304] T 63b67568d10e49a1ba0098c4e553db99 P 9a6b6cdbb23f4597a962c92820865e83 [CANDIDATE]: Term 4 election: Election decided. Result: candidate won. Election summary: received 2 responses out of 3 voters: 2 yes votes; 0 no votes. yes voters: 9a6b6cdbb23f4597a962c92820865e83, 9b0cbbd104c843cca209a1f6e4182d00; no voters: 
I20260709 12:16:14.963166  2615 raft_consensus.cc:2468] T 63b67568d10e49a1ba0098c4e553db99 P 9f300ad7db8c4dbf914daaef7a6c0256 [term 4 FOLLOWER]: Leader election vote request: Granting yes vote for candidate 9a6b6cdbb23f4597a962c92820865e83 in term 4.
I20260709 12:16:14.963424  2967 raft_consensus.cc:2804] T 63b67568d10e49a1ba0098c4e553db99 P 9a6b6cdbb23f4597a962c92820865e83 [term 4 FOLLOWER]: Leader election won for term 4
I20260709 12:16:14.964659  2967 raft_consensus.cc:697] T 63b67568d10e49a1ba0098c4e553db99 P 9a6b6cdbb23f4597a962c92820865e83 [term 4 LEADER]: Becoming Leader. State: Replica: 9a6b6cdbb23f4597a962c92820865e83, State: Running, Role: LEADER
I20260709 12:16:14.965498  2967 consensus_queue.cc:237] T 63b67568d10e49a1ba0098c4e553db99 P 9a6b6cdbb23f4597a962c92820865e83 [LEADER]: Queue going to LEADER mode. State: All replicated index: 0, Majority replicated index: 3, Committed index: 3, Last appended: 3.3, Last appended by leader: 3, Current term: 4, Majority size: 2, State: 0, Mode: LEADER, active raft config: opid_index: -1 OBSOLETE_local: false peers { permanent_uuid: "9f300ad7db8c4dbf914daaef7a6c0256" member_type: VOTER last_known_addr { host: "127.1.225.1" port: 44583 } } peers { permanent_uuid: "9a6b6cdbb23f4597a962c92820865e83" member_type: VOTER last_known_addr { host: "127.1.225.2" port: 43409 } } peers { permanent_uuid: "9b0cbbd104c843cca209a1f6e4182d00" member_type: VOTER last_known_addr { host: "127.1.225.3" port: 45921 } }
I20260709 12:16:14.972170  2512 catalog_manager.cc:5697] T 63b67568d10e49a1ba0098c4e553db99 P 9a6b6cdbb23f4597a962c92820865e83 reported cstate change: term changed from 3 to 4, leader changed from 9f300ad7db8c4dbf914daaef7a6c0256 (127.1.225.1) to 9a6b6cdbb23f4597a962c92820865e83 (127.1.225.2). New cstate: current_term: 4 leader_uuid: "9a6b6cdbb23f4597a962c92820865e83" committed_config { opid_index: -1 OBSOLETE_local: false peers { permanent_uuid: "9f300ad7db8c4dbf914daaef7a6c0256" member_type: VOTER last_known_addr { host: "127.1.225.1" port: 44583 } health_report { overall_health: UNKNOWN } } peers { permanent_uuid: "9a6b6cdbb23f4597a962c92820865e83" member_type: VOTER last_known_addr { host: "127.1.225.2" port: 43409 } health_report { overall_health: HEALTHY } } peers { permanent_uuid: "9b0cbbd104c843cca209a1f6e4182d00" member_type: VOTER last_known_addr { host: "127.1.225.3" port: 45921 } health_report { overall_health: UNKNOWN } } }
I20260709 12:16:15.046833  2995 raft_consensus.cc:993] T 9f1fad26e7ed44e8add029ba9529cd68 P 9f300ad7db8c4dbf914daaef7a6c0256: : Instructing follower 9b0cbbd104c843cca209a1f6e4182d00 to start an election
I20260709 12:16:15.047269  2995 raft_consensus.cc:1081] T 9f1fad26e7ed44e8add029ba9529cd68 P 9f300ad7db8c4dbf914daaef7a6c0256 [term 4 LEADER]: Signalling peer 9b0cbbd104c843cca209a1f6e4182d00 to start an election
I20260709 12:16:15.048728  2761 tablet_service.cc:2044] Received Run Leader Election RPC: tablet_id: "9f1fad26e7ed44e8add029ba9529cd68"
dest_uuid: "9b0cbbd104c843cca209a1f6e4182d00"
 from {username='slave'} at 127.0.0.1:32912
I20260709 12:16:15.049213  2761 raft_consensus.cc:493] T 9f1fad26e7ed44e8add029ba9529cd68 P 9b0cbbd104c843cca209a1f6e4182d00 [term 4 FOLLOWER]: Starting forced leader election (received explicit request)
I20260709 12:16:15.049489  2761 raft_consensus.cc:3060] T 9f1fad26e7ed44e8add029ba9529cd68 P 9b0cbbd104c843cca209a1f6e4182d00 [term 4 FOLLOWER]: Advancing to term 5
I20260709 12:16:15.053710  2761 raft_consensus.cc:515] T 9f1fad26e7ed44e8add029ba9529cd68 P 9b0cbbd104c843cca209a1f6e4182d00 [term 5 FOLLOWER]: Starting forced leader election with config: opid_index: -1 OBSOLETE_local: false peers { permanent_uuid: "9f300ad7db8c4dbf914daaef7a6c0256" member_type: VOTER last_known_addr { host: "127.1.225.1" port: 44583 } } peers { permanent_uuid: "9a6b6cdbb23f4597a962c92820865e83" member_type: VOTER last_known_addr { host: "127.1.225.2" port: 43409 } } peers { permanent_uuid: "9b0cbbd104c843cca209a1f6e4182d00" member_type: VOTER last_known_addr { host: "127.1.225.3" port: 45921 } }
I20260709 12:16:15.055812  2761 leader_election.cc:290] T 9f1fad26e7ed44e8add029ba9529cd68 P 9b0cbbd104c843cca209a1f6e4182d00 [CANDIDATE]: Term 5 election: Requested vote from peers 9f300ad7db8c4dbf914daaef7a6c0256 (127.1.225.1:44583), 9a6b6cdbb23f4597a962c92820865e83 (127.1.225.2:43409)
I20260709 12:16:15.056607  2615 tablet_service.cc:1917] Received RequestConsensusVote() RPC: tablet_id: "9f1fad26e7ed44e8add029ba9529cd68" candidate_uuid: "9b0cbbd104c843cca209a1f6e4182d00" candidate_term: 5 candidate_status { last_received { term: 4 index: 4 } } ignore_live_leader: true dest_uuid: "9f300ad7db8c4dbf914daaef7a6c0256"
I20260709 12:16:15.056869  2686 tablet_service.cc:1917] Received RequestConsensusVote() RPC: tablet_id: "9f1fad26e7ed44e8add029ba9529cd68" candidate_uuid: "9b0cbbd104c843cca209a1f6e4182d00" candidate_term: 5 candidate_status { last_received { term: 4 index: 4 } } ignore_live_leader: true dest_uuid: "9a6b6cdbb23f4597a962c92820865e83"
I20260709 12:16:15.057179  2615 raft_consensus.cc:3055] T 9f1fad26e7ed44e8add029ba9529cd68 P 9f300ad7db8c4dbf914daaef7a6c0256 [term 4 LEADER]: Stepping down as leader of term 4
I20260709 12:16:15.057504  2615 raft_consensus.cc:740] T 9f1fad26e7ed44e8add029ba9529cd68 P 9f300ad7db8c4dbf914daaef7a6c0256 [term 4 LEADER]: Becoming Follower/Learner. State: Replica: 9f300ad7db8c4dbf914daaef7a6c0256, State: Running, Role: LEADER
I20260709 12:16:15.057497  2686 raft_consensus.cc:3060] T 9f1fad26e7ed44e8add029ba9529cd68 P 9a6b6cdbb23f4597a962c92820865e83 [term 4 FOLLOWER]: Advancing to term 5
I20260709 12:16:15.058264  2615 consensus_queue.cc:260] T 9f1fad26e7ed44e8add029ba9529cd68 P 9f300ad7db8c4dbf914daaef7a6c0256 [NON_LEADER]: Queue going to NON_LEADER mode. State: All replicated index: 0, Majority replicated index: 4, Committed index: 4, Last appended: 4.4, Last appended by leader: 4, Current term: 4, Majority size: -1, State: 0, Mode: NON_LEADER, active raft config: opid_index: -1 OBSOLETE_local: false peers { permanent_uuid: "9f300ad7db8c4dbf914daaef7a6c0256" member_type: VOTER last_known_addr { host: "127.1.225.1" port: 44583 } } peers { permanent_uuid: "9a6b6cdbb23f4597a962c92820865e83" member_type: VOTER last_known_addr { host: "127.1.225.2" port: 43409 } } peers { permanent_uuid: "9b0cbbd104c843cca209a1f6e4182d00" member_type: VOTER last_known_addr { host: "127.1.225.3" port: 45921 } }
I20260709 12:16:15.059571  2615 raft_consensus.cc:3060] T 9f1fad26e7ed44e8add029ba9529cd68 P 9f300ad7db8c4dbf914daaef7a6c0256 [term 4 FOLLOWER]: Advancing to term 5
I20260709 12:16:15.063078  2686 raft_consensus.cc:2468] T 9f1fad26e7ed44e8add029ba9529cd68 P 9a6b6cdbb23f4597a962c92820865e83 [term 5 FOLLOWER]: Leader election vote request: Granting yes vote for candidate 9b0cbbd104c843cca209a1f6e4182d00 in term 5.
I20260709 12:16:15.063823  2615 raft_consensus.cc:2468] T 9f1fad26e7ed44e8add029ba9529cd68 P 9f300ad7db8c4dbf914daaef7a6c0256 [term 5 FOLLOWER]: Leader election vote request: Granting yes vote for candidate 9b0cbbd104c843cca209a1f6e4182d00 in term 5.
I20260709 12:16:15.064340  2729 leader_election.cc:304] T 9f1fad26e7ed44e8add029ba9529cd68 P 9b0cbbd104c843cca209a1f6e4182d00 [CANDIDATE]: Term 5 election: Election decided. Result: candidate won. Election summary: received 2 responses out of 3 voters: 2 yes votes; 0 no votes. yes voters: 9a6b6cdbb23f4597a962c92820865e83, 9b0cbbd104c843cca209a1f6e4182d00; no voters: 
I20260709 12:16:15.065160  2975 raft_consensus.cc:2804] T 9f1fad26e7ed44e8add029ba9529cd68 P 9b0cbbd104c843cca209a1f6e4182d00 [term 5 FOLLOWER]: Leader election won for term 5
I20260709 12:16:15.066306  2975 raft_consensus.cc:697] T 9f1fad26e7ed44e8add029ba9529cd68 P 9b0cbbd104c843cca209a1f6e4182d00 [term 5 LEADER]: Becoming Leader. State: Replica: 9b0cbbd104c843cca209a1f6e4182d00, State: Running, Role: LEADER
I20260709 12:16:15.067122  2975 consensus_queue.cc:237] T 9f1fad26e7ed44e8add029ba9529cd68 P 9b0cbbd104c843cca209a1f6e4182d00 [LEADER]: Queue going to LEADER mode. State: All replicated index: 0, Majority replicated index: 4, Committed index: 4, Last appended: 4.4, Last appended by leader: 4, Current term: 5, Majority size: 2, State: 0, Mode: LEADER, active raft config: opid_index: -1 OBSOLETE_local: false peers { permanent_uuid: "9f300ad7db8c4dbf914daaef7a6c0256" member_type: VOTER last_known_addr { host: "127.1.225.1" port: 44583 } } peers { permanent_uuid: "9a6b6cdbb23f4597a962c92820865e83" member_type: VOTER last_known_addr { host: "127.1.225.2" port: 43409 } } peers { permanent_uuid: "9b0cbbd104c843cca209a1f6e4182d00" member_type: VOTER last_known_addr { host: "127.1.225.3" port: 45921 } }
I20260709 12:16:15.072502  2977 raft_consensus.cc:993] T 1b5b0006a9d24c1eb2583a26102c46a3 P 9f300ad7db8c4dbf914daaef7a6c0256: : Instructing follower 9a6b6cdbb23f4597a962c92820865e83 to start an election
I20260709 12:16:15.072995  2995 raft_consensus.cc:1081] T 1b5b0006a9d24c1eb2583a26102c46a3 P 9f300ad7db8c4dbf914daaef7a6c0256 [term 3 LEADER]: Signalling peer 9a6b6cdbb23f4597a962c92820865e83 to start an election
I20260709 12:16:15.074326  2686 tablet_service.cc:2044] Received Run Leader Election RPC: tablet_id: "1b5b0006a9d24c1eb2583a26102c46a3"
dest_uuid: "9a6b6cdbb23f4597a962c92820865e83"
 from {username='slave'} at 127.0.0.1:37538
I20260709 12:16:15.074872  2686 raft_consensus.cc:493] T 1b5b0006a9d24c1eb2583a26102c46a3 P 9a6b6cdbb23f4597a962c92820865e83 [term 3 FOLLOWER]: Starting forced leader election (received explicit request)
I20260709 12:16:15.075249  2686 raft_consensus.cc:3060] T 1b5b0006a9d24c1eb2583a26102c46a3 P 9a6b6cdbb23f4597a962c92820865e83 [term 3 FOLLOWER]: Advancing to term 4
I20260709 12:16:15.074769  2512 catalog_manager.cc:5697] T 9f1fad26e7ed44e8add029ba9529cd68 P 9b0cbbd104c843cca209a1f6e4182d00 reported cstate change: term changed from 4 to 5, leader changed from 9f300ad7db8c4dbf914daaef7a6c0256 (127.1.225.1) to 9b0cbbd104c843cca209a1f6e4182d00 (127.1.225.3). New cstate: current_term: 5 leader_uuid: "9b0cbbd104c843cca209a1f6e4182d00" committed_config { opid_index: -1 OBSOLETE_local: false peers { permanent_uuid: "9f300ad7db8c4dbf914daaef7a6c0256" member_type: VOTER last_known_addr { host: "127.1.225.1" port: 44583 } health_report { overall_health: UNKNOWN } } peers { permanent_uuid: "9a6b6cdbb23f4597a962c92820865e83" member_type: VOTER last_known_addr { host: "127.1.225.2" port: 43409 } health_report { overall_health: UNKNOWN } } peers { permanent_uuid: "9b0cbbd104c843cca209a1f6e4182d00" member_type: VOTER last_known_addr { host: "127.1.225.3" port: 45921 } health_report { overall_health: HEALTHY } } }
I20260709 12:16:15.081111  2686 raft_consensus.cc:515] T 1b5b0006a9d24c1eb2583a26102c46a3 P 9a6b6cdbb23f4597a962c92820865e83 [term 4 FOLLOWER]: Starting forced leader election with config: opid_index: -1 OBSOLETE_local: false peers { permanent_uuid: "9f300ad7db8c4dbf914daaef7a6c0256" member_type: VOTER last_known_addr { host: "127.1.225.1" port: 44583 } } peers { permanent_uuid: "9a6b6cdbb23f4597a962c92820865e83" member_type: VOTER last_known_addr { host: "127.1.225.2" port: 43409 } } peers { permanent_uuid: "9b0cbbd104c843cca209a1f6e4182d00" member_type: VOTER last_known_addr { host: "127.1.225.3" port: 45921 } }
I20260709 12:16:15.083127  2686 leader_election.cc:290] T 1b5b0006a9d24c1eb2583a26102c46a3 P 9a6b6cdbb23f4597a962c92820865e83 [CANDIDATE]: Term 4 election: Requested vote from peers 9f300ad7db8c4dbf914daaef7a6c0256 (127.1.225.1:44583), 9b0cbbd104c843cca209a1f6e4182d00 (127.1.225.3:45921)
I20260709 12:16:15.083875  2615 tablet_service.cc:1917] Received RequestConsensusVote() RPC: tablet_id: "1b5b0006a9d24c1eb2583a26102c46a3" candidate_uuid: "9a6b6cdbb23f4597a962c92820865e83" candidate_term: 4 candidate_status { last_received { term: 3 index: 3 } } ignore_live_leader: true dest_uuid: "9f300ad7db8c4dbf914daaef7a6c0256"
I20260709 12:16:15.084291  2761 tablet_service.cc:1917] Received RequestConsensusVote() RPC: tablet_id: "1b5b0006a9d24c1eb2583a26102c46a3" candidate_uuid: "9a6b6cdbb23f4597a962c92820865e83" candidate_term: 4 candidate_status { last_received { term: 3 index: 3 } } ignore_live_leader: true dest_uuid: "9b0cbbd104c843cca209a1f6e4182d00"
I20260709 12:16:15.084429  2615 raft_consensus.cc:3055] T 1b5b0006a9d24c1eb2583a26102c46a3 P 9f300ad7db8c4dbf914daaef7a6c0256 [term 3 LEADER]: Stepping down as leader of term 3
I20260709 12:16:15.084743  2761 raft_consensus.cc:3060] T 1b5b0006a9d24c1eb2583a26102c46a3 P 9b0cbbd104c843cca209a1f6e4182d00 [term 3 FOLLOWER]: Advancing to term 4
I20260709 12:16:15.084769  2615 raft_consensus.cc:740] T 1b5b0006a9d24c1eb2583a26102c46a3 P 9f300ad7db8c4dbf914daaef7a6c0256 [term 3 LEADER]: Becoming Follower/Learner. State: Replica: 9f300ad7db8c4dbf914daaef7a6c0256, State: Running, Role: LEADER
I20260709 12:16:15.085610  2615 consensus_queue.cc:260] T 1b5b0006a9d24c1eb2583a26102c46a3 P 9f300ad7db8c4dbf914daaef7a6c0256 [NON_LEADER]: Queue going to NON_LEADER mode. State: All replicated index: 0, Majority replicated index: 3, Committed index: 3, Last appended: 3.3, Last appended by leader: 3, Current term: 3, Majority size: -1, State: 0, Mode: NON_LEADER, active raft config: opid_index: -1 OBSOLETE_local: false peers { permanent_uuid: "9f300ad7db8c4dbf914daaef7a6c0256" member_type: VOTER last_known_addr { host: "127.1.225.1" port: 44583 } } peers { permanent_uuid: "9a6b6cdbb23f4597a962c92820865e83" member_type: VOTER last_known_addr { host: "127.1.225.2" port: 43409 } } peers { permanent_uuid: "9b0cbbd104c843cca209a1f6e4182d00" member_type: VOTER last_known_addr { host: "127.1.225.3" port: 45921 } }
I20260709 12:16:15.086443  2615 raft_consensus.cc:3060] T 1b5b0006a9d24c1eb2583a26102c46a3 P 9f300ad7db8c4dbf914daaef7a6c0256 [term 3 FOLLOWER]: Advancing to term 4
I20260709 12:16:15.089211  2761 raft_consensus.cc:2468] T 1b5b0006a9d24c1eb2583a26102c46a3 P 9b0cbbd104c843cca209a1f6e4182d00 [term 4 FOLLOWER]: Leader election vote request: Granting yes vote for candidate 9a6b6cdbb23f4597a962c92820865e83 in term 4.
I20260709 12:16:15.090083  2655 leader_election.cc:304] T 1b5b0006a9d24c1eb2583a26102c46a3 P 9a6b6cdbb23f4597a962c92820865e83 [CANDIDATE]: Term 4 election: Election decided. Result: candidate won. Election summary: received 2 responses out of 3 voters: 2 yes votes; 0 no votes. yes voters: 9a6b6cdbb23f4597a962c92820865e83, 9b0cbbd104c843cca209a1f6e4182d00; no voters: 
I20260709 12:16:15.090540  2615 raft_consensus.cc:2468] T 1b5b0006a9d24c1eb2583a26102c46a3 P 9f300ad7db8c4dbf914daaef7a6c0256 [term 4 FOLLOWER]: Leader election vote request: Granting yes vote for candidate 9a6b6cdbb23f4597a962c92820865e83 in term 4.
I20260709 12:16:15.090700  2967 raft_consensus.cc:2804] T 1b5b0006a9d24c1eb2583a26102c46a3 P 9a6b6cdbb23f4597a962c92820865e83 [term 4 FOLLOWER]: Leader election won for term 4
I20260709 12:16:15.091195  2967 raft_consensus.cc:697] T 1b5b0006a9d24c1eb2583a26102c46a3 P 9a6b6cdbb23f4597a962c92820865e83 [term 4 LEADER]: Becoming Leader. State: Replica: 9a6b6cdbb23f4597a962c92820865e83, State: Running, Role: LEADER
I20260709 12:16:15.091975  2967 consensus_queue.cc:237] T 1b5b0006a9d24c1eb2583a26102c46a3 P 9a6b6cdbb23f4597a962c92820865e83 [LEADER]: Queue going to LEADER mode. State: All replicated index: 0, Majority replicated index: 3, Committed index: 3, Last appended: 3.3, Last appended by leader: 3, Current term: 4, Majority size: 2, State: 0, Mode: LEADER, active raft config: opid_index: -1 OBSOLETE_local: false peers { permanent_uuid: "9f300ad7db8c4dbf914daaef7a6c0256" member_type: VOTER last_known_addr { host: "127.1.225.1" port: 44583 } } peers { permanent_uuid: "9a6b6cdbb23f4597a962c92820865e83" member_type: VOTER last_known_addr { host: "127.1.225.2" port: 43409 } } peers { permanent_uuid: "9b0cbbd104c843cca209a1f6e4182d00" member_type: VOTER last_known_addr { host: "127.1.225.3" port: 45921 } }
I20260709 12:16:15.098201  2512 catalog_manager.cc:5697] T 1b5b0006a9d24c1eb2583a26102c46a3 P 9a6b6cdbb23f4597a962c92820865e83 reported cstate change: term changed from 3 to 4, leader changed from 9f300ad7db8c4dbf914daaef7a6c0256 (127.1.225.1) to 9a6b6cdbb23f4597a962c92820865e83 (127.1.225.2). New cstate: current_term: 4 leader_uuid: "9a6b6cdbb23f4597a962c92820865e83" committed_config { opid_index: -1 OBSOLETE_local: false peers { permanent_uuid: "9f300ad7db8c4dbf914daaef7a6c0256" member_type: VOTER last_known_addr { host: "127.1.225.1" port: 44583 } health_report { overall_health: UNKNOWN } } peers { permanent_uuid: "9a6b6cdbb23f4597a962c92820865e83" member_type: VOTER last_known_addr { host: "127.1.225.2" port: 43409 } health_report { overall_health: HEALTHY } } peers { permanent_uuid: "9b0cbbd104c843cca209a1f6e4182d00" member_type: VOTER last_known_addr { host: "127.1.225.3" port: 45921 } health_report { overall_health: UNKNOWN } } }
I20260709 12:16:15.310365  2977 raft_consensus.cc:993] T fd0b1bef11bf4db091ce2c606cafb365 P 9f300ad7db8c4dbf914daaef7a6c0256: : Instructing follower 9b0cbbd104c843cca209a1f6e4182d00 to start an election
I20260709 12:16:15.310801  2995 raft_consensus.cc:1081] T fd0b1bef11bf4db091ce2c606cafb365 P 9f300ad7db8c4dbf914daaef7a6c0256 [term 1 LEADER]: Signalling peer 9b0cbbd104c843cca209a1f6e4182d00 to start an election
I20260709 12:16:15.312196  2761 tablet_service.cc:2044] Received Run Leader Election RPC: tablet_id: "fd0b1bef11bf4db091ce2c606cafb365"
dest_uuid: "9b0cbbd104c843cca209a1f6e4182d00"
 from {username='slave'} at 127.0.0.1:32912
I20260709 12:16:15.312579  2761 raft_consensus.cc:493] T fd0b1bef11bf4db091ce2c606cafb365 P 9b0cbbd104c843cca209a1f6e4182d00 [term 1 FOLLOWER]: Starting forced leader election (received explicit request)
I20260709 12:16:15.312798  2761 raft_consensus.cc:3060] T fd0b1bef11bf4db091ce2c606cafb365 P 9b0cbbd104c843cca209a1f6e4182d00 [term 1 FOLLOWER]: Advancing to term 2
