I20260709 12:16:29.249228 21145 tablet_bootstrap.cc:654] T adda3dc6e7d84673856b05b08fb0b55c P ce89f4d126964b2e85b9b8bc15cc39a7: Neither blocks nor log segments found. Creating new log.
I20260709 12:16:29.255667 20854 catalog_manager.cc:5697] T a469806c809e4a21b39d51b4e88db134 P 8fa0afc7a13542b5930a1387f605b629 reported cstate change: term changed from 0 to 1, leader changed from <none> to 8fa0afc7a13542b5930a1387f605b629 (127.19.66.67). New cstate: current_term: 1 leader_uuid: "8fa0afc7a13542b5930a1387f605b629" committed_config { opid_index: -1 OBSOLETE_local: false peers { permanent_uuid: "52a196b2e027486ebca0e2ea2110ff0f" member_type: VOTER last_known_addr { host: "127.19.66.65" port: 37249 } health_report { overall_health: UNKNOWN } } peers { permanent_uuid: "ce89f4d126964b2e85b9b8bc15cc39a7" member_type: VOTER last_known_addr { host: "127.19.66.66" port: 36557 } health_report { overall_health: UNKNOWN } } peers { permanent_uuid: "8fa0afc7a13542b5930a1387f605b629" member_type: VOTER last_known_addr { host: "127.19.66.67" port: 33795 } health_report { overall_health: HEALTHY } } }
I20260709 12:16:29.194468 21391 consensus_queue.cc:237] T 114d1bf3a7a047168ddc78e5a0558966 P ce89f4d126964b2e85b9b8bc15cc39a7 [LEADER]: Queue going to LEADER mode. State: All replicated index: 0, Majority replicated index: 0, Committed index: 0, Last appended: 0.0, Last appended by leader: 0, Current term: 1, Majority size: 2, State: 0, Mode: LEADER, active raft config: opid_index: -1 OBSOLETE_local: false peers { permanent_uuid: "52a196b2e027486ebca0e2ea2110ff0f" member_type: VOTER last_known_addr { host: "127.19.66.65" port: 37249 } } peers { permanent_uuid: "ce89f4d126964b2e85b9b8bc15cc39a7" member_type: VOTER last_known_addr { host: "127.19.66.66" port: 36557 } } peers { permanent_uuid: "8fa0afc7a13542b5930a1387f605b629" member_type: VOTER last_known_addr { host: "127.19.66.67" port: 33795 } }
I20260709 12:16:29.288477 21399 raft_consensus.cc:493] T a469806c809e4a21b39d51b4e88db134 P 52a196b2e027486ebca0e2ea2110ff0f [term 0 FOLLOWER]: Starting pre-election (no leader contacted us within the election timeout)
I20260709 12:16:29.289148 21399 raft_consensus.cc:515] T a469806c809e4a21b39d51b4e88db134 P 52a196b2e027486ebca0e2ea2110ff0f [term 0 FOLLOWER]: Starting pre-election with config: opid_index: -1 OBSOLETE_local: false peers { permanent_uuid: "52a196b2e027486ebca0e2ea2110ff0f" member_type: VOTER last_known_addr { host: "127.19.66.65" port: 37249 } } peers { permanent_uuid: "ce89f4d126964b2e85b9b8bc15cc39a7" member_type: VOTER last_known_addr { host: "127.19.66.66" port: 36557 } } peers { permanent_uuid: "8fa0afc7a13542b5930a1387f605b629" member_type: VOTER last_known_addr { host: "127.19.66.67" port: 33795 } }
I20260709 12:16:29.294445 21146 tablet_bootstrap.cc:654] T 9954199eb46f460ca569f3bf1f6df2b9 P 8fa0afc7a13542b5930a1387f605b629: Neither blocks nor log segments found. Creating new log.
I20260709 12:16:29.303932 20922 leader_election.cc:304] T c40c362fb5f0473e9e35a1139fb98ae7 P 52a196b2e027486ebca0e2ea2110ff0f [CANDIDATE]: Term 2 pre-election: Election decided. Result: candidate lost. Election summary: received 3 responses out of 3 voters: 1 yes votes; 2 no votes. yes voters: 52a196b2e027486ebca0e2ea2110ff0f; no voters: 8fa0afc7a13542b5930a1387f605b629, ce89f4d126964b2e85b9b8bc15cc39a7
I20260709 12:16:29.304770 21207 raft_consensus.cc:2749] T c40c362fb5f0473e9e35a1139fb98ae7 P 52a196b2e027486ebca0e2ea2110ff0f [term 1 FOLLOWER]: Leader pre-election lost for term 2. Reason: could not achieve majority
I20260709 12:16:29.309178 21147 raft_consensus.cc:359] T 007e42c0847349329f1fd4e3ce359d27 P 52a196b2e027486ebca0e2ea2110ff0f [term 0 FOLLOWER]: Replica starting. Triggering 0 pending ops. Active config: opid_index: -1 OBSOLETE_local: false peers { permanent_uuid: "52a196b2e027486ebca0e2ea2110ff0f" member_type: VOTER last_known_addr { host: "127.19.66.65" port: 37249 } } peers { permanent_uuid: "ce89f4d126964b2e85b9b8bc15cc39a7" member_type: VOTER last_known_addr { host: "127.19.66.66" port: 36557 } } peers { permanent_uuid: "8fa0afc7a13542b5930a1387f605b629" member_type: VOTER last_known_addr { host: "127.19.66.67" port: 33795 } }
I20260709 12:16:29.309784 21147 raft_consensus.cc:385] T 007e42c0847349329f1fd4e3ce359d27 P 52a196b2e027486ebca0e2ea2110ff0f [term 0 FOLLOWER]: Consensus starting up: Expiring failure detector timer to make a prompt election more likely
I20260709 12:16:29.309988 21147 raft_consensus.cc:740] T 007e42c0847349329f1fd4e3ce359d27 P 52a196b2e027486ebca0e2ea2110ff0f [term 0 FOLLOWER]: Becoming Follower/Learner. State: Replica: 52a196b2e027486ebca0e2ea2110ff0f, State: Initialized, Role: FOLLOWER
I20260709 12:16:29.310484 21147 consensus_queue.cc:260] T 007e42c0847349329f1fd4e3ce359d27 P 52a196b2e027486ebca0e2ea2110ff0f [NON_LEADER]: Queue going to NON_LEADER mode. State: All replicated index: 0, Majority replicated index: 0, Committed index: 0, Last appended: 0.0, Last appended by leader: 0, Current term: 0, Majority size: -1, State: 0, Mode: NON_LEADER, active raft config: opid_index: -1 OBSOLETE_local: false peers { permanent_uuid: "52a196b2e027486ebca0e2ea2110ff0f" member_type: VOTER last_known_addr { host: "127.19.66.65" port: 37249 } } peers { permanent_uuid: "ce89f4d126964b2e85b9b8bc15cc39a7" member_type: VOTER last_known_addr { host: "127.19.66.66" port: 36557 } } peers { permanent_uuid: "8fa0afc7a13542b5930a1387f605b629" member_type: VOTER last_known_addr { host: "127.19.66.67" port: 33795 } }
I20260709 12:16:29.312429 21147 ts_tablet_manager.cc:1434] T 007e42c0847349329f1fd4e3ce359d27 P 52a196b2e027486ebca0e2ea2110ff0f: Time spent starting tablet: real 0.084s	user 0.005s	sys 0.001s
I20260709 12:16:29.313740 21147 tablet_bootstrap.cc:492] T adccc934d9d242aea05f13352e09024f P 52a196b2e027486ebca0e2ea2110ff0f: Bootstrap starting.
I20260709 12:16:29.315629 21391 consensus_queue.cc:1048] T e5d2d2f596634da28caee60da70379a8 P ce89f4d126964b2e85b9b8bc15cc39a7 [LEADER]: Connected to new peer: Peer: permanent_uuid: "52a196b2e027486ebca0e2ea2110ff0f" member_type: VOTER last_known_addr { host: "127.19.66.65" port: 37249 }, Status: LMP_MISMATCH, Last received: 0.0, Next index: 1, Last known committed idx: 0, Time since last communication: 0.000s
I20260709 12:16:29.316557 21030 tablet_service.cc:1917] Received RequestConsensusVote() RPC: tablet_id: "a469806c809e4a21b39d51b4e88db134" candidate_uuid: "52a196b2e027486ebca0e2ea2110ff0f" candidate_term: 1 candidate_status { last_received { term: 0 index: 0 } } ignore_live_leader: false dest_uuid: "ce89f4d126964b2e85b9b8bc15cc39a7" is_pre_election: true
I20260709 12:16:29.317337 21030 raft_consensus.cc:2393] T a469806c809e4a21b39d51b4e88db134 P ce89f4d126964b2e85b9b8bc15cc39a7 [term 1 FOLLOWER]: Leader pre-election vote request: Denying vote to candidate 52a196b2e027486ebca0e2ea2110ff0f in current term 1: Already voted for candidate 8fa0afc7a13542b5930a1387f605b629 in this term.
I20260709 12:16:29.315963 21399 leader_election.cc:290] T a469806c809e4a21b39d51b4e88db134 P 52a196b2e027486ebca0e2ea2110ff0f [CANDIDATE]: Term 1 pre-election: Requested pre-vote from peers ce89f4d126964b2e85b9b8bc15cc39a7 (127.19.66.66:36557), 8fa0afc7a13542b5930a1387f605b629 (127.19.66.67:33795)
I20260709 12:16:29.320475 21101 tablet_service.cc:1917] Received RequestConsensusVote() RPC: tablet_id: "a469806c809e4a21b39d51b4e88db134" candidate_uuid: "52a196b2e027486ebca0e2ea2110ff0f" candidate_term: 1 candidate_status { last_received { term: 0 index: 0 } } ignore_live_leader: false dest_uuid: "8fa0afc7a13542b5930a1387f605b629" is_pre_election: true
I20260709 12:16:29.325162 21325 consensus_queue.cc:1048] T b4549937f7e5494490ddfcc2266051c3 P 8fa0afc7a13542b5930a1387f605b629 [LEADER]: Connected to new peer: Peer: permanent_uuid: "52a196b2e027486ebca0e2ea2110ff0f" member_type: VOTER last_known_addr { host: "127.19.66.65" port: 37249 }, Status: LMP_MISMATCH, Last received: 0.0, Next index: 1, Last known committed idx: 0, Time since last communication: 0.000s
I20260709 12:16:29.327049 20922 leader_election.cc:304] T a469806c809e4a21b39d51b4e88db134 P 52a196b2e027486ebca0e2ea2110ff0f [CANDIDATE]: Term 1 pre-election: Election decided. Result: candidate lost. Election summary: received 3 responses out of 3 voters: 1 yes votes; 2 no votes. yes voters: 52a196b2e027486ebca0e2ea2110ff0f; no voters: 8fa0afc7a13542b5930a1387f605b629, ce89f4d126964b2e85b9b8bc15cc39a7
I20260709 12:16:29.329418 21399 raft_consensus.cc:3060] T a469806c809e4a21b39d51b4e88db134 P 52a196b2e027486ebca0e2ea2110ff0f [term 0 FOLLOWER]: Advancing to term 1
I20260709 12:16:29.338124 21145 tablet_bootstrap.cc:492] T adda3dc6e7d84673856b05b08fb0b55c P ce89f4d126964b2e85b9b8bc15cc39a7: No bootstrap required, opened a new log
I20260709 12:16:29.338616 21145 ts_tablet_manager.cc:1403] T adda3dc6e7d84673856b05b08fb0b55c P ce89f4d126964b2e85b9b8bc15cc39a7: Time spent bootstrapping tablet: real 0.193s	user 0.015s	sys 0.004s
I20260709 12:16:29.340950 21147 tablet_bootstrap.cc:654] T adccc934d9d242aea05f13352e09024f P 52a196b2e027486ebca0e2ea2110ff0f: Neither blocks nor log segments found. Creating new log.
I20260709 12:16:29.344017 21145 raft_consensus.cc:359] T adda3dc6e7d84673856b05b08fb0b55c P ce89f4d126964b2e85b9b8bc15cc39a7 [term 0 FOLLOWER]: Replica starting. Triggering 0 pending ops. Active config: opid_index: -1 OBSOLETE_local: false peers { permanent_uuid: "52a196b2e027486ebca0e2ea2110ff0f" member_type: VOTER last_known_addr { host: "127.19.66.65" port: 37249 } } peers { permanent_uuid: "ce89f4d126964b2e85b9b8bc15cc39a7" member_type: VOTER last_known_addr { host: "127.19.66.66" port: 36557 } } peers { permanent_uuid: "8fa0afc7a13542b5930a1387f605b629" member_type: VOTER last_known_addr { host: "127.19.66.67" port: 33795 } }
I20260709 12:16:29.344826 21145 raft_consensus.cc:385] T adda3dc6e7d84673856b05b08fb0b55c P ce89f4d126964b2e85b9b8bc15cc39a7 [term 0 FOLLOWER]: Consensus starting up: Expiring failure detector timer to make a prompt election more likely
I20260709 12:16:29.345124 21145 raft_consensus.cc:740] T adda3dc6e7d84673856b05b08fb0b55c P ce89f4d126964b2e85b9b8bc15cc39a7 [term 0 FOLLOWER]: Becoming Follower/Learner. State: Replica: ce89f4d126964b2e85b9b8bc15cc39a7, State: Initialized, Role: FOLLOWER
I20260709 12:16:29.345824 21145 consensus_queue.cc:260] T adda3dc6e7d84673856b05b08fb0b55c P ce89f4d126964b2e85b9b8bc15cc39a7 [NON_LEADER]: Queue going to NON_LEADER mode. State: All replicated index: 0, Majority replicated index: 0, Committed index: 0, Last appended: 0.0, Last appended by leader: 0, Current term: 0, Majority size: -1, State: 0, Mode: NON_LEADER, active raft config: opid_index: -1 OBSOLETE_local: false peers { permanent_uuid: "52a196b2e027486ebca0e2ea2110ff0f" member_type: VOTER last_known_addr { host: "127.19.66.65" port: 37249 } } peers { permanent_uuid: "ce89f4d126964b2e85b9b8bc15cc39a7" member_type: VOTER last_known_addr { host: "127.19.66.66" port: 36557 } } peers { permanent_uuid: "8fa0afc7a13542b5930a1387f605b629" member_type: VOTER last_known_addr { host: "127.19.66.67" port: 33795 } }
I20260709 12:16:29.348407 21399 raft_consensus.cc:2749] T a469806c809e4a21b39d51b4e88db134 P 52a196b2e027486ebca0e2ea2110ff0f [term 1 FOLLOWER]: Leader pre-election lost for term 1. Reason: could not achieve majority
I20260709 12:16:29.348428 21145 ts_tablet_manager.cc:1434] T adda3dc6e7d84673856b05b08fb0b55c P ce89f4d126964b2e85b9b8bc15cc39a7: Time spent starting tablet: real 0.009s	user 0.001s	sys 0.004s
I20260709 12:16:29.353192 21145 tablet_bootstrap.cc:492] T 6597feafd1f94fb584cfdbda59f82e54 P ce89f4d126964b2e85b9b8bc15cc39a7: Bootstrap starting.
I20260709 12:16:29.362182 20851 catalog_manager.cc:5697] T 63dbd58b728d40a49b61973b02b7405f P ce89f4d126964b2e85b9b8bc15cc39a7 reported cstate change: term changed from 0 to 1, leader changed from <none> to ce89f4d126964b2e85b9b8bc15cc39a7 (127.19.66.66). New cstate: current_term: 1 leader_uuid: "ce89f4d126964b2e85b9b8bc15cc39a7" committed_config { opid_index: -1 OBSOLETE_local: false peers { permanent_uuid: "52a196b2e027486ebca0e2ea2110ff0f" member_type: VOTER last_known_addr { host: "127.19.66.65" port: 37249 } health_report { overall_health: UNKNOWN } } peers { permanent_uuid: "ce89f4d126964b2e85b9b8bc15cc39a7" member_type: VOTER last_known_addr { host: "127.19.66.66" port: 36557 } health_report { overall_health: HEALTHY } } peers { permanent_uuid: "8fa0afc7a13542b5930a1387f605b629" member_type: VOTER last_known_addr { host: "127.19.66.67" port: 33795 } health_report { overall_health: UNKNOWN } } }
I20260709 12:16:29.371618 21146 tablet_bootstrap.cc:492] T 9954199eb46f460ca569f3bf1f6df2b9 P 8fa0afc7a13542b5930a1387f605b629: No bootstrap required, opened a new log
I20260709 12:16:29.372272 21146 ts_tablet_manager.cc:1403] T 9954199eb46f460ca569f3bf1f6df2b9 P 8fa0afc7a13542b5930a1387f605b629: Time spent bootstrapping tablet: real 0.206s	user 0.027s	sys 0.024s
I20260709 12:16:29.368916 20851 catalog_manager.cc:5697] T 114d1bf3a7a047168ddc78e5a0558966 P ce89f4d126964b2e85b9b8bc15cc39a7 reported cstate change: term changed from 0 to 1, leader changed from <none> to ce89f4d126964b2e85b9b8bc15cc39a7 (127.19.66.66). New cstate: current_term: 1 leader_uuid: "ce89f4d126964b2e85b9b8bc15cc39a7" committed_config { opid_index: -1 OBSOLETE_local: false peers { permanent_uuid: "52a196b2e027486ebca0e2ea2110ff0f" member_type: VOTER last_known_addr { host: "127.19.66.65" port: 37249 } health_report { overall_health: UNKNOWN } } peers { permanent_uuid: "ce89f4d126964b2e85b9b8bc15cc39a7" member_type: VOTER last_known_addr { host: "127.19.66.66" port: 36557 } health_report { overall_health: HEALTHY } } peers { permanent_uuid: "8fa0afc7a13542b5930a1387f605b629" member_type: VOTER last_known_addr { host: "127.19.66.67" port: 33795 } health_report { overall_health: UNKNOWN } } }
I20260709 12:16:29.376832 21146 raft_consensus.cc:359] T 9954199eb46f460ca569f3bf1f6df2b9 P 8fa0afc7a13542b5930a1387f605b629 [term 0 FOLLOWER]: Replica starting. Triggering 0 pending ops. Active config: opid_index: -1 OBSOLETE_local: false peers { permanent_uuid: "52a196b2e027486ebca0e2ea2110ff0f" member_type: VOTER last_known_addr { host: "127.19.66.65" port: 37249 } } peers { permanent_uuid: "ce89f4d126964b2e85b9b8bc15cc39a7" member_type: VOTER last_known_addr { host: "127.19.66.66" port: 36557 } } peers { permanent_uuid: "8fa0afc7a13542b5930a1387f605b629" member_type: VOTER last_known_addr { host: "127.19.66.67" port: 33795 } }
I20260709 12:16:29.377704 21146 raft_consensus.cc:385] T 9954199eb46f460ca569f3bf1f6df2b9 P 8fa0afc7a13542b5930a1387f605b629 [term 0 FOLLOWER]: Consensus starting up: Expiring failure detector timer to make a prompt election more likely
I20260709 12:16:29.377980 21146 raft_consensus.cc:740] T 9954199eb46f460ca569f3bf1f6df2b9 P 8fa0afc7a13542b5930a1387f605b629 [term 0 FOLLOWER]: Becoming Follower/Learner. State: Replica: 8fa0afc7a13542b5930a1387f605b629, State: Initialized, Role: FOLLOWER
I20260709 12:16:29.378613 21146 consensus_queue.cc:260] T 9954199eb46f460ca569f3bf1f6df2b9 P 8fa0afc7a13542b5930a1387f605b629 [NON_LEADER]: Queue going to NON_LEADER mode. State: All replicated index: 0, Majority replicated index: 0, Committed index: 0, Last appended: 0.0, Last appended by leader: 0, Current term: 0, Majority size: -1, State: 0, Mode: NON_LEADER, active raft config: opid_index: -1 OBSOLETE_local: false peers { permanent_uuid: "52a196b2e027486ebca0e2ea2110ff0f" member_type: VOTER last_known_addr { host: "127.19.66.65" port: 37249 } } peers { permanent_uuid: "ce89f4d126964b2e85b9b8bc15cc39a7" member_type: VOTER last_known_addr { host: "127.19.66.66" port: 36557 } } peers { permanent_uuid: "8fa0afc7a13542b5930a1387f605b629" member_type: VOTER last_known_addr { host: "127.19.66.67" port: 33795 } }
I20260709 12:16:29.380151 21146 ts_tablet_manager.cc:1434] T 9954199eb46f460ca569f3bf1f6df2b9 P 8fa0afc7a13542b5930a1387f605b629: Time spent starting tablet: real 0.008s	user 0.005s	sys 0.000s
I20260709 12:16:29.381052 21146 tablet_bootstrap.cc:492] T 642a4ffc5ee747bf8d1265fe1fedcce7 P 8fa0afc7a13542b5930a1387f605b629: Bootstrap starting.
I20260709 12:16:29.409698 21145 tablet_bootstrap.cc:654] T 6597feafd1f94fb584cfdbda59f82e54 P ce89f4d126964b2e85b9b8bc15cc39a7: Neither blocks nor log segments found. Creating new log.
I20260709 12:16:29.457026 21375 raft_consensus.cc:493] T 63dbd58b728d40a49b61973b02b7405f P 8fa0afc7a13542b5930a1387f605b629 [term 0 FOLLOWER]: Starting pre-election (no leader contacted us within the election timeout)
I20260709 12:16:29.457899 21147 tablet_bootstrap.cc:492] T adccc934d9d242aea05f13352e09024f P 52a196b2e027486ebca0e2ea2110ff0f: No bootstrap required, opened a new log
I20260709 12:16:29.457615 21375 raft_consensus.cc:515] T 63dbd58b728d40a49b61973b02b7405f P 8fa0afc7a13542b5930a1387f605b629 [term 0 FOLLOWER]: Starting pre-election with config: opid_index: -1 OBSOLETE_local: false peers { permanent_uuid: "52a196b2e027486ebca0e2ea2110ff0f" member_type: VOTER last_known_addr { host: "127.19.66.65" port: 37249 } } peers { permanent_uuid: "ce89f4d126964b2e85b9b8bc15cc39a7" member_type: VOTER last_known_addr { host: "127.19.66.66" port: 36557 } } peers { permanent_uuid: "8fa0afc7a13542b5930a1387f605b629" member_type: VOTER last_known_addr { host: "127.19.66.67" port: 33795 } }
I20260709 12:16:29.458405 21147 ts_tablet_manager.cc:1403] T adccc934d9d242aea05f13352e09024f P 52a196b2e027486ebca0e2ea2110ff0f: Time spent bootstrapping tablet: real 0.145s	user 0.006s	sys 0.011s
I20260709 12:16:29.459313 21146 tablet_bootstrap.cc:654] T 642a4ffc5ee747bf8d1265fe1fedcce7 P 8fa0afc7a13542b5930a1387f605b629: Neither blocks nor log segments found. Creating new log.
I20260709 12:16:29.459741 21375 leader_election.cc:290] T 63dbd58b728d40a49b61973b02b7405f P 8fa0afc7a13542b5930a1387f605b629 [CANDIDATE]: Term 1 pre-election: Requested pre-vote from peers 52a196b2e027486ebca0e2ea2110ff0f (127.19.66.65:37249), ce89f4d126964b2e85b9b8bc15cc39a7 (127.19.66.66:36557)
I20260709 12:16:29.462388 21400 raft_consensus.cc:493] T e84719860572425996e3dddbc01da264 P ce89f4d126964b2e85b9b8bc15cc39a7 [term 0 FOLLOWER]: Starting pre-election (no leader contacted us within the election timeout)
I20260709 12:16:29.472733 21400 raft_consensus.cc:515] T e84719860572425996e3dddbc01da264 P ce89f4d126964b2e85b9b8bc15cc39a7 [term 0 FOLLOWER]: Starting pre-election with config: opid_index: -1 OBSOLETE_local: false peers { permanent_uuid: "52a196b2e027486ebca0e2ea2110ff0f" member_type: VOTER last_known_addr { host: "127.19.66.65" port: 37249 } } peers { permanent_uuid: "ce89f4d126964b2e85b9b8bc15cc39a7" member_type: VOTER last_known_addr { host: "127.19.66.66" port: 36557 } } peers { permanent_uuid: "8fa0afc7a13542b5930a1387f605b629" member_type: VOTER last_known_addr { host: "127.19.66.67" port: 33795 } }
I20260709 12:16:29.474927 21147 raft_consensus.cc:359] T adccc934d9d242aea05f13352e09024f P 52a196b2e027486ebca0e2ea2110ff0f [term 0 FOLLOWER]: Replica starting. Triggering 0 pending ops. Active config: opid_index: -1 OBSOLETE_local: false peers { permanent_uuid: "52a196b2e027486ebca0e2ea2110ff0f" member_type: VOTER last_known_addr { host: "127.19.66.65" port: 37249 } } peers { permanent_uuid: "ce89f4d126964b2e85b9b8bc15cc39a7" member_type: VOTER last_known_addr { host: "127.19.66.66" port: 36557 } } peers { permanent_uuid: "8fa0afc7a13542b5930a1387f605b629" member_type: VOTER last_known_addr { host: "127.19.66.67" port: 33795 } }
I20260709 12:16:29.475639 21147 raft_consensus.cc:385] T adccc934d9d242aea05f13352e09024f P 52a196b2e027486ebca0e2ea2110ff0f [term 0 FOLLOWER]: Consensus starting up: Expiring failure detector timer to make a prompt election more likely
I20260709 12:16:29.475905 21147 raft_consensus.cc:740] T adccc934d9d242aea05f13352e09024f P 52a196b2e027486ebca0e2ea2110ff0f [term 0 FOLLOWER]: Becoming Follower/Learner. State: Replica: 52a196b2e027486ebca0e2ea2110ff0f, State: Initialized, Role: FOLLOWER
I20260709 12:16:29.477929 21147 consensus_queue.cc:260] T adccc934d9d242aea05f13352e09024f P 52a196b2e027486ebca0e2ea2110ff0f [NON_LEADER]: Queue going to NON_LEADER mode. State: All replicated index: 0, Majority replicated index: 0, Committed index: 0, Last appended: 0.0, Last appended by leader: 0, Current term: 0, Majority size: -1, State: 0, Mode: NON_LEADER, active raft config: opid_index: -1 OBSOLETE_local: false peers { permanent_uuid: "52a196b2e027486ebca0e2ea2110ff0f" member_type: VOTER last_known_addr { host: "127.19.66.65" port: 37249 } } peers { permanent_uuid: "ce89f4d126964b2e85b9b8bc15cc39a7" member_type: VOTER last_known_addr { host: "127.19.66.66" port: 36557 } } peers { permanent_uuid: "8fa0afc7a13542b5930a1387f605b629" member_type: VOTER last_known_addr { host: "127.19.66.67" port: 33795 } }
I20260709 12:16:29.482434 21030 tablet_service.cc:1917] Received RequestConsensusVote() RPC: tablet_id: "63dbd58b728d40a49b61973b02b7405f" candidate_uuid: "8fa0afc7a13542b5930a1387f605b629" candidate_term: 1 candidate_status { last_received { term: 0 index: 0 } } ignore_live_leader: false dest_uuid: "ce89f4d126964b2e85b9b8bc15cc39a7" is_pre_election: true
I20260709 12:16:29.484314 21400 leader_election.cc:290] T e84719860572425996e3dddbc01da264 P ce89f4d126964b2e85b9b8bc15cc39a7 [CANDIDATE]: Term 1 pre-election: Requested pre-vote from peers 52a196b2e027486ebca0e2ea2110ff0f (127.19.66.65:37249), 8fa0afc7a13542b5930a1387f605b629 (127.19.66.67:33795)
W20260709 12:16:29.487877 21417 log.cc:927] Time spent T b4549937f7e5494490ddfcc2266051c3 P 52a196b2e027486ebca0e2ea2110ff0f: Append to log took a long time: real 0.056s	user 0.006s	sys 0.010s
I20260709 12:16:29.485622 21147 ts_tablet_manager.cc:1434] T adccc934d9d242aea05f13352e09024f P 52a196b2e027486ebca0e2ea2110ff0f: Time spent starting tablet: real 0.027s	user 0.003s	sys 0.004s
W20260709 12:16:29.487453 20902 auto_rebalancer.cc:288] Could not retrieve cluster info: Service unavailable: Tablet not running
I20260709 12:16:29.493098 21104 tablet_service.cc:1917] Received RequestConsensusVote() RPC: tablet_id: "e84719860572425996e3dddbc01da264" candidate_uuid: "ce89f4d126964b2e85b9b8bc15cc39a7" candidate_term: 1 candidate_status { last_received { term: 0 index: 0 } } ignore_live_leader: false dest_uuid: "8fa0afc7a13542b5930a1387f605b629" is_pre_election: true
I20260709 12:16:29.479233 20953 tablet_service.cc:1917] Received RequestConsensusVote() RPC: tablet_id: "63dbd58b728d40a49b61973b02b7405f" candidate_uuid: "8fa0afc7a13542b5930a1387f605b629" candidate_term: 1 candidate_status { last_received { term: 0 index: 0 } } ignore_live_leader: false dest_uuid: "52a196b2e027486ebca0e2ea2110ff0f" is_pre_election: true
I20260709 12:16:29.493434 21147 tablet_bootstrap.cc:492] T 566d8c4e1bc44ea2a6fa2e342932b0d7 P 52a196b2e027486ebca0e2ea2110ff0f: Bootstrap starting.
I20260709 12:16:29.494980 20953 raft_consensus.cc:2393] T 63dbd58b728d40a49b61973b02b7405f P 52a196b2e027486ebca0e2ea2110ff0f [term 1 FOLLOWER]: Leader pre-election vote request: Denying vote to candidate 8fa0afc7a13542b5930a1387f605b629 in current term 1: Already voted for candidate ce89f4d126964b2e85b9b8bc15cc39a7 in this term.
I20260709 12:16:29.494926 20955 tablet_service.cc:1917] Received RequestConsensusVote() RPC: tablet_id: "e84719860572425996e3dddbc01da264" candidate_uuid: "ce89f4d126964b2e85b9b8bc15cc39a7" candidate_term: 1 candidate_status { last_received { term: 0 index: 0 } } ignore_live_leader: false dest_uuid: "52a196b2e027486ebca0e2ea2110ff0f" is_pre_election: true
W20260709 12:16:29.504805 20997 leader_election.cc:343] T e84719860572425996e3dddbc01da264 P ce89f4d126964b2e85b9b8bc15cc39a7 [CANDIDATE]: Term 1 pre-election: Tablet error from VoteRequest() call to peer 52a196b2e027486ebca0e2ea2110ff0f (127.19.66.65:37249): Illegal state: must be running to vote when last-logged opid is not known
I20260709 12:16:29.505650 21071 leader_election.cc:304] T 63dbd58b728d40a49b61973b02b7405f P 8fa0afc7a13542b5930a1387f605b629 [CANDIDATE]: Term 1 pre-election: Election decided. Result: candidate lost. Election summary: received 3 responses out of 3 voters: 1 yes votes; 2 no votes. yes voters: 8fa0afc7a13542b5930a1387f605b629; no voters: 52a196b2e027486ebca0e2ea2110ff0f, ce89f4d126964b2e85b9b8bc15cc39a7
I20260709 12:16:29.506842 21375 raft_consensus.cc:3060] T 63dbd58b728d40a49b61973b02b7405f P 8fa0afc7a13542b5930a1387f605b629 [term 0 FOLLOWER]: Advancing to term 1
W20260709 12:16:29.507355 20997 leader_election.cc:343] T e84719860572425996e3dddbc01da264 P ce89f4d126964b2e85b9b8bc15cc39a7 [CANDIDATE]: Term 1 pre-election: Tablet error from VoteRequest() call to peer 8fa0afc7a13542b5930a1387f605b629 (127.19.66.67:33795): Illegal state: must be running to vote when last-logged opid is not known
I20260709 12:16:29.507915 20997 leader_election.cc:304] T e84719860572425996e3dddbc01da264 P ce89f4d126964b2e85b9b8bc15cc39a7 [CANDIDATE]: Term 1 pre-election: Election decided. Result: candidate lost. Election summary: received 3 responses out of 3 voters: 1 yes votes; 2 no votes. yes voters: ce89f4d126964b2e85b9b8bc15cc39a7; no voters: 52a196b2e027486ebca0e2ea2110ff0f, 8fa0afc7a13542b5930a1387f605b629
I20260709 12:16:29.508615 21400 raft_consensus.cc:2749] T e84719860572425996e3dddbc01da264 P ce89f4d126964b2e85b9b8bc15cc39a7 [term 0 FOLLOWER]: Leader pre-election lost for term 1. Reason: could not achieve majority
I20260709 12:16:29.512665 21145 tablet_bootstrap.cc:492] T 6597feafd1f94fb584cfdbda59f82e54 P ce89f4d126964b2e85b9b8bc15cc39a7: No bootstrap required, opened a new log
I20260709 12:16:29.513127 21145 ts_tablet_manager.cc:1403] T 6597feafd1f94fb584cfdbda59f82e54 P ce89f4d126964b2e85b9b8bc15cc39a7: Time spent bootstrapping tablet: real 0.160s	user 0.010s	sys 0.005s
I20260709 12:16:29.523241 21145 raft_consensus.cc:359] T 6597feafd1f94fb584cfdbda59f82e54 P ce89f4d126964b2e85b9b8bc15cc39a7 [term 0 FOLLOWER]: Replica starting. Triggering 0 pending ops. Active config: opid_index: -1 OBSOLETE_local: false peers { permanent_uuid: "52a196b2e027486ebca0e2ea2110ff0f" member_type: VOTER last_known_addr { host: "127.19.66.65" port: 37249 } } peers { permanent_uuid: "ce89f4d126964b2e85b9b8bc15cc39a7" member_type: VOTER last_known_addr { host: "127.19.66.66" port: 36557 } } peers { permanent_uuid: "8fa0afc7a13542b5930a1387f605b629" member_type: VOTER last_known_addr { host: "127.19.66.67" port: 33795 } }
I20260709 12:16:29.523990 21145 raft_consensus.cc:385] T 6597feafd1f94fb584cfdbda59f82e54 P ce89f4d126964b2e85b9b8bc15cc39a7 [term 0 FOLLOWER]: Consensus starting up: Expiring failure detector timer to make a prompt election more likely
I20260709 12:16:29.524240 21145 raft_consensus.cc:740] T 6597feafd1f94fb584cfdbda59f82e54 P ce89f4d126964b2e85b9b8bc15cc39a7 [term 0 FOLLOWER]: Becoming Follower/Learner. State: Replica: ce89f4d126964b2e85b9b8bc15cc39a7, State: Initialized, Role: FOLLOWER
I20260709 12:16:29.525813 21155 raft_consensus.cc:493] T 007e42c0847349329f1fd4e3ce359d27 P 52a196b2e027486ebca0e2ea2110ff0f [term 0 FOLLOWER]: Starting pre-election (no leader contacted us within the election timeout)
I20260709 12:16:29.525183 21145 consensus_queue.cc:260] T 6597feafd1f94fb584cfdbda59f82e54 P ce89f4d126964b2e85b9b8bc15cc39a7 [NON_LEADER]: Queue going to NON_LEADER mode. State: All replicated index: 0, Majority replicated index: 0, Committed index: 0, Last appended: 0.0, Last appended by leader: 0, Current term: 0, Majority size: -1, State: 0, Mode: NON_LEADER, active raft config: opid_index: -1 OBSOLETE_local: false peers { permanent_uuid: "52a196b2e027486ebca0e2ea2110ff0f" member_type: VOTER last_known_addr { host: "127.19.66.65" port: 37249 } } peers { permanent_uuid: "ce89f4d126964b2e85b9b8bc15cc39a7" member_type: VOTER last_known_addr { host: "127.19.66.66" port: 36557 } } peers { permanent_uuid: "8fa0afc7a13542b5930a1387f605b629" member_type: VOTER last_known_addr { host: "127.19.66.67" port: 33795 } }
I20260709 12:16:29.526316 21155 raft_consensus.cc:515] T 007e42c0847349329f1fd4e3ce359d27 P 52a196b2e027486ebca0e2ea2110ff0f [term 0 FOLLOWER]: Starting pre-election with config: opid_index: -1 OBSOLETE_local: false peers { permanent_uuid: "52a196b2e027486ebca0e2ea2110ff0f" member_type: VOTER last_known_addr { host: "127.19.66.65" port: 37249 } } peers { permanent_uuid: "ce89f4d126964b2e85b9b8bc15cc39a7" member_type: VOTER last_known_addr { host: "127.19.66.66" port: 36557 } } peers { permanent_uuid: "8fa0afc7a13542b5930a1387f605b629" member_type: VOTER last_known_addr { host: "127.19.66.67" port: 33795 } }
I20260709 12:16:29.528335 21379 consensus_queue.cc:1048] T 007e42c0847349329f1fd4e3ce359d27 P 8fa0afc7a13542b5930a1387f605b629 [LEADER]: Connected to new peer: Peer: permanent_uuid: "ce89f4d126964b2e85b9b8bc15cc39a7" member_type: VOTER last_known_addr { host: "127.19.66.66" port: 36557 }, Status: LMP_MISMATCH, Last received: 0.0, Next index: 1, Last known committed idx: 0, Time since last communication: 0.001s
I20260709 12:16:29.537369 21146 tablet_bootstrap.cc:492] T 642a4ffc5ee747bf8d1265fe1fedcce7 P 8fa0afc7a13542b5930a1387f605b629: No bootstrap required, opened a new log
I20260709 12:16:29.537914 21146 ts_tablet_manager.cc:1403] T 642a4ffc5ee747bf8d1265fe1fedcce7 P 8fa0afc7a13542b5930a1387f605b629: Time spent bootstrapping tablet: real 0.157s	user 0.019s	sys 0.007s
I20260709 12:16:29.544679 21145 ts_tablet_manager.cc:1434] T 6597feafd1f94fb584cfdbda59f82e54 P ce89f4d126964b2e85b9b8bc15cc39a7: Time spent starting tablet: real 0.031s	user 0.016s	sys 0.000s
I20260709 12:16:29.545943 21145 tablet_bootstrap.cc:492] T faf5b72b69e746c7b452f74aa6fc28c2 P ce89f4d126964b2e85b9b8bc15cc39a7: Bootstrap starting.
I20260709 12:16:29.547096 21155 leader_election.cc:290] T 007e42c0847349329f1fd4e3ce359d27 P 52a196b2e027486ebca0e2ea2110ff0f [CANDIDATE]: Term 1 pre-election: Requested pre-vote from peers ce89f4d126964b2e85b9b8bc15cc39a7 (127.19.66.66:36557), 8fa0afc7a13542b5930a1387f605b629 (127.19.66.67:33795)
I20260709 12:16:29.547468 21030 tablet_service.cc:1917] Received RequestConsensusVote() RPC: tablet_id: "007e42c0847349329f1fd4e3ce359d27" candidate_uuid: "52a196b2e027486ebca0e2ea2110ff0f" candidate_term: 1 candidate_status { last_received { term: 0 index: 0 } } ignore_live_leader: false dest_uuid: "ce89f4d126964b2e85b9b8bc15cc39a7" is_pre_election: true
I20260709 12:16:29.548293 21030 raft_consensus.cc:2393] T 007e42c0847349329f1fd4e3ce359d27 P ce89f4d126964b2e85b9b8bc15cc39a7 [term 1 FOLLOWER]: Leader pre-election vote request: Denying vote to candidate 52a196b2e027486ebca0e2ea2110ff0f in current term 1: Already voted for candidate 8fa0afc7a13542b5930a1387f605b629 in this term.
I20260709 12:16:29.548174 21104 tablet_service.cc:1917] Received RequestConsensusVote() RPC: tablet_id: "007e42c0847349329f1fd4e3ce359d27" candidate_uuid: "52a196b2e027486ebca0e2ea2110ff0f" candidate_term: 1 candidate_status { last_received { term: 0 index: 0 } } ignore_live_leader: false dest_uuid: "8fa0afc7a13542b5930a1387f605b629" is_pre_election: true
I20260709 12:16:29.549731 20922 leader_election.cc:304] T 007e42c0847349329f1fd4e3ce359d27 P 52a196b2e027486ebca0e2ea2110ff0f [CANDIDATE]: Term 1 pre-election: Election decided. Result: candidate lost. Election summary: received 3 responses out of 3 voters: 1 yes votes; 2 no votes. yes voters: 52a196b2e027486ebca0e2ea2110ff0f; no voters: 8fa0afc7a13542b5930a1387f605b629, ce89f4d126964b2e85b9b8bc15cc39a7
I20260709 12:16:29.551124 21380 consensus_queue.cc:1048] T adccc934d9d242aea05f13352e09024f P ce89f4d126964b2e85b9b8bc15cc39a7 [LEADER]: Connected to new peer: Peer: permanent_uuid: "8fa0afc7a13542b5930a1387f605b629" member_type: VOTER last_known_addr { host: "127.19.66.67" port: 33795 }, Status: LMP_MISMATCH, Last received: 0.0, Next index: 1, Last known committed idx: 0, Time since last communication: 0.001s
I20260709 12:16:29.556051 21147 tablet_bootstrap.cc:654] T 566d8c4e1bc44ea2a6fa2e342932b0d7 P 52a196b2e027486ebca0e2ea2110ff0f: Neither blocks nor log segments found. Creating new log.
I20260709 12:16:29.555519 21155 raft_consensus.cc:3060] T 007e42c0847349329f1fd4e3ce359d27 P 52a196b2e027486ebca0e2ea2110ff0f [term 0 FOLLOWER]: Advancing to term 1
I20260709 12:16:29.565234 20955 raft_consensus.cc:3060] T adccc934d9d242aea05f13352e09024f P 52a196b2e027486ebca0e2ea2110ff0f [term 0 FOLLOWER]: Advancing to term 1
I20260709 12:16:29.572012 21145 tablet_bootstrap.cc:654] T faf5b72b69e746c7b452f74aa6fc28c2 P ce89f4d126964b2e85b9b8bc15cc39a7: Neither blocks nor log segments found. Creating new log.
I20260709 12:16:29.574293 21146 raft_consensus.cc:359] T 642a4ffc5ee747bf8d1265fe1fedcce7 P 8fa0afc7a13542b5930a1387f605b629 [term 0 FOLLOWER]: Replica starting. Triggering 0 pending ops. Active config: opid_index: -1 OBSOLETE_local: false peers { permanent_uuid: "52a196b2e027486ebca0e2ea2110ff0f" member_type: VOTER last_known_addr { host: "127.19.66.65" port: 37249 } } peers { permanent_uuid: "ce89f4d126964b2e85b9b8bc15cc39a7" member_type: VOTER last_known_addr { host: "127.19.66.66" port: 36557 } } peers { permanent_uuid: "8fa0afc7a13542b5930a1387f605b629" member_type: VOTER last_known_addr { host: "127.19.66.67" port: 33795 } }
I20260709 12:16:29.575016 21146 raft_consensus.cc:385] T 642a4ffc5ee747bf8d1265fe1fedcce7 P 8fa0afc7a13542b5930a1387f605b629 [term 0 FOLLOWER]: Consensus starting up: Expiring failure detector timer to make a prompt election more likely
I20260709 12:16:29.575301 21146 raft_consensus.cc:740] T 642a4ffc5ee747bf8d1265fe1fedcce7 P 8fa0afc7a13542b5930a1387f605b629 [term 0 FOLLOWER]: Becoming Follower/Learner. State: Replica: 8fa0afc7a13542b5930a1387f605b629, State: Initialized, Role: FOLLOWER
I20260709 12:16:29.579986 21375 raft_consensus.cc:2749] T 63dbd58b728d40a49b61973b02b7405f P 8fa0afc7a13542b5930a1387f605b629 [term 1 FOLLOWER]: Leader pre-election lost for term 1. Reason: could not achieve majority
I20260709 12:16:29.580806 21391 consensus_queue.cc:1048] T adccc934d9d242aea05f13352e09024f P ce89f4d126964b2e85b9b8bc15cc39a7 [LEADER]: Connected to new peer: Peer: permanent_uuid: "52a196b2e027486ebca0e2ea2110ff0f" member_type: VOTER last_known_addr { host: "127.19.66.65" port: 37249 }, Status: LMP_MISMATCH, Last received: 0.0, Next index: 1, Last known committed idx: 0, Time since last communication: 0.001s
I20260709 12:16:29.581314 21146 consensus_queue.cc:260] T 642a4ffc5ee747bf8d1265fe1fedcce7 P 8fa0afc7a13542b5930a1387f605b629 [NON_LEADER]: Queue going to NON_LEADER mode. State: All replicated index: 0, Majority replicated index: 0, Committed index: 0, Last appended: 0.0, Last appended by leader: 0, Current term: 0, Majority size: -1, State: 0, Mode: NON_LEADER, active raft config: opid_index: -1 OBSOLETE_local: false peers { permanent_uuid: "52a196b2e027486ebca0e2ea2110ff0f" member_type: VOTER last_known_addr { host: "127.19.66.65" port: 37249 } } peers { permanent_uuid: "ce89f4d126964b2e85b9b8bc15cc39a7" member_type: VOTER last_known_addr { host: "127.19.66.66" port: 36557 } } peers { permanent_uuid: "8fa0afc7a13542b5930a1387f605b629" member_type: VOTER last_known_addr { host: "127.19.66.67" port: 33795 } }
I20260709 12:16:29.607388 21146 ts_tablet_manager.cc:1434] T 642a4ffc5ee747bf8d1265fe1fedcce7 P 8fa0afc7a13542b5930a1387f605b629: Time spent starting tablet: real 0.069s	user 0.007s	sys 0.000s
I20260709 12:16:29.610419 21146 tablet_bootstrap.cc:492] T e5d2d2f596634da28caee60da70379a8 P 8fa0afc7a13542b5930a1387f605b629: Bootstrap starting.
I20260709 12:16:29.606307 21155 raft_consensus.cc:2749] T 007e42c0847349329f1fd4e3ce359d27 P 52a196b2e027486ebca0e2ea2110ff0f [term 1 FOLLOWER]: Leader pre-election lost for term 1. Reason: could not achieve majority
I20260709 12:16:29.627532 21147 tablet_bootstrap.cc:492] T 566d8c4e1bc44ea2a6fa2e342932b0d7 P 52a196b2e027486ebca0e2ea2110ff0f: No bootstrap required, opened a new log
I20260709 12:16:29.628026 21147 ts_tablet_manager.cc:1403] T 566d8c4e1bc44ea2a6fa2e342932b0d7 P 52a196b2e027486ebca0e2ea2110ff0f: Time spent bootstrapping tablet: real 0.135s	user 0.009s	sys 0.011s
I20260709 12:16:29.631071 21147 raft_consensus.cc:359] T 566d8c4e1bc44ea2a6fa2e342932b0d7 P 52a196b2e027486ebca0e2ea2110ff0f [term 0 FOLLOWER]: Replica starting. Triggering 0 pending ops. Active config: opid_index: -1 OBSOLETE_local: false peers { permanent_uuid: "52a196b2e027486ebca0e2ea2110ff0f" member_type: VOTER last_known_addr { host: "127.19.66.65" port: 37249 } } peers { permanent_uuid: "ce89f4d126964b2e85b9b8bc15cc39a7" member_type: VOTER last_known_addr { host: "127.19.66.66" port: 36557 } } peers { permanent_uuid: "8fa0afc7a13542b5930a1387f605b629" member_type: VOTER last_known_addr { host: "127.19.66.67" port: 33795 } }
I20260709 12:16:29.631888 21147 raft_consensus.cc:385] T 566d8c4e1bc44ea2a6fa2e342932b0d7 P 52a196b2e027486ebca0e2ea2110ff0f [term 0 FOLLOWER]: Consensus starting up: Expiring failure detector timer to make a prompt election more likely
I20260709 12:16:29.632176 21147 raft_consensus.cc:740] T 566d8c4e1bc44ea2a6fa2e342932b0d7 P 52a196b2e027486ebca0e2ea2110ff0f [term 0 FOLLOWER]: Becoming Follower/Learner. State: Replica: 52a196b2e027486ebca0e2ea2110ff0f, State: Initialized, Role: FOLLOWER
I20260709 12:16:29.633538 21147 consensus_queue.cc:260] T 566d8c4e1bc44ea2a6fa2e342932b0d7 P 52a196b2e027486ebca0e2ea2110ff0f [NON_LEADER]: Queue going to NON_LEADER mode. State: All replicated index: 0, Majority replicated index: 0, Committed index: 0, Last appended: 0.0, Last appended by leader: 0, Current term: 0, Majority size: -1, State: 0, Mode: NON_LEADER, active raft config: opid_index: -1 OBSOLETE_local: false peers { permanent_uuid: "52a196b2e027486ebca0e2ea2110ff0f" member_type: VOTER last_known_addr { host: "127.19.66.65" port: 37249 } } peers { permanent_uuid: "ce89f4d126964b2e85b9b8bc15cc39a7" member_type: VOTER last_known_addr { host: "127.19.66.66" port: 36557 } } peers { permanent_uuid: "8fa0afc7a13542b5930a1387f605b629" member_type: VOTER last_known_addr { host: "127.19.66.67" port: 33795 } }
I20260709 12:16:29.625007 21375 consensus_queue.cc:1048] T 007e42c0847349329f1fd4e3ce359d27 P 8fa0afc7a13542b5930a1387f605b629 [LEADER]: Connected to new peer: Peer: permanent_uuid: "52a196b2e027486ebca0e2ea2110ff0f" member_type: VOTER last_known_addr { host: "127.19.66.65" port: 37249 }, Status: LMP_MISMATCH, Last received: 0.0, Next index: 1, Last known committed idx: 0, Time since last communication: 0.012s
I20260709 12:16:29.639967 21146 tablet_bootstrap.cc:654] T e5d2d2f596634da28caee60da70379a8 P 8fa0afc7a13542b5930a1387f605b629: Neither blocks nor log segments found. Creating new log.
I20260709 12:16:29.644153 21147 ts_tablet_manager.cc:1434] T 566d8c4e1bc44ea2a6fa2e342932b0d7 P 52a196b2e027486ebca0e2ea2110ff0f: Time spent starting tablet: real 0.016s	user 0.007s	sys 0.000s
I20260709 12:16:29.644990 21147 tablet_bootstrap.cc:492] T 642a4ffc5ee747bf8d1265fe1fedcce7 P 52a196b2e027486ebca0e2ea2110ff0f: Bootstrap starting.
I20260709 12:16:29.647076 21145 tablet_bootstrap.cc:492] T faf5b72b69e746c7b452f74aa6fc28c2 P ce89f4d126964b2e85b9b8bc15cc39a7: No bootstrap required, opened a new log
I20260709 12:16:29.647600 21145 ts_tablet_manager.cc:1403] T faf5b72b69e746c7b452f74aa6fc28c2 P ce89f4d126964b2e85b9b8bc15cc39a7: Time spent bootstrapping tablet: real 0.102s	user 0.020s	sys 0.009s
I20260709 12:16:29.663595 21375 consensus_queue.cc:1048] T a469806c809e4a21b39d51b4e88db134 P 8fa0afc7a13542b5930a1387f605b629 [LEADER]: Connected to new peer: Peer: permanent_uuid: "52a196b2e027486ebca0e2ea2110ff0f" member_type: VOTER last_known_addr { host: "127.19.66.65" port: 37249 }, Status: LMP_MISMATCH, Last received: 0.0, Next index: 1, Last known committed idx: 0, Time since last communication: 0.001s
I20260709 12:16:29.673970 21325 consensus_queue.cc:1048] T a469806c809e4a21b39d51b4e88db134 P 8fa0afc7a13542b5930a1387f605b629 [LEADER]: Connected to new peer: Peer: permanent_uuid: "ce89f4d126964b2e85b9b8bc15cc39a7" member_type: VOTER last_known_addr { host: "127.19.66.66" port: 36557 }, Status: LMP_MISMATCH, Last received: 0.0, Next index: 1, Last known committed idx: 0, Time since last communication: 0.001s
I20260709 12:16:29.683444 21145 raft_consensus.cc:359] T faf5b72b69e746c7b452f74aa6fc28c2 P ce89f4d126964b2e85b9b8bc15cc39a7 [term 0 FOLLOWER]: Replica starting. Triggering 0 pending ops. Active config: opid_index: -1 OBSOLETE_local: false peers { permanent_uuid: "52a196b2e027486ebca0e2ea2110ff0f" member_type: VOTER last_known_addr { host: "127.19.66.65" port: 37249 } } peers { permanent_uuid: "ce89f4d126964b2e85b9b8bc15cc39a7" member_type: VOTER last_known_addr { host: "127.19.66.66" port: 36557 } } peers { permanent_uuid: "8fa0afc7a13542b5930a1387f605b629" member_type: VOTER last_known_addr { host: "127.19.66.67" port: 33795 } }
I20260709 12:16:29.684891 21145 raft_consensus.cc:385] T faf5b72b69e746c7b452f74aa6fc28c2 P ce89f4d126964b2e85b9b8bc15cc39a7 [term 0 FOLLOWER]: Consensus starting up: Expiring failure detector timer to make a prompt election more likely
I20260709 12:16:29.685228 21145 raft_consensus.cc:740] T faf5b72b69e746c7b452f74aa6fc28c2 P ce89f4d126964b2e85b9b8bc15cc39a7 [term 0 FOLLOWER]: Becoming Follower/Learner. State: Replica: ce89f4d126964b2e85b9b8bc15cc39a7, State: Initialized, Role: FOLLOWER
I20260709 12:16:29.686592 21145 consensus_queue.cc:260] T faf5b72b69e746c7b452f74aa6fc28c2 P ce89f4d126964b2e85b9b8bc15cc39a7 [NON_LEADER]: Queue going to NON_LEADER mode. State: All replicated index: 0, Majority replicated index: 0, Committed index: 0, Last appended: 0.0, Last appended by leader: 0, Current term: 0, Majority size: -1, State: 0, Mode: NON_LEADER, active raft config: opid_index: -1 OBSOLETE_local: false peers { permanent_uuid: "52a196b2e027486ebca0e2ea2110ff0f" member_type: VOTER last_known_addr { host: "127.19.66.65" port: 37249 } } peers { permanent_uuid: "ce89f4d126964b2e85b9b8bc15cc39a7" member_type: VOTER last_known_addr { host: "127.19.66.66" port: 36557 } } peers { permanent_uuid: "8fa0afc7a13542b5930a1387f605b629" member_type: VOTER last_known_addr { host: "127.19.66.67" port: 33795 } }
I20260709 12:16:29.689347 21145 ts_tablet_manager.cc:1434] T faf5b72b69e746c7b452f74aa6fc28c2 P ce89f4d126964b2e85b9b8bc15cc39a7: Time spent starting tablet: real 0.041s	user 0.007s	sys 0.000s
I20260709 12:16:29.690490 21145 tablet_bootstrap.cc:492] T 3b41fb5966a64aa08d3a881376a4aee2 P ce89f4d126964b2e85b9b8bc15cc39a7: Bootstrap starting.
I20260709 12:16:29.694640 21146 tablet_bootstrap.cc:492] T e5d2d2f596634da28caee60da70379a8 P 8fa0afc7a13542b5930a1387f605b629: No bootstrap required, opened a new log
I20260709 12:16:29.695277 21146 ts_tablet_manager.cc:1403] T e5d2d2f596634da28caee60da70379a8 P 8fa0afc7a13542b5930a1387f605b629: Time spent bootstrapping tablet: real 0.085s	user 0.029s	sys 0.023s
I20260709 12:16:29.719412 21391 consensus_queue.cc:1048] T 63dbd58b728d40a49b61973b02b7405f P ce89f4d126964b2e85b9b8bc15cc39a7 [LEADER]: Connected to new peer: Peer: permanent_uuid: "8fa0afc7a13542b5930a1387f605b629" member_type: VOTER last_known_addr { host: "127.19.66.67" port: 33795 }, Status: LMP_MISMATCH, Last received: 0.0, Next index: 1, Last known committed idx: 0, Time since last communication: 0.000s
I20260709 12:16:29.721669 21146 raft_consensus.cc:359] T e5d2d2f596634da28caee60da70379a8 P 8fa0afc7a13542b5930a1387f605b629 [term 0 FOLLOWER]: Replica starting. Triggering 0 pending ops. Active config: opid_index: -1 OBSOLETE_local: false peers { permanent_uuid: "52a196b2e027486ebca0e2ea2110ff0f" member_type: VOTER last_known_addr { host: "127.19.66.65" port: 37249 } } peers { permanent_uuid: "ce89f4d126964b2e85b9b8bc15cc39a7" member_type: VOTER last_known_addr { host: "127.19.66.66" port: 36557 } } peers { permanent_uuid: "8fa0afc7a13542b5930a1387f605b629" member_type: VOTER last_known_addr { host: "127.19.66.67" port: 33795 } }
I20260709 12:16:29.724287 21145 tablet_bootstrap.cc:654] T 3b41fb5966a64aa08d3a881376a4aee2 P ce89f4d126964b2e85b9b8bc15cc39a7: Neither blocks nor log segments found. Creating new log.
I20260709 12:16:29.725591 21146 raft_consensus.cc:385] T e5d2d2f596634da28caee60da70379a8 P 8fa0afc7a13542b5930a1387f605b629 [term 0 FOLLOWER]: Consensus starting up: Expiring failure detector timer to make a prompt election more likely
I20260709 12:16:29.726049 21146 raft_consensus.cc:740] T e5d2d2f596634da28caee60da70379a8 P 8fa0afc7a13542b5930a1387f605b629 [term 0 FOLLOWER]: Becoming Follower/Learner. State: Replica: 8fa0afc7a13542b5930a1387f605b629, State: Initialized, Role: FOLLOWER
I20260709 12:16:29.734691 21146 consensus_queue.cc:260] T e5d2d2f596634da28caee60da70379a8 P 8fa0afc7a13542b5930a1387f605b629 [NON_LEADER]: Queue going to NON_LEADER mode. State: All replicated index: 0, Majority replicated index: 0, Committed index: 0, Last appended: 0.0, Last appended by leader: 0, Current term: 0, Majority size: -1, State: 0, Mode: NON_LEADER, active raft config: opid_index: -1 OBSOLETE_local: false peers { permanent_uuid: "52a196b2e027486ebca0e2ea2110ff0f" member_type: VOTER last_known_addr { host: "127.19.66.65" port: 37249 } } peers { permanent_uuid: "ce89f4d126964b2e85b9b8bc15cc39a7" member_type: VOTER last_known_addr { host: "127.19.66.66" port: 36557 } } peers { permanent_uuid: "8fa0afc7a13542b5930a1387f605b629" member_type: VOTER last_known_addr { host: "127.19.66.67" port: 33795 } }
I20260709 12:16:29.730706 21391 raft_consensus.cc:493] T 6597feafd1f94fb584cfdbda59f82e54 P ce89f4d126964b2e85b9b8bc15cc39a7 [term 0 FOLLOWER]: Starting pre-election (no leader contacted us within the election timeout)
I20260709 12:16:29.736413 21391 raft_consensus.cc:515] T 6597feafd1f94fb584cfdbda59f82e54 P ce89f4d126964b2e85b9b8bc15cc39a7 [term 0 FOLLOWER]: Starting pre-election with config: opid_index: -1 OBSOLETE_local: false peers { permanent_uuid: "52a196b2e027486ebca0e2ea2110ff0f" member_type: VOTER last_known_addr { host: "127.19.66.65" port: 37249 } } peers { permanent_uuid: "ce89f4d126964b2e85b9b8bc15cc39a7" member_type: VOTER last_known_addr { host: "127.19.66.66" port: 36557 } } peers { permanent_uuid: "8fa0afc7a13542b5930a1387f605b629" member_type: VOTER last_known_addr { host: "127.19.66.67" port: 33795 } }
I20260709 12:16:29.737217 21146 ts_tablet_manager.cc:1434] T e5d2d2f596634da28caee60da70379a8 P 8fa0afc7a13542b5930a1387f605b629: Time spent starting tablet: real 0.042s	user 0.007s	sys 0.001s
I20260709 12:16:29.738441 21391 leader_election.cc:290] T 6597feafd1f94fb584cfdbda59f82e54 P ce89f4d126964b2e85b9b8bc15cc39a7 [CANDIDATE]: Term 1 pre-election: Requested pre-vote from peers 52a196b2e027486ebca0e2ea2110ff0f (127.19.66.65:37249), 8fa0afc7a13542b5930a1387f605b629 (127.19.66.67:33795)
I20260709 12:16:29.740322 21100 tablet_service.cc:1917] Received RequestConsensusVote() RPC: tablet_id: "6597feafd1f94fb584cfdbda59f82e54" candidate_uuid: "ce89f4d126964b2e85b9b8bc15cc39a7" candidate_term: 1 candidate_status { last_received { term: 0 index: 0 } } ignore_live_leader: false dest_uuid: "8fa0afc7a13542b5930a1387f605b629" is_pre_election: true
W20260709 12:16:29.742156 20997 leader_election.cc:343] T 6597feafd1f94fb584cfdbda59f82e54 P ce89f4d126964b2e85b9b8bc15cc39a7 [CANDIDATE]: Term 1 pre-election: Tablet error from VoteRequest() call to peer 8fa0afc7a13542b5930a1387f605b629 (127.19.66.67:33795): Illegal state: must be running to vote when last-logged opid is not known
I20260709 12:16:29.742210 21146 tablet_bootstrap.cc:492] T adda3dc6e7d84673856b05b08fb0b55c P 8fa0afc7a13542b5930a1387f605b629: Bootstrap starting.
I20260709 12:16:29.754886 20954 tablet_service.cc:1917] Received RequestConsensusVote() RPC: tablet_id: "6597feafd1f94fb584cfdbda59f82e54" candidate_uuid: "ce89f4d126964b2e85b9b8bc15cc39a7" candidate_term: 1 candidate_status { last_received { term: 0 index: 0 } } ignore_live_leader: false dest_uuid: "52a196b2e027486ebca0e2ea2110ff0f" is_pre_election: true
W20260709 12:16:29.776504 20997 leader_election.cc:343] T 6597feafd1f94fb584cfdbda59f82e54 P ce89f4d126964b2e85b9b8bc15cc39a7 [CANDIDATE]: Term 1 pre-election: Tablet error from VoteRequest() call to peer 52a196b2e027486ebca0e2ea2110ff0f (127.19.66.65:37249): Illegal state: must be running to vote when last-logged opid is not known
I20260709 12:16:29.777078 20997 leader_election.cc:304] T 6597feafd1f94fb584cfdbda59f82e54 P ce89f4d126964b2e85b9b8bc15cc39a7 [CANDIDATE]: Term 1 pre-election: Election decided. Result: candidate lost. Election summary: received 3 responses out of 3 voters: 1 yes votes; 2 no votes. yes voters: ce89f4d126964b2e85b9b8bc15cc39a7; no voters: 52a196b2e027486ebca0e2ea2110ff0f, 8fa0afc7a13542b5930a1387f605b629
I20260709 12:16:29.797477 21399 raft_consensus.cc:493] T 566d8c4e1bc44ea2a6fa2e342932b0d7 P 52a196b2e027486ebca0e2ea2110ff0f [term 0 FOLLOWER]: Starting pre-election (no leader contacted us within the election timeout)
I20260709 12:16:29.813161 21221 raft_consensus.cc:2749] T 6597feafd1f94fb584cfdbda59f82e54 P ce89f4d126964b2e85b9b8bc15cc39a7 [term 0 FOLLOWER]: Leader pre-election lost for term 1. Reason: could not achieve majority
I20260709 12:16:29.813697 21375 raft_consensus.cc:493] T 9954199eb46f460ca569f3bf1f6df2b9 P 8fa0afc7a13542b5930a1387f605b629 [term 0 FOLLOWER]: Starting pre-election (no leader contacted us within the election timeout)
I20260709 12:16:29.814213 21375 raft_consensus.cc:515] T 9954199eb46f460ca569f3bf1f6df2b9 P 8fa0afc7a13542b5930a1387f605b629 [term 0 FOLLOWER]: Starting pre-election with config: opid_index: -1 OBSOLETE_local: false peers { permanent_uuid: "52a196b2e027486ebca0e2ea2110ff0f" member_type: VOTER last_known_addr { host: "127.19.66.65" port: 37249 } } peers { permanent_uuid: "ce89f4d126964b2e85b9b8bc15cc39a7" member_type: VOTER last_known_addr { host: "127.19.66.66" port: 36557 } } peers { permanent_uuid: "8fa0afc7a13542b5930a1387f605b629" member_type: VOTER last_known_addr { host: "127.19.66.67" port: 33795 } }
