I20260709 12:09:13.994910 32605 leader_election.cc:304] T 58fe66efac9b44c585bf6916936bf7f2 P 940b8a50ec814b7fbfe7fb2cd24572dc [CANDIDATE]: Term 1 pre-election: Election decided. Result: candidate won. Election summary: received 2 responses out of 3 voters: 2 yes votes; 0 no votes. yes voters: 39504f686d2b481592340c1ada289059, 940b8a50ec814b7fbfe7fb2cd24572dc; no voters: 
I20260709 12:09:13.996187   488 raft_consensus.cc:2804] T 58fe66efac9b44c585bf6916936bf7f2 P 940b8a50ec814b7fbfe7fb2cd24572dc [term 0 FOLLOWER]: Leader pre-election won for term 1
I20260709 12:09:13.996698   488 raft_consensus.cc:493] T 58fe66efac9b44c585bf6916936bf7f2 P 940b8a50ec814b7fbfe7fb2cd24572dc [term 0 FOLLOWER]: Starting leader election (no leader contacted us within the election timeout)
I20260709 12:09:13.997176   488 raft_consensus.cc:3060] T 58fe66efac9b44c585bf6916936bf7f2 P 940b8a50ec814b7fbfe7fb2cd24572dc [term 0 FOLLOWER]: Advancing to term 1
I20260709 12:09:14.006588   430 raft_consensus.cc:697] T 0d06ebeb0c59401abf97db06bbfb9c34 P 2a25a1c4feea48b8ad15dc4e8c11085e [term 1 LEADER]: Becoming Leader. State: Replica: 2a25a1c4feea48b8ad15dc4e8c11085e, State: Running, Role: LEADER
I20260709 12:09:14.008633   430 consensus_queue.cc:237] T 0d06ebeb0c59401abf97db06bbfb9c34 P 2a25a1c4feea48b8ad15dc4e8c11085e [LEADER]: Queue going to LEADER mode. State: All replicated index: 0, Majority replicated index: 0, Committed index: 0, Last appended: 0.0, Last appended by leader: 0, Current term: 1, Majority size: 2, State: 0, Mode: LEADER, active raft config: opid_index: -1 OBSOLETE_local: false peers { permanent_uuid: "940b8a50ec814b7fbfe7fb2cd24572dc" member_type: VOTER last_known_addr { host: "127.30.177.129" port: 36215 } } peers { permanent_uuid: "2a25a1c4feea48b8ad15dc4e8c11085e" member_type: VOTER last_known_addr { host: "127.30.177.130" port: 36349 } } peers { permanent_uuid: "39504f686d2b481592340c1ada289059" member_type: VOTER last_known_addr { host: "127.30.177.131" port: 45907 } }
I20260709 12:09:14.012382   488 raft_consensus.cc:515] T 58fe66efac9b44c585bf6916936bf7f2 P 940b8a50ec814b7fbfe7fb2cd24572dc [term 1 FOLLOWER]: Starting leader election with config: opid_index: -1 OBSOLETE_local: false peers { permanent_uuid: "940b8a50ec814b7fbfe7fb2cd24572dc" member_type: VOTER last_known_addr { host: "127.30.177.129" port: 36215 } } peers { permanent_uuid: "2a25a1c4feea48b8ad15dc4e8c11085e" member_type: VOTER last_known_addr { host: "127.30.177.130" port: 36349 } } peers { permanent_uuid: "39504f686d2b481592340c1ada289059" member_type: VOTER last_known_addr { host: "127.30.177.131" port: 45907 } }
I20260709 12:09:14.019093   471 raft_consensus.cc:493] T 8b7cfd0e28984f74bc1f932d16472a88 P 39504f686d2b481592340c1ada289059 [term 0 FOLLOWER]: Starting pre-election (no leader contacted us within the election timeout)
I20260709 12:09:14.019812   471 raft_consensus.cc:515] T 8b7cfd0e28984f74bc1f932d16472a88 P 39504f686d2b481592340c1ada289059 [term 0 FOLLOWER]: Starting pre-election with config: opid_index: -1 OBSOLETE_local: false peers { permanent_uuid: "940b8a50ec814b7fbfe7fb2cd24572dc" member_type: VOTER last_known_addr { host: "127.30.177.129" port: 36215 } } peers { permanent_uuid: "2a25a1c4feea48b8ad15dc4e8c11085e" member_type: VOTER last_known_addr { host: "127.30.177.130" port: 36349 } } peers { permanent_uuid: "39504f686d2b481592340c1ada289059" member_type: VOTER last_known_addr { host: "127.30.177.131" port: 45907 } }
I20260709 12:09:14.024034   471 leader_election.cc:290] T 8b7cfd0e28984f74bc1f932d16472a88 P 39504f686d2b481592340c1ada289059 [CANDIDATE]: Term 1 pre-election: Requested pre-vote from peers 940b8a50ec814b7fbfe7fb2cd24572dc (127.30.177.129:36215), 2a25a1c4feea48b8ad15dc4e8c11085e (127.30.177.130:36349)
I20260709 12:09:14.024654   318 tablet_service.cc:1917] Received RequestConsensusVote() RPC: tablet_id: "58fe66efac9b44c585bf6916936bf7f2" candidate_uuid: "940b8a50ec814b7fbfe7fb2cd24572dc" candidate_term: 1 candidate_status { last_received { term: 0 index: 0 } } ignore_live_leader: false dest_uuid: "39504f686d2b481592340c1ada289059"
I20260709 12:09:14.025220 32711 tablet_service.cc:1917] Received RequestConsensusVote() RPC: tablet_id: "8b7cfd0e28984f74bc1f932d16472a88" candidate_uuid: "39504f686d2b481592340c1ada289059" candidate_term: 1 candidate_status { last_received { term: 0 index: 0 } } ignore_live_leader: false dest_uuid: "2a25a1c4feea48b8ad15dc4e8c11085e" is_pre_election: true
I20260709 12:09:14.025452   318 raft_consensus.cc:3060] T 58fe66efac9b44c585bf6916936bf7f2 P 39504f686d2b481592340c1ada289059 [term 0 FOLLOWER]: Advancing to term 1
W20260709 12:09:14.026764 32752 leader_election.cc:343] T 8b7cfd0e28984f74bc1f932d16472a88 P 39504f686d2b481592340c1ada289059 [CANDIDATE]: Term 1 pre-election: Tablet error from VoteRequest() call to peer 2a25a1c4feea48b8ad15dc4e8c11085e (127.30.177.130:36349): Illegal state: must be running to vote when last-logged opid is not known
I20260709 12:09:14.031014 32637 tablet_service.cc:1917] Received RequestConsensusVote() RPC: tablet_id: "8b7cfd0e28984f74bc1f932d16472a88" candidate_uuid: "39504f686d2b481592340c1ada289059" candidate_term: 1 candidate_status { last_received { term: 0 index: 0 } } ignore_live_leader: false dest_uuid: "940b8a50ec814b7fbfe7fb2cd24572dc" is_pre_election: true
W20260709 12:09:14.032702 32754 leader_election.cc:343] T 8b7cfd0e28984f74bc1f932d16472a88 P 39504f686d2b481592340c1ada289059 [CANDIDATE]: Term 1 pre-election: Tablet error from VoteRequest() call to peer 940b8a50ec814b7fbfe7fb2cd24572dc (127.30.177.129:36215): Illegal state: must be running to vote when last-logged opid is not known
I20260709 12:09:14.033221 32754 leader_election.cc:304] T 8b7cfd0e28984f74bc1f932d16472a88 P 39504f686d2b481592340c1ada289059 [CANDIDATE]: Term 1 pre-election: Election decided. Result: candidate lost. Election summary: received 3 responses out of 3 voters: 1 yes votes; 2 no votes. yes voters: 39504f686d2b481592340c1ada289059; no voters: 2a25a1c4feea48b8ad15dc4e8c11085e, 940b8a50ec814b7fbfe7fb2cd24572dc
I20260709 12:09:14.034541   471 raft_consensus.cc:2749] T 8b7cfd0e28984f74bc1f932d16472a88 P 39504f686d2b481592340c1ada289059 [term 0 FOLLOWER]: Leader pre-election lost for term 1. Reason: could not achieve majority
I20260709 12:09:14.046283   415 raft_consensus.cc:493] T 62c0b49b22b04a61a728a6fed9e5f4f9 P 940b8a50ec814b7fbfe7fb2cd24572dc [term 0 FOLLOWER]: Starting pre-election (no leader contacted us within the election timeout)
I20260709 12:09:14.046844   488 leader_election.cc:290] T 58fe66efac9b44c585bf6916936bf7f2 P 940b8a50ec814b7fbfe7fb2cd24572dc [CANDIDATE]: Term 1 election: Requested vote from peers 2a25a1c4feea48b8ad15dc4e8c11085e (127.30.177.130:36349), 39504f686d2b481592340c1ada289059 (127.30.177.131:45907)
I20260709 12:09:14.041169   370 raft_consensus.cc:515] T 422308f10c464524953f624286508444 P 940b8a50ec814b7fbfe7fb2cd24572dc [term 1 FOLLOWER]: Starting leader election with config: opid_index: -1 OBSOLETE_local: false peers { permanent_uuid: "940b8a50ec814b7fbfe7fb2cd24572dc" member_type: VOTER last_known_addr { host: "127.30.177.129" port: 36215 } } peers { permanent_uuid: "2a25a1c4feea48b8ad15dc4e8c11085e" member_type: VOTER last_known_addr { host: "127.30.177.130" port: 36349 } } peers { permanent_uuid: "39504f686d2b481592340c1ada289059" member_type: VOTER last_known_addr { host: "127.30.177.131" port: 45907 } }
I20260709 12:09:14.072598   361 tablet_bootstrap.cc:492] T 0d06ebeb0c59401abf97db06bbfb9c34 P 39504f686d2b481592340c1ada289059: No bootstrap required, opened a new log
I20260709 12:09:14.073109   361 ts_tablet_manager.cc:1403] T 0d06ebeb0c59401abf97db06bbfb9c34 P 39504f686d2b481592340c1ada289059: Time spent bootstrapping tablet: real 0.103s	user 0.010s	sys 0.034s
I20260709 12:09:14.078251   363 tablet_bootstrap.cc:492] T d973b58003c748bdbf3c1781e65f09ea P 940b8a50ec814b7fbfe7fb2cd24572dc: No bootstrap required, opened a new log
I20260709 12:09:14.078776   363 ts_tablet_manager.cc:1403] T d973b58003c748bdbf3c1781e65f09ea P 940b8a50ec814b7fbfe7fb2cd24572dc: Time spent bootstrapping tablet: real 0.138s	user 0.029s	sys 0.042s
I20260709 12:09:14.063593   471 consensus_queue.cc:1048] T 92775c4d950942b88406960154ee897f P 39504f686d2b481592340c1ada289059 [LEADER]: Connected to new peer: Peer: permanent_uuid: "940b8a50ec814b7fbfe7fb2cd24572dc" member_type: VOTER last_known_addr { host: "127.30.177.129" port: 36215 }, Status: LMP_MISMATCH, Last received: 0.0, Next index: 1, Last known committed idx: 0, Time since last communication: 0.016s
I20260709 12:09:14.062640   415 raft_consensus.cc:515] T 62c0b49b22b04a61a728a6fed9e5f4f9 P 940b8a50ec814b7fbfe7fb2cd24572dc [term 0 FOLLOWER]: Starting pre-election with config: opid_index: -1 OBSOLETE_local: false peers { permanent_uuid: "940b8a50ec814b7fbfe7fb2cd24572dc" member_type: VOTER last_known_addr { host: "127.30.177.129" port: 36215 } } peers { permanent_uuid: "2a25a1c4feea48b8ad15dc4e8c11085e" member_type: VOTER last_known_addr { host: "127.30.177.130" port: 36349 } } peers { permanent_uuid: "39504f686d2b481592340c1ada289059" member_type: VOTER last_known_addr { host: "127.30.177.131" port: 45907 } }
I20260709 12:09:14.082047 32537 catalog_manager.cc:5697] T 0d06ebeb0c59401abf97db06bbfb9c34 P 2a25a1c4feea48b8ad15dc4e8c11085e reported cstate change: term changed from 0 to 1, leader changed from <none> to 2a25a1c4feea48b8ad15dc4e8c11085e (127.30.177.130). New cstate: current_term: 1 leader_uuid: "2a25a1c4feea48b8ad15dc4e8c11085e" committed_config { opid_index: -1 OBSOLETE_local: false peers { permanent_uuid: "940b8a50ec814b7fbfe7fb2cd24572dc" member_type: VOTER last_known_addr { host: "127.30.177.129" port: 36215 } health_report { overall_health: UNKNOWN } } peers { permanent_uuid: "2a25a1c4feea48b8ad15dc4e8c11085e" member_type: VOTER last_known_addr { host: "127.30.177.130" port: 36349 } health_report { overall_health: HEALTHY } } peers { permanent_uuid: "39504f686d2b481592340c1ada289059" member_type: VOTER last_known_addr { host: "127.30.177.131" port: 45907 } health_report { overall_health: UNKNOWN } } }
I20260709 12:09:14.083266   361 raft_consensus.cc:359] T 0d06ebeb0c59401abf97db06bbfb9c34 P 39504f686d2b481592340c1ada289059 [term 0 FOLLOWER]: Replica starting. Triggering 0 pending ops. Active config: opid_index: -1 OBSOLETE_local: false peers { permanent_uuid: "940b8a50ec814b7fbfe7fb2cd24572dc" member_type: VOTER last_known_addr { host: "127.30.177.129" port: 36215 } } peers { permanent_uuid: "2a25a1c4feea48b8ad15dc4e8c11085e" member_type: VOTER last_known_addr { host: "127.30.177.130" port: 36349 } } peers { permanent_uuid: "39504f686d2b481592340c1ada289059" member_type: VOTER last_known_addr { host: "127.30.177.131" port: 45907 } }
I20260709 12:09:14.083901   361 raft_consensus.cc:385] T 0d06ebeb0c59401abf97db06bbfb9c34 P 39504f686d2b481592340c1ada289059 [term 0 FOLLOWER]: Consensus starting up: Expiring failure detector timer to make a prompt election more likely
I20260709 12:09:14.084167   361 raft_consensus.cc:740] T 0d06ebeb0c59401abf97db06bbfb9c34 P 39504f686d2b481592340c1ada289059 [term 0 FOLLOWER]: Becoming Follower/Learner. State: Replica: 39504f686d2b481592340c1ada289059, State: Initialized, Role: FOLLOWER
I20260709 12:09:14.084790   361 consensus_queue.cc:260] T 0d06ebeb0c59401abf97db06bbfb9c34 P 39504f686d2b481592340c1ada289059 [NON_LEADER]: Queue going to NON_LEADER mode. State: All replicated index: 0, Majority replicated index: 0, Committed index: 0, Last appended: 0.0, Last appended by leader: 0, Current term: 0, Majority size: -1, State: 0, Mode: NON_LEADER, active raft config: opid_index: -1 OBSOLETE_local: false peers { permanent_uuid: "940b8a50ec814b7fbfe7fb2cd24572dc" member_type: VOTER last_known_addr { host: "127.30.177.129" port: 36215 } } peers { permanent_uuid: "2a25a1c4feea48b8ad15dc4e8c11085e" member_type: VOTER last_known_addr { host: "127.30.177.130" port: 36349 } } peers { permanent_uuid: "39504f686d2b481592340c1ada289059" member_type: VOTER last_known_addr { host: "127.30.177.131" port: 45907 } }
I20260709 12:09:14.073330   402 raft_consensus.cc:493] T ea2dfcf6a8a44ff5b3628fe7423911ae P 39504f686d2b481592340c1ada289059 [term 0 FOLLOWER]: Starting pre-election (no leader contacted us within the election timeout)
I20260709 12:09:14.085745   402 raft_consensus.cc:515] T ea2dfcf6a8a44ff5b3628fe7423911ae P 39504f686d2b481592340c1ada289059 [term 0 FOLLOWER]: Starting pre-election with config: opid_index: -1 OBSOLETE_local: false peers { permanent_uuid: "940b8a50ec814b7fbfe7fb2cd24572dc" member_type: VOTER last_known_addr { host: "127.30.177.129" port: 36215 } } peers { permanent_uuid: "2a25a1c4feea48b8ad15dc4e8c11085e" member_type: VOTER last_known_addr { host: "127.30.177.130" port: 36349 } } peers { permanent_uuid: "39504f686d2b481592340c1ada289059" member_type: VOTER last_known_addr { host: "127.30.177.131" port: 45907 } }
I20260709 12:09:14.086581   318 raft_consensus.cc:2468] T 58fe66efac9b44c585bf6916936bf7f2 P 39504f686d2b481592340c1ada289059 [term 1 FOLLOWER]: Leader election vote request: Granting yes vote for candidate 940b8a50ec814b7fbfe7fb2cd24572dc in term 1.
I20260709 12:09:14.088465   402 leader_election.cc:290] T ea2dfcf6a8a44ff5b3628fe7423911ae P 39504f686d2b481592340c1ada289059 [CANDIDATE]: Term 1 pre-election: Requested pre-vote from peers 940b8a50ec814b7fbfe7fb2cd24572dc (127.30.177.129:36215), 2a25a1c4feea48b8ad15dc4e8c11085e (127.30.177.130:36349)
I20260709 12:09:14.088837 32605 leader_election.cc:304] T 58fe66efac9b44c585bf6916936bf7f2 P 940b8a50ec814b7fbfe7fb2cd24572dc [CANDIDATE]: Term 1 election: Election decided. Result: candidate won. Election summary: received 2 responses out of 3 voters: 2 yes votes; 0 no votes. yes voters: 39504f686d2b481592340c1ada289059, 940b8a50ec814b7fbfe7fb2cd24572dc; no voters: 
W20260709 12:09:14.073222 32680 outbound_call.cc:321] RPC callback for RPC call kudu.consensus.ConsensusService.RequestConsensusVote -> {remote=127.30.177.129:36215, user_credentials={real_user=slave}} blocked reactor thread for 93358.5us
I20260709 12:09:14.090049 32636 tablet_service.cc:1917] Received RequestConsensusVote() RPC: tablet_id: "ea2dfcf6a8a44ff5b3628fe7423911ae" candidate_uuid: "39504f686d2b481592340c1ada289059" candidate_term: 1 candidate_status { last_received { term: 0 index: 0 } } ignore_live_leader: false dest_uuid: "940b8a50ec814b7fbfe7fb2cd24572dc" is_pre_election: true
I20260709 12:09:14.091517   488 raft_consensus.cc:2804] T 58fe66efac9b44c585bf6916936bf7f2 P 940b8a50ec814b7fbfe7fb2cd24572dc [term 1 FOLLOWER]: Leader election won for term 1
I20260709 12:09:14.100718   491 raft_consensus.cc:493] T 655486906ebf4810a38729af6f426967 P 940b8a50ec814b7fbfe7fb2cd24572dc [term 0 FOLLOWER]: Starting pre-election (no leader contacted us within the election timeout)
I20260709 12:09:14.093120   361 ts_tablet_manager.cc:1434] T 0d06ebeb0c59401abf97db06bbfb9c34 P 39504f686d2b481592340c1ada289059: Time spent starting tablet: real 0.020s	user 0.007s	sys 0.001s
I20260709 12:09:14.102768 32711 tablet_service.cc:1917] Received RequestConsensusVote() RPC: tablet_id: "ea2dfcf6a8a44ff5b3628fe7423911ae" candidate_uuid: "39504f686d2b481592340c1ada289059" candidate_term: 1 candidate_status { last_received { term: 0 index: 0 } } ignore_live_leader: false dest_uuid: "2a25a1c4feea48b8ad15dc4e8c11085e" is_pre_election: true
I20260709 12:09:14.106972   360 tablet_bootstrap.cc:492] T a769b6132323417a82ce9679a9b0546e P 2a25a1c4feea48b8ad15dc4e8c11085e: No bootstrap required, opened a new log
I20260709 12:09:14.107466   360 ts_tablet_manager.cc:1403] T a769b6132323417a82ce9679a9b0546e P 2a25a1c4feea48b8ad15dc4e8c11085e: Time spent bootstrapping tablet: real 0.207s	user 0.071s	sys 0.088s
W20260709 12:09:14.108364 32752 leader_election.cc:343] T ea2dfcf6a8a44ff5b3628fe7423911ae P 39504f686d2b481592340c1ada289059 [CANDIDATE]: Term 1 pre-election: Tablet error from VoteRequest() call to peer 2a25a1c4feea48b8ad15dc4e8c11085e (127.30.177.130:36349): Illegal state: must be running to vote when last-logged opid is not known
I20260709 12:09:14.102603   415 leader_election.cc:290] T 62c0b49b22b04a61a728a6fed9e5f4f9 P 940b8a50ec814b7fbfe7fb2cd24572dc [CANDIDATE]: Term 1 pre-election: Requested pre-vote from peers 2a25a1c4feea48b8ad15dc4e8c11085e (127.30.177.130:36349), 39504f686d2b481592340c1ada289059 (127.30.177.131:45907)
I20260709 12:09:14.109774   317 tablet_service.cc:1917] Received RequestConsensusVote() RPC: tablet_id: "62c0b49b22b04a61a728a6fed9e5f4f9" candidate_uuid: "940b8a50ec814b7fbfe7fb2cd24572dc" candidate_term: 1 candidate_status { last_received { term: 0 index: 0 } } ignore_live_leader: false dest_uuid: "39504f686d2b481592340c1ada289059" is_pre_election: true
I20260709 12:09:14.110113   360 raft_consensus.cc:359] T a769b6132323417a82ce9679a9b0546e P 2a25a1c4feea48b8ad15dc4e8c11085e [term 0 FOLLOWER]: Replica starting. Triggering 0 pending ops. Active config: opid_index: -1 OBSOLETE_local: false peers { permanent_uuid: "940b8a50ec814b7fbfe7fb2cd24572dc" member_type: VOTER last_known_addr { host: "127.30.177.129" port: 36215 } } peers { permanent_uuid: "2a25a1c4feea48b8ad15dc4e8c11085e" member_type: VOTER last_known_addr { host: "127.30.177.130" port: 36349 } } peers { permanent_uuid: "39504f686d2b481592340c1ada289059" member_type: VOTER last_known_addr { host: "127.30.177.131" port: 45907 } }
I20260709 12:09:14.110769   360 raft_consensus.cc:385] T a769b6132323417a82ce9679a9b0546e P 2a25a1c4feea48b8ad15dc4e8c11085e [term 0 FOLLOWER]: Consensus starting up: Expiring failure detector timer to make a prompt election more likely
I20260709 12:09:14.111080   488 raft_consensus.cc:697] T 58fe66efac9b44c585bf6916936bf7f2 P 940b8a50ec814b7fbfe7fb2cd24572dc [term 1 LEADER]: Becoming Leader. State: Replica: 940b8a50ec814b7fbfe7fb2cd24572dc, State: Running, Role: LEADER
I20260709 12:09:14.111377   318 tablet_service.cc:1917] Received RequestConsensusVote() RPC: tablet_id: "422308f10c464524953f624286508444" candidate_uuid: "940b8a50ec814b7fbfe7fb2cd24572dc" candidate_term: 1 candidate_status { last_received { term: 0 index: 0 } } ignore_live_leader: false dest_uuid: "39504f686d2b481592340c1ada289059"
W20260709 12:09:14.111454 32605 leader_election.cc:343] T 62c0b49b22b04a61a728a6fed9e5f4f9 P 940b8a50ec814b7fbfe7fb2cd24572dc [CANDIDATE]: Term 1 pre-election: Tablet error from VoteRequest() call to peer 39504f686d2b481592340c1ada289059 (127.30.177.131:45907): Illegal state: must be running to vote when last-logged opid is not known
I20260709 12:09:14.090049   370 leader_election.cc:290] T 422308f10c464524953f624286508444 P 940b8a50ec814b7fbfe7fb2cd24572dc [CANDIDATE]: Term 1 election: Requested vote from peers 2a25a1c4feea48b8ad15dc4e8c11085e (127.30.177.130:36349), 39504f686d2b481592340c1ada289059 (127.30.177.131:45907)
I20260709 12:09:14.111953   488 consensus_queue.cc:237] T 58fe66efac9b44c585bf6916936bf7f2 P 940b8a50ec814b7fbfe7fb2cd24572dc [LEADER]: Queue going to LEADER mode. State: All replicated index: 0, Majority replicated index: 0, Committed index: 0, Last appended: 0.0, Last appended by leader: 0, Current term: 1, Majority size: 2, State: 0, Mode: LEADER, active raft config: opid_index: -1 OBSOLETE_local: false peers { permanent_uuid: "940b8a50ec814b7fbfe7fb2cd24572dc" member_type: VOTER last_known_addr { host: "127.30.177.129" port: 36215 } } peers { permanent_uuid: "2a25a1c4feea48b8ad15dc4e8c11085e" member_type: VOTER last_known_addr { host: "127.30.177.130" port: 36349 } } peers { permanent_uuid: "39504f686d2b481592340c1ada289059" member_type: VOTER last_known_addr { host: "127.30.177.131" port: 45907 } }
I20260709 12:09:14.112424   491 raft_consensus.cc:515] T 655486906ebf4810a38729af6f426967 P 940b8a50ec814b7fbfe7fb2cd24572dc [term 0 FOLLOWER]: Starting pre-election with config: opid_index: -1 OBSOLETE_local: false peers { permanent_uuid: "940b8a50ec814b7fbfe7fb2cd24572dc" member_type: VOTER last_known_addr { host: "127.30.177.129" port: 36215 } } peers { permanent_uuid: "2a25a1c4feea48b8ad15dc4e8c11085e" member_type: VOTER last_known_addr { host: "127.30.177.130" port: 36349 } } peers { permanent_uuid: "39504f686d2b481592340c1ada289059" member_type: VOTER last_known_addr { host: "127.30.177.131" port: 45907 } }
W20260709 12:09:14.112798 32754 leader_election.cc:343] T ea2dfcf6a8a44ff5b3628fe7423911ae P 39504f686d2b481592340c1ada289059 [CANDIDATE]: Term 1 pre-election: Tablet error from VoteRequest() call to peer 940b8a50ec814b7fbfe7fb2cd24572dc (127.30.177.129:36215): Illegal state: must be running to vote when last-logged opid is not known
I20260709 12:09:14.113442   361 tablet_bootstrap.cc:492] T 62c0b49b22b04a61a728a6fed9e5f4f9 P 39504f686d2b481592340c1ada289059: Bootstrap starting.
I20260709 12:09:14.113225 32754 leader_election.cc:304] T ea2dfcf6a8a44ff5b3628fe7423911ae P 39504f686d2b481592340c1ada289059 [CANDIDATE]: Term 1 pre-election: Election decided. Result: candidate lost. Election summary: received 3 responses out of 3 voters: 1 yes votes; 2 no votes. yes voters: 39504f686d2b481592340c1ada289059; no voters: 2a25a1c4feea48b8ad15dc4e8c11085e, 940b8a50ec814b7fbfe7fb2cd24572dc
I20260709 12:09:14.111958   318 raft_consensus.cc:3060] T 422308f10c464524953f624286508444 P 39504f686d2b481592340c1ada289059 [term 0 FOLLOWER]: Advancing to term 1
I20260709 12:09:14.114813   403 raft_consensus.cc:2749] T ea2dfcf6a8a44ff5b3628fe7423911ae P 39504f686d2b481592340c1ada289059 [term 0 FOLLOWER]: Leader pre-election lost for term 1. Reason: could not achieve majority
I20260709 12:09:14.111059   360 raft_consensus.cc:740] T a769b6132323417a82ce9679a9b0546e P 2a25a1c4feea48b8ad15dc4e8c11085e [term 0 FOLLOWER]: Becoming Follower/Learner. State: Replica: 2a25a1c4feea48b8ad15dc4e8c11085e, State: Initialized, Role: FOLLOWER
I20260709 12:09:14.117988   363 raft_consensus.cc:359] T d973b58003c748bdbf3c1781e65f09ea P 940b8a50ec814b7fbfe7fb2cd24572dc [term 0 FOLLOWER]: Replica starting. Triggering 0 pending ops. Active config: opid_index: -1 OBSOLETE_local: false peers { permanent_uuid: "940b8a50ec814b7fbfe7fb2cd24572dc" member_type: VOTER last_known_addr { host: "127.30.177.129" port: 36215 } } peers { permanent_uuid: "2a25a1c4feea48b8ad15dc4e8c11085e" member_type: VOTER last_known_addr { host: "127.30.177.130" port: 36349 } } peers { permanent_uuid: "39504f686d2b481592340c1ada289059" member_type: VOTER last_known_addr { host: "127.30.177.131" port: 45907 } }
I20260709 12:09:14.118673   363 raft_consensus.cc:385] T d973b58003c748bdbf3c1781e65f09ea P 940b8a50ec814b7fbfe7fb2cd24572dc [term 0 FOLLOWER]: Consensus starting up: Expiring failure detector timer to make a prompt election more likely
I20260709 12:09:14.119009   363 raft_consensus.cc:740] T d973b58003c748bdbf3c1781e65f09ea P 940b8a50ec814b7fbfe7fb2cd24572dc [term 0 FOLLOWER]: Becoming Follower/Learner. State: Replica: 940b8a50ec814b7fbfe7fb2cd24572dc, State: Initialized, Role: FOLLOWER
I20260709 12:09:14.118920   360 consensus_queue.cc:260] T a769b6132323417a82ce9679a9b0546e P 2a25a1c4feea48b8ad15dc4e8c11085e [NON_LEADER]: Queue going to NON_LEADER mode. State: All replicated index: 0, Majority replicated index: 0, Committed index: 0, Last appended: 0.0, Last appended by leader: 0, Current term: 0, Majority size: -1, State: 0, Mode: NON_LEADER, active raft config: opid_index: -1 OBSOLETE_local: false peers { permanent_uuid: "940b8a50ec814b7fbfe7fb2cd24572dc" member_type: VOTER last_known_addr { host: "127.30.177.129" port: 36215 } } peers { permanent_uuid: "2a25a1c4feea48b8ad15dc4e8c11085e" member_type: VOTER last_known_addr { host: "127.30.177.130" port: 36349 } } peers { permanent_uuid: "39504f686d2b481592340c1ada289059" member_type: VOTER last_known_addr { host: "127.30.177.131" port: 45907 } }
I20260709 12:09:14.119700   363 consensus_queue.cc:260] T d973b58003c748bdbf3c1781e65f09ea P 940b8a50ec814b7fbfe7fb2cd24572dc [NON_LEADER]: Queue going to NON_LEADER mode. State: All replicated index: 0, Majority replicated index: 0, Committed index: 0, Last appended: 0.0, Last appended by leader: 0, Current term: 0, Majority size: -1, State: 0, Mode: NON_LEADER, active raft config: opid_index: -1 OBSOLETE_local: false peers { permanent_uuid: "940b8a50ec814b7fbfe7fb2cd24572dc" member_type: VOTER last_known_addr { host: "127.30.177.129" port: 36215 } } peers { permanent_uuid: "2a25a1c4feea48b8ad15dc4e8c11085e" member_type: VOTER last_known_addr { host: "127.30.177.130" port: 36349 } } peers { permanent_uuid: "39504f686d2b481592340c1ada289059" member_type: VOTER last_known_addr { host: "127.30.177.131" port: 45907 } }
I20260709 12:09:14.121860   363 ts_tablet_manager.cc:1434] T d973b58003c748bdbf3c1781e65f09ea P 940b8a50ec814b7fbfe7fb2cd24572dc: Time spent starting tablet: real 0.043s	user 0.007s	sys 0.001s
I20260709 12:09:14.122785   363 tablet_bootstrap.cc:492] T 541691ac9ec244409357dffec5e0a1fd P 940b8a50ec814b7fbfe7fb2cd24572dc: Bootstrap starting.
I20260709 12:09:14.121690   320 tablet_service.cc:1917] Received RequestConsensusVote() RPC: tablet_id: "0d06ebeb0c59401abf97db06bbfb9c34" candidate_uuid: "2a25a1c4feea48b8ad15dc4e8c11085e" candidate_term: 1 candidate_status { last_received { term: 0 index: 0 } } ignore_live_leader: false dest_uuid: "39504f686d2b481592340c1ada289059"
I20260709 12:09:14.123363   320 raft_consensus.cc:3060] T 0d06ebeb0c59401abf97db06bbfb9c34 P 39504f686d2b481592340c1ada289059 [term 0 FOLLOWER]: Advancing to term 1
I20260709 12:09:14.124643   318 raft_consensus.cc:2468] T 422308f10c464524953f624286508444 P 39504f686d2b481592340c1ada289059 [term 1 FOLLOWER]: Leader election vote request: Granting yes vote for candidate 940b8a50ec814b7fbfe7fb2cd24572dc in term 1.
I20260709 12:09:14.118666   491 leader_election.cc:290] T 655486906ebf4810a38729af6f426967 P 940b8a50ec814b7fbfe7fb2cd24572dc [CANDIDATE]: Term 1 pre-election: Requested pre-vote from peers 2a25a1c4feea48b8ad15dc4e8c11085e (127.30.177.130:36349), 39504f686d2b481592340c1ada289059 (127.30.177.131:45907)
I20260709 12:09:14.120193   317 tablet_service.cc:1917] Received RequestConsensusVote() RPC: tablet_id: "655486906ebf4810a38729af6f426967" candidate_uuid: "940b8a50ec814b7fbfe7fb2cd24572dc" candidate_term: 1 candidate_status { last_received { term: 0 index: 0 } } ignore_live_leader: false dest_uuid: "39504f686d2b481592340c1ada289059" is_pre_election: true
I20260709 12:09:14.126767 32605 leader_election.cc:304] T 422308f10c464524953f624286508444 P 940b8a50ec814b7fbfe7fb2cd24572dc [CANDIDATE]: Term 1 election: Election decided. Result: candidate won. Election summary: received 2 responses out of 3 voters: 2 yes votes; 0 no votes. yes voters: 39504f686d2b481592340c1ada289059, 940b8a50ec814b7fbfe7fb2cd24572dc; no voters: 
I20260709 12:09:14.129364   415 raft_consensus.cc:2804] T 422308f10c464524953f624286508444 P 940b8a50ec814b7fbfe7fb2cd24572dc [term 1 FOLLOWER]: Leader election won for term 1
I20260709 12:09:14.129799   360 ts_tablet_manager.cc:1434] T a769b6132323417a82ce9679a9b0546e P 2a25a1c4feea48b8ad15dc4e8c11085e: Time spent starting tablet: real 0.022s	user 0.007s	sys 0.000s
I20260709 12:09:14.130815   360 tablet_bootstrap.cc:492] T cd48f993df2e46f593fab05151484f16 P 2a25a1c4feea48b8ad15dc4e8c11085e: Bootstrap starting.
I20260709 12:09:14.135465 32711 tablet_service.cc:1917] Received RequestConsensusVote() RPC: tablet_id: "58fe66efac9b44c585bf6916936bf7f2" candidate_uuid: "940b8a50ec814b7fbfe7fb2cd24572dc" candidate_term: 1 candidate_status { last_received { term: 0 index: 0 } } ignore_live_leader: false dest_uuid: "2a25a1c4feea48b8ad15dc4e8c11085e" is_pre_election: true
I20260709 12:09:14.140318 32711 tablet_service.cc:1917] Received RequestConsensusVote() RPC: tablet_id: "58fe66efac9b44c585bf6916936bf7f2" candidate_uuid: "940b8a50ec814b7fbfe7fb2cd24572dc" candidate_term: 1 candidate_status { last_received { term: 0 index: 0 } } ignore_live_leader: false dest_uuid: "2a25a1c4feea48b8ad15dc4e8c11085e"
I20260709 12:09:14.141713 32711 tablet_service.cc:1917] Received RequestConsensusVote() RPC: tablet_id: "422308f10c464524953f624286508444" candidate_uuid: "940b8a50ec814b7fbfe7fb2cd24572dc" candidate_term: 1 candidate_status { last_received { term: 0 index: 0 } } ignore_live_leader: false dest_uuid: "2a25a1c4feea48b8ad15dc4e8c11085e"
I20260709 12:09:14.142346 32711 raft_consensus.cc:3060] T 422308f10c464524953f624286508444 P 2a25a1c4feea48b8ad15dc4e8c11085e [term 0 FOLLOWER]: Advancing to term 1
I20260709 12:09:14.145040   403 consensus_queue.cc:1048] T 89e8a9cbf45d449abf6fd98354009aff P 39504f686d2b481592340c1ada289059 [LEADER]: Connected to new peer: Peer: permanent_uuid: "940b8a50ec814b7fbfe7fb2cd24572dc" member_type: VOTER last_known_addr { host: "127.30.177.129" port: 36215 }, Status: LMP_MISMATCH, Last received: 0.0, Next index: 1, Last known committed idx: 0, Time since last communication: 0.000s
I20260709 12:09:14.159061   320 raft_consensus.cc:2468] T 0d06ebeb0c59401abf97db06bbfb9c34 P 39504f686d2b481592340c1ada289059 [term 1 FOLLOWER]: Leader election vote request: Granting yes vote for candidate 2a25a1c4feea48b8ad15dc4e8c11085e in term 1.
I20260709 12:09:14.159231   364 consensus_queue.cc:1048] T 92775c4d950942b88406960154ee897f P 39504f686d2b481592340c1ada289059 [LEADER]: Connected to new peer: Peer: permanent_uuid: "2a25a1c4feea48b8ad15dc4e8c11085e" member_type: VOTER last_known_addr { host: "127.30.177.130" port: 36349 }, Status: LMP_MISMATCH, Last received: 0.0, Next index: 1, Last known committed idx: 0, Time since last communication: 0.001s
I20260709 12:09:14.160274   363 tablet_bootstrap.cc:654] T 541691ac9ec244409357dffec5e0a1fd P 940b8a50ec814b7fbfe7fb2cd24572dc: Neither blocks nor log segments found. Creating new log.
I20260709 12:09:14.160043 32714 tablet_service.cc:1917] Received RequestConsensusVote() RPC: tablet_id: "62c0b49b22b04a61a728a6fed9e5f4f9" candidate_uuid: "940b8a50ec814b7fbfe7fb2cd24572dc" candidate_term: 1 candidate_status { last_received { term: 0 index: 0 } } ignore_live_leader: false dest_uuid: "2a25a1c4feea48b8ad15dc4e8c11085e" is_pre_election: true
I20260709 12:09:14.161104 32713 tablet_service.cc:1917] Received RequestConsensusVote() RPC: tablet_id: "655486906ebf4810a38729af6f426967" candidate_uuid: "940b8a50ec814b7fbfe7fb2cd24572dc" candidate_term: 1 candidate_status { last_received { term: 0 index: 0 } } ignore_live_leader: false dest_uuid: "2a25a1c4feea48b8ad15dc4e8c11085e" is_pre_election: true
I20260709 12:09:14.169283   415 raft_consensus.cc:697] T 422308f10c464524953f624286508444 P 940b8a50ec814b7fbfe7fb2cd24572dc [term 1 LEADER]: Becoming Leader. State: Replica: 940b8a50ec814b7fbfe7fb2cd24572dc, State: Running, Role: LEADER
W20260709 12:09:14.177690 32605 leader_election.cc:343] T 655486906ebf4810a38729af6f426967 P 940b8a50ec814b7fbfe7fb2cd24572dc [CANDIDATE]: Term 1 pre-election: Tablet error from VoteRequest() call to peer 39504f686d2b481592340c1ada289059 (127.30.177.131:45907): Illegal state: must be running to vote when last-logged opid is not known
I20260709 12:09:14.179579   415 consensus_queue.cc:237] T 422308f10c464524953f624286508444 P 940b8a50ec814b7fbfe7fb2cd24572dc [LEADER]: Queue going to LEADER mode. State: All replicated index: 0, Majority replicated index: 0, Committed index: 0, Last appended: 0.0, Last appended by leader: 0, Current term: 1, Majority size: 2, State: 0, Mode: LEADER, active raft config: opid_index: -1 OBSOLETE_local: false peers { permanent_uuid: "940b8a50ec814b7fbfe7fb2cd24572dc" member_type: VOTER last_known_addr { host: "127.30.177.129" port: 36215 } } peers { permanent_uuid: "2a25a1c4feea48b8ad15dc4e8c11085e" member_type: VOTER last_known_addr { host: "127.30.177.130" port: 36349 } } peers { permanent_uuid: "39504f686d2b481592340c1ada289059" member_type: VOTER last_known_addr { host: "127.30.177.131" port: 45907 } }
I20260709 12:09:14.195394   361 tablet_bootstrap.cc:654] T 62c0b49b22b04a61a728a6fed9e5f4f9 P 39504f686d2b481592340c1ada289059: Neither blocks nor log segments found. Creating new log.
I20260709 12:09:14.199772   363 tablet_bootstrap.cc:492] T 541691ac9ec244409357dffec5e0a1fd P 940b8a50ec814b7fbfe7fb2cd24572dc: No bootstrap required, opened a new log
I20260709 12:09:14.200270   363 ts_tablet_manager.cc:1403] T 541691ac9ec244409357dffec5e0a1fd P 940b8a50ec814b7fbfe7fb2cd24572dc: Time spent bootstrapping tablet: real 0.078s	user 0.006s	sys 0.005s
I20260709 12:09:14.201248   360 tablet_bootstrap.cc:654] T cd48f993df2e46f593fab05151484f16 P 2a25a1c4feea48b8ad15dc4e8c11085e: Neither blocks nor log segments found. Creating new log.
I20260709 12:09:14.206077 32711 raft_consensus.cc:2468] T 422308f10c464524953f624286508444 P 2a25a1c4feea48b8ad15dc4e8c11085e [term 1 FOLLOWER]: Leader election vote request: Granting yes vote for candidate 940b8a50ec814b7fbfe7fb2cd24572dc in term 1.
I20260709 12:09:14.207798   363 raft_consensus.cc:359] T 541691ac9ec244409357dffec5e0a1fd P 940b8a50ec814b7fbfe7fb2cd24572dc [term 0 FOLLOWER]: Replica starting. Triggering 0 pending ops. Active config: opid_index: -1 OBSOLETE_local: false peers { permanent_uuid: "940b8a50ec814b7fbfe7fb2cd24572dc" member_type: VOTER last_known_addr { host: "127.30.177.129" port: 36215 } } peers { permanent_uuid: "2a25a1c4feea48b8ad15dc4e8c11085e" member_type: VOTER last_known_addr { host: "127.30.177.130" port: 36349 } } peers { permanent_uuid: "39504f686d2b481592340c1ada289059" member_type: VOTER last_known_addr { host: "127.30.177.131" port: 45907 } }
I20260709 12:09:14.208709   363 raft_consensus.cc:385] T 541691ac9ec244409357dffec5e0a1fd P 940b8a50ec814b7fbfe7fb2cd24572dc [term 0 FOLLOWER]: Consensus starting up: Expiring failure detector timer to make a prompt election more likely
I20260709 12:09:14.209091   363 raft_consensus.cc:740] T 541691ac9ec244409357dffec5e0a1fd P 940b8a50ec814b7fbfe7fb2cd24572dc [term 0 FOLLOWER]: Becoming Follower/Learner. State: Replica: 940b8a50ec814b7fbfe7fb2cd24572dc, State: Initialized, Role: FOLLOWER
W20260709 12:09:14.213809 32603 leader_election.cc:343] T 58fe66efac9b44c585bf6916936bf7f2 P 940b8a50ec814b7fbfe7fb2cd24572dc [CANDIDATE]: Term 1 pre-election: Tablet error from VoteRequest() call to peer 2a25a1c4feea48b8ad15dc4e8c11085e (127.30.177.130:36349): Illegal state: must be running to vote when last-logged opid is not known
W20260709 12:09:14.214836 32603 leader_election.cc:343] T 58fe66efac9b44c585bf6916936bf7f2 P 940b8a50ec814b7fbfe7fb2cd24572dc [CANDIDATE]: Term 1 election: Tablet error from VoteRequest() call to peer 2a25a1c4feea48b8ad15dc4e8c11085e (127.30.177.130:36349): Illegal state: must be running to vote when last-logged opid is not known
W20260709 12:09:14.215706 32603 leader_election.cc:343] T 62c0b49b22b04a61a728a6fed9e5f4f9 P 940b8a50ec814b7fbfe7fb2cd24572dc [CANDIDATE]: Term 1 pre-election: Tablet error from VoteRequest() call to peer 2a25a1c4feea48b8ad15dc4e8c11085e (127.30.177.130:36349): Illegal state: must be running to vote when last-logged opid is not known
I20260709 12:09:14.216089 32603 leader_election.cc:304] T 62c0b49b22b04a61a728a6fed9e5f4f9 P 940b8a50ec814b7fbfe7fb2cd24572dc [CANDIDATE]: Term 1 pre-election: Election decided. Result: candidate lost. Election summary: received 3 responses out of 3 voters: 1 yes votes; 2 no votes. yes voters: 940b8a50ec814b7fbfe7fb2cd24572dc; no voters: 2a25a1c4feea48b8ad15dc4e8c11085e, 39504f686d2b481592340c1ada289059
W20260709 12:09:14.217182 32603 leader_election.cc:343] T 655486906ebf4810a38729af6f426967 P 940b8a50ec814b7fbfe7fb2cd24572dc [CANDIDATE]: Term 1 pre-election: Tablet error from VoteRequest() call to peer 2a25a1c4feea48b8ad15dc4e8c11085e (127.30.177.130:36349): Illegal state: must be running to vote when last-logged opid is not known
I20260709 12:09:14.218278   361 tablet_bootstrap.cc:492] T 62c0b49b22b04a61a728a6fed9e5f4f9 P 39504f686d2b481592340c1ada289059: No bootstrap required, opened a new log
I20260709 12:09:14.218708   361 ts_tablet_manager.cc:1403] T 62c0b49b22b04a61a728a6fed9e5f4f9 P 39504f686d2b481592340c1ada289059: Time spent bootstrapping tablet: real 0.105s	user 0.012s	sys 0.001s
I20260709 12:09:14.219370   363 consensus_queue.cc:260] T 541691ac9ec244409357dffec5e0a1fd P 940b8a50ec814b7fbfe7fb2cd24572dc [NON_LEADER]: Queue going to NON_LEADER mode. State: All replicated index: 0, Majority replicated index: 0, Committed index: 0, Last appended: 0.0, Last appended by leader: 0, Current term: 0, Majority size: -1, State: 0, Mode: NON_LEADER, active raft config: opid_index: -1 OBSOLETE_local: false peers { permanent_uuid: "940b8a50ec814b7fbfe7fb2cd24572dc" member_type: VOTER last_known_addr { host: "127.30.177.129" port: 36215 } } peers { permanent_uuid: "2a25a1c4feea48b8ad15dc4e8c11085e" member_type: VOTER last_known_addr { host: "127.30.177.130" port: 36349 } } peers { permanent_uuid: "39504f686d2b481592340c1ada289059" member_type: VOTER last_known_addr { host: "127.30.177.131" port: 45907 } }
I20260709 12:09:14.221719 32603 leader_election.cc:304] T 655486906ebf4810a38729af6f426967 P 940b8a50ec814b7fbfe7fb2cd24572dc [CANDIDATE]: Term 1 pre-election: Election decided. Result: candidate lost. Election summary: received 3 responses out of 3 voters: 1 yes votes; 2 no votes. yes voters: 940b8a50ec814b7fbfe7fb2cd24572dc; no voters: 2a25a1c4feea48b8ad15dc4e8c11085e, 39504f686d2b481592340c1ada289059
I20260709 12:09:14.222710   415 raft_consensus.cc:2749] T 62c0b49b22b04a61a728a6fed9e5f4f9 P 940b8a50ec814b7fbfe7fb2cd24572dc [term 0 FOLLOWER]: Leader pre-election lost for term 1. Reason: could not achieve majority
I20260709 12:09:14.226681   402 consensus_queue.cc:1048] T 89e8a9cbf45d449abf6fd98354009aff P 39504f686d2b481592340c1ada289059 [LEADER]: Connected to new peer: Peer: permanent_uuid: "2a25a1c4feea48b8ad15dc4e8c11085e" member_type: VOTER last_known_addr { host: "127.30.177.130" port: 36349 }, Status: LMP_MISMATCH, Last received: 0.0, Next index: 1, Last known committed idx: 0, Time since last communication: 0.000s
I20260709 12:09:14.226631   361 raft_consensus.cc:359] T 62c0b49b22b04a61a728a6fed9e5f4f9 P 39504f686d2b481592340c1ada289059 [term 0 FOLLOWER]: Replica starting. Triggering 0 pending ops. Active config: opid_index: -1 OBSOLETE_local: false peers { permanent_uuid: "940b8a50ec814b7fbfe7fb2cd24572dc" member_type: VOTER last_known_addr { host: "127.30.177.129" port: 36215 } } peers { permanent_uuid: "2a25a1c4feea48b8ad15dc4e8c11085e" member_type: VOTER last_known_addr { host: "127.30.177.130" port: 36349 } } peers { permanent_uuid: "39504f686d2b481592340c1ada289059" member_type: VOTER last_known_addr { host: "127.30.177.131" port: 45907 } }
I20260709 12:09:14.227407   361 raft_consensus.cc:385] T 62c0b49b22b04a61a728a6fed9e5f4f9 P 39504f686d2b481592340c1ada289059 [term 0 FOLLOWER]: Consensus starting up: Expiring failure detector timer to make a prompt election more likely
I20260709 12:09:14.227659   361 raft_consensus.cc:740] T 62c0b49b22b04a61a728a6fed9e5f4f9 P 39504f686d2b481592340c1ada289059 [term 0 FOLLOWER]: Becoming Follower/Learner. State: Replica: 39504f686d2b481592340c1ada289059, State: Initialized, Role: FOLLOWER
I20260709 12:09:14.228226   361 consensus_queue.cc:260] T 62c0b49b22b04a61a728a6fed9e5f4f9 P 39504f686d2b481592340c1ada289059 [NON_LEADER]: Queue going to NON_LEADER mode. State: All replicated index: 0, Majority replicated index: 0, Committed index: 0, Last appended: 0.0, Last appended by leader: 0, Current term: 0, Majority size: -1, State: 0, Mode: NON_LEADER, active raft config: opid_index: -1 OBSOLETE_local: false peers { permanent_uuid: "940b8a50ec814b7fbfe7fb2cd24572dc" member_type: VOTER last_known_addr { host: "127.30.177.129" port: 36215 } } peers { permanent_uuid: "2a25a1c4feea48b8ad15dc4e8c11085e" member_type: VOTER last_known_addr { host: "127.30.177.130" port: 36349 } } peers { permanent_uuid: "39504f686d2b481592340c1ada289059" member_type: VOTER last_known_addr { host: "127.30.177.131" port: 45907 } }
I20260709 12:09:14.230190   361 ts_tablet_manager.cc:1434] T 62c0b49b22b04a61a728a6fed9e5f4f9 P 39504f686d2b481592340c1ada289059: Time spent starting tablet: real 0.011s	user 0.003s	sys 0.000s
I20260709 12:09:14.232152   363 ts_tablet_manager.cc:1434] T 541691ac9ec244409357dffec5e0a1fd P 940b8a50ec814b7fbfe7fb2cd24572dc: Time spent starting tablet: real 0.032s	user 0.007s	sys 0.000s
I20260709 12:09:14.234073   363 tablet_bootstrap.cc:492] T ea2dfcf6a8a44ff5b3628fe7423911ae P 940b8a50ec814b7fbfe7fb2cd24572dc: Bootstrap starting.
I20260709 12:09:14.233788 32534 catalog_manager.cc:5697] T 58fe66efac9b44c585bf6916936bf7f2 P 940b8a50ec814b7fbfe7fb2cd24572dc reported cstate change: term changed from 0 to 1, leader changed from <none> to 940b8a50ec814b7fbfe7fb2cd24572dc (127.30.177.129). New cstate: current_term: 1 leader_uuid: "940b8a50ec814b7fbfe7fb2cd24572dc" committed_config { opid_index: -1 OBSOLETE_local: false peers { permanent_uuid: "940b8a50ec814b7fbfe7fb2cd24572dc" member_type: VOTER last_known_addr { host: "127.30.177.129" port: 36215 } health_report { overall_health: HEALTHY } } peers { permanent_uuid: "2a25a1c4feea48b8ad15dc4e8c11085e" member_type: VOTER last_known_addr { host: "127.30.177.130" port: 36349 } health_report { overall_health: UNKNOWN } } peers { permanent_uuid: "39504f686d2b481592340c1ada289059" member_type: VOTER last_known_addr { host: "127.30.177.131" port: 45907 } health_report { overall_health: UNKNOWN } } }
I20260709 12:09:14.234709   488 raft_consensus.cc:2749] T 655486906ebf4810a38729af6f426967 P 940b8a50ec814b7fbfe7fb2cd24572dc [term 0 FOLLOWER]: Leader pre-election lost for term 1. Reason: could not achieve majority
I20260709 12:09:14.235826   488 raft_consensus.cc:493] T d973b58003c748bdbf3c1781e65f09ea P 940b8a50ec814b7fbfe7fb2cd24572dc [term 0 FOLLOWER]: Starting pre-election (no leader contacted us within the election timeout)
I20260709 12:09:14.236305   488 raft_consensus.cc:515] T d973b58003c748bdbf3c1781e65f09ea P 940b8a50ec814b7fbfe7fb2cd24572dc [term 0 FOLLOWER]: Starting pre-election with config: opid_index: -1 OBSOLETE_local: false peers { permanent_uuid: "940b8a50ec814b7fbfe7fb2cd24572dc" member_type: VOTER last_known_addr { host: "127.30.177.129" port: 36215 } } peers { permanent_uuid: "2a25a1c4feea48b8ad15dc4e8c11085e" member_type: VOTER last_known_addr { host: "127.30.177.130" port: 36349 } } peers { permanent_uuid: "39504f686d2b481592340c1ada289059" member_type: VOTER last_known_addr { host: "127.30.177.131" port: 45907 } }
I20260709 12:09:14.240080   488 leader_election.cc:290] T d973b58003c748bdbf3c1781e65f09ea P 940b8a50ec814b7fbfe7fb2cd24572dc [CANDIDATE]: Term 1 pre-election: Requested pre-vote from peers 2a25a1c4feea48b8ad15dc4e8c11085e (127.30.177.130:36349), 39504f686d2b481592340c1ada289059 (127.30.177.131:45907)
I20260709 12:09:14.241737   317 tablet_service.cc:1917] Received RequestConsensusVote() RPC: tablet_id: "d973b58003c748bdbf3c1781e65f09ea" candidate_uuid: "940b8a50ec814b7fbfe7fb2cd24572dc" candidate_term: 1 candidate_status { last_received { term: 0 index: 0 } } ignore_live_leader: false dest_uuid: "39504f686d2b481592340c1ada289059" is_pre_election: true
W20260709 12:09:14.243882 32605 leader_election.cc:343] T d973b58003c748bdbf3c1781e65f09ea P 940b8a50ec814b7fbfe7fb2cd24572dc [CANDIDATE]: Term 1 pre-election: Tablet error from VoteRequest() call to peer 39504f686d2b481592340c1ada289059 (127.30.177.131:45907): Illegal state: must be running to vote when last-logged opid is not known
I20260709 12:09:14.245657   363 tablet_bootstrap.cc:654] T ea2dfcf6a8a44ff5b3628fe7423911ae P 940b8a50ec814b7fbfe7fb2cd24572dc: Neither blocks nor log segments found. Creating new log.
I20260709 12:09:14.241755 32534 catalog_manager.cc:5697] T 422308f10c464524953f624286508444 P 940b8a50ec814b7fbfe7fb2cd24572dc reported cstate change: term changed from 0 to 1, leader changed from <none> to 940b8a50ec814b7fbfe7fb2cd24572dc (127.30.177.129). New cstate: current_term: 1 leader_uuid: "940b8a50ec814b7fbfe7fb2cd24572dc" committed_config { opid_index: -1 OBSOLETE_local: false peers { permanent_uuid: "940b8a50ec814b7fbfe7fb2cd24572dc" member_type: VOTER last_known_addr { host: "127.30.177.129" port: 36215 } health_report { overall_health: HEALTHY } } peers { permanent_uuid: "2a25a1c4feea48b8ad15dc4e8c11085e" member_type: VOTER last_known_addr { host: "127.30.177.130" port: 36349 } health_report { overall_health: UNKNOWN } } peers { permanent_uuid: "39504f686d2b481592340c1ada289059" member_type: VOTER last_known_addr { host: "127.30.177.131" port: 45907 } health_report { overall_health: UNKNOWN } } }
I20260709 12:09:14.263760   363 tablet_bootstrap.cc:492] T ea2dfcf6a8a44ff5b3628fe7423911ae P 940b8a50ec814b7fbfe7fb2cd24572dc: No bootstrap required, opened a new log
I20260709 12:09:14.265188   363 ts_tablet_manager.cc:1403] T ea2dfcf6a8a44ff5b3628fe7423911ae P 940b8a50ec814b7fbfe7fb2cd24572dc: Time spent bootstrapping tablet: real 0.031s	user 0.010s	sys 0.002s
I20260709 12:09:14.268091 32714 tablet_service.cc:1917] Received RequestConsensusVote() RPC: tablet_id: "d973b58003c748bdbf3c1781e65f09ea" candidate_uuid: "940b8a50ec814b7fbfe7fb2cd24572dc" candidate_term: 1 candidate_status { last_received { term: 0 index: 0 } } ignore_live_leader: false dest_uuid: "2a25a1c4feea48b8ad15dc4e8c11085e" is_pre_election: true
I20260709 12:09:14.269829   361 tablet_bootstrap.cc:492] T 655486906ebf4810a38729af6f426967 P 39504f686d2b481592340c1ada289059: Bootstrap starting.
I20260709 12:09:14.274588   532 consensus_queue.cc:1048] T 5c548359e8774e9f968f57a6672a136a P 2a25a1c4feea48b8ad15dc4e8c11085e [LEADER]: Connected to new peer: Peer: permanent_uuid: "940b8a50ec814b7fbfe7fb2cd24572dc" member_type: VOTER last_known_addr { host: "127.30.177.129" port: 36215 }, Status: LMP_MISMATCH, Last received: 0.0, Next index: 1, Last known committed idx: 0, Time since last communication: 0.001s
I20260709 12:09:14.276561   532 consensus_queue.cc:1048] T 6b0b2525822248f9b0935e8e633cab3e P 2a25a1c4feea48b8ad15dc4e8c11085e [LEADER]: Connected to new peer: Peer: permanent_uuid: "940b8a50ec814b7fbfe7fb2cd24572dc" member_type: VOTER last_known_addr { host: "127.30.177.129" port: 36215 }, Status: LMP_MISMATCH, Last received: 0.0, Next index: 1, Last known committed idx: 0, Time since last communication: 0.000s
I20260709 12:09:14.264271   415 consensus_queue.cc:1048] T f161feb8d5f141ae85827659f2dbfc5f P 940b8a50ec814b7fbfe7fb2cd24572dc [LEADER]: Connected to new peer: Peer: permanent_uuid: "2a25a1c4feea48b8ad15dc4e8c11085e" member_type: VOTER last_known_addr { host: "127.30.177.130" port: 36349 }, Status: LMP_MISMATCH, Last received: 0.0, Next index: 1, Last known committed idx: 0, Time since last communication: 0.001s
I20260709 12:09:14.269534   363 raft_consensus.cc:359] T ea2dfcf6a8a44ff5b3628fe7423911ae P 940b8a50ec814b7fbfe7fb2cd24572dc [term 0 FOLLOWER]: Replica starting. Triggering 0 pending ops. Active config: opid_index: -1 OBSOLETE_local: false peers { permanent_uuid: "940b8a50ec814b7fbfe7fb2cd24572dc" member_type: VOTER last_known_addr { host: "127.30.177.129" port: 36215 } } peers { permanent_uuid: "2a25a1c4feea48b8ad15dc4e8c11085e" member_type: VOTER last_known_addr { host: "127.30.177.130" port: 36349 } } peers { permanent_uuid: "39504f686d2b481592340c1ada289059" member_type: VOTER last_known_addr { host: "127.30.177.131" port: 45907 } }
I20260709 12:09:14.266855   360 tablet_bootstrap.cc:492] T cd48f993df2e46f593fab05151484f16 P 2a25a1c4feea48b8ad15dc4e8c11085e: No bootstrap required, opened a new log
I20260709 12:09:14.279614   360 ts_tablet_manager.cc:1403] T cd48f993df2e46f593fab05151484f16 P 2a25a1c4feea48b8ad15dc4e8c11085e: Time spent bootstrapping tablet: real 0.149s	user 0.017s	sys 0.005s
W20260709 12:09:14.271131 32603 leader_election.cc:343] T d973b58003c748bdbf3c1781e65f09ea P 940b8a50ec814b7fbfe7fb2cd24572dc [CANDIDATE]: Term 1 pre-election: Tablet error from VoteRequest() call to peer 2a25a1c4feea48b8ad15dc4e8c11085e (127.30.177.130:36349): Illegal state: must be running to vote when last-logged opid is not known
I20260709 12:09:14.281602 32603 leader_election.cc:304] T d973b58003c748bdbf3c1781e65f09ea P 940b8a50ec814b7fbfe7fb2cd24572dc [CANDIDATE]: Term 1 pre-election: Election decided. Result: candidate lost. Election summary: received 3 responses out of 3 voters: 1 yes votes; 2 no votes. yes voters: 940b8a50ec814b7fbfe7fb2cd24572dc; no voters: 2a25a1c4feea48b8ad15dc4e8c11085e, 39504f686d2b481592340c1ada289059
I20260709 12:09:14.282035   363 raft_consensus.cc:385] T ea2dfcf6a8a44ff5b3628fe7423911ae P 940b8a50ec814b7fbfe7fb2cd24572dc [term 0 FOLLOWER]: Consensus starting up: Expiring failure detector timer to make a prompt election more likely
I20260709 12:09:14.282370   363 raft_consensus.cc:740] T ea2dfcf6a8a44ff5b3628fe7423911ae P 940b8a50ec814b7fbfe7fb2cd24572dc [term 0 FOLLOWER]: Becoming Follower/Learner. State: Replica: 940b8a50ec814b7fbfe7fb2cd24572dc, State: Initialized, Role: FOLLOWER
I20260709 12:09:14.282946   370 raft_consensus.cc:2749] T d973b58003c748bdbf3c1781e65f09ea P 940b8a50ec814b7fbfe7fb2cd24572dc [term 0 FOLLOWER]: Leader pre-election lost for term 1. Reason: could not achieve majority
I20260709 12:09:14.283164   363 consensus_queue.cc:260] T ea2dfcf6a8a44ff5b3628fe7423911ae P 940b8a50ec814b7fbfe7fb2cd24572dc [NON_LEADER]: Queue going to NON_LEADER mode. State: All replicated index: 0, Majority replicated index: 0, Committed index: 0, Last appended: 0.0, Last appended by leader: 0, Current term: 0, Majority size: -1, State: 0, Mode: NON_LEADER, active raft config: opid_index: -1 OBSOLETE_local: false peers { permanent_uuid: "940b8a50ec814b7fbfe7fb2cd24572dc" member_type: VOTER last_known_addr { host: "127.30.177.129" port: 36215 } } peers { permanent_uuid: "2a25a1c4feea48b8ad15dc4e8c11085e" member_type: VOTER last_known_addr { host: "127.30.177.130" port: 36349 } } peers { permanent_uuid: "39504f686d2b481592340c1ada289059" member_type: VOTER last_known_addr { host: "127.30.177.131" port: 45907 } }
