I20260709 12:16:28.878336 23446 raft_consensus.cc:359] T 7cd2e685e9dc4aaf88aa04478cb17ac5 P 2243026bbc9d440194995214ba04fee1 [term 0 FOLLOWER]: Replica starting. Triggering 0 pending ops. Active config: opid_index: -1 OBSOLETE_local: false peers { permanent_uuid: "98e26fadac0a4193936d8e0e54216801" member_type: VOTER last_known_addr { host: "127.21.144.129" port: 39079 } } peers { permanent_uuid: "5f7dfc6b733e4451bd0377eba65e1e81" member_type: VOTER last_known_addr { host: "127.21.144.130" port: 36425 } } peers { permanent_uuid: "2243026bbc9d440194995214ba04fee1" member_type: VOTER last_known_addr { host: "127.21.144.131" port: 44743 } }
I20260709 12:16:28.879312 23446 raft_consensus.cc:385] T 7cd2e685e9dc4aaf88aa04478cb17ac5 P 2243026bbc9d440194995214ba04fee1 [term 0 FOLLOWER]: Consensus starting up: Expiring failure detector timer to make a prompt election more likely
I20260709 12:16:28.879683 23446 raft_consensus.cc:740] T 7cd2e685e9dc4aaf88aa04478cb17ac5 P 2243026bbc9d440194995214ba04fee1 [term 0 FOLLOWER]: Becoming Follower/Learner. State: Replica: 2243026bbc9d440194995214ba04fee1, State: Initialized, Role: FOLLOWER
I20260709 12:16:28.880720 23446 consensus_queue.cc:260] T 7cd2e685e9dc4aaf88aa04478cb17ac5 P 2243026bbc9d440194995214ba04fee1 [NON_LEADER]: Queue going to NON_LEADER mode. State: All replicated index: 0, Majority replicated index: 0, Committed index: 0, Last appended: 0.0, Last appended by leader: 0, Current term: 0, Majority size: -1, State: 0, Mode: NON_LEADER, active raft config: opid_index: -1 OBSOLETE_local: false peers { permanent_uuid: "98e26fadac0a4193936d8e0e54216801" member_type: VOTER last_known_addr { host: "127.21.144.129" port: 39079 } } peers { permanent_uuid: "5f7dfc6b733e4451bd0377eba65e1e81" member_type: VOTER last_known_addr { host: "127.21.144.130" port: 36425 } } peers { permanent_uuid: "2243026bbc9d440194995214ba04fee1" member_type: VOTER last_known_addr { host: "127.21.144.131" port: 44743 } }
I20260709 12:16:28.879575 23685 consensus_queue.cc:1048] T f9b6ec225c754469b84b9dfa8a560bb2 P 98e26fadac0a4193936d8e0e54216801 [LEADER]: Connected to new peer: Peer: permanent_uuid: "2243026bbc9d440194995214ba04fee1" member_type: VOTER last_known_addr { host: "127.21.144.131" port: 44743 }, Status: LMP_MISMATCH, Last received: 0.0, Next index: 1, Last known committed idx: 0, Time since last communication: 0.000s
I20260709 12:16:28.882972 23446 ts_tablet_manager.cc:1434] T 7cd2e685e9dc4aaf88aa04478cb17ac5 P 2243026bbc9d440194995214ba04fee1: Time spent starting tablet: real 0.008s	user 0.007s	sys 0.001s
I20260709 12:16:28.883255 23748 raft_consensus.cc:493] T 3cf800184cea400d964472a83b76df83 P 2243026bbc9d440194995214ba04fee1 [term 0 FOLLOWER]: Starting pre-election (no leader contacted us within the election timeout)
I20260709 12:16:28.883781 23446 tablet_bootstrap.cc:492] T 248165bc847f44529b3f360e1dd5e254 P 2243026bbc9d440194995214ba04fee1: Bootstrap starting.
I20260709 12:16:28.883834 23748 raft_consensus.cc:515] T 3cf800184cea400d964472a83b76df83 P 2243026bbc9d440194995214ba04fee1 [term 0 FOLLOWER]: Starting pre-election with config: opid_index: -1 OBSOLETE_local: false peers { permanent_uuid: "98e26fadac0a4193936d8e0e54216801" member_type: VOTER last_known_addr { host: "127.21.144.129" port: 39079 } } peers { permanent_uuid: "5f7dfc6b733e4451bd0377eba65e1e81" member_type: VOTER last_known_addr { host: "127.21.144.130" port: 36425 } } peers { permanent_uuid: "2243026bbc9d440194995214ba04fee1" member_type: VOTER last_known_addr { host: "127.21.144.131" port: 44743 } }
I20260709 12:16:28.890125 23748 leader_election.cc:290] T 3cf800184cea400d964472a83b76df83 P 2243026bbc9d440194995214ba04fee1 [CANDIDATE]: Term 1 pre-election: Requested pre-vote from peers 98e26fadac0a4193936d8e0e54216801 (127.21.144.129:39079), 5f7dfc6b733e4451bd0377eba65e1e81 (127.21.144.130:36425)
I20260709 12:16:28.892230 23254 tablet_service.cc:1917] Received RequestConsensusVote() RPC: tablet_id: "3cf800184cea400d964472a83b76df83" candidate_uuid: "2243026bbc9d440194995214ba04fee1" candidate_term: 1 candidate_status { last_received { term: 0 index: 0 } } ignore_live_leader: false dest_uuid: "98e26fadac0a4193936d8e0e54216801" is_pre_election: true
I20260709 12:16:28.893517 23403 tablet_service.cc:1917] Received RequestConsensusVote() RPC: tablet_id: "8675a234a1074da388973d1ba88ba0fc" candidate_uuid: "98e26fadac0a4193936d8e0e54216801" candidate_term: 1 candidate_status { last_received { term: 0 index: 0 } } ignore_live_leader: false dest_uuid: "2243026bbc9d440194995214ba04fee1"
I20260709 12:16:28.894088 23403 raft_consensus.cc:3060] T 8675a234a1074da388973d1ba88ba0fc P 2243026bbc9d440194995214ba04fee1 [term 0 FOLLOWER]: Advancing to term 1
W20260709 12:16:28.897852 23367 leader_election.cc:343] T 3cf800184cea400d964472a83b76df83 P 2243026bbc9d440194995214ba04fee1 [CANDIDATE]: Term 1 pre-election: Tablet error from VoteRequest() call to peer 98e26fadac0a4193936d8e0e54216801 (127.21.144.129:39079): Illegal state: must be running to vote when last-logged opid is not known
I20260709 12:16:28.900605 23403 raft_consensus.cc:2468] T 8675a234a1074da388973d1ba88ba0fc P 2243026bbc9d440194995214ba04fee1 [term 1 FOLLOWER]: Leader election vote request: Granting yes vote for candidate 98e26fadac0a4193936d8e0e54216801 in term 1.
I20260709 12:16:28.902629 23330 tablet_service.cc:1917] Received RequestConsensusVote() RPC: tablet_id: "3cf800184cea400d964472a83b76df83" candidate_uuid: "2243026bbc9d440194995214ba04fee1" candidate_term: 1 candidate_status { last_received { term: 0 index: 0 } } ignore_live_leader: false dest_uuid: "5f7dfc6b733e4451bd0377eba65e1e81" is_pre_election: true
I20260709 12:16:28.909618 23446 tablet_bootstrap.cc:654] T 248165bc847f44529b3f360e1dd5e254 P 2243026bbc9d440194995214ba04fee1: Neither blocks nor log segments found. Creating new log.
I20260709 12:16:28.909415 23221 leader_election.cc:304] T 8675a234a1074da388973d1ba88ba0fc P 98e26fadac0a4193936d8e0e54216801 [CANDIDATE]: Term 1 election: Election decided. Result: candidate won. Election summary: received 2 responses out of 3 voters: 2 yes votes; 0 no votes. yes voters: 2243026bbc9d440194995214ba04fee1, 98e26fadac0a4193936d8e0e54216801; no voters: 
I20260709 12:16:28.910545 23685 raft_consensus.cc:2804] T 8675a234a1074da388973d1ba88ba0fc P 98e26fadac0a4193936d8e0e54216801 [term 1 FOLLOWER]: Leader election won for term 1
I20260709 12:16:28.911398 23685 raft_consensus.cc:697] T 8675a234a1074da388973d1ba88ba0fc P 98e26fadac0a4193936d8e0e54216801 [term 1 LEADER]: Becoming Leader. State: Replica: 98e26fadac0a4193936d8e0e54216801, State: Running, Role: LEADER
W20260709 12:16:28.912396 23368 leader_election.cc:343] T 3cf800184cea400d964472a83b76df83 P 2243026bbc9d440194995214ba04fee1 [CANDIDATE]: Term 1 pre-election: Tablet error from VoteRequest() call to peer 5f7dfc6b733e4451bd0377eba65e1e81 (127.21.144.130:36425): Illegal state: must be running to vote when last-logged opid is not known
I20260709 12:16:28.914139 23368 leader_election.cc:304] T 3cf800184cea400d964472a83b76df83 P 2243026bbc9d440194995214ba04fee1 [CANDIDATE]: Term 1 pre-election: Election decided. Result: candidate lost. Election summary: received 3 responses out of 3 voters: 1 yes votes; 2 no votes. yes voters: 2243026bbc9d440194995214ba04fee1; no voters: 5f7dfc6b733e4451bd0377eba65e1e81, 98e26fadac0a4193936d8e0e54216801
I20260709 12:16:28.916447 23748 raft_consensus.cc:2749] T 3cf800184cea400d964472a83b76df83 P 2243026bbc9d440194995214ba04fee1 [term 0 FOLLOWER]: Leader pre-election lost for term 1. Reason: could not achieve majority
I20260709 12:16:28.919874 23445 tablet_bootstrap.cc:492] T 2c1292f4569a40d0bc01a4c715be6ba5 P 5f7dfc6b733e4451bd0377eba65e1e81: No bootstrap required, opened a new log
I20260709 12:16:28.920370 23445 ts_tablet_manager.cc:1403] T 2c1292f4569a40d0bc01a4c715be6ba5 P 5f7dfc6b733e4451bd0377eba65e1e81: Time spent bootstrapping tablet: real 0.092s	user 0.016s	sys 0.031s
I20260709 12:16:28.922281 23324 raft_consensus.cc:2468] T 8675a234a1074da388973d1ba88ba0fc P 5f7dfc6b733e4451bd0377eba65e1e81 [term 1 FOLLOWER]: Leader election vote request: Granting yes vote for candidate 98e26fadac0a4193936d8e0e54216801 in term 1.
I20260709 12:16:28.923033 23445 raft_consensus.cc:359] T 2c1292f4569a40d0bc01a4c715be6ba5 P 5f7dfc6b733e4451bd0377eba65e1e81 [term 0 FOLLOWER]: Replica starting. Triggering 0 pending ops. Active config: opid_index: -1 OBSOLETE_local: false peers { permanent_uuid: "98e26fadac0a4193936d8e0e54216801" member_type: VOTER last_known_addr { host: "127.21.144.129" port: 39079 } } peers { permanent_uuid: "5f7dfc6b733e4451bd0377eba65e1e81" member_type: VOTER last_known_addr { host: "127.21.144.130" port: 36425 } } peers { permanent_uuid: "2243026bbc9d440194995214ba04fee1" member_type: VOTER last_known_addr { host: "127.21.144.131" port: 44743 } }
I20260709 12:16:28.923730 23445 raft_consensus.cc:385] T 2c1292f4569a40d0bc01a4c715be6ba5 P 5f7dfc6b733e4451bd0377eba65e1e81 [term 0 FOLLOWER]: Consensus starting up: Expiring failure detector timer to make a prompt election more likely
I20260709 12:16:28.924145 23445 raft_consensus.cc:740] T 2c1292f4569a40d0bc01a4c715be6ba5 P 5f7dfc6b733e4451bd0377eba65e1e81 [term 0 FOLLOWER]: Becoming Follower/Learner. State: Replica: 5f7dfc6b733e4451bd0377eba65e1e81, State: Initialized, Role: FOLLOWER
I20260709 12:16:28.925740 23445 consensus_queue.cc:260] T 2c1292f4569a40d0bc01a4c715be6ba5 P 5f7dfc6b733e4451bd0377eba65e1e81 [NON_LEADER]: Queue going to NON_LEADER mode. State: All replicated index: 0, Majority replicated index: 0, Committed index: 0, Last appended: 0.0, Last appended by leader: 0, Current term: 0, Majority size: -1, State: 0, Mode: NON_LEADER, active raft config: opid_index: -1 OBSOLETE_local: false peers { permanent_uuid: "98e26fadac0a4193936d8e0e54216801" member_type: VOTER last_known_addr { host: "127.21.144.129" port: 39079 } } peers { permanent_uuid: "5f7dfc6b733e4451bd0377eba65e1e81" member_type: VOTER last_known_addr { host: "127.21.144.130" port: 36425 } } peers { permanent_uuid: "2243026bbc9d440194995214ba04fee1" member_type: VOTER last_known_addr { host: "127.21.144.131" port: 44743 } }
I20260709 12:16:28.927757 23445 ts_tablet_manager.cc:1434] T 2c1292f4569a40d0bc01a4c715be6ba5 P 5f7dfc6b733e4451bd0377eba65e1e81: Time spent starting tablet: real 0.007s	user 0.007s	sys 0.000s
I20260709 12:16:28.928632 23445 tablet_bootstrap.cc:492] T 7cd2e685e9dc4aaf88aa04478cb17ac5 P 5f7dfc6b733e4451bd0377eba65e1e81: Bootstrap starting.
I20260709 12:16:28.912278 23685 consensus_queue.cc:237] T 8675a234a1074da388973d1ba88ba0fc P 98e26fadac0a4193936d8e0e54216801 [LEADER]: Queue going to LEADER mode. State: All replicated index: 0, Majority replicated index: 0, Committed index: 0, Last appended: 0.0, Last appended by leader: 0, Current term: 1, Majority size: 2, State: 0, Mode: LEADER, active raft config: opid_index: -1 OBSOLETE_local: false peers { permanent_uuid: "98e26fadac0a4193936d8e0e54216801" member_type: VOTER last_known_addr { host: "127.21.144.129" port: 39079 } } peers { permanent_uuid: "5f7dfc6b733e4451bd0377eba65e1e81" member_type: VOTER last_known_addr { host: "127.21.144.130" port: 36425 } } peers { permanent_uuid: "2243026bbc9d440194995214ba04fee1" member_type: VOTER last_known_addr { host: "127.21.144.131" port: 44743 } }
I20260709 12:16:28.936460 23698 raft_consensus.cc:493] T 2c1292f4569a40d0bc01a4c715be6ba5 P 2243026bbc9d440194995214ba04fee1 [term 0 FOLLOWER]: Starting pre-election (no leader contacted us within the election timeout)
I20260709 12:16:28.936952 23698 raft_consensus.cc:515] T 2c1292f4569a40d0bc01a4c715be6ba5 P 2243026bbc9d440194995214ba04fee1 [term 0 FOLLOWER]: Starting pre-election with config: opid_index: -1 OBSOLETE_local: false peers { permanent_uuid: "98e26fadac0a4193936d8e0e54216801" member_type: VOTER last_known_addr { host: "127.21.144.129" port: 39079 } } peers { permanent_uuid: "5f7dfc6b733e4451bd0377eba65e1e81" member_type: VOTER last_known_addr { host: "127.21.144.130" port: 36425 } } peers { permanent_uuid: "2243026bbc9d440194995214ba04fee1" member_type: VOTER last_known_addr { host: "127.21.144.131" port: 44743 } }
I20260709 12:16:28.939157 23698 leader_election.cc:290] T 2c1292f4569a40d0bc01a4c715be6ba5 P 2243026bbc9d440194995214ba04fee1 [CANDIDATE]: Term 1 pre-election: Requested pre-vote from peers 98e26fadac0a4193936d8e0e54216801 (127.21.144.129:39079), 5f7dfc6b733e4451bd0377eba65e1e81 (127.21.144.130:36425)
I20260709 12:16:28.940424 23252 tablet_service.cc:1917] Received RequestConsensusVote() RPC: tablet_id: "2c1292f4569a40d0bc01a4c715be6ba5" candidate_uuid: "2243026bbc9d440194995214ba04fee1" candidate_term: 1 candidate_status { last_received { term: 0 index: 0 } } ignore_live_leader: false dest_uuid: "98e26fadac0a4193936d8e0e54216801" is_pre_election: true
I20260709 12:16:28.941269 23252 raft_consensus.cc:2468] T 2c1292f4569a40d0bc01a4c715be6ba5 P 98e26fadac0a4193936d8e0e54216801 [term 0 FOLLOWER]: Leader pre-election vote request: Granting yes vote for candidate 2243026bbc9d440194995214ba04fee1 in term 0.
I20260709 12:16:28.944164 23367 leader_election.cc:304] T 2c1292f4569a40d0bc01a4c715be6ba5 P 2243026bbc9d440194995214ba04fee1 [CANDIDATE]: Term 1 pre-election: Election decided. Result: candidate won. Election summary: received 2 responses out of 3 voters: 2 yes votes; 0 no votes. yes voters: 2243026bbc9d440194995214ba04fee1, 98e26fadac0a4193936d8e0e54216801; no voters: 
I20260709 12:16:28.945446 23698 raft_consensus.cc:2804] T 2c1292f4569a40d0bc01a4c715be6ba5 P 2243026bbc9d440194995214ba04fee1 [term 0 FOLLOWER]: Leader pre-election won for term 1
I20260709 12:16:28.945793 23698 raft_consensus.cc:493] T 2c1292f4569a40d0bc01a4c715be6ba5 P 2243026bbc9d440194995214ba04fee1 [term 0 FOLLOWER]: Starting leader election (no leader contacted us within the election timeout)
I20260709 12:16:28.946079 23330 tablet_service.cc:1917] Received RequestConsensusVote() RPC: tablet_id: "2c1292f4569a40d0bc01a4c715be6ba5" candidate_uuid: "2243026bbc9d440194995214ba04fee1" candidate_term: 1 candidate_status { last_received { term: 0 index: 0 } } ignore_live_leader: false dest_uuid: "5f7dfc6b733e4451bd0377eba65e1e81" is_pre_election: true
I20260709 12:16:28.946130 23698 raft_consensus.cc:3060] T 2c1292f4569a40d0bc01a4c715be6ba5 P 2243026bbc9d440194995214ba04fee1 [term 0 FOLLOWER]: Advancing to term 1
I20260709 12:16:28.946692 23330 raft_consensus.cc:2468] T 2c1292f4569a40d0bc01a4c715be6ba5 P 5f7dfc6b733e4451bd0377eba65e1e81 [term 0 FOLLOWER]: Leader pre-election vote request: Granting yes vote for candidate 2243026bbc9d440194995214ba04fee1 in term 0.
I20260709 12:16:28.955618 23445 tablet_bootstrap.cc:654] T 7cd2e685e9dc4aaf88aa04478cb17ac5 P 5f7dfc6b733e4451bd0377eba65e1e81: Neither blocks nor log segments found. Creating new log.
I20260709 12:16:28.957984 23444 tablet_bootstrap.cc:492] T 7cd2e685e9dc4aaf88aa04478cb17ac5 P 98e26fadac0a4193936d8e0e54216801: No bootstrap required, opened a new log
I20260709 12:16:28.961100 23698 raft_consensus.cc:515] T 2c1292f4569a40d0bc01a4c715be6ba5 P 2243026bbc9d440194995214ba04fee1 [term 1 FOLLOWER]: Starting leader election with config: opid_index: -1 OBSOLETE_local: false peers { permanent_uuid: "98e26fadac0a4193936d8e0e54216801" member_type: VOTER last_known_addr { host: "127.21.144.129" port: 39079 } } peers { permanent_uuid: "5f7dfc6b733e4451bd0377eba65e1e81" member_type: VOTER last_known_addr { host: "127.21.144.130" port: 36425 } } peers { permanent_uuid: "2243026bbc9d440194995214ba04fee1" member_type: VOTER last_known_addr { host: "127.21.144.131" port: 44743 } }
I20260709 12:16:28.962203 23444 ts_tablet_manager.cc:1403] T 7cd2e685e9dc4aaf88aa04478cb17ac5 P 98e26fadac0a4193936d8e0e54216801: Time spent bootstrapping tablet: real 0.131s	user 0.026s	sys 0.013s
I20260709 12:16:28.963691 23686 consensus_queue.cc:1048] T f9b6ec225c754469b84b9dfa8a560bb2 P 98e26fadac0a4193936d8e0e54216801 [LEADER]: Connected to new peer: Peer: permanent_uuid: "5f7dfc6b733e4451bd0377eba65e1e81" member_type: VOTER last_known_addr { host: "127.21.144.130" port: 36425 }, Status: LMP_MISMATCH, Last received: 0.0, Next index: 1, Last known committed idx: 0, Time since last communication: 0.000s
I20260709 12:16:28.963797 23653 consensus_queue.cc:1048] T e34df0f37dc24e3f9bc0299e1ff84649 P 2243026bbc9d440194995214ba04fee1 [LEADER]: Connected to new peer: Peer: permanent_uuid: "5f7dfc6b733e4451bd0377eba65e1e81" member_type: VOTER last_known_addr { host: "127.21.144.130" port: 36425 }, Status: LMP_MISMATCH, Last received: 0.0, Next index: 1, Last known committed idx: 0, Time since last communication: 0.000s
I20260709 12:16:28.964473 23698 leader_election.cc:290] T 2c1292f4569a40d0bc01a4c715be6ba5 P 2243026bbc9d440194995214ba04fee1 [CANDIDATE]: Term 1 election: Requested vote from peers 98e26fadac0a4193936d8e0e54216801 (127.21.144.129:39079), 5f7dfc6b733e4451bd0377eba65e1e81 (127.21.144.130:36425)
I20260709 12:16:28.970027 23445 tablet_bootstrap.cc:492] T 7cd2e685e9dc4aaf88aa04478cb17ac5 P 5f7dfc6b733e4451bd0377eba65e1e81: No bootstrap required, opened a new log
I20260709 12:16:28.970129 23449 raft_consensus.cc:493] T 1ea4fd9c89ef45bca84dd275e349d3c4 P 98e26fadac0a4193936d8e0e54216801 [term 0 FOLLOWER]: Starting pre-election (no leader contacted us within the election timeout)
I20260709 12:16:28.970697 23445 ts_tablet_manager.cc:1403] T 7cd2e685e9dc4aaf88aa04478cb17ac5 P 5f7dfc6b733e4451bd0377eba65e1e81: Time spent bootstrapping tablet: real 0.042s	user 0.013s	sys 0.001s
I20260709 12:16:28.970692 23449 raft_consensus.cc:515] T 1ea4fd9c89ef45bca84dd275e349d3c4 P 98e26fadac0a4193936d8e0e54216801 [term 0 FOLLOWER]: Starting pre-election with config: opid_index: -1 OBSOLETE_local: false peers { permanent_uuid: "98e26fadac0a4193936d8e0e54216801" member_type: VOTER last_known_addr { host: "127.21.144.129" port: 39079 } } peers { permanent_uuid: "5f7dfc6b733e4451bd0377eba65e1e81" member_type: VOTER last_known_addr { host: "127.21.144.130" port: 36425 } } peers { permanent_uuid: "2243026bbc9d440194995214ba04fee1" member_type: VOTER last_known_addr { host: "127.21.144.131" port: 44743 } }
I20260709 12:16:28.975320 23445 raft_consensus.cc:359] T 7cd2e685e9dc4aaf88aa04478cb17ac5 P 5f7dfc6b733e4451bd0377eba65e1e81 [term 0 FOLLOWER]: Replica starting. Triggering 0 pending ops. Active config: opid_index: -1 OBSOLETE_local: false peers { permanent_uuid: "98e26fadac0a4193936d8e0e54216801" member_type: VOTER last_known_addr { host: "127.21.144.129" port: 39079 } } peers { permanent_uuid: "5f7dfc6b733e4451bd0377eba65e1e81" member_type: VOTER last_known_addr { host: "127.21.144.130" port: 36425 } } peers { permanent_uuid: "2243026bbc9d440194995214ba04fee1" member_type: VOTER last_known_addr { host: "127.21.144.131" port: 44743 } }
I20260709 12:16:28.976028 23445 raft_consensus.cc:385] T 7cd2e685e9dc4aaf88aa04478cb17ac5 P 5f7dfc6b733e4451bd0377eba65e1e81 [term 0 FOLLOWER]: Consensus starting up: Expiring failure detector timer to make a prompt election more likely
I20260709 12:16:28.975975 23252 tablet_service.cc:1917] Received RequestConsensusVote() RPC: tablet_id: "2c1292f4569a40d0bc01a4c715be6ba5" candidate_uuid: "2243026bbc9d440194995214ba04fee1" candidate_term: 1 candidate_status { last_received { term: 0 index: 0 } } ignore_live_leader: false dest_uuid: "98e26fadac0a4193936d8e0e54216801"
I20260709 12:16:28.976428 23445 raft_consensus.cc:740] T 7cd2e685e9dc4aaf88aa04478cb17ac5 P 5f7dfc6b733e4451bd0377eba65e1e81 [term 0 FOLLOWER]: Becoming Follower/Learner. State: Replica: 5f7dfc6b733e4451bd0377eba65e1e81, State: Initialized, Role: FOLLOWER
I20260709 12:16:28.976608 23252 raft_consensus.cc:3060] T 2c1292f4569a40d0bc01a4c715be6ba5 P 98e26fadac0a4193936d8e0e54216801 [term 0 FOLLOWER]: Advancing to term 1
I20260709 12:16:28.977247 23445 consensus_queue.cc:260] T 7cd2e685e9dc4aaf88aa04478cb17ac5 P 5f7dfc6b733e4451bd0377eba65e1e81 [NON_LEADER]: Queue going to NON_LEADER mode. State: All replicated index: 0, Majority replicated index: 0, Committed index: 0, Last appended: 0.0, Last appended by leader: 0, Current term: 0, Majority size: -1, State: 0, Mode: NON_LEADER, active raft config: opid_index: -1 OBSOLETE_local: false peers { permanent_uuid: "98e26fadac0a4193936d8e0e54216801" member_type: VOTER last_known_addr { host: "127.21.144.129" port: 39079 } } peers { permanent_uuid: "5f7dfc6b733e4451bd0377eba65e1e81" member_type: VOTER last_known_addr { host: "127.21.144.130" port: 36425 } } peers { permanent_uuid: "2243026bbc9d440194995214ba04fee1" member_type: VOTER last_known_addr { host: "127.21.144.131" port: 44743 } }
I20260709 12:16:28.979838 23449 leader_election.cc:290] T 1ea4fd9c89ef45bca84dd275e349d3c4 P 98e26fadac0a4193936d8e0e54216801 [CANDIDATE]: Term 1 pre-election: Requested pre-vote from peers 5f7dfc6b733e4451bd0377eba65e1e81 (127.21.144.130:36425), 2243026bbc9d440194995214ba04fee1 (127.21.144.131:44743)
I20260709 12:16:28.979846 23445 ts_tablet_manager.cc:1434] T 7cd2e685e9dc4aaf88aa04478cb17ac5 P 5f7dfc6b733e4451bd0377eba65e1e81: Time spent starting tablet: real 0.009s	user 0.003s	sys 0.004s
I20260709 12:16:28.980973 23330 tablet_service.cc:1917] Received RequestConsensusVote() RPC: tablet_id: "1ea4fd9c89ef45bca84dd275e349d3c4" candidate_uuid: "98e26fadac0a4193936d8e0e54216801" candidate_term: 1 candidate_status { last_received { term: 0 index: 0 } } ignore_live_leader: false dest_uuid: "5f7dfc6b733e4451bd0377eba65e1e81" is_pre_election: true
I20260709 12:16:28.981375 23445 tablet_bootstrap.cc:492] T c00c63ceb84040c284bcd8e2c0ba7863 P 5f7dfc6b733e4451bd0377eba65e1e81: Bootstrap starting.
I20260709 12:16:28.981669 23330 raft_consensus.cc:2393] T 1ea4fd9c89ef45bca84dd275e349d3c4 P 5f7dfc6b733e4451bd0377eba65e1e81 [term 1 FOLLOWER]: Leader pre-election vote request: Denying vote to candidate 98e26fadac0a4193936d8e0e54216801 in current term 1: Already voted for candidate 5f7dfc6b733e4451bd0377eba65e1e81 in this term.
I20260709 12:16:28.987553 23252 raft_consensus.cc:2468] T 2c1292f4569a40d0bc01a4c715be6ba5 P 98e26fadac0a4193936d8e0e54216801 [term 1 FOLLOWER]: Leader election vote request: Granting yes vote for candidate 2243026bbc9d440194995214ba04fee1 in term 1.
I20260709 12:16:28.989926 23445 tablet_bootstrap.cc:654] T c00c63ceb84040c284bcd8e2c0ba7863 P 5f7dfc6b733e4451bd0377eba65e1e81: Neither blocks nor log segments found. Creating new log.
I20260709 12:16:28.993027 23324 tablet_service.cc:1917] Received RequestConsensusVote() RPC: tablet_id: "2c1292f4569a40d0bc01a4c715be6ba5" candidate_uuid: "2243026bbc9d440194995214ba04fee1" candidate_term: 1 candidate_status { last_received { term: 0 index: 0 } } ignore_live_leader: false dest_uuid: "5f7dfc6b733e4451bd0377eba65e1e81"
I20260709 12:16:28.993664 23324 raft_consensus.cc:3060] T 2c1292f4569a40d0bc01a4c715be6ba5 P 5f7dfc6b733e4451bd0377eba65e1e81 [term 0 FOLLOWER]: Advancing to term 1
I20260709 12:16:28.995070 23367 leader_election.cc:304] T 2c1292f4569a40d0bc01a4c715be6ba5 P 2243026bbc9d440194995214ba04fee1 [CANDIDATE]: Term 1 election: Election decided. Result: candidate won. Election summary: received 2 responses out of 3 voters: 2 yes votes; 0 no votes. yes voters: 2243026bbc9d440194995214ba04fee1, 98e26fadac0a4193936d8e0e54216801; no voters: 
I20260709 12:16:28.995909 23698 raft_consensus.cc:2804] T 2c1292f4569a40d0bc01a4c715be6ba5 P 2243026bbc9d440194995214ba04fee1 [term 1 FOLLOWER]: Leader election won for term 1
I20260709 12:16:28.996407 23698 raft_consensus.cc:697] T 2c1292f4569a40d0bc01a4c715be6ba5 P 2243026bbc9d440194995214ba04fee1 [term 1 LEADER]: Becoming Leader. State: Replica: 2243026bbc9d440194995214ba04fee1, State: Running, Role: LEADER
I20260709 12:16:28.997179 23698 consensus_queue.cc:237] T 2c1292f4569a40d0bc01a4c715be6ba5 P 2243026bbc9d440194995214ba04fee1 [LEADER]: Queue going to LEADER mode. State: All replicated index: 0, Majority replicated index: 0, Committed index: 0, Last appended: 0.0, Last appended by leader: 0, Current term: 1, Majority size: 2, State: 0, Mode: LEADER, active raft config: opid_index: -1 OBSOLETE_local: false peers { permanent_uuid: "98e26fadac0a4193936d8e0e54216801" member_type: VOTER last_known_addr { host: "127.21.144.129" port: 39079 } } peers { permanent_uuid: "5f7dfc6b733e4451bd0377eba65e1e81" member_type: VOTER last_known_addr { host: "127.21.144.130" port: 36425 } } peers { permanent_uuid: "2243026bbc9d440194995214ba04fee1" member_type: VOTER last_known_addr { host: "127.21.144.131" port: 44743 } }
I20260709 12:16:29.009959 23444 raft_consensus.cc:359] T 7cd2e685e9dc4aaf88aa04478cb17ac5 P 98e26fadac0a4193936d8e0e54216801 [term 0 FOLLOWER]: Replica starting. Triggering 0 pending ops. Active config: opid_index: -1 OBSOLETE_local: false peers { permanent_uuid: "98e26fadac0a4193936d8e0e54216801" member_type: VOTER last_known_addr { host: "127.21.144.129" port: 39079 } } peers { permanent_uuid: "5f7dfc6b733e4451bd0377eba65e1e81" member_type: VOTER last_known_addr { host: "127.21.144.130" port: 36425 } } peers { permanent_uuid: "2243026bbc9d440194995214ba04fee1" member_type: VOTER last_known_addr { host: "127.21.144.131" port: 44743 } }
I20260709 12:16:29.013717 23444 raft_consensus.cc:385] T 7cd2e685e9dc4aaf88aa04478cb17ac5 P 98e26fadac0a4193936d8e0e54216801 [term 0 FOLLOWER]: Consensus starting up: Expiring failure detector timer to make a prompt election more likely
I20260709 12:16:29.014638 23444 raft_consensus.cc:740] T 7cd2e685e9dc4aaf88aa04478cb17ac5 P 98e26fadac0a4193936d8e0e54216801 [term 0 FOLLOWER]: Becoming Follower/Learner. State: Replica: 98e26fadac0a4193936d8e0e54216801, State: Initialized, Role: FOLLOWER
I20260709 12:16:29.040946 23404 tablet_service.cc:1917] Received RequestConsensusVote() RPC: tablet_id: "1ea4fd9c89ef45bca84dd275e349d3c4" candidate_uuid: "98e26fadac0a4193936d8e0e54216801" candidate_term: 1 candidate_status { last_received { term: 0 index: 0 } } ignore_live_leader: false dest_uuid: "2243026bbc9d440194995214ba04fee1" is_pre_election: true
I20260709 12:16:29.042021 23404 raft_consensus.cc:2393] T 1ea4fd9c89ef45bca84dd275e349d3c4 P 2243026bbc9d440194995214ba04fee1 [term 1 FOLLOWER]: Leader pre-election vote request: Denying vote to candidate 98e26fadac0a4193936d8e0e54216801 in current term 1: Already voted for candidate 2243026bbc9d440194995214ba04fee1 in this term.
I20260709 12:16:29.050693 23221 leader_election.cc:304] T 1ea4fd9c89ef45bca84dd275e349d3c4 P 98e26fadac0a4193936d8e0e54216801 [CANDIDATE]: Term 1 pre-election: Election decided. Result: candidate lost. Election summary: received 3 responses out of 3 voters: 1 yes votes; 2 no votes. yes voters: 98e26fadac0a4193936d8e0e54216801; no voters: 2243026bbc9d440194995214ba04fee1, 5f7dfc6b733e4451bd0377eba65e1e81
I20260709 12:16:29.051442 23449 raft_consensus.cc:3060] T 1ea4fd9c89ef45bca84dd275e349d3c4 P 98e26fadac0a4193936d8e0e54216801 [term 0 FOLLOWER]: Advancing to term 1
I20260709 12:16:29.055624 23446 tablet_bootstrap.cc:492] T 248165bc847f44529b3f360e1dd5e254 P 2243026bbc9d440194995214ba04fee1: No bootstrap required, opened a new log
I20260709 12:16:29.056080 23446 ts_tablet_manager.cc:1403] T 248165bc847f44529b3f360e1dd5e254 P 2243026bbc9d440194995214ba04fee1: Time spent bootstrapping tablet: real 0.172s	user 0.019s	sys 0.049s
I20260709 12:16:29.059708 23150 catalog_manager.cc:5697] T 8675a234a1074da388973d1ba88ba0fc P 98e26fadac0a4193936d8e0e54216801 reported cstate change: term changed from 0 to 1, leader changed from <none> to 98e26fadac0a4193936d8e0e54216801 (127.21.144.129). New cstate: current_term: 1 leader_uuid: "98e26fadac0a4193936d8e0e54216801" committed_config { opid_index: -1 OBSOLETE_local: false peers { permanent_uuid: "98e26fadac0a4193936d8e0e54216801" member_type: VOTER last_known_addr { host: "127.21.144.129" port: 39079 } health_report { overall_health: HEALTHY } } peers { permanent_uuid: "5f7dfc6b733e4451bd0377eba65e1e81" member_type: VOTER last_known_addr { host: "127.21.144.130" port: 36425 } health_report { overall_health: UNKNOWN } } peers { permanent_uuid: "2243026bbc9d440194995214ba04fee1" member_type: VOTER last_known_addr { host: "127.21.144.131" port: 44743 } health_report { overall_health: UNKNOWN } } }
I20260709 12:16:29.062124 23444 consensus_queue.cc:260] T 7cd2e685e9dc4aaf88aa04478cb17ac5 P 98e26fadac0a4193936d8e0e54216801 [NON_LEADER]: Queue going to NON_LEADER mode. State: All replicated index: 0, Majority replicated index: 0, Committed index: 0, Last appended: 0.0, Last appended by leader: 0, Current term: 0, Majority size: -1, State: 0, Mode: NON_LEADER, active raft config: opid_index: -1 OBSOLETE_local: false peers { permanent_uuid: "98e26fadac0a4193936d8e0e54216801" member_type: VOTER last_known_addr { host: "127.21.144.129" port: 39079 } } peers { permanent_uuid: "5f7dfc6b733e4451bd0377eba65e1e81" member_type: VOTER last_known_addr { host: "127.21.144.130" port: 36425 } } peers { permanent_uuid: "2243026bbc9d440194995214ba04fee1" member_type: VOTER last_known_addr { host: "127.21.144.131" port: 44743 } }
I20260709 12:16:29.062726 23445 tablet_bootstrap.cc:492] T c00c63ceb84040c284bcd8e2c0ba7863 P 5f7dfc6b733e4451bd0377eba65e1e81: No bootstrap required, opened a new log
I20260709 12:16:29.063179 23445 ts_tablet_manager.cc:1403] T c00c63ceb84040c284bcd8e2c0ba7863 P 5f7dfc6b733e4451bd0377eba65e1e81: Time spent bootstrapping tablet: real 0.082s	user 0.023s	sys 0.035s
I20260709 12:16:29.064781 23449 raft_consensus.cc:2749] T 1ea4fd9c89ef45bca84dd275e349d3c4 P 98e26fadac0a4193936d8e0e54216801 [term 1 FOLLOWER]: Leader pre-election lost for term 1. Reason: could not achieve majority
I20260709 12:16:29.065608 23444 ts_tablet_manager.cc:1434] T 7cd2e685e9dc4aaf88aa04478cb17ac5 P 98e26fadac0a4193936d8e0e54216801: Time spent starting tablet: real 0.103s	user 0.007s	sys 0.000s
I20260709 12:16:29.066908 23444 tablet_bootstrap.cc:492] T 3cf800184cea400d964472a83b76df83 P 98e26fadac0a4193936d8e0e54216801: Bootstrap starting.
I20260709 12:16:29.075562 23628 consensus_queue.cc:1048] T 590d7656dcc24394a04a964f3ed38101 P 2243026bbc9d440194995214ba04fee1 [LEADER]: Connected to new peer: Peer: permanent_uuid: "5f7dfc6b733e4451bd0377eba65e1e81" member_type: VOTER last_known_addr { host: "127.21.144.130" port: 36425 }, Status: LMP_MISMATCH, Last received: 0.0, Next index: 1, Last known committed idx: 0, Time since last communication: 0.000s
I20260709 12:16:29.083240 23445 raft_consensus.cc:359] T c00c63ceb84040c284bcd8e2c0ba7863 P 5f7dfc6b733e4451bd0377eba65e1e81 [term 0 FOLLOWER]: Replica starting. Triggering 0 pending ops. Active config: opid_index: -1 OBSOLETE_local: false peers { permanent_uuid: "98e26fadac0a4193936d8e0e54216801" member_type: VOTER last_known_addr { host: "127.21.144.129" port: 39079 } } peers { permanent_uuid: "5f7dfc6b733e4451bd0377eba65e1e81" member_type: VOTER last_known_addr { host: "127.21.144.130" port: 36425 } } peers { permanent_uuid: "2243026bbc9d440194995214ba04fee1" member_type: VOTER last_known_addr { host: "127.21.144.131" port: 44743 } }
I20260709 12:16:29.084151 23445 raft_consensus.cc:385] T c00c63ceb84040c284bcd8e2c0ba7863 P 5f7dfc6b733e4451bd0377eba65e1e81 [term 0 FOLLOWER]: Consensus starting up: Expiring failure detector timer to make a prompt election more likely
I20260709 12:16:29.084417 23445 raft_consensus.cc:740] T c00c63ceb84040c284bcd8e2c0ba7863 P 5f7dfc6b733e4451bd0377eba65e1e81 [term 0 FOLLOWER]: Becoming Follower/Learner. State: Replica: 5f7dfc6b733e4451bd0377eba65e1e81, State: Initialized, Role: FOLLOWER
I20260709 12:16:29.085170 23445 consensus_queue.cc:260] T c00c63ceb84040c284bcd8e2c0ba7863 P 5f7dfc6b733e4451bd0377eba65e1e81 [NON_LEADER]: Queue going to NON_LEADER mode. State: All replicated index: 0, Majority replicated index: 0, Committed index: 0, Last appended: 0.0, Last appended by leader: 0, Current term: 0, Majority size: -1, State: 0, Mode: NON_LEADER, active raft config: opid_index: -1 OBSOLETE_local: false peers { permanent_uuid: "98e26fadac0a4193936d8e0e54216801" member_type: VOTER last_known_addr { host: "127.21.144.129" port: 39079 } } peers { permanent_uuid: "5f7dfc6b733e4451bd0377eba65e1e81" member_type: VOTER last_known_addr { host: "127.21.144.130" port: 36425 } } peers { permanent_uuid: "2243026bbc9d440194995214ba04fee1" member_type: VOTER last_known_addr { host: "127.21.144.131" port: 44743 } }
I20260709 12:16:29.099737 23324 raft_consensus.cc:2468] T 2c1292f4569a40d0bc01a4c715be6ba5 P 5f7dfc6b733e4451bd0377eba65e1e81 [term 1 FOLLOWER]: Leader election vote request: Granting yes vote for candidate 2243026bbc9d440194995214ba04fee1 in term 1.
I20260709 12:16:29.103703 23446 raft_consensus.cc:359] T 248165bc847f44529b3f360e1dd5e254 P 2243026bbc9d440194995214ba04fee1 [term 0 FOLLOWER]: Replica starting. Triggering 0 pending ops. Active config: opid_index: -1 OBSOLETE_local: false peers { permanent_uuid: "98e26fadac0a4193936d8e0e54216801" member_type: VOTER last_known_addr { host: "127.21.144.129" port: 39079 } } peers { permanent_uuid: "5f7dfc6b733e4451bd0377eba65e1e81" member_type: VOTER last_known_addr { host: "127.21.144.130" port: 36425 } } peers { permanent_uuid: "2243026bbc9d440194995214ba04fee1" member_type: VOTER last_known_addr { host: "127.21.144.131" port: 44743 } }
I20260709 12:16:29.104423 23446 raft_consensus.cc:385] T 248165bc847f44529b3f360e1dd5e254 P 2243026bbc9d440194995214ba04fee1 [term 0 FOLLOWER]: Consensus starting up: Expiring failure detector timer to make a prompt election more likely
I20260709 12:16:29.104710 23446 raft_consensus.cc:740] T 248165bc847f44529b3f360e1dd5e254 P 2243026bbc9d440194995214ba04fee1 [term 0 FOLLOWER]: Becoming Follower/Learner. State: Replica: 2243026bbc9d440194995214ba04fee1, State: Initialized, Role: FOLLOWER
I20260709 12:16:29.107642 23445 ts_tablet_manager.cc:1434] T c00c63ceb84040c284bcd8e2c0ba7863 P 5f7dfc6b733e4451bd0377eba65e1e81: Time spent starting tablet: real 0.044s	user 0.006s	sys 0.000s
I20260709 12:16:29.108546 23445 tablet_bootstrap.cc:492] T 3cf800184cea400d964472a83b76df83 P 5f7dfc6b733e4451bd0377eba65e1e81: Bootstrap starting.
I20260709 12:16:29.110718 23698 consensus_queue.cc:1048] T 590d7656dcc24394a04a964f3ed38101 P 2243026bbc9d440194995214ba04fee1 [LEADER]: Connected to new peer: Peer: permanent_uuid: "98e26fadac0a4193936d8e0e54216801" member_type: VOTER last_known_addr { host: "127.21.144.129" port: 39079 }, Status: LMP_MISMATCH, Last received: 0.0, Next index: 1, Last known committed idx: 0, Time since last communication: 0.000s
I20260709 12:16:29.113418 23444 tablet_bootstrap.cc:654] T 3cf800184cea400d964472a83b76df83 P 98e26fadac0a4193936d8e0e54216801: Neither blocks nor log segments found. Creating new log.
I20260709 12:16:29.116170 23152 catalog_manager.cc:5697] T 2c1292f4569a40d0bc01a4c715be6ba5 P 2243026bbc9d440194995214ba04fee1 reported cstate change: term changed from 0 to 1, leader changed from <none> to 2243026bbc9d440194995214ba04fee1 (127.21.144.131). New cstate: current_term: 1 leader_uuid: "2243026bbc9d440194995214ba04fee1" committed_config { opid_index: -1 OBSOLETE_local: false peers { permanent_uuid: "98e26fadac0a4193936d8e0e54216801" member_type: VOTER last_known_addr { host: "127.21.144.129" port: 39079 } health_report { overall_health: UNKNOWN } } peers { permanent_uuid: "5f7dfc6b733e4451bd0377eba65e1e81" member_type: VOTER last_known_addr { host: "127.21.144.130" port: 36425 } health_report { overall_health: UNKNOWN } } peers { permanent_uuid: "2243026bbc9d440194995214ba04fee1" member_type: VOTER last_known_addr { host: "127.21.144.131" port: 44743 } health_report { overall_health: HEALTHY } } }
I20260709 12:16:29.105347 23446 consensus_queue.cc:260] T 248165bc847f44529b3f360e1dd5e254 P 2243026bbc9d440194995214ba04fee1 [NON_LEADER]: Queue going to NON_LEADER mode. State: All replicated index: 0, Majority replicated index: 0, Committed index: 0, Last appended: 0.0, Last appended by leader: 0, Current term: 0, Majority size: -1, State: 0, Mode: NON_LEADER, active raft config: opid_index: -1 OBSOLETE_local: false peers { permanent_uuid: "98e26fadac0a4193936d8e0e54216801" member_type: VOTER last_known_addr { host: "127.21.144.129" port: 39079 } } peers { permanent_uuid: "5f7dfc6b733e4451bd0377eba65e1e81" member_type: VOTER last_known_addr { host: "127.21.144.130" port: 36425 } } peers { permanent_uuid: "2243026bbc9d440194995214ba04fee1" member_type: VOTER last_known_addr { host: "127.21.144.131" port: 44743 } }
I20260709 12:16:29.120615 23445 tablet_bootstrap.cc:654] T 3cf800184cea400d964472a83b76df83 P 5f7dfc6b733e4451bd0377eba65e1e81: Neither blocks nor log segments found. Creating new log.
I20260709 12:16:29.128528 23446 ts_tablet_manager.cc:1434] T 248165bc847f44529b3f360e1dd5e254 P 2243026bbc9d440194995214ba04fee1: Time spent starting tablet: real 0.072s	user 0.007s	sys 0.002s
I20260709 12:16:29.130779 23446 tablet_bootstrap.cc:492] T c00c63ceb84040c284bcd8e2c0ba7863 P 2243026bbc9d440194995214ba04fee1: Bootstrap starting.
I20260709 12:16:29.132782 23449 raft_consensus.cc:493] T 7cd2e685e9dc4aaf88aa04478cb17ac5 P 98e26fadac0a4193936d8e0e54216801 [term 0 FOLLOWER]: Starting pre-election (no leader contacted us within the election timeout)
I20260709 12:16:29.133262 23449 raft_consensus.cc:515] T 7cd2e685e9dc4aaf88aa04478cb17ac5 P 98e26fadac0a4193936d8e0e54216801 [term 0 FOLLOWER]: Starting pre-election with config: opid_index: -1 OBSOLETE_local: false peers { permanent_uuid: "98e26fadac0a4193936d8e0e54216801" member_type: VOTER last_known_addr { host: "127.21.144.129" port: 39079 } } peers { permanent_uuid: "5f7dfc6b733e4451bd0377eba65e1e81" member_type: VOTER last_known_addr { host: "127.21.144.130" port: 36425 } } peers { permanent_uuid: "2243026bbc9d440194995214ba04fee1" member_type: VOTER last_known_addr { host: "127.21.144.131" port: 44743 } }
I20260709 12:16:29.135187 23449 leader_election.cc:290] T 7cd2e685e9dc4aaf88aa04478cb17ac5 P 98e26fadac0a4193936d8e0e54216801 [CANDIDATE]: Term 1 pre-election: Requested pre-vote from peers 5f7dfc6b733e4451bd0377eba65e1e81 (127.21.144.130:36425), 2243026bbc9d440194995214ba04fee1 (127.21.144.131:44743)
I20260709 12:16:29.139848 23403 tablet_service.cc:1917] Received RequestConsensusVote() RPC: tablet_id: "7cd2e685e9dc4aaf88aa04478cb17ac5" candidate_uuid: "98e26fadac0a4193936d8e0e54216801" candidate_term: 1 candidate_status { last_received { term: 0 index: 0 } } ignore_live_leader: false dest_uuid: "2243026bbc9d440194995214ba04fee1" is_pre_election: true
I20260709 12:16:29.140508 23403 raft_consensus.cc:2468] T 7cd2e685e9dc4aaf88aa04478cb17ac5 P 2243026bbc9d440194995214ba04fee1 [term 0 FOLLOWER]: Leader pre-election vote request: Granting yes vote for candidate 98e26fadac0a4193936d8e0e54216801 in term 0.
I20260709 12:16:29.141891 23221 leader_election.cc:304] T 7cd2e685e9dc4aaf88aa04478cb17ac5 P 98e26fadac0a4193936d8e0e54216801 [CANDIDATE]: Term 1 pre-election: Election decided. Result: candidate won. Election summary: received 2 responses out of 3 voters: 2 yes votes; 0 no votes. yes voters: 2243026bbc9d440194995214ba04fee1, 98e26fadac0a4193936d8e0e54216801; no voters: 
I20260709 12:16:29.142663 23449 raft_consensus.cc:2804] T 7cd2e685e9dc4aaf88aa04478cb17ac5 P 98e26fadac0a4193936d8e0e54216801 [term 0 FOLLOWER]: Leader pre-election won for term 1
I20260709 12:16:29.143008 23449 raft_consensus.cc:493] T 7cd2e685e9dc4aaf88aa04478cb17ac5 P 98e26fadac0a4193936d8e0e54216801 [term 0 FOLLOWER]: Starting leader election (no leader contacted us within the election timeout)
I20260709 12:16:29.143343 23449 raft_consensus.cc:3060] T 7cd2e685e9dc4aaf88aa04478cb17ac5 P 98e26fadac0a4193936d8e0e54216801 [term 0 FOLLOWER]: Advancing to term 1
I20260709 12:16:29.151100 23446 tablet_bootstrap.cc:654] T c00c63ceb84040c284bcd8e2c0ba7863 P 2243026bbc9d440194995214ba04fee1: Neither blocks nor log segments found. Creating new log.
I20260709 12:16:29.161366 23449 raft_consensus.cc:515] T 7cd2e685e9dc4aaf88aa04478cb17ac5 P 98e26fadac0a4193936d8e0e54216801 [term 1 FOLLOWER]: Starting leader election with config: opid_index: -1 OBSOLETE_local: false peers { permanent_uuid: "98e26fadac0a4193936d8e0e54216801" member_type: VOTER last_known_addr { host: "127.21.144.129" port: 39079 } } peers { permanent_uuid: "5f7dfc6b733e4451bd0377eba65e1e81" member_type: VOTER last_known_addr { host: "127.21.144.130" port: 36425 } } peers { permanent_uuid: "2243026bbc9d440194995214ba04fee1" member_type: VOTER last_known_addr { host: "127.21.144.131" port: 44743 } }
I20260709 12:16:29.168483 23330 tablet_service.cc:1917] Received RequestConsensusVote() RPC: tablet_id: "7cd2e685e9dc4aaf88aa04478cb17ac5" candidate_uuid: "98e26fadac0a4193936d8e0e54216801" candidate_term: 1 candidate_status { last_received { term: 0 index: 0 } } ignore_live_leader: false dest_uuid: "5f7dfc6b733e4451bd0377eba65e1e81"
I20260709 12:16:29.169045 23330 raft_consensus.cc:3060] T 7cd2e685e9dc4aaf88aa04478cb17ac5 P 5f7dfc6b733e4451bd0377eba65e1e81 [term 0 FOLLOWER]: Advancing to term 1
I20260709 12:16:29.161396 23324 tablet_service.cc:1917] Received RequestConsensusVote() RPC: tablet_id: "7cd2e685e9dc4aaf88aa04478cb17ac5" candidate_uuid: "98e26fadac0a4193936d8e0e54216801" candidate_term: 1 candidate_status { last_received { term: 0 index: 0 } } ignore_live_leader: false dest_uuid: "5f7dfc6b733e4451bd0377eba65e1e81" is_pre_election: true
I20260709 12:16:29.177413 23449 leader_election.cc:290] T 7cd2e685e9dc4aaf88aa04478cb17ac5 P 98e26fadac0a4193936d8e0e54216801 [CANDIDATE]: Term 1 election: Requested vote from peers 5f7dfc6b733e4451bd0377eba65e1e81 (127.21.144.130:36425), 2243026bbc9d440194995214ba04fee1 (127.21.144.131:44743)
I20260709 12:16:29.177985 23330 raft_consensus.cc:2468] T 7cd2e685e9dc4aaf88aa04478cb17ac5 P 5f7dfc6b733e4451bd0377eba65e1e81 [term 1 FOLLOWER]: Leader election vote request: Granting yes vote for candidate 98e26fadac0a4193936d8e0e54216801 in term 1.
I20260709 12:16:29.179270 23403 tablet_service.cc:1917] Received RequestConsensusVote() RPC: tablet_id: "7cd2e685e9dc4aaf88aa04478cb17ac5" candidate_uuid: "98e26fadac0a4193936d8e0e54216801" candidate_term: 1 candidate_status { last_received { term: 0 index: 0 } } ignore_live_leader: false dest_uuid: "2243026bbc9d440194995214ba04fee1"
I20260709 12:16:29.179834 23403 raft_consensus.cc:3060] T 7cd2e685e9dc4aaf88aa04478cb17ac5 P 2243026bbc9d440194995214ba04fee1 [term 0 FOLLOWER]: Advancing to term 1
I20260709 12:16:29.183790 23219 leader_election.cc:304] T 7cd2e685e9dc4aaf88aa04478cb17ac5 P 98e26fadac0a4193936d8e0e54216801 [CANDIDATE]: Term 1 election: Election decided. Result: candidate won. Election summary: received 2 responses out of 3 voters: 2 yes votes; 0 no votes. yes voters: 5f7dfc6b733e4451bd0377eba65e1e81, 98e26fadac0a4193936d8e0e54216801; no voters: 
I20260709 12:16:29.188287 23449 raft_consensus.cc:2804] T 7cd2e685e9dc4aaf88aa04478cb17ac5 P 98e26fadac0a4193936d8e0e54216801 [term 1 FOLLOWER]: Leader election won for term 1
I20260709 12:16:29.188828 23449 raft_consensus.cc:697] T 7cd2e685e9dc4aaf88aa04478cb17ac5 P 98e26fadac0a4193936d8e0e54216801 [term 1 LEADER]: Becoming Leader. State: Replica: 98e26fadac0a4193936d8e0e54216801, State: Running, Role: LEADER
I20260709 12:16:29.193395 23449 consensus_queue.cc:237] T 7cd2e685e9dc4aaf88aa04478cb17ac5 P 98e26fadac0a4193936d8e0e54216801 [LEADER]: Queue going to LEADER mode. State: All replicated index: 0, Majority replicated index: 0, Committed index: 0, Last appended: 0.0, Last appended by leader: 0, Current term: 1, Majority size: 2, State: 0, Mode: LEADER, active raft config: opid_index: -1 OBSOLETE_local: false peers { permanent_uuid: "98e26fadac0a4193936d8e0e54216801" member_type: VOTER last_known_addr { host: "127.21.144.129" port: 39079 } } peers { permanent_uuid: "5f7dfc6b733e4451bd0377eba65e1e81" member_type: VOTER last_known_addr { host: "127.21.144.130" port: 36425 } } peers { permanent_uuid: "2243026bbc9d440194995214ba04fee1" member_type: VOTER last_known_addr { host: "127.21.144.131" port: 44743 } }
I20260709 12:16:29.194278 23403 raft_consensus.cc:2468] T 7cd2e685e9dc4aaf88aa04478cb17ac5 P 2243026bbc9d440194995214ba04fee1 [term 1 FOLLOWER]: Leader election vote request: Granting yes vote for candidate 98e26fadac0a4193936d8e0e54216801 in term 1.
I20260709 12:16:29.199434 23444 tablet_bootstrap.cc:492] T 3cf800184cea400d964472a83b76df83 P 98e26fadac0a4193936d8e0e54216801: No bootstrap required, opened a new log
I20260709 12:16:29.199980 23444 ts_tablet_manager.cc:1403] T 3cf800184cea400d964472a83b76df83 P 98e26fadac0a4193936d8e0e54216801: Time spent bootstrapping tablet: real 0.133s	user 0.006s	sys 0.010s
I20260709 12:16:29.210476 23579 consensus_queue.cc:1048] T bda241cde0c84bec95b0028a5991fc18 P 5f7dfc6b733e4451bd0377eba65e1e81 [LEADER]: Connected to new peer: Peer: permanent_uuid: "2243026bbc9d440194995214ba04fee1" member_type: VOTER last_known_addr { host: "127.21.144.131" port: 44743 }, Status: LMP_MISMATCH, Last received: 0.0, Next index: 1, Last known committed idx: 0, Time since last communication: 0.000s
I20260709 12:16:29.216873 23444 raft_consensus.cc:359] T 3cf800184cea400d964472a83b76df83 P 98e26fadac0a4193936d8e0e54216801 [term 0 FOLLOWER]: Replica starting. Triggering 0 pending ops. Active config: opid_index: -1 OBSOLETE_local: false peers { permanent_uuid: "98e26fadac0a4193936d8e0e54216801" member_type: VOTER last_known_addr { host: "127.21.144.129" port: 39079 } } peers { permanent_uuid: "5f7dfc6b733e4451bd0377eba65e1e81" member_type: VOTER last_known_addr { host: "127.21.144.130" port: 36425 } } peers { permanent_uuid: "2243026bbc9d440194995214ba04fee1" member_type: VOTER last_known_addr { host: "127.21.144.131" port: 44743 } }
I20260709 12:16:29.217585 23444 raft_consensus.cc:385] T 3cf800184cea400d964472a83b76df83 P 98e26fadac0a4193936d8e0e54216801 [term 0 FOLLOWER]: Consensus starting up: Expiring failure detector timer to make a prompt election more likely
I20260709 12:16:29.217854 23444 raft_consensus.cc:740] T 3cf800184cea400d964472a83b76df83 P 98e26fadac0a4193936d8e0e54216801 [term 0 FOLLOWER]: Becoming Follower/Learner. State: Replica: 98e26fadac0a4193936d8e0e54216801, State: Initialized, Role: FOLLOWER
I20260709 12:16:29.218437 23445 tablet_bootstrap.cc:492] T 3cf800184cea400d964472a83b76df83 P 5f7dfc6b733e4451bd0377eba65e1e81: No bootstrap required, opened a new log
I20260709 12:16:29.221253 23445 ts_tablet_manager.cc:1403] T 3cf800184cea400d964472a83b76df83 P 5f7dfc6b733e4451bd0377eba65e1e81: Time spent bootstrapping tablet: real 0.113s	user 0.011s	sys 0.010s
W20260709 12:16:29.222451 23201 auto_rebalancer.cc:288] Could not retrieve cluster info: Service unavailable: Tablet not running
I20260709 12:16:29.224354 23445 raft_consensus.cc:359] T 3cf800184cea400d964472a83b76df83 P 5f7dfc6b733e4451bd0377eba65e1e81 [term 0 FOLLOWER]: Replica starting. Triggering 0 pending ops. Active config: opid_index: -1 OBSOLETE_local: false peers { permanent_uuid: "98e26fadac0a4193936d8e0e54216801" member_type: VOTER last_known_addr { host: "127.21.144.129" port: 39079 } } peers { permanent_uuid: "5f7dfc6b733e4451bd0377eba65e1e81" member_type: VOTER last_known_addr { host: "127.21.144.130" port: 36425 } } peers { permanent_uuid: "2243026bbc9d440194995214ba04fee1" member_type: VOTER last_known_addr { host: "127.21.144.131" port: 44743 } }
I20260709 12:16:29.224980 23445 raft_consensus.cc:385] T 3cf800184cea400d964472a83b76df83 P 5f7dfc6b733e4451bd0377eba65e1e81 [term 0 FOLLOWER]: Consensus starting up: Expiring failure detector timer to make a prompt election more likely
I20260709 12:16:29.218537 23444 consensus_queue.cc:260] T 3cf800184cea400d964472a83b76df83 P 98e26fadac0a4193936d8e0e54216801 [NON_LEADER]: Queue going to NON_LEADER mode. State: All replicated index: 0, Majority replicated index: 0, Committed index: 0, Last appended: 0.0, Last appended by leader: 0, Current term: 0, Majority size: -1, State: 0, Mode: NON_LEADER, active raft config: opid_index: -1 OBSOLETE_local: false peers { permanent_uuid: "98e26fadac0a4193936d8e0e54216801" member_type: VOTER last_known_addr { host: "127.21.144.129" port: 39079 } } peers { permanent_uuid: "5f7dfc6b733e4451bd0377eba65e1e81" member_type: VOTER last_known_addr { host: "127.21.144.130" port: 36425 } } peers { permanent_uuid: "2243026bbc9d440194995214ba04fee1" member_type: VOTER last_known_addr { host: "127.21.144.131" port: 44743 } }
I20260709 12:16:29.225240 23445 raft_consensus.cc:740] T 3cf800184cea400d964472a83b76df83 P 5f7dfc6b733e4451bd0377eba65e1e81 [term 0 FOLLOWER]: Becoming Follower/Learner. State: Replica: 5f7dfc6b733e4451bd0377eba65e1e81, State: Initialized, Role: FOLLOWER
I20260709 12:16:29.226105 23445 consensus_queue.cc:260] T 3cf800184cea400d964472a83b76df83 P 5f7dfc6b733e4451bd0377eba65e1e81 [NON_LEADER]: Queue going to NON_LEADER mode. State: All replicated index: 0, Majority replicated index: 0, Committed index: 0, Last appended: 0.0, Last appended by leader: 0, Current term: 0, Majority size: -1, State: 0, Mode: NON_LEADER, active raft config: opid_index: -1 OBSOLETE_local: false peers { permanent_uuid: "98e26fadac0a4193936d8e0e54216801" member_type: VOTER last_known_addr { host: "127.21.144.129" port: 39079 } } peers { permanent_uuid: "5f7dfc6b733e4451bd0377eba65e1e81" member_type: VOTER last_known_addr { host: "127.21.144.130" port: 36425 } } peers { permanent_uuid: "2243026bbc9d440194995214ba04fee1" member_type: VOTER last_known_addr { host: "127.21.144.131" port: 44743 } }
