I20260709 12:16:19.279575 29196 raft_consensus.cc:493] T 26f7ef27f11843479ef306ce086d9cd6 P af5d391884b847c185a72cf5b1b94ca6 [term 0 FOLLOWER]: Starting leader election (no leader contacted us within the election timeout)
I20260709 12:16:19.279908 29196 raft_consensus.cc:3060] T 26f7ef27f11843479ef306ce086d9cd6 P af5d391884b847c185a72cf5b1b94ca6 [term 0 FOLLOWER]: Advancing to term 1
I20260709 12:16:19.357477 29162 consensus_queue.cc:1048] T ba838c110fce455e92d3015cbd05797f P 972c30dc7e544abb85760b7b79699fa2 [LEADER]: Connected to new peer: Peer: permanent_uuid: "19946847a7624278ad62b8c04715f451" member_type: VOTER last_known_addr { host: "127.27.32.195" port: 42441 }, Status: LMP_MISMATCH, Last received: 0.0, Next index: 1, Last known committed idx: 0, Time since last communication: 0.000s
I20260709 12:16:19.373653 29019 tablet_service.cc:1917] Received RequestConsensusVote() RPC: tablet_id: "26f7ef27f11843479ef306ce086d9cd6" candidate_uuid: "af5d391884b847c185a72cf5b1b94ca6" candidate_term: 1 candidate_status { last_received { term: 0 index: 0 } } ignore_live_leader: false dest_uuid: "972c30dc7e544abb85760b7b79699fa2" is_pre_election: true
I20260709 12:16:19.374477 29135 ts_tablet_manager.cc:1403] T 54463e3d25f841a181aceec30f22d1bd P 19946847a7624278ad62b8c04715f451: Time spent bootstrapping tablet: real 0.271s	user 0.043s	sys 0.079s
I20260709 12:16:19.376977 29134 tablet_bootstrap.cc:654] T c3d9381e4a944a769e8000ff3ee95c17 P af5d391884b847c185a72cf5b1b94ca6: Neither blocks nor log segments found. Creating new log.
I20260709 12:16:19.377898 29135 raft_consensus.cc:359] T 54463e3d25f841a181aceec30f22d1bd P 19946847a7624278ad62b8c04715f451 [term 0 FOLLOWER]: Replica starting. Triggering 0 pending ops. Active config: opid_index: -1 OBSOLETE_local: false peers { permanent_uuid: "af5d391884b847c185a72cf5b1b94ca6" member_type: VOTER last_known_addr { host: "127.27.32.193" port: 37121 } } peers { permanent_uuid: "972c30dc7e544abb85760b7b79699fa2" member_type: VOTER last_known_addr { host: "127.27.32.194" port: 38907 } } peers { permanent_uuid: "19946847a7624278ad62b8c04715f451" member_type: VOTER last_known_addr { host: "127.27.32.195" port: 42441 } }
I20260709 12:16:19.379900 29138 raft_consensus.cc:493] T 04a68ef86364458fb276677d83e6d704 P af5d391884b847c185a72cf5b1b94ca6 [term 0 FOLLOWER]: Starting pre-election (no leader contacted us within the election timeout)
I20260709 12:16:19.381130 29135 raft_consensus.cc:385] T 54463e3d25f841a181aceec30f22d1bd P 19946847a7624278ad62b8c04715f451 [term 0 FOLLOWER]: Consensus starting up: Expiring failure detector timer to make a prompt election more likely
I20260709 12:16:19.381485 29135 raft_consensus.cc:740] T 54463e3d25f841a181aceec30f22d1bd P 19946847a7624278ad62b8c04715f451 [term 0 FOLLOWER]: Becoming Follower/Learner. State: Replica: 19946847a7624278ad62b8c04715f451, State: Initialized, Role: FOLLOWER
I20260709 12:16:19.381289 29138 raft_consensus.cc:515] T 04a68ef86364458fb276677d83e6d704 P af5d391884b847c185a72cf5b1b94ca6 [term 0 FOLLOWER]: Starting pre-election with config: opid_index: -1 OBSOLETE_local: false peers { permanent_uuid: "af5d391884b847c185a72cf5b1b94ca6" member_type: VOTER last_known_addr { host: "127.27.32.193" port: 37121 } } peers { permanent_uuid: "972c30dc7e544abb85760b7b79699fa2" member_type: VOTER last_known_addr { host: "127.27.32.194" port: 38907 } } peers { permanent_uuid: "19946847a7624278ad62b8c04715f451" member_type: VOTER last_known_addr { host: "127.27.32.195" port: 42441 } }
I20260709 12:16:19.381737 29196 raft_consensus.cc:515] T 26f7ef27f11843479ef306ce086d9cd6 P af5d391884b847c185a72cf5b1b94ca6 [term 1 FOLLOWER]: Starting leader election with config: opid_index: -1 OBSOLETE_local: false peers { permanent_uuid: "af5d391884b847c185a72cf5b1b94ca6" member_type: VOTER last_known_addr { host: "127.27.32.193" port: 37121 } } peers { permanent_uuid: "972c30dc7e544abb85760b7b79699fa2" member_type: VOTER last_known_addr { host: "127.27.32.194" port: 38907 } } peers { permanent_uuid: "19946847a7624278ad62b8c04715f451" member_type: VOTER last_known_addr { host: "127.27.32.195" port: 42441 } }
W20260709 12:16:19.382743 28910 leader_election.cc:343] T 26f7ef27f11843479ef306ce086d9cd6 P af5d391884b847c185a72cf5b1b94ca6 [CANDIDATE]: Term 1 pre-election: Tablet error from VoteRequest() call to peer 972c30dc7e544abb85760b7b79699fa2 (127.27.32.194:38907): Illegal state: must be running to vote when last-logged opid is not known
I20260709 12:16:19.382474 29135 consensus_queue.cc:260] T 54463e3d25f841a181aceec30f22d1bd P 19946847a7624278ad62b8c04715f451 [NON_LEADER]: Queue going to NON_LEADER mode. State: All replicated index: 0, Majority replicated index: 0, Committed index: 0, Last appended: 0.0, Last appended by leader: 0, Current term: 0, Majority size: -1, State: 0, Mode: NON_LEADER, active raft config: opid_index: -1 OBSOLETE_local: false peers { permanent_uuid: "af5d391884b847c185a72cf5b1b94ca6" member_type: VOTER last_known_addr { host: "127.27.32.193" port: 37121 } } peers { permanent_uuid: "972c30dc7e544abb85760b7b79699fa2" member_type: VOTER last_known_addr { host: "127.27.32.194" port: 38907 } } peers { permanent_uuid: "19946847a7624278ad62b8c04715f451" member_type: VOTER last_known_addr { host: "127.27.32.195" port: 42441 } }
I20260709 12:16:19.383617 29138 leader_election.cc:290] T 04a68ef86364458fb276677d83e6d704 P af5d391884b847c185a72cf5b1b94ca6 [CANDIDATE]: Term 1 pre-election: Requested pre-vote from peers 972c30dc7e544abb85760b7b79699fa2 (127.27.32.194:38907), 19946847a7624278ad62b8c04715f451 (127.27.32.195:42441)
I20260709 12:16:19.383737 29196 leader_election.cc:290] T 26f7ef27f11843479ef306ce086d9cd6 P af5d391884b847c185a72cf5b1b94ca6 [CANDIDATE]: Term 1 election: Requested vote from peers 972c30dc7e544abb85760b7b79699fa2 (127.27.32.194:38907), 19946847a7624278ad62b8c04715f451 (127.27.32.195:42441)
I20260709 12:16:19.380759 29137 tablet_bootstrap.cc:654] T c3d9381e4a944a769e8000ff3ee95c17 P 972c30dc7e544abb85760b7b79699fa2: Neither blocks nor log segments found. Creating new log.
I20260709 12:16:19.385015 29135 ts_tablet_manager.cc:1434] T 54463e3d25f841a181aceec30f22d1bd P 19946847a7624278ad62b8c04715f451: Time spent starting tablet: real 0.010s	user 0.006s	sys 0.000s
I20260709 12:16:19.386376 29135 tablet_bootstrap.cc:492] T 2604959fec7c473bb92a15d8af1a01e1 P 19946847a7624278ad62b8c04715f451: Bootstrap starting.
I20260709 12:16:19.392946 29019 tablet_service.cc:1917] Received RequestConsensusVote() RPC: tablet_id: "04a68ef86364458fb276677d83e6d704" candidate_uuid: "af5d391884b847c185a72cf5b1b94ca6" candidate_term: 1 candidate_status { last_received { term: 0 index: 0 } } ignore_live_leader: false dest_uuid: "972c30dc7e544abb85760b7b79699fa2" is_pre_election: true
I20260709 12:16:19.415844 29019 raft_consensus.cc:2468] T 04a68ef86364458fb276677d83e6d704 P 972c30dc7e544abb85760b7b79699fa2 [term 0 FOLLOWER]: Leader pre-election vote request: Granting yes vote for candidate af5d391884b847c185a72cf5b1b94ca6 in term 0.
I20260709 12:16:19.421278 29020 tablet_service.cc:1917] Received RequestConsensusVote() RPC: tablet_id: "26f7ef27f11843479ef306ce086d9cd6" candidate_uuid: "af5d391884b847c185a72cf5b1b94ca6" candidate_term: 1 candidate_status { last_received { term: 0 index: 0 } } ignore_live_leader: false dest_uuid: "972c30dc7e544abb85760b7b79699fa2"
W20260709 12:16:19.422645 28910 leader_election.cc:343] T 26f7ef27f11843479ef306ce086d9cd6 P af5d391884b847c185a72cf5b1b94ca6 [CANDIDATE]: Term 1 election: Tablet error from VoteRequest() call to peer 972c30dc7e544abb85760b7b79699fa2 (127.27.32.194:38907): Illegal state: must be running to vote when last-logged opid is not known
I20260709 12:16:19.423712 29093 tablet_service.cc:1917] Received RequestConsensusVote() RPC: tablet_id: "26f7ef27f11843479ef306ce086d9cd6" candidate_uuid: "af5d391884b847c185a72cf5b1b94ca6" candidate_term: 1 candidate_status { last_received { term: 0 index: 0 } } ignore_live_leader: false dest_uuid: "19946847a7624278ad62b8c04715f451"
I20260709 12:16:19.424286 29093 raft_consensus.cc:3060] T 26f7ef27f11843479ef306ce086d9cd6 P 19946847a7624278ad62b8c04715f451 [term 0 FOLLOWER]: Advancing to term 1
I20260709 12:16:19.425777 29094 tablet_service.cc:1917] Received RequestConsensusVote() RPC: tablet_id: "04a68ef86364458fb276677d83e6d704" candidate_uuid: "af5d391884b847c185a72cf5b1b94ca6" candidate_term: 1 candidate_status { last_received { term: 0 index: 0 } } ignore_live_leader: false dest_uuid: "19946847a7624278ad62b8c04715f451" is_pre_election: true
I20260709 12:16:19.429452 29169 consensus_queue.cc:1048] T 45231068bca045c8adc6081785b71f5e P 19946847a7624278ad62b8c04715f451 [LEADER]: Connected to new peer: Peer: permanent_uuid: "af5d391884b847c185a72cf5b1b94ca6" member_type: VOTER last_known_addr { host: "127.27.32.193" port: 37121 }, Status: LMP_MISMATCH, Last received: 0.0, Next index: 1, Last known committed idx: 0, Time since last communication: 0.000s
I20260709 12:16:19.434163 29093 raft_consensus.cc:2468] T 26f7ef27f11843479ef306ce086d9cd6 P 19946847a7624278ad62b8c04715f451 [term 1 FOLLOWER]: Leader election vote request: Granting yes vote for candidate af5d391884b847c185a72cf5b1b94ca6 in term 1.
I20260709 12:16:19.434767 28910 leader_election.cc:304] T 04a68ef86364458fb276677d83e6d704 P af5d391884b847c185a72cf5b1b94ca6 [CANDIDATE]: Term 1 pre-election: Election decided. Result: candidate won. Election summary: received 2 responses out of 3 voters: 2 yes votes; 0 no votes. yes voters: 972c30dc7e544abb85760b7b79699fa2, af5d391884b847c185a72cf5b1b94ca6; no voters: 
I20260709 12:16:19.439693 28841 catalog_manager.cc:5697] T 96ec7ef1d6c444e59087a032a863a0f0 P af5d391884b847c185a72cf5b1b94ca6 reported cstate change: term changed from 0 to 1, leader changed from <none> to af5d391884b847c185a72cf5b1b94ca6 (127.27.32.193). New cstate: current_term: 1 leader_uuid: "af5d391884b847c185a72cf5b1b94ca6" committed_config { opid_index: -1 OBSOLETE_local: false peers { permanent_uuid: "af5d391884b847c185a72cf5b1b94ca6" member_type: VOTER last_known_addr { host: "127.27.32.193" port: 37121 } health_report { overall_health: HEALTHY } } peers { permanent_uuid: "972c30dc7e544abb85760b7b79699fa2" member_type: VOTER last_known_addr { host: "127.27.32.194" port: 38907 } health_report { overall_health: UNKNOWN } } peers { permanent_uuid: "19946847a7624278ad62b8c04715f451" member_type: VOTER last_known_addr { host: "127.27.32.195" port: 42441 } health_report { overall_health: UNKNOWN } } }
I20260709 12:16:19.440968 28910 leader_election.cc:304] T 26f7ef27f11843479ef306ce086d9cd6 P af5d391884b847c185a72cf5b1b94ca6 [CANDIDATE]: Term 1 election: Election decided. Result: candidate won. Election summary: received 3 responses out of 3 voters: 2 yes votes; 1 no votes. yes voters: 19946847a7624278ad62b8c04715f451, af5d391884b847c185a72cf5b1b94ca6; no voters: 972c30dc7e544abb85760b7b79699fa2
I20260709 12:16:19.441776 29135 tablet_bootstrap.cc:654] T 2604959fec7c473bb92a15d8af1a01e1 P 19946847a7624278ad62b8c04715f451: Neither blocks nor log segments found. Creating new log.
I20260709 12:16:19.441732 29196 raft_consensus.cc:2804] T 26f7ef27f11843479ef306ce086d9cd6 P af5d391884b847c185a72cf5b1b94ca6 [term 1 FOLLOWER]: Leader election won for term 1
I20260709 12:16:19.442320 29196 raft_consensus.cc:697] T 26f7ef27f11843479ef306ce086d9cd6 P af5d391884b847c185a72cf5b1b94ca6 [term 1 LEADER]: Becoming Leader. State: Replica: af5d391884b847c185a72cf5b1b94ca6, State: Running, Role: LEADER
I20260709 12:16:19.443476 29134 tablet_bootstrap.cc:492] T c3d9381e4a944a769e8000ff3ee95c17 P af5d391884b847c185a72cf5b1b94ca6: No bootstrap required, opened a new log
I20260709 12:16:19.443935 29134 ts_tablet_manager.cc:1403] T c3d9381e4a944a769e8000ff3ee95c17 P af5d391884b847c185a72cf5b1b94ca6: Time spent bootstrapping tablet: real 0.177s	user 0.009s	sys 0.008s
I20260709 12:16:19.449958 29207 raft_consensus.cc:493] T 04a68ef86364458fb276677d83e6d704 P 19946847a7624278ad62b8c04715f451 [term 0 FOLLOWER]: Starting pre-election (no leader contacted us within the election timeout)
I20260709 12:16:19.450426 29207 raft_consensus.cc:515] T 04a68ef86364458fb276677d83e6d704 P 19946847a7624278ad62b8c04715f451 [term 0 FOLLOWER]: Starting pre-election with config: opid_index: -1 OBSOLETE_local: false peers { permanent_uuid: "af5d391884b847c185a72cf5b1b94ca6" member_type: VOTER last_known_addr { host: "127.27.32.193" port: 37121 } } peers { permanent_uuid: "972c30dc7e544abb85760b7b79699fa2" member_type: VOTER last_known_addr { host: "127.27.32.194" port: 38907 } } peers { permanent_uuid: "19946847a7624278ad62b8c04715f451" member_type: VOTER last_known_addr { host: "127.27.32.195" port: 42441 } }
I20260709 12:16:19.453498 29207 leader_election.cc:290] T 04a68ef86364458fb276677d83e6d704 P 19946847a7624278ad62b8c04715f451 [CANDIDATE]: Term 1 pre-election: Requested pre-vote from peers af5d391884b847c185a72cf5b1b94ca6 (127.27.32.193:37121), 972c30dc7e544abb85760b7b79699fa2 (127.27.32.194:38907)
I20260709 12:16:19.454066 29094 raft_consensus.cc:2468] T 04a68ef86364458fb276677d83e6d704 P 19946847a7624278ad62b8c04715f451 [term 0 FOLLOWER]: Leader pre-election vote request: Granting yes vote for candidate af5d391884b847c185a72cf5b1b94ca6 in term 0.
I20260709 12:16:19.456923 29164 consensus_queue.cc:1048] T ba838c110fce455e92d3015cbd05797f P 972c30dc7e544abb85760b7b79699fa2 [LEADER]: Connected to new peer: Peer: permanent_uuid: "af5d391884b847c185a72cf5b1b94ca6" member_type: VOTER last_known_addr { host: "127.27.32.193" port: 37121 }, Status: LMP_MISMATCH, Last received: 0.0, Next index: 1, Last known committed idx: 0, Time since last communication: 0.000s
I20260709 12:16:19.458828 29019 tablet_service.cc:1917] Received RequestConsensusVote() RPC: tablet_id: "04a68ef86364458fb276677d83e6d704" candidate_uuid: "19946847a7624278ad62b8c04715f451" candidate_term: 1 candidate_status { last_received { term: 0 index: 0 } } ignore_live_leader: false dest_uuid: "972c30dc7e544abb85760b7b79699fa2" is_pre_election: true
I20260709 12:16:19.459991 28943 tablet_service.cc:1917] Received RequestConsensusVote() RPC: tablet_id: "04a68ef86364458fb276677d83e6d704" candidate_uuid: "19946847a7624278ad62b8c04715f451" candidate_term: 1 candidate_status { last_received { term: 0 index: 0 } } ignore_live_leader: false dest_uuid: "af5d391884b847c185a72cf5b1b94ca6" is_pre_election: true
I20260709 12:16:19.460098 29019 raft_consensus.cc:2468] T 04a68ef86364458fb276677d83e6d704 P 972c30dc7e544abb85760b7b79699fa2 [term 0 FOLLOWER]: Leader pre-election vote request: Granting yes vote for candidate 19946847a7624278ad62b8c04715f451 in term 0.
I20260709 12:16:19.443142 29196 consensus_queue.cc:237] T 26f7ef27f11843479ef306ce086d9cd6 P af5d391884b847c185a72cf5b1b94ca6 [LEADER]: Queue going to LEADER mode. State: All replicated index: 0, Majority replicated index: 0, Committed index: 0, Last appended: 0.0, Last appended by leader: 0, Current term: 1, Majority size: 2, State: 0, Mode: LEADER, active raft config: opid_index: -1 OBSOLETE_local: false peers { permanent_uuid: "af5d391884b847c185a72cf5b1b94ca6" member_type: VOTER last_known_addr { host: "127.27.32.193" port: 37121 } } peers { permanent_uuid: "972c30dc7e544abb85760b7b79699fa2" member_type: VOTER last_known_addr { host: "127.27.32.194" port: 38907 } } peers { permanent_uuid: "19946847a7624278ad62b8c04715f451" member_type: VOTER last_known_addr { host: "127.27.32.195" port: 42441 } }
I20260709 12:16:19.462549 29059 leader_election.cc:304] T 04a68ef86364458fb276677d83e6d704 P 19946847a7624278ad62b8c04715f451 [CANDIDATE]: Term 1 pre-election: Election decided. Result: candidate won. Election summary: received 2 responses out of 3 voters: 2 yes votes; 0 no votes. yes voters: 19946847a7624278ad62b8c04715f451, 972c30dc7e544abb85760b7b79699fa2; no voters: 
I20260709 12:16:19.463438 29207 raft_consensus.cc:2804] T 04a68ef86364458fb276677d83e6d704 P 19946847a7624278ad62b8c04715f451 [term 0 FOLLOWER]: Leader pre-election won for term 1
I20260709 12:16:19.463783 29207 raft_consensus.cc:493] T 04a68ef86364458fb276677d83e6d704 P 19946847a7624278ad62b8c04715f451 [term 0 FOLLOWER]: Starting leader election (no leader contacted us within the election timeout)
I20260709 12:16:19.464107 29207 raft_consensus.cc:3060] T 04a68ef86364458fb276677d83e6d704 P 19946847a7624278ad62b8c04715f451 [term 0 FOLLOWER]: Advancing to term 1
I20260709 12:16:19.467747 29169 raft_consensus.cc:493] T ea01639c0b684579b18d426c66f2e927 P 19946847a7624278ad62b8c04715f451 [term 0 FOLLOWER]: Starting pre-election (no leader contacted us within the election timeout)
I20260709 12:16:19.468222 29169 raft_consensus.cc:515] T ea01639c0b684579b18d426c66f2e927 P 19946847a7624278ad62b8c04715f451 [term 0 FOLLOWER]: Starting pre-election with config: opid_index: -1 OBSOLETE_local: false peers { permanent_uuid: "af5d391884b847c185a72cf5b1b94ca6" member_type: VOTER last_known_addr { host: "127.27.32.193" port: 37121 } } peers { permanent_uuid: "972c30dc7e544abb85760b7b79699fa2" member_type: VOTER last_known_addr { host: "127.27.32.194" port: 38907 } } peers { permanent_uuid: "19946847a7624278ad62b8c04715f451" member_type: VOTER last_known_addr { host: "127.27.32.195" port: 42441 } }
I20260709 12:16:19.470211 29169 leader_election.cc:290] T ea01639c0b684579b18d426c66f2e927 P 19946847a7624278ad62b8c04715f451 [CANDIDATE]: Term 1 pre-election: Requested pre-vote from peers af5d391884b847c185a72cf5b1b94ca6 (127.27.32.193:37121), 972c30dc7e544abb85760b7b79699fa2 (127.27.32.194:38907)
I20260709 12:16:19.472085 28843 catalog_manager.cc:5697] T bd66218b2cc949caad3cb1fbcb835c16 P 972c30dc7e544abb85760b7b79699fa2 reported cstate change: term changed from 0 to 1, leader changed from <none> to 972c30dc7e544abb85760b7b79699fa2 (127.27.32.194). New cstate: current_term: 1 leader_uuid: "972c30dc7e544abb85760b7b79699fa2" committed_config { opid_index: -1 OBSOLETE_local: false peers { permanent_uuid: "af5d391884b847c185a72cf5b1b94ca6" member_type: VOTER last_known_addr { host: "127.27.32.193" port: 37121 } health_report { overall_health: UNKNOWN } } peers { permanent_uuid: "972c30dc7e544abb85760b7b79699fa2" member_type: VOTER last_known_addr { host: "127.27.32.194" port: 38907 } health_report { overall_health: HEALTHY } } peers { permanent_uuid: "19946847a7624278ad62b8c04715f451" member_type: VOTER last_known_addr { host: "127.27.32.195" port: 42441 } health_report { overall_health: UNKNOWN } } }
I20260709 12:16:19.476563 29217 raft_consensus.cc:2804] T 04a68ef86364458fb276677d83e6d704 P af5d391884b847c185a72cf5b1b94ca6 [term 0 FOLLOWER]: Leader pre-election won for term 1
I20260709 12:16:19.478396 28943 raft_consensus.cc:2468] T 04a68ef86364458fb276677d83e6d704 P af5d391884b847c185a72cf5b1b94ca6 [term 0 FOLLOWER]: Leader pre-election vote request: Granting yes vote for candidate 19946847a7624278ad62b8c04715f451 in term 0.
I20260709 12:16:19.481755 29219 consensus_queue.cc:1048] T ffa3731762a446b98c0a380dd8684508 P 972c30dc7e544abb85760b7b79699fa2 [LEADER]: Connected to new peer: Peer: permanent_uuid: "19946847a7624278ad62b8c04715f451" member_type: VOTER last_known_addr { host: "127.27.32.195" port: 42441 }, Status: LMP_MISMATCH, Last received: 0.0, Next index: 1, Last known committed idx: 0, Time since last communication: 0.007s
I20260709 12:16:19.482105 28944 tablet_service.cc:1917] Received RequestConsensusVote() RPC: tablet_id: "ea01639c0b684579b18d426c66f2e927" candidate_uuid: "19946847a7624278ad62b8c04715f451" candidate_term: 1 candidate_status { last_received { term: 0 index: 0 } } ignore_live_leader: false dest_uuid: "af5d391884b847c185a72cf5b1b94ca6" is_pre_election: true
I20260709 12:16:19.482760 29164 consensus_queue.cc:1048] T ffa3731762a446b98c0a380dd8684508 P 972c30dc7e544abb85760b7b79699fa2 [LEADER]: Connected to new peer: Peer: permanent_uuid: "af5d391884b847c185a72cf5b1b94ca6" member_type: VOTER last_known_addr { host: "127.27.32.193" port: 37121 }, Status: LMP_MISMATCH, Last received: 0.0, Next index: 1, Last known committed idx: 0, Time since last communication: 0.000s
I20260709 12:16:19.483700 29019 tablet_service.cc:1917] Received RequestConsensusVote() RPC: tablet_id: "ea01639c0b684579b18d426c66f2e927" candidate_uuid: "19946847a7624278ad62b8c04715f451" candidate_term: 1 candidate_status { last_received { term: 0 index: 0 } } ignore_live_leader: false dest_uuid: "972c30dc7e544abb85760b7b79699fa2" is_pre_election: true
W20260709 12:16:19.483879 29059 leader_election.cc:343] T ea01639c0b684579b18d426c66f2e927 P 19946847a7624278ad62b8c04715f451 [CANDIDATE]: Term 1 pre-election: Tablet error from VoteRequest() call to peer af5d391884b847c185a72cf5b1b94ca6 (127.27.32.193:37121): Illegal state: must be running to vote when last-logged opid is not known
W20260709 12:16:19.489857 29059 leader_election.cc:343] T ea01639c0b684579b18d426c66f2e927 P 19946847a7624278ad62b8c04715f451 [CANDIDATE]: Term 1 pre-election: Tablet error from VoteRequest() call to peer 972c30dc7e544abb85760b7b79699fa2 (127.27.32.194:38907): Illegal state: must be running to vote when last-logged opid is not known
I20260709 12:16:19.490613 29059 leader_election.cc:304] T ea01639c0b684579b18d426c66f2e927 P 19946847a7624278ad62b8c04715f451 [CANDIDATE]: Term 1 pre-election: Election decided. Result: candidate lost. Election summary: received 3 responses out of 3 voters: 1 yes votes; 2 no votes. yes voters: 19946847a7624278ad62b8c04715f451; no voters: 972c30dc7e544abb85760b7b79699fa2, af5d391884b847c185a72cf5b1b94ca6
I20260709 12:16:19.491801 29169 raft_consensus.cc:2749] T ea01639c0b684579b18d426c66f2e927 P 19946847a7624278ad62b8c04715f451 [term 0 FOLLOWER]: Leader pre-election lost for term 1. Reason: could not achieve majority
I20260709 12:16:19.494119 29169 consensus_queue.cc:1048] T 45231068bca045c8adc6081785b71f5e P 19946847a7624278ad62b8c04715f451 [LEADER]: Connected to new peer: Peer: permanent_uuid: "972c30dc7e544abb85760b7b79699fa2" member_type: VOTER last_known_addr { host: "127.27.32.194" port: 38907 }, Status: LMP_MISMATCH, Last received: 0.0, Next index: 1, Last known committed idx: 0, Time since last communication: 0.001s
I20260709 12:16:19.509605 29137 tablet_bootstrap.cc:492] T c3d9381e4a944a769e8000ff3ee95c17 P 972c30dc7e544abb85760b7b79699fa2: No bootstrap required, opened a new log
I20260709 12:16:19.479760 29217 raft_consensus.cc:493] T 04a68ef86364458fb276677d83e6d704 P af5d391884b847c185a72cf5b1b94ca6 [term 0 FOLLOWER]: Starting leader election (no leader contacted us within the election timeout)
I20260709 12:16:19.535830 29137 ts_tablet_manager.cc:1403] T c3d9381e4a944a769e8000ff3ee95c17 P 972c30dc7e544abb85760b7b79699fa2: Time spent bootstrapping tablet: real 0.302s	user 0.019s	sys 0.017s
I20260709 12:16:19.514207 29134 raft_consensus.cc:359] T c3d9381e4a944a769e8000ff3ee95c17 P af5d391884b847c185a72cf5b1b94ca6 [term 0 FOLLOWER]: Replica starting. Triggering 0 pending ops. Active config: opid_index: -1 OBSOLETE_local: false peers { permanent_uuid: "af5d391884b847c185a72cf5b1b94ca6" member_type: VOTER last_known_addr { host: "127.27.32.193" port: 37121 } } peers { permanent_uuid: "972c30dc7e544abb85760b7b79699fa2" member_type: VOTER last_known_addr { host: "127.27.32.194" port: 38907 } } peers { permanent_uuid: "19946847a7624278ad62b8c04715f451" member_type: VOTER last_known_addr { host: "127.27.32.195" port: 42441 } }
I20260709 12:16:19.537365 29134 raft_consensus.cc:385] T c3d9381e4a944a769e8000ff3ee95c17 P af5d391884b847c185a72cf5b1b94ca6 [term 0 FOLLOWER]: Consensus starting up: Expiring failure detector timer to make a prompt election more likely
I20260709 12:16:19.537642 29134 raft_consensus.cc:740] T c3d9381e4a944a769e8000ff3ee95c17 P af5d391884b847c185a72cf5b1b94ca6 [term 0 FOLLOWER]: Becoming Follower/Learner. State: Replica: af5d391884b847c185a72cf5b1b94ca6, State: Initialized, Role: FOLLOWER
I20260709 12:16:19.536849 29169 consensus_queue.cc:1048] T 6f7498e397c849bd93b4016c622543b9 P 19946847a7624278ad62b8c04715f451 [LEADER]: Connected to new peer: Peer: permanent_uuid: "972c30dc7e544abb85760b7b79699fa2" member_type: VOTER last_known_addr { host: "127.27.32.194" port: 38907 }, Status: LMP_MISMATCH, Last received: 0.0, Next index: 1, Last known committed idx: 0, Time since last communication: 0.006s
W20260709 12:16:19.545271 28891 auto_rebalancer.cc:288] Could not retrieve cluster info: Service unavailable: Tablet not running
I20260709 12:16:19.536860 29217 raft_consensus.cc:3060] T 04a68ef86364458fb276677d83e6d704 P af5d391884b847c185a72cf5b1b94ca6 [term 0 FOLLOWER]: Advancing to term 1
I20260709 12:16:19.552819 29134 consensus_queue.cc:260] T c3d9381e4a944a769e8000ff3ee95c17 P af5d391884b847c185a72cf5b1b94ca6 [NON_LEADER]: Queue going to NON_LEADER mode. State: All replicated index: 0, Majority replicated index: 0, Committed index: 0, Last appended: 0.0, Last appended by leader: 0, Current term: 0, Majority size: -1, State: 0, Mode: NON_LEADER, active raft config: opid_index: -1 OBSOLETE_local: false peers { permanent_uuid: "af5d391884b847c185a72cf5b1b94ca6" member_type: VOTER last_known_addr { host: "127.27.32.193" port: 37121 } } peers { permanent_uuid: "972c30dc7e544abb85760b7b79699fa2" member_type: VOTER last_known_addr { host: "127.27.32.194" port: 38907 } } peers { permanent_uuid: "19946847a7624278ad62b8c04715f451" member_type: VOTER last_known_addr { host: "127.27.32.195" port: 42441 } }
I20260709 12:16:19.549518 29155 consensus_queue.cc:1048] T 6f7498e397c849bd93b4016c622543b9 P 19946847a7624278ad62b8c04715f451 [LEADER]: Connected to new peer: Peer: permanent_uuid: "af5d391884b847c185a72cf5b1b94ca6" member_type: VOTER last_known_addr { host: "127.27.32.193" port: 37121 }, Status: LMP_MISMATCH, Last received: 0.0, Next index: 1, Last known committed idx: 0, Time since last communication: 0.004s
I20260709 12:16:19.561969 29134 ts_tablet_manager.cc:1434] T c3d9381e4a944a769e8000ff3ee95c17 P af5d391884b847c185a72cf5b1b94ca6: Time spent starting tablet: real 0.118s	user 0.009s	sys 0.002s
I20260709 12:16:19.563158 29134 tablet_bootstrap.cc:492] T 54463e3d25f841a181aceec30f22d1bd P af5d391884b847c185a72cf5b1b94ca6: Bootstrap starting.
I20260709 12:16:19.570397 28843 catalog_manager.cc:5697] T 26f7ef27f11843479ef306ce086d9cd6 P af5d391884b847c185a72cf5b1b94ca6 reported cstate change: term changed from 0 to 1, leader changed from <none> to af5d391884b847c185a72cf5b1b94ca6 (127.27.32.193). New cstate: current_term: 1 leader_uuid: "af5d391884b847c185a72cf5b1b94ca6" committed_config { opid_index: -1 OBSOLETE_local: false peers { permanent_uuid: "af5d391884b847c185a72cf5b1b94ca6" member_type: VOTER last_known_addr { host: "127.27.32.193" port: 37121 } health_report { overall_health: HEALTHY } } peers { permanent_uuid: "972c30dc7e544abb85760b7b79699fa2" member_type: VOTER last_known_addr { host: "127.27.32.194" port: 38907 } health_report { overall_health: UNKNOWN } } peers { permanent_uuid: "19946847a7624278ad62b8c04715f451" member_type: VOTER last_known_addr { host: "127.27.32.195" port: 42441 } health_report { overall_health: UNKNOWN } } }
I20260709 12:16:19.573475 29137 raft_consensus.cc:359] T c3d9381e4a944a769e8000ff3ee95c17 P 972c30dc7e544abb85760b7b79699fa2 [term 0 FOLLOWER]: Replica starting. Triggering 0 pending ops. Active config: opid_index: -1 OBSOLETE_local: false peers { permanent_uuid: "af5d391884b847c185a72cf5b1b94ca6" member_type: VOTER last_known_addr { host: "127.27.32.193" port: 37121 } } peers { permanent_uuid: "972c30dc7e544abb85760b7b79699fa2" member_type: VOTER last_known_addr { host: "127.27.32.194" port: 38907 } } peers { permanent_uuid: "19946847a7624278ad62b8c04715f451" member_type: VOTER last_known_addr { host: "127.27.32.195" port: 42441 } }
I20260709 12:16:19.575034 29137 raft_consensus.cc:385] T c3d9381e4a944a769e8000ff3ee95c17 P 972c30dc7e544abb85760b7b79699fa2 [term 0 FOLLOWER]: Consensus starting up: Expiring failure detector timer to make a prompt election more likely
I20260709 12:16:19.575318 29137 raft_consensus.cc:740] T c3d9381e4a944a769e8000ff3ee95c17 P 972c30dc7e544abb85760b7b79699fa2 [term 0 FOLLOWER]: Becoming Follower/Learner. State: Replica: 972c30dc7e544abb85760b7b79699fa2, State: Initialized, Role: FOLLOWER
I20260709 12:16:19.575995 29137 consensus_queue.cc:260] T c3d9381e4a944a769e8000ff3ee95c17 P 972c30dc7e544abb85760b7b79699fa2 [NON_LEADER]: Queue going to NON_LEADER mode. State: All replicated index: 0, Majority replicated index: 0, Committed index: 0, Last appended: 0.0, Last appended by leader: 0, Current term: 0, Majority size: -1, State: 0, Mode: NON_LEADER, active raft config: opid_index: -1 OBSOLETE_local: false peers { permanent_uuid: "af5d391884b847c185a72cf5b1b94ca6" member_type: VOTER last_known_addr { host: "127.27.32.193" port: 37121 } } peers { permanent_uuid: "972c30dc7e544abb85760b7b79699fa2" member_type: VOTER last_known_addr { host: "127.27.32.194" port: 38907 } } peers { permanent_uuid: "19946847a7624278ad62b8c04715f451" member_type: VOTER last_known_addr { host: "127.27.32.195" port: 42441 } }
I20260709 12:16:19.582916 29207 raft_consensus.cc:515] T 04a68ef86364458fb276677d83e6d704 P 19946847a7624278ad62b8c04715f451 [term 1 FOLLOWER]: Starting leader election with config: opid_index: -1 OBSOLETE_local: false peers { permanent_uuid: "af5d391884b847c185a72cf5b1b94ca6" member_type: VOTER last_known_addr { host: "127.27.32.193" port: 37121 } } peers { permanent_uuid: "972c30dc7e544abb85760b7b79699fa2" member_type: VOTER last_known_addr { host: "127.27.32.194" port: 38907 } } peers { permanent_uuid: "19946847a7624278ad62b8c04715f451" member_type: VOTER last_known_addr { host: "127.27.32.195" port: 42441 } }
I20260709 12:16:19.584926 29207 leader_election.cc:290] T 04a68ef86364458fb276677d83e6d704 P 19946847a7624278ad62b8c04715f451 [CANDIDATE]: Term 1 election: Requested vote from peers af5d391884b847c185a72cf5b1b94ca6 (127.27.32.193:37121), 972c30dc7e544abb85760b7b79699fa2 (127.27.32.194:38907)
I20260709 12:16:19.585065 29135 tablet_bootstrap.cc:492] T 2604959fec7c473bb92a15d8af1a01e1 P 19946847a7624278ad62b8c04715f451: No bootstrap required, opened a new log
I20260709 12:16:19.585485 29135 ts_tablet_manager.cc:1403] T 2604959fec7c473bb92a15d8af1a01e1 P 19946847a7624278ad62b8c04715f451: Time spent bootstrapping tablet: real 0.199s	user 0.015s	sys 0.019s
I20260709 12:16:19.586403 28944 tablet_service.cc:1917] Received RequestConsensusVote() RPC: tablet_id: "04a68ef86364458fb276677d83e6d704" candidate_uuid: "19946847a7624278ad62b8c04715f451" candidate_term: 1 candidate_status { last_received { term: 0 index: 0 } } ignore_live_leader: false dest_uuid: "af5d391884b847c185a72cf5b1b94ca6"
I20260709 12:16:19.587906 29020 tablet_service.cc:1917] Received RequestConsensusVote() RPC: tablet_id: "04a68ef86364458fb276677d83e6d704" candidate_uuid: "19946847a7624278ad62b8c04715f451" candidate_term: 1 candidate_status { last_received { term: 0 index: 0 } } ignore_live_leader: false dest_uuid: "972c30dc7e544abb85760b7b79699fa2"
I20260709 12:16:19.588476 29020 raft_consensus.cc:3060] T 04a68ef86364458fb276677d83e6d704 P 972c30dc7e544abb85760b7b79699fa2 [term 0 FOLLOWER]: Advancing to term 1
I20260709 12:16:19.590687 29137 ts_tablet_manager.cc:1434] T c3d9381e4a944a769e8000ff3ee95c17 P 972c30dc7e544abb85760b7b79699fa2: Time spent starting tablet: real 0.054s	user 0.002s	sys 0.004s
I20260709 12:16:19.592252 29137 tablet_bootstrap.cc:492] T 26f7ef27f11843479ef306ce086d9cd6 P 972c30dc7e544abb85760b7b79699fa2: Bootstrap starting.
I20260709 12:16:19.597700 29217 raft_consensus.cc:515] T 04a68ef86364458fb276677d83e6d704 P af5d391884b847c185a72cf5b1b94ca6 [term 1 FOLLOWER]: Starting leader election with config: opid_index: -1 OBSOLETE_local: false peers { permanent_uuid: "af5d391884b847c185a72cf5b1b94ca6" member_type: VOTER last_known_addr { host: "127.27.32.193" port: 37121 } } peers { permanent_uuid: "972c30dc7e544abb85760b7b79699fa2" member_type: VOTER last_known_addr { host: "127.27.32.194" port: 38907 } } peers { permanent_uuid: "19946847a7624278ad62b8c04715f451" member_type: VOTER last_known_addr { host: "127.27.32.195" port: 42441 } }
I20260709 12:16:19.611814 28944 raft_consensus.cc:2393] T 04a68ef86364458fb276677d83e6d704 P af5d391884b847c185a72cf5b1b94ca6 [term 1 FOLLOWER]: Leader election vote request: Denying vote to candidate 19946847a7624278ad62b8c04715f451 in current term 1: Already voted for candidate af5d391884b847c185a72cf5b1b94ca6 in this term.
I20260709 12:16:19.615164 29020 raft_consensus.cc:2468] T 04a68ef86364458fb276677d83e6d704 P 972c30dc7e544abb85760b7b79699fa2 [term 1 FOLLOWER]: Leader election vote request: Granting yes vote for candidate 19946847a7624278ad62b8c04715f451 in term 1.
I20260709 12:16:19.616408 29059 leader_election.cc:304] T 04a68ef86364458fb276677d83e6d704 P 19946847a7624278ad62b8c04715f451 [CANDIDATE]: Term 1 election: Election decided. Result: candidate won. Election summary: received 3 responses out of 3 voters: 2 yes votes; 1 no votes. yes voters: 19946847a7624278ad62b8c04715f451, 972c30dc7e544abb85760b7b79699fa2; no voters: af5d391884b847c185a72cf5b1b94ca6
I20260709 12:16:19.620301 29207 raft_consensus.cc:2804] T 04a68ef86364458fb276677d83e6d704 P 19946847a7624278ad62b8c04715f451 [term 1 FOLLOWER]: Leader election won for term 1
I20260709 12:16:19.623638 29135 raft_consensus.cc:359] T 2604959fec7c473bb92a15d8af1a01e1 P 19946847a7624278ad62b8c04715f451 [term 0 FOLLOWER]: Replica starting. Triggering 0 pending ops. Active config: opid_index: -1 OBSOLETE_local: false peers { permanent_uuid: "af5d391884b847c185a72cf5b1b94ca6" member_type: VOTER last_known_addr { host: "127.27.32.193" port: 37121 } } peers { permanent_uuid: "972c30dc7e544abb85760b7b79699fa2" member_type: VOTER last_known_addr { host: "127.27.32.194" port: 38907 } } peers { permanent_uuid: "19946847a7624278ad62b8c04715f451" member_type: VOTER last_known_addr { host: "127.27.32.195" port: 42441 } }
I20260709 12:16:19.624616 29134 tablet_bootstrap.cc:654] T 54463e3d25f841a181aceec30f22d1bd P af5d391884b847c185a72cf5b1b94ca6: Neither blocks nor log segments found. Creating new log.
I20260709 12:16:19.625381 29135 raft_consensus.cc:385] T 2604959fec7c473bb92a15d8af1a01e1 P 19946847a7624278ad62b8c04715f451 [term 0 FOLLOWER]: Consensus starting up: Expiring failure detector timer to make a prompt election more likely
I20260709 12:16:19.625690 29135 raft_consensus.cc:740] T 2604959fec7c473bb92a15d8af1a01e1 P 19946847a7624278ad62b8c04715f451 [term 0 FOLLOWER]: Becoming Follower/Learner. State: Replica: 19946847a7624278ad62b8c04715f451, State: Initialized, Role: FOLLOWER
I20260709 12:16:19.626490 29135 consensus_queue.cc:260] T 2604959fec7c473bb92a15d8af1a01e1 P 19946847a7624278ad62b8c04715f451 [NON_LEADER]: Queue going to NON_LEADER mode. State: All replicated index: 0, Majority replicated index: 0, Committed index: 0, Last appended: 0.0, Last appended by leader: 0, Current term: 0, Majority size: -1, State: 0, Mode: NON_LEADER, active raft config: opid_index: -1 OBSOLETE_local: false peers { permanent_uuid: "af5d391884b847c185a72cf5b1b94ca6" member_type: VOTER last_known_addr { host: "127.27.32.193" port: 37121 } } peers { permanent_uuid: "972c30dc7e544abb85760b7b79699fa2" member_type: VOTER last_known_addr { host: "127.27.32.194" port: 38907 } } peers { permanent_uuid: "19946847a7624278ad62b8c04715f451" member_type: VOTER last_known_addr { host: "127.27.32.195" port: 42441 } }
I20260709 12:16:19.627696 29207 raft_consensus.cc:697] T 04a68ef86364458fb276677d83e6d704 P 19946847a7624278ad62b8c04715f451 [term 1 LEADER]: Becoming Leader. State: Replica: 19946847a7624278ad62b8c04715f451, State: Running, Role: LEADER
I20260709 12:16:19.629144 29207 consensus_queue.cc:237] T 04a68ef86364458fb276677d83e6d704 P 19946847a7624278ad62b8c04715f451 [LEADER]: Queue going to LEADER mode. State: All replicated index: 0, Majority replicated index: 0, Committed index: 0, Last appended: 0.0, Last appended by leader: 0, Current term: 1, Majority size: 2, State: 0, Mode: LEADER, active raft config: opid_index: -1 OBSOLETE_local: false peers { permanent_uuid: "af5d391884b847c185a72cf5b1b94ca6" member_type: VOTER last_known_addr { host: "127.27.32.193" port: 37121 } } peers { permanent_uuid: "972c30dc7e544abb85760b7b79699fa2" member_type: VOTER last_known_addr { host: "127.27.32.194" port: 38907 } } peers { permanent_uuid: "19946847a7624278ad62b8c04715f451" member_type: VOTER last_known_addr { host: "127.27.32.195" port: 42441 } }
I20260709 12:16:19.635624 29135 ts_tablet_manager.cc:1434] T 2604959fec7c473bb92a15d8af1a01e1 P 19946847a7624278ad62b8c04715f451: Time spent starting tablet: real 0.049s	user 0.006s	sys 0.002s
I20260709 12:16:19.636883 29135 tablet_bootstrap.cc:492] T e981b53b894c40119a4aab2db1928b3a P 19946847a7624278ad62b8c04715f451: Bootstrap starting.
I20260709 12:16:19.651907 29217 leader_election.cc:290] T 04a68ef86364458fb276677d83e6d704 P af5d391884b847c185a72cf5b1b94ca6 [CANDIDATE]: Term 1 election: Requested vote from peers 972c30dc7e544abb85760b7b79699fa2 (127.27.32.194:38907), 19946847a7624278ad62b8c04715f451 (127.27.32.195:42441)
I20260709 12:16:19.654762 29019 tablet_service.cc:1917] Received RequestConsensusVote() RPC: tablet_id: "04a68ef86364458fb276677d83e6d704" candidate_uuid: "af5d391884b847c185a72cf5b1b94ca6" candidate_term: 1 candidate_status { last_received { term: 0 index: 0 } } ignore_live_leader: false dest_uuid: "972c30dc7e544abb85760b7b79699fa2"
I20260709 12:16:19.655752 29019 raft_consensus.cc:2393] T 04a68ef86364458fb276677d83e6d704 P 972c30dc7e544abb85760b7b79699fa2 [term 1 FOLLOWER]: Leader election vote request: Denying vote to candidate af5d391884b847c185a72cf5b1b94ca6 in current term 1: Already voted for candidate 19946847a7624278ad62b8c04715f451 in this term.
I20260709 12:16:19.655658 29093 tablet_service.cc:1917] Received RequestConsensusVote() RPC: tablet_id: "04a68ef86364458fb276677d83e6d704" candidate_uuid: "af5d391884b847c185a72cf5b1b94ca6" candidate_term: 1 candidate_status { last_received { term: 0 index: 0 } } ignore_live_leader: false dest_uuid: "19946847a7624278ad62b8c04715f451"
I20260709 12:16:19.658090 28910 leader_election.cc:304] T 04a68ef86364458fb276677d83e6d704 P af5d391884b847c185a72cf5b1b94ca6 [CANDIDATE]: Term 1 election: Election decided. Result: candidate lost. Election summary: received 3 responses out of 3 voters: 1 yes votes; 2 no votes. yes voters: af5d391884b847c185a72cf5b1b94ca6; no voters: 19946847a7624278ad62b8c04715f451, 972c30dc7e544abb85760b7b79699fa2
I20260709 12:16:19.659439 29217 raft_consensus.cc:2749] T 04a68ef86364458fb276677d83e6d704 P af5d391884b847c185a72cf5b1b94ca6 [term 1 FOLLOWER]: Leader election lost for term 1. Reason: could not achieve majority
I20260709 12:16:19.661182 29134 tablet_bootstrap.cc:492] T 54463e3d25f841a181aceec30f22d1bd P af5d391884b847c185a72cf5b1b94ca6: No bootstrap required, opened a new log
I20260709 12:16:19.661650 29134 ts_tablet_manager.cc:1403] T 54463e3d25f841a181aceec30f22d1bd P af5d391884b847c185a72cf5b1b94ca6: Time spent bootstrapping tablet: real 0.099s	user 0.012s	sys 0.015s
I20260709 12:16:19.664537 29135 tablet_bootstrap.cc:654] T e981b53b894c40119a4aab2db1928b3a P 19946847a7624278ad62b8c04715f451: Neither blocks nor log segments found. Creating new log.
I20260709 12:16:19.664326 29134 raft_consensus.cc:359] T 54463e3d25f841a181aceec30f22d1bd P af5d391884b847c185a72cf5b1b94ca6 [term 0 FOLLOWER]: Replica starting. Triggering 0 pending ops. Active config: opid_index: -1 OBSOLETE_local: false peers { permanent_uuid: "af5d391884b847c185a72cf5b1b94ca6" member_type: VOTER last_known_addr { host: "127.27.32.193" port: 37121 } } peers { permanent_uuid: "972c30dc7e544abb85760b7b79699fa2" member_type: VOTER last_known_addr { host: "127.27.32.194" port: 38907 } } peers { permanent_uuid: "19946847a7624278ad62b8c04715f451" member_type: VOTER last_known_addr { host: "127.27.32.195" port: 42441 } }
I20260709 12:16:19.664937 29134 raft_consensus.cc:385] T 54463e3d25f841a181aceec30f22d1bd P af5d391884b847c185a72cf5b1b94ca6 [term 0 FOLLOWER]: Consensus starting up: Expiring failure detector timer to make a prompt election more likely
I20260709 12:16:19.665174 29134 raft_consensus.cc:740] T 54463e3d25f841a181aceec30f22d1bd P af5d391884b847c185a72cf5b1b94ca6 [term 0 FOLLOWER]: Becoming Follower/Learner. State: Replica: af5d391884b847c185a72cf5b1b94ca6, State: Initialized, Role: FOLLOWER
I20260709 12:16:19.665776 29134 consensus_queue.cc:260] T 54463e3d25f841a181aceec30f22d1bd P af5d391884b847c185a72cf5b1b94ca6 [NON_LEADER]: Queue going to NON_LEADER mode. State: All replicated index: 0, Majority replicated index: 0, Committed index: 0, Last appended: 0.0, Last appended by leader: 0, Current term: 0, Majority size: -1, State: 0, Mode: NON_LEADER, active raft config: opid_index: -1 OBSOLETE_local: false peers { permanent_uuid: "af5d391884b847c185a72cf5b1b94ca6" member_type: VOTER last_known_addr { host: "127.27.32.193" port: 37121 } } peers { permanent_uuid: "972c30dc7e544abb85760b7b79699fa2" member_type: VOTER last_known_addr { host: "127.27.32.194" port: 38907 } } peers { permanent_uuid: "19946847a7624278ad62b8c04715f451" member_type: VOTER last_known_addr { host: "127.27.32.195" port: 42441 } }
I20260709 12:16:19.668577 29137 tablet_bootstrap.cc:654] T 26f7ef27f11843479ef306ce086d9cd6 P 972c30dc7e544abb85760b7b79699fa2: Neither blocks nor log segments found. Creating new log.
I20260709 12:16:19.668706 29134 ts_tablet_manager.cc:1434] T 54463e3d25f841a181aceec30f22d1bd P af5d391884b847c185a72cf5b1b94ca6: Time spent starting tablet: real 0.007s	user 0.007s	sys 0.000s
I20260709 12:16:19.669885 29134 tablet_bootstrap.cc:492] T ea01639c0b684579b18d426c66f2e927 P af5d391884b847c185a72cf5b1b94ca6: Bootstrap starting.
I20260709 12:16:19.670264 28843 catalog_manager.cc:5697] T 04a68ef86364458fb276677d83e6d704 P 19946847a7624278ad62b8c04715f451 reported cstate change: term changed from 0 to 1, leader changed from <none> to 19946847a7624278ad62b8c04715f451 (127.27.32.195). New cstate: current_term: 1 leader_uuid: "19946847a7624278ad62b8c04715f451" committed_config { opid_index: -1 OBSOLETE_local: false peers { permanent_uuid: "af5d391884b847c185a72cf5b1b94ca6" member_type: VOTER last_known_addr { host: "127.27.32.193" port: 37121 } health_report { overall_health: UNKNOWN } } peers { permanent_uuid: "972c30dc7e544abb85760b7b79699fa2" member_type: VOTER last_known_addr { host: "127.27.32.194" port: 38907 } health_report { overall_health: UNKNOWN } } peers { permanent_uuid: "19946847a7624278ad62b8c04715f451" member_type: VOTER last_known_addr { host: "127.27.32.195" port: 42441 } health_report { overall_health: HEALTHY } } }
I20260709 12:16:19.673717 29217 consensus_queue.cc:1048] T 96ec7ef1d6c444e59087a032a863a0f0 P af5d391884b847c185a72cf5b1b94ca6 [LEADER]: Connected to new peer: Peer: permanent_uuid: "19946847a7624278ad62b8c04715f451" member_type: VOTER last_known_addr { host: "127.27.32.195" port: 42441 }, Status: LMP_MISMATCH, Last received: 0.0, Next index: 1, Last known committed idx: 0, Time since last communication: 0.000s
I20260709 12:16:19.674919 29134 tablet_bootstrap.cc:654] T ea01639c0b684579b18d426c66f2e927 P af5d391884b847c185a72cf5b1b94ca6: Neither blocks nor log segments found. Creating new log.
I20260709 12:16:19.675966 29135 tablet_bootstrap.cc:492] T e981b53b894c40119a4aab2db1928b3a P 19946847a7624278ad62b8c04715f451: No bootstrap required, opened a new log
I20260709 12:16:19.676458 29135 ts_tablet_manager.cc:1403] T e981b53b894c40119a4aab2db1928b3a P 19946847a7624278ad62b8c04715f451: Time spent bootstrapping tablet: real 0.040s	user 0.013s	sys 0.000s
I20260709 12:16:19.679759 29135 raft_consensus.cc:359] T e981b53b894c40119a4aab2db1928b3a P 19946847a7624278ad62b8c04715f451 [term 0 FOLLOWER]: Replica starting. Triggering 0 pending ops. Active config: opid_index: -1 OBSOLETE_local: false peers { permanent_uuid: "af5d391884b847c185a72cf5b1b94ca6" member_type: VOTER last_known_addr { host: "127.27.32.193" port: 37121 } } peers { permanent_uuid: "972c30dc7e544abb85760b7b79699fa2" member_type: VOTER last_known_addr { host: "127.27.32.194" port: 38907 } } peers { permanent_uuid: "19946847a7624278ad62b8c04715f451" member_type: VOTER last_known_addr { host: "127.27.32.195" port: 42441 } }
I20260709 12:16:19.689675 29135 raft_consensus.cc:385] T e981b53b894c40119a4aab2db1928b3a P 19946847a7624278ad62b8c04715f451 [term 0 FOLLOWER]: Consensus starting up: Expiring failure detector timer to make a prompt election more likely
I20260709 12:16:19.691628 29135 raft_consensus.cc:740] T e981b53b894c40119a4aab2db1928b3a P 19946847a7624278ad62b8c04715f451 [term 0 FOLLOWER]: Becoming Follower/Learner. State: Replica: 19946847a7624278ad62b8c04715f451, State: Initialized, Role: FOLLOWER
I20260709 12:16:19.693960 29137 tablet_bootstrap.cc:492] T 26f7ef27f11843479ef306ce086d9cd6 P 972c30dc7e544abb85760b7b79699fa2: No bootstrap required, opened a new log
I20260709 12:16:19.694444 29137 ts_tablet_manager.cc:1403] T 26f7ef27f11843479ef306ce086d9cd6 P 972c30dc7e544abb85760b7b79699fa2: Time spent bootstrapping tablet: real 0.102s	user 0.009s	sys 0.028s
I20260709 12:16:19.692462 29135 consensus_queue.cc:260] T e981b53b894c40119a4aab2db1928b3a P 19946847a7624278ad62b8c04715f451 [NON_LEADER]: Queue going to NON_LEADER mode. State: All replicated index: 0, Majority replicated index: 0, Committed index: 0, Last appended: 0.0, Last appended by leader: 0, Current term: 0, Majority size: -1, State: 0, Mode: NON_LEADER, active raft config: opid_index: -1 OBSOLETE_local: false peers { permanent_uuid: "af5d391884b847c185a72cf5b1b94ca6" member_type: VOTER last_known_addr { host: "127.27.32.193" port: 37121 } } peers { permanent_uuid: "972c30dc7e544abb85760b7b79699fa2" member_type: VOTER last_known_addr { host: "127.27.32.194" port: 38907 } } peers { permanent_uuid: "19946847a7624278ad62b8c04715f451" member_type: VOTER last_known_addr { host: "127.27.32.195" port: 42441 } }
I20260709 12:16:19.703858 29196 raft_consensus.cc:493] T e981b53b894c40119a4aab2db1928b3a P af5d391884b847c185a72cf5b1b94ca6 [term 0 FOLLOWER]: Starting pre-election (no leader contacted us within the election timeout)
I20260709 12:16:19.704272 29134 tablet_bootstrap.cc:492] T ea01639c0b684579b18d426c66f2e927 P af5d391884b847c185a72cf5b1b94ca6: No bootstrap required, opened a new log
I20260709 12:16:19.704315 29196 raft_consensus.cc:515] T e981b53b894c40119a4aab2db1928b3a P af5d391884b847c185a72cf5b1b94ca6 [term 0 FOLLOWER]: Starting pre-election with config: opid_index: -1 OBSOLETE_local: false peers { permanent_uuid: "af5d391884b847c185a72cf5b1b94ca6" member_type: VOTER last_known_addr { host: "127.27.32.193" port: 37121 } } peers { permanent_uuid: "972c30dc7e544abb85760b7b79699fa2" member_type: VOTER last_known_addr { host: "127.27.32.194" port: 38907 } } peers { permanent_uuid: "19946847a7624278ad62b8c04715f451" member_type: VOTER last_known_addr { host: "127.27.32.195" port: 42441 } }
I20260709 12:16:19.704807 29134 ts_tablet_manager.cc:1403] T ea01639c0b684579b18d426c66f2e927 P af5d391884b847c185a72cf5b1b94ca6: Time spent bootstrapping tablet: real 0.035s	user 0.018s	sys 0.003s
I20260709 12:16:19.705335 29155 raft_consensus.cc:493] T 54463e3d25f841a181aceec30f22d1bd P 19946847a7624278ad62b8c04715f451 [term 0 FOLLOWER]: Starting pre-election (no leader contacted us within the election timeout)
I20260709 12:16:19.705791 29155 raft_consensus.cc:515] T 54463e3d25f841a181aceec30f22d1bd P 19946847a7624278ad62b8c04715f451 [term 0 FOLLOWER]: Starting pre-election with config: opid_index: -1 OBSOLETE_local: false peers { permanent_uuid: "af5d391884b847c185a72cf5b1b94ca6" member_type: VOTER last_known_addr { host: "127.27.32.193" port: 37121 } } peers { permanent_uuid: "972c30dc7e544abb85760b7b79699fa2" member_type: VOTER last_known_addr { host: "127.27.32.194" port: 38907 } } peers { permanent_uuid: "19946847a7624278ad62b8c04715f451" member_type: VOTER last_known_addr { host: "127.27.32.195" port: 42441 } }
I20260709 12:16:19.707787 29138 consensus_queue.cc:1048] T 96ec7ef1d6c444e59087a032a863a0f0 P af5d391884b847c185a72cf5b1b94ca6 [LEADER]: Connected to new peer: Peer: permanent_uuid: "972c30dc7e544abb85760b7b79699fa2" member_type: VOTER last_known_addr { host: "127.27.32.194" port: 38907 }, Status: LMP_MISMATCH, Last received: 0.0, Next index: 1, Last known committed idx: 0, Time since last communication: 0.000s
I20260709 12:16:19.707731 29134 raft_consensus.cc:359] T ea01639c0b684579b18d426c66f2e927 P af5d391884b847c185a72cf5b1b94ca6 [term 0 FOLLOWER]: Replica starting. Triggering 0 pending ops. Active config: opid_index: -1 OBSOLETE_local: false peers { permanent_uuid: "af5d391884b847c185a72cf5b1b94ca6" member_type: VOTER last_known_addr { host: "127.27.32.193" port: 37121 } } peers { permanent_uuid: "972c30dc7e544abb85760b7b79699fa2" member_type: VOTER last_known_addr { host: "127.27.32.194" port: 38907 } } peers { permanent_uuid: "19946847a7624278ad62b8c04715f451" member_type: VOTER last_known_addr { host: "127.27.32.195" port: 42441 } }
I20260709 12:16:19.708256 29155 leader_election.cc:290] T 54463e3d25f841a181aceec30f22d1bd P 19946847a7624278ad62b8c04715f451 [CANDIDATE]: Term 1 pre-election: Requested pre-vote from peers af5d391884b847c185a72cf5b1b94ca6 (127.27.32.193:37121), 972c30dc7e544abb85760b7b79699fa2 (127.27.32.194:38907)
I20260709 12:16:19.708436 29134 raft_consensus.cc:385] T ea01639c0b684579b18d426c66f2e927 P af5d391884b847c185a72cf5b1b94ca6 [term 0 FOLLOWER]: Consensus starting up: Expiring failure detector timer to make a prompt election more likely
I20260709 12:16:19.708725 29134 raft_consensus.cc:740] T ea01639c0b684579b18d426c66f2e927 P af5d391884b847c185a72cf5b1b94ca6 [term 0 FOLLOWER]: Becoming Follower/Learner. State: Replica: af5d391884b847c185a72cf5b1b94ca6, State: Initialized, Role: FOLLOWER
