I20260709 12:16:23.374439 24447 consensus_queue.cc:1048] T e3aeb6bd2fca4ca5933e1f4a8ae01c71 P a46beb8868d749fdbaa732dd1ef6b89b [LEADER]: Connected to new peer: Peer: permanent_uuid: "0829ddf18f07439086398756b9c6d216" member_type: VOTER last_known_addr { host: "127.22.48.1" port: 35685 }, Status: LMP_MISMATCH, Last received: 0.0, Next index: 1, Last known committed idx: 0, Time since last communication: 0.008s
I20260709 12:16:23.386116 24111 tablet_bootstrap.cc:654] T d7f76f3699ab4bae8da2e38abd9f9348 P a46beb8868d749fdbaa732dd1ef6b89b: Neither blocks nor log segments found. Creating new log.
I20260709 12:16:23.397054 24445 leader_election.cc:290] T 15e681cfd0fe4e6f9e747ba4c2345a95 P a46beb8868d749fdbaa732dd1ef6b89b [CANDIDATE]: Term 1 pre-election: Requested pre-vote from peers 0829ddf18f07439086398756b9c6d216 (127.22.48.1:35685), ef0dd15ac654478b8371c22b8909240e (127.22.48.2:43801)
I20260709 12:16:23.404049 23915 tablet_service.cc:1917] Received RequestConsensusVote() RPC: tablet_id: "15e681cfd0fe4e6f9e747ba4c2345a95" candidate_uuid: "ef0dd15ac654478b8371c22b8909240e" candidate_term: 1 candidate_status { last_received { term: 0 index: 0 } } ignore_live_leader: false dest_uuid: "0829ddf18f07439086398756b9c6d216" is_pre_election: true
I20260709 12:16:23.404929 23915 raft_consensus.cc:2468] T 15e681cfd0fe4e6f9e747ba4c2345a95 P 0829ddf18f07439086398756b9c6d216 [term 0 FOLLOWER]: Leader pre-election vote request: Granting yes vote for candidate ef0dd15ac654478b8371c22b8909240e in term 0.
I20260709 12:16:23.398151 23819 catalog_manager.cc:5697] T 8ac362fb6ce545719be79028c2676d8f P 0829ddf18f07439086398756b9c6d216 reported cstate change: term changed from 0 to 1, leader changed from <none> to 0829ddf18f07439086398756b9c6d216 (127.22.48.1). New cstate: current_term: 1 leader_uuid: "0829ddf18f07439086398756b9c6d216" committed_config { opid_index: -1 OBSOLETE_local: false peers { permanent_uuid: "0829ddf18f07439086398756b9c6d216" member_type: VOTER last_known_addr { host: "127.22.48.1" port: 35685 } health_report { overall_health: HEALTHY } } peers { permanent_uuid: "ef0dd15ac654478b8371c22b8909240e" member_type: VOTER last_known_addr { host: "127.22.48.2" port: 43801 } health_report { overall_health: UNKNOWN } } peers { permanent_uuid: "a46beb8868d749fdbaa732dd1ef6b89b" member_type: VOTER last_known_addr { host: "127.22.48.3" port: 42409 } health_report { overall_health: UNKNOWN } } }
I20260709 12:16:23.413159 24269 leader_election.cc:290] T 675e57b981c1430ba502ba18c21dd0a4 P 0829ddf18f07439086398756b9c6d216 [CANDIDATE]: Term 1 pre-election: Requested pre-vote from peers ef0dd15ac654478b8371c22b8909240e (127.22.48.2:43801), a46beb8868d749fdbaa732dd1ef6b89b (127.22.48.3:42409)
W20260709 12:16:23.420943 23887 leader_election.cc:343] T 04e684c6cc9c44a496daa6c45678df59 P 0829ddf18f07439086398756b9c6d216 [CANDIDATE]: Term 1 pre-election: Tablet error from VoteRequest() call to peer ef0dd15ac654478b8371c22b8909240e (127.22.48.2:43801): Illegal state: must be running to vote when last-logged opid is not known
I20260709 12:16:23.451097 24110 tablet_bootstrap.cc:492] T 2a33810a45fd4e70b0d4411b8c0afdd6 P ef0dd15ac654478b8371c22b8909240e: No bootstrap required, opened a new log
I20260709 12:16:23.451683 24110 ts_tablet_manager.cc:1403] T 2a33810a45fd4e70b0d4411b8c0afdd6 P ef0dd15ac654478b8371c22b8909240e: Time spent bootstrapping tablet: real 0.446s	user 0.013s	sys 0.018s
W20260709 12:16:23.455886 23867 auto_rebalancer.cc:288] Could not retrieve cluster info: Service unavailable: Tablet not running
I20260709 12:16:23.440378 24064 tablet_service.cc:1917] Received RequestConsensusVote() RPC: tablet_id: "04e684c6cc9c44a496daa6c45678df59" candidate_uuid: "0829ddf18f07439086398756b9c6d216" candidate_term: 1 candidate_status { last_received { term: 0 index: 0 } } ignore_live_leader: false dest_uuid: "a46beb8868d749fdbaa732dd1ef6b89b" is_pre_election: true
I20260709 12:16:23.457486 23960 leader_election.cc:304] T 15e681cfd0fe4e6f9e747ba4c2345a95 P ef0dd15ac654478b8371c22b8909240e [CANDIDATE]: Term 1 pre-election: Election decided. Result: candidate won. Election summary: received 2 responses out of 3 voters: 2 yes votes; 0 no votes. yes voters: 0829ddf18f07439086398756b9c6d216, ef0dd15ac654478b8371c22b8909240e; no voters: 
I20260709 12:16:23.462250 24110 raft_consensus.cc:359] T 2a33810a45fd4e70b0d4411b8c0afdd6 P ef0dd15ac654478b8371c22b8909240e [term 0 FOLLOWER]: Replica starting. Triggering 0 pending ops. Active config: opid_index: -1 OBSOLETE_local: false peers { permanent_uuid: "0829ddf18f07439086398756b9c6d216" member_type: VOTER last_known_addr { host: "127.22.48.1" port: 35685 } } peers { permanent_uuid: "ef0dd15ac654478b8371c22b8909240e" member_type: VOTER last_known_addr { host: "127.22.48.2" port: 43801 } } peers { permanent_uuid: "a46beb8868d749fdbaa732dd1ef6b89b" member_type: VOTER last_known_addr { host: "127.22.48.3" port: 42409 } }
I20260709 12:16:23.463333 24110 raft_consensus.cc:385] T 2a33810a45fd4e70b0d4411b8c0afdd6 P ef0dd15ac654478b8371c22b8909240e [term 0 FOLLOWER]: Consensus starting up: Expiring failure detector timer to make a prompt election more likely
I20260709 12:16:23.463726 24110 raft_consensus.cc:740] T 2a33810a45fd4e70b0d4411b8c0afdd6 P ef0dd15ac654478b8371c22b8909240e [term 0 FOLLOWER]: Becoming Follower/Learner. State: Replica: ef0dd15ac654478b8371c22b8909240e, State: Initialized, Role: FOLLOWER
I20260709 12:16:23.464602 24110 consensus_queue.cc:260] T 2a33810a45fd4e70b0d4411b8c0afdd6 P ef0dd15ac654478b8371c22b8909240e [NON_LEADER]: Queue going to NON_LEADER mode. State: All replicated index: 0, Majority replicated index: 0, Committed index: 0, Last appended: 0.0, Last appended by leader: 0, Current term: 0, Majority size: -1, State: 0, Mode: NON_LEADER, active raft config: opid_index: -1 OBSOLETE_local: false peers { permanent_uuid: "0829ddf18f07439086398756b9c6d216" member_type: VOTER last_known_addr { host: "127.22.48.1" port: 35685 } } peers { permanent_uuid: "ef0dd15ac654478b8371c22b8909240e" member_type: VOTER last_known_addr { host: "127.22.48.2" port: 43801 } } peers { permanent_uuid: "a46beb8868d749fdbaa732dd1ef6b89b" member_type: VOTER last_known_addr { host: "127.22.48.3" port: 42409 } }
I20260709 12:16:23.466188 24393 raft_consensus.cc:2804] T 15e681cfd0fe4e6f9e747ba4c2345a95 P ef0dd15ac654478b8371c22b8909240e [term 0 FOLLOWER]: Leader pre-election won for term 1
I20260709 12:16:23.472047 24393 raft_consensus.cc:493] T 15e681cfd0fe4e6f9e747ba4c2345a95 P ef0dd15ac654478b8371c22b8909240e [term 0 FOLLOWER]: Starting leader election (no leader contacted us within the election timeout)
I20260709 12:16:23.472546 24393 raft_consensus.cc:3060] T 15e681cfd0fe4e6f9e747ba4c2345a95 P ef0dd15ac654478b8371c22b8909240e [term 0 FOLLOWER]: Advancing to term 1
I20260709 12:16:23.475683 24111 tablet_bootstrap.cc:492] T d7f76f3699ab4bae8da2e38abd9f9348 P a46beb8868d749fdbaa732dd1ef6b89b: No bootstrap required, opened a new log
I20260709 12:16:23.476140 24111 ts_tablet_manager.cc:1403] T d7f76f3699ab4bae8da2e38abd9f9348 P a46beb8868d749fdbaa732dd1ef6b89b: Time spent bootstrapping tablet: real 0.508s	user 0.028s	sys 0.033s
I20260709 12:16:23.481357 24110 ts_tablet_manager.cc:1434] T 2a33810a45fd4e70b0d4411b8c0afdd6 P ef0dd15ac654478b8371c22b8909240e: Time spent starting tablet: real 0.029s	user 0.010s	sys 0.000s
W20260709 12:16:23.484169 23887 leader_election.cc:343] T 04e684c6cc9c44a496daa6c45678df59 P 0829ddf18f07439086398756b9c6d216 [CANDIDATE]: Term 1 pre-election: Tablet error from VoteRequest() call to peer a46beb8868d749fdbaa732dd1ef6b89b (127.22.48.3:42409): Illegal state: must be running to vote when last-logged opid is not known
I20260709 12:16:23.484652 23887 leader_election.cc:304] T 04e684c6cc9c44a496daa6c45678df59 P 0829ddf18f07439086398756b9c6d216 [CANDIDATE]: Term 1 pre-election: Election decided. Result: candidate lost. Election summary: received 3 responses out of 3 voters: 1 yes votes; 2 no votes. yes voters: 0829ddf18f07439086398756b9c6d216; no voters: a46beb8868d749fdbaa732dd1ef6b89b, ef0dd15ac654478b8371c22b8909240e
I20260709 12:16:23.485374 24152 raft_consensus.cc:2749] T 04e684c6cc9c44a496daa6c45678df59 P 0829ddf18f07439086398756b9c6d216 [term 0 FOLLOWER]: Leader pre-election lost for term 1. Reason: could not achieve majority
I20260709 12:16:23.479147 23916 tablet_service.cc:1917] Received RequestConsensusVote() RPC: tablet_id: "15e681cfd0fe4e6f9e747ba4c2345a95" candidate_uuid: "a46beb8868d749fdbaa732dd1ef6b89b" candidate_term: 1 candidate_status { last_received { term: 0 index: 0 } } ignore_live_leader: false dest_uuid: "0829ddf18f07439086398756b9c6d216" is_pre_election: true
I20260709 12:16:23.447932 24448 raft_consensus.cc:515] T 675e57b981c1430ba502ba18c21dd0a4 P a46beb8868d749fdbaa732dd1ef6b89b [term 1 FOLLOWER]: Starting leader election with config: opid_index: -1 OBSOLETE_local: false peers { permanent_uuid: "0829ddf18f07439086398756b9c6d216" member_type: VOTER last_known_addr { host: "127.22.48.1" port: 35685 } } peers { permanent_uuid: "ef0dd15ac654478b8371c22b8909240e" member_type: VOTER last_known_addr { host: "127.22.48.2" port: 43801 } } peers { permanent_uuid: "a46beb8868d749fdbaa732dd1ef6b89b" member_type: VOTER last_known_addr { host: "127.22.48.3" port: 42409 } }
I20260709 12:16:23.501415 24111 raft_consensus.cc:359] T d7f76f3699ab4bae8da2e38abd9f9348 P a46beb8868d749fdbaa732dd1ef6b89b [term 0 FOLLOWER]: Replica starting. Triggering 0 pending ops. Active config: opid_index: -1 OBSOLETE_local: false peers { permanent_uuid: "0829ddf18f07439086398756b9c6d216" member_type: VOTER last_known_addr { host: "127.22.48.1" port: 35685 } } peers { permanent_uuid: "ef0dd15ac654478b8371c22b8909240e" member_type: VOTER last_known_addr { host: "127.22.48.2" port: 43801 } } peers { permanent_uuid: "a46beb8868d749fdbaa732dd1ef6b89b" member_type: VOTER last_known_addr { host: "127.22.48.3" port: 42409 } }
I20260709 12:16:23.499636 24109 tablet_bootstrap.cc:654] T 392f06df3ae54cb5a9746fdbb980ad3d P 0829ddf18f07439086398756b9c6d216: Neither blocks nor log segments found. Creating new log.
I20260709 12:16:23.505897 24111 raft_consensus.cc:385] T d7f76f3699ab4bae8da2e38abd9f9348 P a46beb8868d749fdbaa732dd1ef6b89b [term 0 FOLLOWER]: Consensus starting up: Expiring failure detector timer to make a prompt election more likely
I20260709 12:16:23.506191 24111 raft_consensus.cc:740] T d7f76f3699ab4bae8da2e38abd9f9348 P a46beb8868d749fdbaa732dd1ef6b89b [term 0 FOLLOWER]: Becoming Follower/Learner. State: Replica: a46beb8868d749fdbaa732dd1ef6b89b, State: Initialized, Role: FOLLOWER
I20260709 12:16:23.507373 24110 tablet_bootstrap.cc:492] T 392f06df3ae54cb5a9746fdbb980ad3d P ef0dd15ac654478b8371c22b8909240e: Bootstrap starting.
I20260709 12:16:23.508548 24111 consensus_queue.cc:260] T d7f76f3699ab4bae8da2e38abd9f9348 P a46beb8868d749fdbaa732dd1ef6b89b [NON_LEADER]: Queue going to NON_LEADER mode. State: All replicated index: 0, Majority replicated index: 0, Committed index: 0, Last appended: 0.0, Last appended by leader: 0, Current term: 0, Majority size: -1, State: 0, Mode: NON_LEADER, active raft config: opid_index: -1 OBSOLETE_local: false peers { permanent_uuid: "0829ddf18f07439086398756b9c6d216" member_type: VOTER last_known_addr { host: "127.22.48.1" port: 35685 } } peers { permanent_uuid: "ef0dd15ac654478b8371c22b8909240e" member_type: VOTER last_known_addr { host: "127.22.48.2" port: 43801 } } peers { permanent_uuid: "a46beb8868d749fdbaa732dd1ef6b89b" member_type: VOTER last_known_addr { host: "127.22.48.3" port: 42409 } }
I20260709 12:16:23.508698 23916 raft_consensus.cc:2468] T 15e681cfd0fe4e6f9e747ba4c2345a95 P 0829ddf18f07439086398756b9c6d216 [term 0 FOLLOWER]: Leader pre-election vote request: Granting yes vote for candidate a46beb8868d749fdbaa732dd1ef6b89b in term 0.
I20260709 12:16:23.524844 24111 ts_tablet_manager.cc:1434] T d7f76f3699ab4bae8da2e38abd9f9348 P a46beb8868d749fdbaa732dd1ef6b89b: Time spent starting tablet: real 0.048s	user 0.008s	sys 0.000s
I20260709 12:16:23.526490 24448 leader_election.cc:290] T 675e57b981c1430ba502ba18c21dd0a4 P a46beb8868d749fdbaa732dd1ef6b89b [CANDIDATE]: Term 1 election: Requested vote from peers 0829ddf18f07439086398756b9c6d216 (127.22.48.1:35685), ef0dd15ac654478b8371c22b8909240e (127.22.48.2:43801)
I20260709 12:16:23.532081 23919 tablet_service.cc:1917] Received RequestConsensusVote() RPC: tablet_id: "675e57b981c1430ba502ba18c21dd0a4" candidate_uuid: "a46beb8868d749fdbaa732dd1ef6b89b" candidate_term: 1 candidate_status { last_received { term: 0 index: 0 } } ignore_live_leader: false dest_uuid: "0829ddf18f07439086398756b9c6d216"
I20260709 12:16:23.535230 24034 leader_election.cc:304] T 15e681cfd0fe4e6f9e747ba4c2345a95 P a46beb8868d749fdbaa732dd1ef6b89b [CANDIDATE]: Term 1 pre-election: Election decided. Result: candidate won. Election summary: received 2 responses out of 3 voters: 2 yes votes; 0 no votes. yes voters: 0829ddf18f07439086398756b9c6d216, a46beb8868d749fdbaa732dd1ef6b89b; no voters: 
I20260709 12:16:23.535776 23919 raft_consensus.cc:3060] T 675e57b981c1430ba502ba18c21dd0a4 P 0829ddf18f07439086398756b9c6d216 [term 0 FOLLOWER]: Advancing to term 1
I20260709 12:16:23.542445 24448 raft_consensus.cc:2804] T 15e681cfd0fe4e6f9e747ba4c2345a95 P a46beb8868d749fdbaa732dd1ef6b89b [term 0 FOLLOWER]: Leader pre-election won for term 1
I20260709 12:16:23.551875 24448 raft_consensus.cc:493] T 15e681cfd0fe4e6f9e747ba4c2345a95 P a46beb8868d749fdbaa732dd1ef6b89b [term 0 FOLLOWER]: Starting leader election (no leader contacted us within the election timeout)
I20260709 12:16:23.552289 24448 raft_consensus.cc:3060] T 15e681cfd0fe4e6f9e747ba4c2345a95 P a46beb8868d749fdbaa732dd1ef6b89b [term 0 FOLLOWER]: Advancing to term 1
W20260709 12:16:23.561806 24450 log.cc:927] Time spent T b36a4b120beb473694980945af8d8909 P a46beb8868d749fdbaa732dd1ef6b89b: Append to log took a long time: real 0.191s	user 0.003s	sys 0.000s
I20260709 12:16:23.573184 24063 tablet_service.cc:1917] Received RequestConsensusVote() RPC: tablet_id: "15e681cfd0fe4e6f9e747ba4c2345a95" candidate_uuid: "ef0dd15ac654478b8371c22b8909240e" candidate_term: 1 candidate_status { last_received { term: 0 index: 0 } } ignore_live_leader: false dest_uuid: "a46beb8868d749fdbaa732dd1ef6b89b" is_pre_election: true
I20260709 12:16:23.572402 24067 tablet_service.cc:1917] Received RequestConsensusVote() RPC: tablet_id: "675e57b981c1430ba502ba18c21dd0a4" candidate_uuid: "0829ddf18f07439086398756b9c6d216" candidate_term: 1 candidate_status { last_received { term: 0 index: 0 } } ignore_live_leader: false dest_uuid: "a46beb8868d749fdbaa732dd1ef6b89b" is_pre_election: true
I20260709 12:16:23.601415 24111 tablet_bootstrap.cc:492] T 04e684c6cc9c44a496daa6c45678df59 P a46beb8868d749fdbaa732dd1ef6b89b: Bootstrap starting.
I20260709 12:16:23.591490 24441 consensus_queue.cc:1048] T 8ac362fb6ce545719be79028c2676d8f P 0829ddf18f07439086398756b9c6d216 [LEADER]: Connected to new peer: Peer: permanent_uuid: "ef0dd15ac654478b8371c22b8909240e" member_type: VOTER last_known_addr { host: "127.22.48.2" port: 43801 }, Status: LMP_MISMATCH, Last received: 0.0, Next index: 1, Last known committed idx: 0, Time since last communication: 0.025s
I20260709 12:16:23.612775 24448 raft_consensus.cc:515] T 15e681cfd0fe4e6f9e747ba4c2345a95 P a46beb8868d749fdbaa732dd1ef6b89b [term 1 FOLLOWER]: Starting leader election with config: opid_index: -1 OBSOLETE_local: false peers { permanent_uuid: "0829ddf18f07439086398756b9c6d216" member_type: VOTER last_known_addr { host: "127.22.48.1" port: 35685 } } peers { permanent_uuid: "ef0dd15ac654478b8371c22b8909240e" member_type: VOTER last_known_addr { host: "127.22.48.2" port: 43801 } } peers { permanent_uuid: "a46beb8868d749fdbaa732dd1ef6b89b" member_type: VOTER last_known_addr { host: "127.22.48.3" port: 42409 } }
I20260709 12:16:23.613487 24110 tablet_bootstrap.cc:654] T 392f06df3ae54cb5a9746fdbb980ad3d P ef0dd15ac654478b8371c22b8909240e: Neither blocks nor log segments found. Creating new log.
I20260709 12:16:23.618615 24067 raft_consensus.cc:2393] T 675e57b981c1430ba502ba18c21dd0a4 P a46beb8868d749fdbaa732dd1ef6b89b [term 1 FOLLOWER]: Leader pre-election vote request: Denying vote to candidate 0829ddf18f07439086398756b9c6d216 in current term 1: Already voted for candidate a46beb8868d749fdbaa732dd1ef6b89b in this term.
I20260709 12:16:23.624266 23993 tablet_service.cc:1917] Received RequestConsensusVote() RPC: tablet_id: "15e681cfd0fe4e6f9e747ba4c2345a95" candidate_uuid: "a46beb8868d749fdbaa732dd1ef6b89b" candidate_term: 1 candidate_status { last_received { term: 0 index: 0 } } ignore_live_leader: false dest_uuid: "ef0dd15ac654478b8371c22b8909240e" is_pre_election: true
I20260709 12:16:23.629878 24393 raft_consensus.cc:515] T 15e681cfd0fe4e6f9e747ba4c2345a95 P ef0dd15ac654478b8371c22b8909240e [term 1 FOLLOWER]: Starting leader election with config: opid_index: -1 OBSOLETE_local: false peers { permanent_uuid: "0829ddf18f07439086398756b9c6d216" member_type: VOTER last_known_addr { host: "127.22.48.1" port: 35685 } } peers { permanent_uuid: "ef0dd15ac654478b8371c22b8909240e" member_type: VOTER last_known_addr { host: "127.22.48.2" port: 43801 } } peers { permanent_uuid: "a46beb8868d749fdbaa732dd1ef6b89b" member_type: VOTER last_known_addr { host: "127.22.48.3" port: 42409 } }
I20260709 12:16:23.624763 23916 tablet_service.cc:1917] Received RequestConsensusVote() RPC: tablet_id: "15e681cfd0fe4e6f9e747ba4c2345a95" candidate_uuid: "a46beb8868d749fdbaa732dd1ef6b89b" candidate_term: 1 candidate_status { last_received { term: 0 index: 0 } } ignore_live_leader: false dest_uuid: "0829ddf18f07439086398756b9c6d216"
I20260709 12:16:23.631743 23916 raft_consensus.cc:3060] T 15e681cfd0fe4e6f9e747ba4c2345a95 P 0829ddf18f07439086398756b9c6d216 [term 0 FOLLOWER]: Advancing to term 1
I20260709 12:16:23.632539 23994 tablet_service.cc:1917] Received RequestConsensusVote() RPC: tablet_id: "675e57b981c1430ba502ba18c21dd0a4" candidate_uuid: "a46beb8868d749fdbaa732dd1ef6b89b" candidate_term: 1 candidate_status { last_received { term: 0 index: 0 } } ignore_live_leader: false dest_uuid: "ef0dd15ac654478b8371c22b8909240e"
I20260709 12:16:23.624730 24063 raft_consensus.cc:2393] T 15e681cfd0fe4e6f9e747ba4c2345a95 P a46beb8868d749fdbaa732dd1ef6b89b [term 1 FOLLOWER]: Leader pre-election vote request: Denying vote to candidate ef0dd15ac654478b8371c22b8909240e in current term 1: Already voted for candidate a46beb8868d749fdbaa732dd1ef6b89b in this term.
I20260709 12:16:23.638008 24436 consensus_queue.cc:1048] T 3d2e07822f804c3c9a8ff2c0177d5d72 P a46beb8868d749fdbaa732dd1ef6b89b [LEADER]: Connected to new peer: Peer: permanent_uuid: "ef0dd15ac654478b8371c22b8909240e" member_type: VOTER last_known_addr { host: "127.22.48.2" port: 43801 }, Status: LMP_MISMATCH, Last received: 0.0, Next index: 1, Last known committed idx: 0, Time since last communication: 0.000s
I20260709 12:16:23.640916 23993 raft_consensus.cc:2393] T 15e681cfd0fe4e6f9e747ba4c2345a95 P ef0dd15ac654478b8371c22b8909240e [term 1 FOLLOWER]: Leader pre-election vote request: Denying vote to candidate a46beb8868d749fdbaa732dd1ef6b89b in current term 1: Already voted for candidate ef0dd15ac654478b8371c22b8909240e in this term.
I20260709 12:16:23.645565 23818 catalog_manager.cc:5697] T b36a4b120beb473694980945af8d8909 P a46beb8868d749fdbaa732dd1ef6b89b reported cstate change: term changed from 0 to 1, leader changed from <none> to a46beb8868d749fdbaa732dd1ef6b89b (127.22.48.3). New cstate: current_term: 1 leader_uuid: "a46beb8868d749fdbaa732dd1ef6b89b" committed_config { opid_index: -1 OBSOLETE_local: false peers { permanent_uuid: "0829ddf18f07439086398756b9c6d216" member_type: VOTER last_known_addr { host: "127.22.48.1" port: 35685 } health_report { overall_health: UNKNOWN } } peers { permanent_uuid: "ef0dd15ac654478b8371c22b8909240e" member_type: VOTER last_known_addr { host: "127.22.48.2" port: 43801 } health_report { overall_health: UNKNOWN } } peers { permanent_uuid: "a46beb8868d749fdbaa732dd1ef6b89b" member_type: VOTER last_known_addr { host: "127.22.48.3" port: 42409 } health_report { overall_health: HEALTHY } } }
I20260709 12:16:23.648077 23818 catalog_manager.cc:5697] T 2a33810a45fd4e70b0d4411b8c0afdd6 P a46beb8868d749fdbaa732dd1ef6b89b reported cstate change: term changed from 0 to 1, leader changed from <none> to a46beb8868d749fdbaa732dd1ef6b89b (127.22.48.3). New cstate: current_term: 1 leader_uuid: "a46beb8868d749fdbaa732dd1ef6b89b" committed_config { opid_index: -1 OBSOLETE_local: false peers { permanent_uuid: "0829ddf18f07439086398756b9c6d216" member_type: VOTER last_known_addr { host: "127.22.48.1" port: 35685 } health_report { overall_health: UNKNOWN } } peers { permanent_uuid: "ef0dd15ac654478b8371c22b8909240e" member_type: VOTER last_known_addr { host: "127.22.48.2" port: 43801 } health_report { overall_health: UNKNOWN } } peers { permanent_uuid: "a46beb8868d749fdbaa732dd1ef6b89b" member_type: VOTER last_known_addr { host: "127.22.48.3" port: 42409 } health_report { overall_health: HEALTHY } } }
I20260709 12:16:23.652730 24152 consensus_queue.cc:1048] T 8ac362fb6ce545719be79028c2676d8f P 0829ddf18f07439086398756b9c6d216 [LEADER]: Connected to new peer: Peer: permanent_uuid: "a46beb8868d749fdbaa732dd1ef6b89b" member_type: VOTER last_known_addr { host: "127.22.48.3" port: 42409 }, Status: LMP_MISMATCH, Last received: 0.0, Next index: 1, Last known committed idx: 0, Time since last communication: 0.000s
I20260709 12:16:23.653239 23887 leader_election.cc:304] T 675e57b981c1430ba502ba18c21dd0a4 P 0829ddf18f07439086398756b9c6d216 [CANDIDATE]: Term 1 pre-election: Election decided. Result: candidate lost. Election summary: received 3 responses out of 3 voters: 1 yes votes; 2 no votes. yes voters: 0829ddf18f07439086398756b9c6d216; no voters: a46beb8868d749fdbaa732dd1ef6b89b, ef0dd15ac654478b8371c22b8909240e
I20260709 12:16:23.654676 24435 raft_consensus.cc:493] T d7f76f3699ab4bae8da2e38abd9f9348 P a46beb8868d749fdbaa732dd1ef6b89b [term 0 FOLLOWER]: Starting pre-election (no leader contacted us within the election timeout)
I20260709 12:16:23.667948 23919 raft_consensus.cc:2468] T 675e57b981c1430ba502ba18c21dd0a4 P 0829ddf18f07439086398756b9c6d216 [term 1 FOLLOWER]: Leader election vote request: Granting yes vote for candidate a46beb8868d749fdbaa732dd1ef6b89b in term 1.
I20260709 12:16:23.668548 24269 raft_consensus.cc:2749] T 675e57b981c1430ba502ba18c21dd0a4 P 0829ddf18f07439086398756b9c6d216 [term 1 FOLLOWER]: Leader pre-election lost for term 1. Reason: could not achieve majority
I20260709 12:16:23.684319 24109 tablet_bootstrap.cc:492] T 392f06df3ae54cb5a9746fdbb980ad3d P 0829ddf18f07439086398756b9c6d216: No bootstrap required, opened a new log
I20260709 12:16:23.684726 24034 leader_election.cc:304] T 675e57b981c1430ba502ba18c21dd0a4 P a46beb8868d749fdbaa732dd1ef6b89b [CANDIDATE]: Term 1 election: Election decided. Result: candidate won. Election summary: received 2 responses out of 3 voters: 2 yes votes; 0 no votes. yes voters: 0829ddf18f07439086398756b9c6d216, a46beb8868d749fdbaa732dd1ef6b89b; no voters: 
I20260709 12:16:23.684924 24109 ts_tablet_manager.cc:1403] T 392f06df3ae54cb5a9746fdbb980ad3d P 0829ddf18f07439086398756b9c6d216: Time spent bootstrapping tablet: real 0.354s	user 0.014s	sys 0.010s
I20260709 12:16:23.656767 24435 raft_consensus.cc:515] T d7f76f3699ab4bae8da2e38abd9f9348 P a46beb8868d749fdbaa732dd1ef6b89b [term 0 FOLLOWER]: Starting pre-election with config: opid_index: -1 OBSOLETE_local: false peers { permanent_uuid: "0829ddf18f07439086398756b9c6d216" member_type: VOTER last_known_addr { host: "127.22.48.1" port: 35685 } } peers { permanent_uuid: "ef0dd15ac654478b8371c22b8909240e" member_type: VOTER last_known_addr { host: "127.22.48.2" port: 43801 } } peers { permanent_uuid: "a46beb8868d749fdbaa732dd1ef6b89b" member_type: VOTER last_known_addr { host: "127.22.48.3" port: 42409 } }
I20260709 12:16:23.655923 23920 tablet_service.cc:1917] Received RequestConsensusVote() RPC: tablet_id: "15e681cfd0fe4e6f9e747ba4c2345a95" candidate_uuid: "ef0dd15ac654478b8371c22b8909240e" candidate_term: 1 candidate_status { last_received { term: 0 index: 0 } } ignore_live_leader: false dest_uuid: "0829ddf18f07439086398756b9c6d216"
I20260709 12:16:23.690903 24445 raft_consensus.cc:2804] T 675e57b981c1430ba502ba18c21dd0a4 P a46beb8868d749fdbaa732dd1ef6b89b [term 1 FOLLOWER]: Leader election won for term 1
I20260709 12:16:23.688619 24448 leader_election.cc:290] T 15e681cfd0fe4e6f9e747ba4c2345a95 P a46beb8868d749fdbaa732dd1ef6b89b [CANDIDATE]: Term 1 election: Requested vote from peers 0829ddf18f07439086398756b9c6d216 (127.22.48.1:35685), ef0dd15ac654478b8371c22b8909240e (127.22.48.2:43801)
W20260709 12:16:23.721102 24036 outbound_call.cc:321] RPC callback for RPC call kudu.consensus.ConsensusService.UpdateConsensus -> {remote=127.22.48.2:43801, user_credentials={real_user=slave}} blocked reactor thread for 83903.8us
I20260709 12:16:23.721836 24445 raft_consensus.cc:697] T 675e57b981c1430ba502ba18c21dd0a4 P a46beb8868d749fdbaa732dd1ef6b89b [term 1 LEADER]: Becoming Leader. State: Replica: a46beb8868d749fdbaa732dd1ef6b89b, State: Running, Role: LEADER
I20260709 12:16:23.731441 23916 raft_consensus.cc:2468] T 15e681cfd0fe4e6f9e747ba4c2345a95 P 0829ddf18f07439086398756b9c6d216 [term 1 FOLLOWER]: Leader election vote request: Granting yes vote for candidate a46beb8868d749fdbaa732dd1ef6b89b in term 1.
I20260709 12:16:23.724074 24445 consensus_queue.cc:237] T 675e57b981c1430ba502ba18c21dd0a4 P a46beb8868d749fdbaa732dd1ef6b89b [LEADER]: Queue going to LEADER mode. State: All replicated index: 0, Majority replicated index: 0, Committed index: 0, Last appended: 0.0, Last appended by leader: 0, Current term: 1, Majority size: 2, State: 0, Mode: LEADER, active raft config: opid_index: -1 OBSOLETE_local: false peers { permanent_uuid: "0829ddf18f07439086398756b9c6d216" member_type: VOTER last_known_addr { host: "127.22.48.1" port: 35685 } } peers { permanent_uuid: "ef0dd15ac654478b8371c22b8909240e" member_type: VOTER last_known_addr { host: "127.22.48.2" port: 43801 } } peers { permanent_uuid: "a46beb8868d749fdbaa732dd1ef6b89b" member_type: VOTER last_known_addr { host: "127.22.48.3" port: 42409 } }
I20260709 12:16:23.759057 24034 leader_election.cc:304] T 15e681cfd0fe4e6f9e747ba4c2345a95 P a46beb8868d749fdbaa732dd1ef6b89b [CANDIDATE]: Term 1 election: Election decided. Result: candidate won. Election summary: received 2 responses out of 3 voters: 2 yes votes; 0 no votes. yes voters: 0829ddf18f07439086398756b9c6d216, a46beb8868d749fdbaa732dd1ef6b89b; no voters: 
I20260709 12:16:23.765547 24435 leader_election.cc:290] T d7f76f3699ab4bae8da2e38abd9f9348 P a46beb8868d749fdbaa732dd1ef6b89b [CANDIDATE]: Term 1 pre-election: Requested pre-vote from peers 0829ddf18f07439086398756b9c6d216 (127.22.48.1:35685), ef0dd15ac654478b8371c22b8909240e (127.22.48.2:43801)
I20260709 12:16:23.772037 24111 tablet_bootstrap.cc:654] T 04e684c6cc9c44a496daa6c45678df59 P a46beb8868d749fdbaa732dd1ef6b89b: Neither blocks nor log segments found. Creating new log.
W20260709 12:16:23.777987 24036 leader_election.cc:343] T 675e57b981c1430ba502ba18c21dd0a4 P a46beb8868d749fdbaa732dd1ef6b89b [CANDIDATE]: Term 1 election: Tablet error from VoteRequest() call to peer ef0dd15ac654478b8371c22b8909240e (127.22.48.2:43801): Illegal state: must be running to vote when last-logged opid is not known
I20260709 12:16:23.778257 24109 raft_consensus.cc:359] T 392f06df3ae54cb5a9746fdbb980ad3d P 0829ddf18f07439086398756b9c6d216 [term 0 FOLLOWER]: Replica starting. Triggering 0 pending ops. Active config: opid_index: -1 OBSOLETE_local: false peers { permanent_uuid: "0829ddf18f07439086398756b9c6d216" member_type: VOTER last_known_addr { host: "127.22.48.1" port: 35685 } } peers { permanent_uuid: "ef0dd15ac654478b8371c22b8909240e" member_type: VOTER last_known_addr { host: "127.22.48.2" port: 43801 } } peers { permanent_uuid: "a46beb8868d749fdbaa732dd1ef6b89b" member_type: VOTER last_known_addr { host: "127.22.48.3" port: 42409 } }
I20260709 12:16:23.779904 24109 raft_consensus.cc:385] T 392f06df3ae54cb5a9746fdbb980ad3d P 0829ddf18f07439086398756b9c6d216 [term 0 FOLLOWER]: Consensus starting up: Expiring failure detector timer to make a prompt election more likely
I20260709 12:16:23.780218 24109 raft_consensus.cc:740] T 392f06df3ae54cb5a9746fdbb980ad3d P 0829ddf18f07439086398756b9c6d216 [term 0 FOLLOWER]: Becoming Follower/Learner. State: Replica: 0829ddf18f07439086398756b9c6d216, State: Initialized, Role: FOLLOWER
I20260709 12:16:23.781036 24109 consensus_queue.cc:260] T 392f06df3ae54cb5a9746fdbb980ad3d P 0829ddf18f07439086398756b9c6d216 [NON_LEADER]: Queue going to NON_LEADER mode. State: All replicated index: 0, Majority replicated index: 0, Committed index: 0, Last appended: 0.0, Last appended by leader: 0, Current term: 0, Majority size: -1, State: 0, Mode: NON_LEADER, active raft config: opid_index: -1 OBSOLETE_local: false peers { permanent_uuid: "0829ddf18f07439086398756b9c6d216" member_type: VOTER last_known_addr { host: "127.22.48.1" port: 35685 } } peers { permanent_uuid: "ef0dd15ac654478b8371c22b8909240e" member_type: VOTER last_known_addr { host: "127.22.48.2" port: 43801 } } peers { permanent_uuid: "a46beb8868d749fdbaa732dd1ef6b89b" member_type: VOTER last_known_addr { host: "127.22.48.3" port: 42409 } }
I20260709 12:16:23.787074 24109 ts_tablet_manager.cc:1434] T 392f06df3ae54cb5a9746fdbb980ad3d P 0829ddf18f07439086398756b9c6d216: Time spent starting tablet: real 0.101s	user 0.007s	sys 0.001s
I20260709 12:16:23.789647 24110 tablet_bootstrap.cc:492] T 392f06df3ae54cb5a9746fdbb980ad3d P ef0dd15ac654478b8371c22b8909240e: No bootstrap required, opened a new log
I20260709 12:16:23.790099 24110 ts_tablet_manager.cc:1403] T 392f06df3ae54cb5a9746fdbb980ad3d P ef0dd15ac654478b8371c22b8909240e: Time spent bootstrapping tablet: real 0.283s	user 0.002s	sys 0.021s
I20260709 12:16:23.776340 23917 tablet_service.cc:1917] Received RequestConsensusVote() RPC: tablet_id: "d7f76f3699ab4bae8da2e38abd9f9348" candidate_uuid: "a46beb8868d749fdbaa732dd1ef6b89b" candidate_term: 1 candidate_status { last_received { term: 0 index: 0 } } ignore_live_leader: false dest_uuid: "0829ddf18f07439086398756b9c6d216" is_pre_election: true
I20260709 12:16:23.795622 24438 raft_consensus.cc:2804] T 15e681cfd0fe4e6f9e747ba4c2345a95 P a46beb8868d749fdbaa732dd1ef6b89b [term 1 FOLLOWER]: Leader election won for term 1
I20260709 12:16:23.796101 24438 raft_consensus.cc:697] T 15e681cfd0fe4e6f9e747ba4c2345a95 P a46beb8868d749fdbaa732dd1ef6b89b [term 1 LEADER]: Becoming Leader. State: Replica: a46beb8868d749fdbaa732dd1ef6b89b, State: Running, Role: LEADER
I20260709 12:16:23.786164 24392 raft_consensus.cc:493] T 2a33810a45fd4e70b0d4411b8c0afdd6 P ef0dd15ac654478b8371c22b8909240e [term 0 FOLLOWER]: Starting pre-election (no leader contacted us within the election timeout)
I20260709 12:16:23.802098 23990 tablet_service.cc:1917] Received RequestConsensusVote() RPC: tablet_id: "15e681cfd0fe4e6f9e747ba4c2345a95" candidate_uuid: "a46beb8868d749fdbaa732dd1ef6b89b" candidate_term: 1 candidate_status { last_received { term: 0 index: 0 } } ignore_live_leader: false dest_uuid: "ef0dd15ac654478b8371c22b8909240e"
I20260709 12:16:23.802361 24438 consensus_queue.cc:237] T 15e681cfd0fe4e6f9e747ba4c2345a95 P a46beb8868d749fdbaa732dd1ef6b89b [LEADER]: Queue going to LEADER mode. State: All replicated index: 0, Majority replicated index: 0, Committed index: 0, Last appended: 0.0, Last appended by leader: 0, Current term: 1, Majority size: 2, State: 0, Mode: LEADER, active raft config: opid_index: -1 OBSOLETE_local: false peers { permanent_uuid: "0829ddf18f07439086398756b9c6d216" member_type: VOTER last_known_addr { host: "127.22.48.1" port: 35685 } } peers { permanent_uuid: "ef0dd15ac654478b8371c22b8909240e" member_type: VOTER last_known_addr { host: "127.22.48.2" port: 43801 } } peers { permanent_uuid: "a46beb8868d749fdbaa732dd1ef6b89b" member_type: VOTER last_known_addr { host: "127.22.48.3" port: 42409 } }
I20260709 12:16:23.799160 23917 raft_consensus.cc:2468] T d7f76f3699ab4bae8da2e38abd9f9348 P 0829ddf18f07439086398756b9c6d216 [term 0 FOLLOWER]: Leader pre-election vote request: Granting yes vote for candidate a46beb8868d749fdbaa732dd1ef6b89b in term 0.
I20260709 12:16:23.800040 24392 raft_consensus.cc:515] T 2a33810a45fd4e70b0d4411b8c0afdd6 P ef0dd15ac654478b8371c22b8909240e [term 0 FOLLOWER]: Starting pre-election with config: opid_index: -1 OBSOLETE_local: false peers { permanent_uuid: "0829ddf18f07439086398756b9c6d216" member_type: VOTER last_known_addr { host: "127.22.48.1" port: 35685 } } peers { permanent_uuid: "ef0dd15ac654478b8371c22b8909240e" member_type: VOTER last_known_addr { host: "127.22.48.2" port: 43801 } } peers { permanent_uuid: "a46beb8868d749fdbaa732dd1ef6b89b" member_type: VOTER last_known_addr { host: "127.22.48.3" port: 42409 } }
I20260709 12:16:23.808907 24034 leader_election.cc:304] T d7f76f3699ab4bae8da2e38abd9f9348 P a46beb8868d749fdbaa732dd1ef6b89b [CANDIDATE]: Term 1 pre-election: Election decided. Result: candidate won. Election summary: received 2 responses out of 3 voters: 2 yes votes; 0 no votes. yes voters: 0829ddf18f07439086398756b9c6d216, a46beb8868d749fdbaa732dd1ef6b89b; no voters: 
I20260709 12:16:23.807869 24466 consensus_queue.cc:1048] T b36a4b120beb473694980945af8d8909 P a46beb8868d749fdbaa732dd1ef6b89b [LEADER]: Connected to new peer: Peer: permanent_uuid: "0829ddf18f07439086398756b9c6d216" member_type: VOTER last_known_addr { host: "127.22.48.1" port: 35685 }, Status: LMP_MISMATCH, Last received: 0.0, Next index: 1, Last known committed idx: 0, Time since last communication: 0.034s
I20260709 12:16:23.811873 23992 raft_consensus.cc:3060] T 2a33810a45fd4e70b0d4411b8c0afdd6 P ef0dd15ac654478b8371c22b8909240e [term 0 FOLLOWER]: Advancing to term 1
I20260709 12:16:23.812429 24392 leader_election.cc:290] T 2a33810a45fd4e70b0d4411b8c0afdd6 P ef0dd15ac654478b8371c22b8909240e [CANDIDATE]: Term 1 pre-election: Requested pre-vote from peers 0829ddf18f07439086398756b9c6d216 (127.22.48.1:35685), a46beb8868d749fdbaa732dd1ef6b89b (127.22.48.3:42409)
I20260709 12:16:23.824530 23990 raft_consensus.cc:2393] T 15e681cfd0fe4e6f9e747ba4c2345a95 P ef0dd15ac654478b8371c22b8909240e [term 1 FOLLOWER]: Leader election vote request: Denying vote to candidate a46beb8868d749fdbaa732dd1ef6b89b in current term 1: Already voted for candidate ef0dd15ac654478b8371c22b8909240e in this term.
I20260709 12:16:23.825352 24467 raft_consensus.cc:2804] T d7f76f3699ab4bae8da2e38abd9f9348 P a46beb8868d749fdbaa732dd1ef6b89b [term 0 FOLLOWER]: Leader pre-election won for term 1
I20260709 12:16:23.826336 24467 raft_consensus.cc:493] T d7f76f3699ab4bae8da2e38abd9f9348 P a46beb8868d749fdbaa732dd1ef6b89b [term 0 FOLLOWER]: Starting leader election (no leader contacted us within the election timeout)
I20260709 12:16:23.826658 24467 raft_consensus.cc:3060] T d7f76f3699ab4bae8da2e38abd9f9348 P a46beb8868d749fdbaa732dd1ef6b89b [term 0 FOLLOWER]: Advancing to term 1
I20260709 12:16:23.832150 23920 tablet_service.cc:1917] Received RequestConsensusVote() RPC: tablet_id: "2a33810a45fd4e70b0d4411b8c0afdd6" candidate_uuid: "ef0dd15ac654478b8371c22b8909240e" candidate_term: 1 candidate_status { last_received { term: 0 index: 0 } } ignore_live_leader: false dest_uuid: "0829ddf18f07439086398756b9c6d216" is_pre_election: true
I20260709 12:16:23.838697 23920 raft_consensus.cc:2393] T 2a33810a45fd4e70b0d4411b8c0afdd6 P 0829ddf18f07439086398756b9c6d216 [term 1 FOLLOWER]: Leader pre-election vote request: Denying vote to candidate ef0dd15ac654478b8371c22b8909240e in current term 1: Already voted for candidate a46beb8868d749fdbaa732dd1ef6b89b in this term.
I20260709 12:16:23.832828 23987 tablet_service.cc:1917] Received RequestConsensusVote() RPC: tablet_id: "d7f76f3699ab4bae8da2e38abd9f9348" candidate_uuid: "a46beb8868d749fdbaa732dd1ef6b89b" candidate_term: 1 candidate_status { last_received { term: 0 index: 0 } } ignore_live_leader: false dest_uuid: "ef0dd15ac654478b8371c22b8909240e" is_pre_election: true
I20260709 12:16:23.841292 24393 leader_election.cc:290] T 15e681cfd0fe4e6f9e747ba4c2345a95 P ef0dd15ac654478b8371c22b8909240e [CANDIDATE]: Term 1 election: Requested vote from peers 0829ddf18f07439086398756b9c6d216 (127.22.48.1:35685), a46beb8868d749fdbaa732dd1ef6b89b (127.22.48.3:42409)
I20260709 12:16:23.841763 24110 raft_consensus.cc:359] T 392f06df3ae54cb5a9746fdbb980ad3d P ef0dd15ac654478b8371c22b8909240e [term 0 FOLLOWER]: Replica starting. Triggering 0 pending ops. Active config: opid_index: -1 OBSOLETE_local: false peers { permanent_uuid: "0829ddf18f07439086398756b9c6d216" member_type: VOTER last_known_addr { host: "127.22.48.1" port: 35685 } } peers { permanent_uuid: "ef0dd15ac654478b8371c22b8909240e" member_type: VOTER last_known_addr { host: "127.22.48.2" port: 43801 } } peers { permanent_uuid: "a46beb8868d749fdbaa732dd1ef6b89b" member_type: VOTER last_known_addr { host: "127.22.48.3" port: 42409 } }
I20260709 12:16:23.850421 24110 raft_consensus.cc:385] T 392f06df3ae54cb5a9746fdbb980ad3d P ef0dd15ac654478b8371c22b8909240e [term 0 FOLLOWER]: Consensus starting up: Expiring failure detector timer to make a prompt election more likely
I20260709 12:16:23.850730 24110 raft_consensus.cc:740] T 392f06df3ae54cb5a9746fdbb980ad3d P ef0dd15ac654478b8371c22b8909240e [term 0 FOLLOWER]: Becoming Follower/Learner. State: Replica: ef0dd15ac654478b8371c22b8909240e, State: Initialized, Role: FOLLOWER
I20260709 12:16:23.851365 24110 consensus_queue.cc:260] T 392f06df3ae54cb5a9746fdbb980ad3d P ef0dd15ac654478b8371c22b8909240e [NON_LEADER]: Queue going to NON_LEADER mode. State: All replicated index: 0, Majority replicated index: 0, Committed index: 0, Last appended: 0.0, Last appended by leader: 0, Current term: 0, Majority size: -1, State: 0, Mode: NON_LEADER, active raft config: opid_index: -1 OBSOLETE_local: false peers { permanent_uuid: "0829ddf18f07439086398756b9c6d216" member_type: VOTER last_known_addr { host: "127.22.48.1" port: 35685 } } peers { permanent_uuid: "ef0dd15ac654478b8371c22b8909240e" member_type: VOTER last_known_addr { host: "127.22.48.2" port: 43801 } } peers { permanent_uuid: "a46beb8868d749fdbaa732dd1ef6b89b" member_type: VOTER last_known_addr { host: "127.22.48.3" port: 42409 } }
I20260709 12:16:23.822979 24444 consensus_queue.cc:1048] T 2a33810a45fd4e70b0d4411b8c0afdd6 P a46beb8868d749fdbaa732dd1ef6b89b [LEADER]: Connected to new peer: Peer: permanent_uuid: "0829ddf18f07439086398756b9c6d216" member_type: VOTER last_known_addr { host: "127.22.48.1" port: 35685 }, Status: LMP_MISMATCH, Last received: 0.0, Next index: 1, Last known committed idx: 0, Time since last communication: 0.002s
I20260709 12:16:23.865864 24110 ts_tablet_manager.cc:1434] T 392f06df3ae54cb5a9746fdbb980ad3d P ef0dd15ac654478b8371c22b8909240e: Time spent starting tablet: real 0.075s	user 0.003s	sys 0.003s
I20260709 12:16:23.869035 24109 tablet_bootstrap.cc:492] T 91e7023603694b9d8a378858f72b4532 P 0829ddf18f07439086398756b9c6d216: Bootstrap starting.
I20260709 12:16:23.872085 24110 tablet_bootstrap.cc:492] T d7f76f3699ab4bae8da2e38abd9f9348 P ef0dd15ac654478b8371c22b8909240e: Bootstrap starting.
I20260709 12:16:23.874020 24067 tablet_service.cc:1917] Received RequestConsensusVote() RPC: tablet_id: "15e681cfd0fe4e6f9e747ba4c2345a95" candidate_uuid: "ef0dd15ac654478b8371c22b8909240e" candidate_term: 1 candidate_status { last_received { term: 0 index: 0 } } ignore_live_leader: false dest_uuid: "a46beb8868d749fdbaa732dd1ef6b89b"
I20260709 12:16:23.927434 24069 tablet_service.cc:1917] Received RequestConsensusVote() RPC: tablet_id: "2a33810a45fd4e70b0d4411b8c0afdd6" candidate_uuid: "ef0dd15ac654478b8371c22b8909240e" candidate_term: 1 candidate_status { last_received { term: 0 index: 0 } } ignore_live_leader: false dest_uuid: "a46beb8868d749fdbaa732dd1ef6b89b" is_pre_election: true
I20260709 12:16:23.909783 24467 raft_consensus.cc:515] T d7f76f3699ab4bae8da2e38abd9f9348 P a46beb8868d749fdbaa732dd1ef6b89b [term 1 FOLLOWER]: Starting leader election with config: opid_index: -1 OBSOLETE_local: false peers { permanent_uuid: "0829ddf18f07439086398756b9c6d216" member_type: VOTER last_known_addr { host: "127.22.48.1" port: 35685 } } peers { permanent_uuid: "ef0dd15ac654478b8371c22b8909240e" member_type: VOTER last_known_addr { host: "127.22.48.2" port: 43801 } } peers { permanent_uuid: "a46beb8868d749fdbaa732dd1ef6b89b" member_type: VOTER last_known_addr { host: "127.22.48.3" port: 42409 } }
I20260709 12:16:23.932993 24445 consensus_queue.cc:1048] T b36a4b120beb473694980945af8d8909 P a46beb8868d749fdbaa732dd1ef6b89b [LEADER]: Connected to new peer: Peer: permanent_uuid: "ef0dd15ac654478b8371c22b8909240e" member_type: VOTER last_known_addr { host: "127.22.48.2" port: 43801 }, Status: LMP_MISMATCH, Last received: 0.0, Next index: 1, Last known committed idx: 0, Time since last communication: 0.002s
I20260709 12:16:23.939555 24467 leader_election.cc:290] T d7f76f3699ab4bae8da2e38abd9f9348 P a46beb8868d749fdbaa732dd1ef6b89b [CANDIDATE]: Term 1 election: Requested vote from peers 0829ddf18f07439086398756b9c6d216 (127.22.48.1:35685), ef0dd15ac654478b8371c22b8909240e (127.22.48.2:43801)
I20260709 12:16:23.936583 24109 tablet_bootstrap.cc:654] T 91e7023603694b9d8a378858f72b4532 P 0829ddf18f07439086398756b9c6d216: Neither blocks nor log segments found. Creating new log.
I20260709 12:16:23.939375 23914 tablet_service.cc:1917] Received RequestConsensusVote() RPC: tablet_id: "d7f76f3699ab4bae8da2e38abd9f9348" candidate_uuid: "a46beb8868d749fdbaa732dd1ef6b89b" candidate_term: 1 candidate_status { last_received { term: 0 index: 0 } } ignore_live_leader: false dest_uuid: "0829ddf18f07439086398756b9c6d216"
I20260709 12:16:23.943789 23914 raft_consensus.cc:3060] T d7f76f3699ab4bae8da2e38abd9f9348 P 0829ddf18f07439086398756b9c6d216 [term 0 FOLLOWER]: Advancing to term 1
W20260709 12:16:23.948711 24036 leader_election.cc:343] T d7f76f3699ab4bae8da2e38abd9f9348 P a46beb8868d749fdbaa732dd1ef6b89b [CANDIDATE]: Term 1 pre-election: Tablet error from VoteRequest() call to peer ef0dd15ac654478b8371c22b8909240e (127.22.48.2:43801): Illegal state: must be running to vote when last-logged opid is not known
I20260709 12:16:23.956645 23914 raft_consensus.cc:2468] T d7f76f3699ab4bae8da2e38abd9f9348 P 0829ddf18f07439086398756b9c6d216 [term 1 FOLLOWER]: Leader election vote request: Granting yes vote for candidate a46beb8868d749fdbaa732dd1ef6b89b in term 1.
I20260709 12:16:23.958626 24111 tablet_bootstrap.cc:492] T 04e684c6cc9c44a496daa6c45678df59 P a46beb8868d749fdbaa732dd1ef6b89b: No bootstrap required, opened a new log
I20260709 12:16:23.959060 24111 ts_tablet_manager.cc:1403] T 04e684c6cc9c44a496daa6c45678df59 P a46beb8868d749fdbaa732dd1ef6b89b: Time spent bootstrapping tablet: real 0.358s	user 0.015s	sys 0.027s
I20260709 12:16:23.955778 23819 catalog_manager.cc:5697] T 15e681cfd0fe4e6f9e747ba4c2345a95 P a46beb8868d749fdbaa732dd1ef6b89b reported cstate change: term changed from 0 to 1, leader changed from <none> to a46beb8868d749fdbaa732dd1ef6b89b (127.22.48.3). New cstate: current_term: 1 leader_uuid: "a46beb8868d749fdbaa732dd1ef6b89b" committed_config { opid_index: -1 OBSOLETE_local: false peers { permanent_uuid: "0829ddf18f07439086398756b9c6d216" member_type: VOTER last_known_addr { host: "127.22.48.1" port: 35685 } health_report { overall_health: UNKNOWN } } peers { permanent_uuid: "ef0dd15ac654478b8371c22b8909240e" member_type: VOTER last_known_addr { host: "127.22.48.2" port: 43801 } health_report { overall_health: UNKNOWN } } peers { permanent_uuid: "a46beb8868d749fdbaa732dd1ef6b89b" member_type: VOTER last_known_addr { host: "127.22.48.3" port: 42409 } health_report { overall_health: HEALTHY } } }
I20260709 12:16:23.959594 24445 consensus_queue.cc:1048] T 2a33810a45fd4e70b0d4411b8c0afdd6 P a46beb8868d749fdbaa732dd1ef6b89b [LEADER]: Connected to new peer: Peer: permanent_uuid: "ef0dd15ac654478b8371c22b8909240e" member_type: VOTER last_known_addr { host: "127.22.48.2" port: 43801 }, Status: LMP_MISMATCH, Last received: 0.0, Next index: 1, Last known committed idx: 0, Time since last communication: 0.000s
I20260709 12:16:23.960662 23819 catalog_manager.cc:5697] T 675e57b981c1430ba502ba18c21dd0a4 P a46beb8868d749fdbaa732dd1ef6b89b reported cstate change: term changed from 0 to 1, leader changed from <none> to a46beb8868d749fdbaa732dd1ef6b89b (127.22.48.3). New cstate: current_term: 1 leader_uuid: "a46beb8868d749fdbaa732dd1ef6b89b" committed_config { opid_index: -1 OBSOLETE_local: false peers { permanent_uuid: "0829ddf18f07439086398756b9c6d216" member_type: VOTER last_known_addr { host: "127.22.48.1" port: 35685 } health_report { overall_health: UNKNOWN } } peers { permanent_uuid: "ef0dd15ac654478b8371c22b8909240e" member_type: VOTER last_known_addr { host: "127.22.48.2" port: 43801 } health_report { overall_health: UNKNOWN } } peers { permanent_uuid: "a46beb8868d749fdbaa732dd1ef6b89b" member_type: VOTER last_known_addr { host: "127.22.48.3" port: 42409 } health_report { overall_health: HEALTHY } } }
I20260709 12:16:23.961467 24111 raft_consensus.cc:359] T 04e684c6cc9c44a496daa6c45678df59 P a46beb8868d749fdbaa732dd1ef6b89b [term 0 FOLLOWER]: Replica starting. Triggering 0 pending ops. Active config: opid_index: -1 OBSOLETE_local: false peers { permanent_uuid: "0829ddf18f07439086398756b9c6d216" member_type: VOTER last_known_addr { host: "127.22.48.1" port: 35685 } } peers { permanent_uuid: "ef0dd15ac654478b8371c22b8909240e" member_type: VOTER last_known_addr { host: "127.22.48.2" port: 43801 } } peers { permanent_uuid: "a46beb8868d749fdbaa732dd1ef6b89b" member_type: VOTER last_known_addr { host: "127.22.48.3" port: 42409 } }
I20260709 12:16:23.962077 24111 raft_consensus.cc:385] T 04e684c6cc9c44a496daa6c45678df59 P a46beb8868d749fdbaa732dd1ef6b89b [term 0 FOLLOWER]: Consensus starting up: Expiring failure detector timer to make a prompt election more likely
I20260709 12:16:23.962975 24111 raft_consensus.cc:740] T 04e684c6cc9c44a496daa6c45678df59 P a46beb8868d749fdbaa732dd1ef6b89b [term 0 FOLLOWER]: Becoming Follower/Learner. State: Replica: a46beb8868d749fdbaa732dd1ef6b89b, State: Initialized, Role: FOLLOWER
I20260709 12:16:23.963651 24111 consensus_queue.cc:260] T 04e684c6cc9c44a496daa6c45678df59 P a46beb8868d749fdbaa732dd1ef6b89b [NON_LEADER]: Queue going to NON_LEADER mode. State: All replicated index: 0, Majority replicated index: 0, Committed index: 0, Last appended: 0.0, Last appended by leader: 0, Current term: 0, Majority size: -1, State: 0, Mode: NON_LEADER, active raft config: opid_index: -1 OBSOLETE_local: false peers { permanent_uuid: "0829ddf18f07439086398756b9c6d216" member_type: VOTER last_known_addr { host: "127.22.48.1" port: 35685 } } peers { permanent_uuid: "ef0dd15ac654478b8371c22b8909240e" member_type: VOTER last_known_addr { host: "127.22.48.2" port: 43801 } } peers { permanent_uuid: "a46beb8868d749fdbaa732dd1ef6b89b" member_type: VOTER last_known_addr { host: "127.22.48.3" port: 42409 } }
I20260709 12:16:23.964229 23962 leader_election.cc:304] T 15e681cfd0fe4e6f9e747ba4c2345a95 P ef0dd15ac654478b8371c22b8909240e [CANDIDATE]: Term 1 election: Election decided. Result: candidate lost. Election summary: received 3 responses out of 3 voters: 1 yes votes; 2 no votes. yes voters: ef0dd15ac654478b8371c22b8909240e; no voters: 0829ddf18f07439086398756b9c6d216, a46beb8868d749fdbaa732dd1ef6b89b
I20260709 12:16:23.968446 23992 tablet_service.cc:1917] Received RequestConsensusVote() RPC: tablet_id: "d7f76f3699ab4bae8da2e38abd9f9348" candidate_uuid: "a46beb8868d749fdbaa732dd1ef6b89b" candidate_term: 1 candidate_status { last_received { term: 0 index: 0 } } ignore_live_leader: false dest_uuid: "ef0dd15ac654478b8371c22b8909240e"
I20260709 12:16:23.970438 24204 raft_consensus.cc:2749] T 15e681cfd0fe4e6f9e747ba4c2345a95 P ef0dd15ac654478b8371c22b8909240e [term 1 FOLLOWER]: Leader election lost for term 1. Reason: could not achieve majority
I20260709 12:16:23.970498 23962 leader_election.cc:304] T 2a33810a45fd4e70b0d4411b8c0afdd6 P ef0dd15ac654478b8371c22b8909240e [CANDIDATE]: Term 1 pre-election: Election decided. Result: candidate lost. Election summary: received 3 responses out of 3 voters: 1 yes votes; 2 no votes. yes voters: ef0dd15ac654478b8371c22b8909240e; no voters: 0829ddf18f07439086398756b9c6d216, a46beb8868d749fdbaa732dd1ef6b89b
I20260709 12:16:23.971801 24191 raft_consensus.cc:2749] T 2a33810a45fd4e70b0d4411b8c0afdd6 P ef0dd15ac654478b8371c22b8909240e [term 1 FOLLOWER]: Leader pre-election lost for term 1. Reason: could not achieve majority
I20260709 12:16:23.974493 24034 leader_election.cc:304] T d7f76f3699ab4bae8da2e38abd9f9348 P a46beb8868d749fdbaa732dd1ef6b89b [CANDIDATE]: Term 1 election: Election decided. Result: candidate won. Election summary: received 2 responses out of 3 voters: 2 yes votes; 0 no votes. yes voters: 0829ddf18f07439086398756b9c6d216, a46beb8868d749fdbaa732dd1ef6b89b; no voters: 
I20260709 12:16:23.977180 24444 raft_consensus.cc:2804] T d7f76f3699ab4bae8da2e38abd9f9348 P a46beb8868d749fdbaa732dd1ef6b89b [term 1 FOLLOWER]: Leader election won for term 1
I20260709 12:16:23.977624 24444 raft_consensus.cc:697] T d7f76f3699ab4bae8da2e38abd9f9348 P a46beb8868d749fdbaa732dd1ef6b89b [term 1 LEADER]: Becoming Leader. State: Replica: a46beb8868d749fdbaa732dd1ef6b89b, State: Running, Role: LEADER
