I20260709 12:16:22.632058 26331 tablet_bootstrap.cc:492] T 244c6ee873ee4576916b6c0b32cf1ef6 P 3cc1474f1ea0470b8ac29251ba1bb1ae: No bootstrap required, opened a new log
I20260709 12:16:22.632616 26331 ts_tablet_manager.cc:1403] T 244c6ee873ee4576916b6c0b32cf1ef6 P 3cc1474f1ea0470b8ac29251ba1bb1ae: Time spent bootstrapping tablet: real 0.087s	user 0.009s	sys 0.003s
I20260709 12:16:22.632809 26514 consensus_queue.cc:237] T c4dcb836cf71447c9009ad8829444478 P 5448fd9cddf54104bf4b44285cb4d310 [LEADER]: Queue going to LEADER mode. State: All replicated index: 0, Majority replicated index: 0, Committed index: 0, Last appended: 0.0, Last appended by leader: 0, Current term: 1, Majority size: 2, State: 0, Mode: LEADER, active raft config: opid_index: -1 OBSOLETE_local: false peers { permanent_uuid: "5448fd9cddf54104bf4b44285cb4d310" member_type: VOTER last_known_addr { host: "127.24.76.65" port: 45607 } } peers { permanent_uuid: "3cc1474f1ea0470b8ac29251ba1bb1ae" member_type: VOTER last_known_addr { host: "127.24.76.66" port: 34379 } } peers { permanent_uuid: "0cd4fc56d5b346c2b6ef156e6d728214" member_type: VOTER last_known_addr { host: "127.24.76.67" port: 43399 } }
W20260709 12:16:22.634828 26103 leader_election.cc:343] T fb496f6dc2604e87a1b2db456ee7d022 P 5448fd9cddf54104bf4b44285cb4d310 [CANDIDATE]: Term 1 election: Tablet error from VoteRequest() call to peer 3cc1474f1ea0470b8ac29251ba1bb1ae (127.24.76.66:34379): Illegal state: must be running to vote when last-logged opid is not known
I20260709 12:16:22.636958 26331 raft_consensus.cc:359] T 244c6ee873ee4576916b6c0b32cf1ef6 P 3cc1474f1ea0470b8ac29251ba1bb1ae [term 0 FOLLOWER]: Replica starting. Triggering 0 pending ops. Active config: opid_index: -1 OBSOLETE_local: false peers { permanent_uuid: "5448fd9cddf54104bf4b44285cb4d310" member_type: VOTER last_known_addr { host: "127.24.76.65" port: 45607 } } peers { permanent_uuid: "3cc1474f1ea0470b8ac29251ba1bb1ae" member_type: VOTER last_known_addr { host: "127.24.76.66" port: 34379 } } peers { permanent_uuid: "0cd4fc56d5b346c2b6ef156e6d728214" member_type: VOTER last_known_addr { host: "127.24.76.67" port: 43399 } }
I20260709 12:16:22.637605 26331 raft_consensus.cc:385] T 244c6ee873ee4576916b6c0b32cf1ef6 P 3cc1474f1ea0470b8ac29251ba1bb1ae [term 0 FOLLOWER]: Consensus starting up: Expiring failure detector timer to make a prompt election more likely
I20260709 12:16:22.638002 26331 raft_consensus.cc:740] T 244c6ee873ee4576916b6c0b32cf1ef6 P 3cc1474f1ea0470b8ac29251ba1bb1ae [term 0 FOLLOWER]: Becoming Follower/Learner. State: Replica: 3cc1474f1ea0470b8ac29251ba1bb1ae, State: Initialized, Role: FOLLOWER
I20260709 12:16:22.638852 26331 consensus_queue.cc:260] T 244c6ee873ee4576916b6c0b32cf1ef6 P 3cc1474f1ea0470b8ac29251ba1bb1ae [NON_LEADER]: Queue going to NON_LEADER mode. State: All replicated index: 0, Majority replicated index: 0, Committed index: 0, Last appended: 0.0, Last appended by leader: 0, Current term: 0, Majority size: -1, State: 0, Mode: NON_LEADER, active raft config: opid_index: -1 OBSOLETE_local: false peers { permanent_uuid: "5448fd9cddf54104bf4b44285cb4d310" member_type: VOTER last_known_addr { host: "127.24.76.65" port: 45607 } } peers { permanent_uuid: "3cc1474f1ea0470b8ac29251ba1bb1ae" member_type: VOTER last_known_addr { host: "127.24.76.66" port: 34379 } } peers { permanent_uuid: "0cd4fc56d5b346c2b6ef156e6d728214" member_type: VOTER last_known_addr { host: "127.24.76.67" port: 43399 } }
I20260709 12:16:22.642340 26549 leader_election.cc:290] T fb496f6dc2604e87a1b2db456ee7d022 P 5448fd9cddf54104bf4b44285cb4d310 [CANDIDATE]: Term 1 election: Requested vote from peers 3cc1474f1ea0470b8ac29251ba1bb1ae (127.24.76.66:34379), 0cd4fc56d5b346c2b6ef156e6d728214 (127.24.76.67:43399)
I20260709 12:16:22.643837 26329 tablet_bootstrap.cc:654] T 9b67db5e9c294d3b9daad77cd79a1d79 P 5448fd9cddf54104bf4b44285cb4d310: Neither blocks nor log segments found. Creating new log.
I20260709 12:16:22.647208 26328 tablet_bootstrap.cc:492] T 57ae40e3c626456faf8551f310cc8b59 P 0cd4fc56d5b346c2b6ef156e6d728214: No bootstrap required, opened a new log
I20260709 12:16:22.647609 26328 ts_tablet_manager.cc:1403] T 57ae40e3c626456faf8551f310cc8b59 P 0cd4fc56d5b346c2b6ef156e6d728214: Time spent bootstrapping tablet: real 0.160s	user 0.010s	sys 0.010s
I20260709 12:16:22.648197 26422 raft_consensus.cc:493] T d26b35c525534ab5872d4f2a8f5de5f8 P 0cd4fc56d5b346c2b6ef156e6d728214 [term 0 FOLLOWER]: Starting pre-election (no leader contacted us within the election timeout)
I20260709 12:16:22.649467 26283 tablet_service.cc:1917] Received RequestConsensusVote() RPC: tablet_id: "fb496f6dc2604e87a1b2db456ee7d022" candidate_uuid: "5448fd9cddf54104bf4b44285cb4d310" candidate_term: 1 candidate_status { last_received { term: 0 index: 0 } } ignore_live_leader: false dest_uuid: "0cd4fc56d5b346c2b6ef156e6d728214"
I20260709 12:16:22.649668 26422 raft_consensus.cc:515] T d26b35c525534ab5872d4f2a8f5de5f8 P 0cd4fc56d5b346c2b6ef156e6d728214 [term 0 FOLLOWER]: Starting pre-election with config: opid_index: -1 OBSOLETE_local: false peers { permanent_uuid: "5448fd9cddf54104bf4b44285cb4d310" member_type: VOTER last_known_addr { host: "127.24.76.65" port: 45607 } } peers { permanent_uuid: "3cc1474f1ea0470b8ac29251ba1bb1ae" member_type: VOTER last_known_addr { host: "127.24.76.66" port: 34379 } } peers { permanent_uuid: "0cd4fc56d5b346c2b6ef156e6d728214" member_type: VOTER last_known_addr { host: "127.24.76.67" port: 43399 } }
I20260709 12:16:22.650036 26283 raft_consensus.cc:3060] T fb496f6dc2604e87a1b2db456ee7d022 P 0cd4fc56d5b346c2b6ef156e6d728214 [term 0 FOLLOWER]: Advancing to term 1
I20260709 12:16:22.650682 26328 raft_consensus.cc:359] T 57ae40e3c626456faf8551f310cc8b59 P 0cd4fc56d5b346c2b6ef156e6d728214 [term 0 FOLLOWER]: Replica starting. Triggering 0 pending ops. Active config: opid_index: -1 OBSOLETE_local: false peers { permanent_uuid: "5448fd9cddf54104bf4b44285cb4d310" member_type: VOTER last_known_addr { host: "127.24.76.65" port: 45607 } } peers { permanent_uuid: "3cc1474f1ea0470b8ac29251ba1bb1ae" member_type: VOTER last_known_addr { host: "127.24.76.66" port: 34379 } } peers { permanent_uuid: "0cd4fc56d5b346c2b6ef156e6d728214" member_type: VOTER last_known_addr { host: "127.24.76.67" port: 43399 } }
I20260709 12:16:22.651382 26328 raft_consensus.cc:385] T 57ae40e3c626456faf8551f310cc8b59 P 0cd4fc56d5b346c2b6ef156e6d728214 [term 0 FOLLOWER]: Consensus starting up: Expiring failure detector timer to make a prompt election more likely
I20260709 12:16:22.651649 26328 raft_consensus.cc:740] T 57ae40e3c626456faf8551f310cc8b59 P 0cd4fc56d5b346c2b6ef156e6d728214 [term 0 FOLLOWER]: Becoming Follower/Learner. State: Replica: 0cd4fc56d5b346c2b6ef156e6d728214, State: Initialized, Role: FOLLOWER
I20260709 12:16:22.651772 26422 leader_election.cc:290] T d26b35c525534ab5872d4f2a8f5de5f8 P 0cd4fc56d5b346c2b6ef156e6d728214 [CANDIDATE]: Term 1 pre-election: Requested pre-vote from peers 5448fd9cddf54104bf4b44285cb4d310 (127.24.76.65:45607), 3cc1474f1ea0470b8ac29251ba1bb1ae (127.24.76.66:34379)
I20260709 12:16:22.652319 26328 consensus_queue.cc:260] T 57ae40e3c626456faf8551f310cc8b59 P 0cd4fc56d5b346c2b6ef156e6d728214 [NON_LEADER]: Queue going to NON_LEADER mode. State: All replicated index: 0, Majority replicated index: 0, Committed index: 0, Last appended: 0.0, Last appended by leader: 0, Current term: 0, Majority size: -1, State: 0, Mode: NON_LEADER, active raft config: opid_index: -1 OBSOLETE_local: false peers { permanent_uuid: "5448fd9cddf54104bf4b44285cb4d310" member_type: VOTER last_known_addr { host: "127.24.76.65" port: 45607 } } peers { permanent_uuid: "3cc1474f1ea0470b8ac29251ba1bb1ae" member_type: VOTER last_known_addr { host: "127.24.76.66" port: 34379 } } peers { permanent_uuid: "0cd4fc56d5b346c2b6ef156e6d728214" member_type: VOTER last_known_addr { host: "127.24.76.67" port: 43399 } }
I20260709 12:16:22.654843 26136 tablet_service.cc:1917] Received RequestConsensusVote() RPC: tablet_id: "d26b35c525534ab5872d4f2a8f5de5f8" candidate_uuid: "0cd4fc56d5b346c2b6ef156e6d728214" candidate_term: 1 candidate_status { last_received { term: 0 index: 0 } } ignore_live_leader: false dest_uuid: "5448fd9cddf54104bf4b44285cb4d310" is_pre_election: true
W20260709 12:16:22.655230 26085 auto_rebalancer.cc:288] Could not retrieve cluster info: Service unavailable: Tablet not running
I20260709 12:16:22.654944 26214 tablet_service.cc:1917] Received RequestConsensusVote() RPC: tablet_id: "d26b35c525534ab5872d4f2a8f5de5f8" candidate_uuid: "0cd4fc56d5b346c2b6ef156e6d728214" candidate_term: 1 candidate_status { last_received { term: 0 index: 0 } } ignore_live_leader: false dest_uuid: "3cc1474f1ea0470b8ac29251ba1bb1ae" is_pre_election: true
W20260709 12:16:22.656672 26253 leader_election.cc:343] T d26b35c525534ab5872d4f2a8f5de5f8 P 0cd4fc56d5b346c2b6ef156e6d728214 [CANDIDATE]: Term 1 pre-election: Tablet error from VoteRequest() call to peer 5448fd9cddf54104bf4b44285cb4d310 (127.24.76.65:45607): Illegal state: must be running to vote when last-logged opid is not known
I20260709 12:16:22.657310 26214 raft_consensus.cc:2468] T d26b35c525534ab5872d4f2a8f5de5f8 P 3cc1474f1ea0470b8ac29251ba1bb1ae [term 0 FOLLOWER]: Leader pre-election vote request: Granting yes vote for candidate 0cd4fc56d5b346c2b6ef156e6d728214 in term 0.
I20260709 12:16:22.657546 26331 ts_tablet_manager.cc:1434] T 244c6ee873ee4576916b6c0b32cf1ef6 P 3cc1474f1ea0470b8ac29251ba1bb1ae: Time spent starting tablet: real 0.025s	user 0.005s	sys 0.001s
I20260709 12:16:22.658504 26252 leader_election.cc:304] T d26b35c525534ab5872d4f2a8f5de5f8 P 0cd4fc56d5b346c2b6ef156e6d728214 [CANDIDATE]: Term 1 pre-election: Election decided. Result: candidate won. Election summary: received 3 responses out of 3 voters: 2 yes votes; 1 no votes. yes voters: 0cd4fc56d5b346c2b6ef156e6d728214, 3cc1474f1ea0470b8ac29251ba1bb1ae; no voters: 5448fd9cddf54104bf4b44285cb4d310
I20260709 12:16:22.662422 26283 raft_consensus.cc:2468] T fb496f6dc2604e87a1b2db456ee7d022 P 0cd4fc56d5b346c2b6ef156e6d728214 [term 1 FOLLOWER]: Leader election vote request: Granting yes vote for candidate 5448fd9cddf54104bf4b44285cb4d310 in term 1.
I20260709 12:16:22.665130 26328 ts_tablet_manager.cc:1434] T 57ae40e3c626456faf8551f310cc8b59 P 0cd4fc56d5b346c2b6ef156e6d728214: Time spent starting tablet: real 0.017s	user 0.005s	sys 0.001s
I20260709 12:16:22.667670 26422 raft_consensus.cc:2804] T d26b35c525534ab5872d4f2a8f5de5f8 P 0cd4fc56d5b346c2b6ef156e6d728214 [term 0 FOLLOWER]: Leader pre-election won for term 1
I20260709 12:16:22.668108 26422 raft_consensus.cc:493] T d26b35c525534ab5872d4f2a8f5de5f8 P 0cd4fc56d5b346c2b6ef156e6d728214 [term 0 FOLLOWER]: Starting leader election (no leader contacted us within the election timeout)
I20260709 12:16:22.668466 26422 raft_consensus.cc:3060] T d26b35c525534ab5872d4f2a8f5de5f8 P 0cd4fc56d5b346c2b6ef156e6d728214 [term 0 FOLLOWER]: Advancing to term 1
I20260709 12:16:22.672452 26102 leader_election.cc:304] T fb496f6dc2604e87a1b2db456ee7d022 P 5448fd9cddf54104bf4b44285cb4d310 [CANDIDATE]: Term 1 election: Election decided. Result: candidate won. Election summary: received 3 responses out of 3 voters: 2 yes votes; 1 no votes. yes voters: 0cd4fc56d5b346c2b6ef156e6d728214, 5448fd9cddf54104bf4b44285cb4d310; no voters: 3cc1474f1ea0470b8ac29251ba1bb1ae
I20260709 12:16:22.673542 26549 raft_consensus.cc:2804] T fb496f6dc2604e87a1b2db456ee7d022 P 5448fd9cddf54104bf4b44285cb4d310 [term 1 FOLLOWER]: Leader election won for term 1
I20260709 12:16:22.674160 26549 raft_consensus.cc:697] T fb496f6dc2604e87a1b2db456ee7d022 P 5448fd9cddf54104bf4b44285cb4d310 [term 1 LEADER]: Becoming Leader. State: Replica: 5448fd9cddf54104bf4b44285cb4d310, State: Running, Role: LEADER
I20260709 12:16:22.675246 26549 consensus_queue.cc:237] T fb496f6dc2604e87a1b2db456ee7d022 P 5448fd9cddf54104bf4b44285cb4d310 [LEADER]: Queue going to LEADER mode. State: All replicated index: 0, Majority replicated index: 0, Committed index: 0, Last appended: 0.0, Last appended by leader: 0, Current term: 1, Majority size: 2, State: 0, Mode: LEADER, active raft config: opid_index: -1 OBSOLETE_local: false peers { permanent_uuid: "5448fd9cddf54104bf4b44285cb4d310" member_type: VOTER last_known_addr { host: "127.24.76.65" port: 45607 } } peers { permanent_uuid: "3cc1474f1ea0470b8ac29251ba1bb1ae" member_type: VOTER last_known_addr { host: "127.24.76.66" port: 34379 } } peers { permanent_uuid: "0cd4fc56d5b346c2b6ef156e6d728214" member_type: VOTER last_known_addr { host: "127.24.76.67" port: 43399 } }
I20260709 12:16:22.676354 26331 tablet_bootstrap.cc:492] T b0dbdcfed28e43aabb1154f202357c41 P 3cc1474f1ea0470b8ac29251ba1bb1ae: Bootstrap starting.
I20260709 12:16:22.677479 26422 raft_consensus.cc:515] T d26b35c525534ab5872d4f2a8f5de5f8 P 0cd4fc56d5b346c2b6ef156e6d728214 [term 1 FOLLOWER]: Starting leader election with config: opid_index: -1 OBSOLETE_local: false peers { permanent_uuid: "5448fd9cddf54104bf4b44285cb4d310" member_type: VOTER last_known_addr { host: "127.24.76.65" port: 45607 } } peers { permanent_uuid: "3cc1474f1ea0470b8ac29251ba1bb1ae" member_type: VOTER last_known_addr { host: "127.24.76.66" port: 34379 } } peers { permanent_uuid: "0cd4fc56d5b346c2b6ef156e6d728214" member_type: VOTER last_known_addr { host: "127.24.76.67" port: 43399 } }
I20260709 12:16:22.680727 26329 tablet_bootstrap.cc:492] T 9b67db5e9c294d3b9daad77cd79a1d79 P 5448fd9cddf54104bf4b44285cb4d310: No bootstrap required, opened a new log
I20260709 12:16:22.681238 26329 ts_tablet_manager.cc:1403] T 9b67db5e9c294d3b9daad77cd79a1d79 P 5448fd9cddf54104bf4b44285cb4d310: Time spent bootstrapping tablet: real 0.092s	user 0.021s	sys 0.014s
I20260709 12:16:22.683809 26329 raft_consensus.cc:359] T 9b67db5e9c294d3b9daad77cd79a1d79 P 5448fd9cddf54104bf4b44285cb4d310 [term 0 FOLLOWER]: Replica starting. Triggering 0 pending ops. Active config: opid_index: -1 OBSOLETE_local: false peers { permanent_uuid: "5448fd9cddf54104bf4b44285cb4d310" member_type: VOTER last_known_addr { host: "127.24.76.65" port: 45607 } } peers { permanent_uuid: "3cc1474f1ea0470b8ac29251ba1bb1ae" member_type: VOTER last_known_addr { host: "127.24.76.66" port: 34379 } } peers { permanent_uuid: "0cd4fc56d5b346c2b6ef156e6d728214" member_type: VOTER last_known_addr { host: "127.24.76.67" port: 43399 } }
I20260709 12:16:22.684273 26136 tablet_service.cc:1917] Received RequestConsensusVote() RPC: tablet_id: "d26b35c525534ab5872d4f2a8f5de5f8" candidate_uuid: "0cd4fc56d5b346c2b6ef156e6d728214" candidate_term: 1 candidate_status { last_received { term: 0 index: 0 } } ignore_live_leader: false dest_uuid: "5448fd9cddf54104bf4b44285cb4d310"
I20260709 12:16:22.684538 26329 raft_consensus.cc:385] T 9b67db5e9c294d3b9daad77cd79a1d79 P 5448fd9cddf54104bf4b44285cb4d310 [term 0 FOLLOWER]: Consensus starting up: Expiring failure detector timer to make a prompt election more likely
I20260709 12:16:22.684924 26329 raft_consensus.cc:740] T 9b67db5e9c294d3b9daad77cd79a1d79 P 5448fd9cddf54104bf4b44285cb4d310 [term 0 FOLLOWER]: Becoming Follower/Learner. State: Replica: 5448fd9cddf54104bf4b44285cb4d310, State: Initialized, Role: FOLLOWER
I20260709 12:16:22.685637 26329 consensus_queue.cc:260] T 9b67db5e9c294d3b9daad77cd79a1d79 P 5448fd9cddf54104bf4b44285cb4d310 [NON_LEADER]: Queue going to NON_LEADER mode. State: All replicated index: 0, Majority replicated index: 0, Committed index: 0, Last appended: 0.0, Last appended by leader: 0, Current term: 0, Majority size: -1, State: 0, Mode: NON_LEADER, active raft config: opid_index: -1 OBSOLETE_local: false peers { permanent_uuid: "5448fd9cddf54104bf4b44285cb4d310" member_type: VOTER last_known_addr { host: "127.24.76.65" port: 45607 } } peers { permanent_uuid: "3cc1474f1ea0470b8ac29251ba1bb1ae" member_type: VOTER last_known_addr { host: "127.24.76.66" port: 34379 } } peers { permanent_uuid: "0cd4fc56d5b346c2b6ef156e6d728214" member_type: VOTER last_known_addr { host: "127.24.76.67" port: 43399 } }
I20260709 12:16:22.683033 26422 leader_election.cc:290] T d26b35c525534ab5872d4f2a8f5de5f8 P 0cd4fc56d5b346c2b6ef156e6d728214 [CANDIDATE]: Term 1 election: Requested vote from peers 5448fd9cddf54104bf4b44285cb4d310 (127.24.76.65:45607), 3cc1474f1ea0470b8ac29251ba1bb1ae (127.24.76.66:34379)
W20260709 12:16:22.685642 26253 leader_election.cc:343] T d26b35c525534ab5872d4f2a8f5de5f8 P 0cd4fc56d5b346c2b6ef156e6d728214 [CANDIDATE]: Term 1 election: Tablet error from VoteRequest() call to peer 5448fd9cddf54104bf4b44285cb4d310 (127.24.76.65:45607): Illegal state: must be running to vote when last-logged opid is not known
I20260709 12:16:22.687863 26329 ts_tablet_manager.cc:1434] T 9b67db5e9c294d3b9daad77cd79a1d79 P 5448fd9cddf54104bf4b44285cb4d310: Time spent starting tablet: real 0.006s	user 0.005s	sys 0.000s
I20260709 12:16:22.688059 26328 tablet_bootstrap.cc:492] T 5ca880c66a074479a3913b1d4fe38d9f P 0cd4fc56d5b346c2b6ef156e6d728214: Bootstrap starting.
I20260709 12:16:22.688849 26329 tablet_bootstrap.cc:492] T d26b35c525534ab5872d4f2a8f5de5f8 P 5448fd9cddf54104bf4b44285cb4d310: Bootstrap starting.
I20260709 12:16:22.686473 26214 tablet_service.cc:1917] Received RequestConsensusVote() RPC: tablet_id: "d26b35c525534ab5872d4f2a8f5de5f8" candidate_uuid: "0cd4fc56d5b346c2b6ef156e6d728214" candidate_term: 1 candidate_status { last_received { term: 0 index: 0 } } ignore_live_leader: false dest_uuid: "3cc1474f1ea0470b8ac29251ba1bb1ae"
I20260709 12:16:22.690208 26214 raft_consensus.cc:3060] T d26b35c525534ab5872d4f2a8f5de5f8 P 3cc1474f1ea0470b8ac29251ba1bb1ae [term 0 FOLLOWER]: Advancing to term 1
I20260709 12:16:22.696134 26329 tablet_bootstrap.cc:654] T d26b35c525534ab5872d4f2a8f5de5f8 P 5448fd9cddf54104bf4b44285cb4d310: Neither blocks nor log segments found. Creating new log.
I20260709 12:16:22.704010 26037 catalog_manager.cc:5697] T c4dcb836cf71447c9009ad8829444478 P 5448fd9cddf54104bf4b44285cb4d310 reported cstate change: term changed from 0 to 1, leader changed from <none> to 5448fd9cddf54104bf4b44285cb4d310 (127.24.76.65). New cstate: current_term: 1 leader_uuid: "5448fd9cddf54104bf4b44285cb4d310" committed_config { opid_index: -1 OBSOLETE_local: false peers { permanent_uuid: "5448fd9cddf54104bf4b44285cb4d310" member_type: VOTER last_known_addr { host: "127.24.76.65" port: 45607 } health_report { overall_health: HEALTHY } } peers { permanent_uuid: "3cc1474f1ea0470b8ac29251ba1bb1ae" member_type: VOTER last_known_addr { host: "127.24.76.66" port: 34379 } health_report { overall_health: UNKNOWN } } peers { permanent_uuid: "0cd4fc56d5b346c2b6ef156e6d728214" member_type: VOTER last_known_addr { host: "127.24.76.67" port: 43399 } health_report { overall_health: UNKNOWN } } }
I20260709 12:16:22.711803 26422 raft_consensus.cc:493] T 9b67db5e9c294d3b9daad77cd79a1d79 P 0cd4fc56d5b346c2b6ef156e6d728214 [term 0 FOLLOWER]: Starting pre-election (no leader contacted us within the election timeout)
I20260709 12:16:22.712494 26422 raft_consensus.cc:515] T 9b67db5e9c294d3b9daad77cd79a1d79 P 0cd4fc56d5b346c2b6ef156e6d728214 [term 0 FOLLOWER]: Starting pre-election with config: opid_index: -1 OBSOLETE_local: false peers { permanent_uuid: "5448fd9cddf54104bf4b44285cb4d310" member_type: VOTER last_known_addr { host: "127.24.76.65" port: 45607 } } peers { permanent_uuid: "3cc1474f1ea0470b8ac29251ba1bb1ae" member_type: VOTER last_known_addr { host: "127.24.76.66" port: 34379 } } peers { permanent_uuid: "0cd4fc56d5b346c2b6ef156e6d728214" member_type: VOTER last_known_addr { host: "127.24.76.67" port: 43399 } }
I20260709 12:16:22.720366 26135 tablet_service.cc:1917] Received RequestConsensusVote() RPC: tablet_id: "9b67db5e9c294d3b9daad77cd79a1d79" candidate_uuid: "0cd4fc56d5b346c2b6ef156e6d728214" candidate_term: 1 candidate_status { last_received { term: 0 index: 0 } } ignore_live_leader: false dest_uuid: "5448fd9cddf54104bf4b44285cb4d310" is_pre_election: true
I20260709 12:16:22.722636 26328 tablet_bootstrap.cc:654] T 5ca880c66a074479a3913b1d4fe38d9f P 0cd4fc56d5b346c2b6ef156e6d728214: Neither blocks nor log segments found. Creating new log.
I20260709 12:16:22.722563 26136 raft_consensus.cc:3060] T 4fda21ecbe884ab6b8278f52a38f9061 P 5448fd9cddf54104bf4b44285cb4d310 [term 0 FOLLOWER]: Advancing to term 1
I20260709 12:16:22.730604 26422 leader_election.cc:290] T 9b67db5e9c294d3b9daad77cd79a1d79 P 0cd4fc56d5b346c2b6ef156e6d728214 [CANDIDATE]: Term 1 pre-election: Requested pre-vote from peers 5448fd9cddf54104bf4b44285cb4d310 (127.24.76.65:45607), 3cc1474f1ea0470b8ac29251ba1bb1ae (127.24.76.66:34379)
I20260709 12:16:22.732781 26213 tablet_service.cc:1917] Received RequestConsensusVote() RPC: tablet_id: "9b67db5e9c294d3b9daad77cd79a1d79" candidate_uuid: "0cd4fc56d5b346c2b6ef156e6d728214" candidate_term: 1 candidate_status { last_received { term: 0 index: 0 } } ignore_live_leader: false dest_uuid: "3cc1474f1ea0470b8ac29251ba1bb1ae" is_pre_election: true
I20260709 12:16:22.721040 26135 raft_consensus.cc:2468] T 9b67db5e9c294d3b9daad77cd79a1d79 P 5448fd9cddf54104bf4b44285cb4d310 [term 0 FOLLOWER]: Leader pre-election vote request: Granting yes vote for candidate 0cd4fc56d5b346c2b6ef156e6d728214 in term 0.
I20260709 12:16:22.734982 26422 raft_consensus.cc:493] T 306b977d95684e82bda337d2fcb017c4 P 0cd4fc56d5b346c2b6ef156e6d728214 [term 0 FOLLOWER]: Starting pre-election (no leader contacted us within the election timeout)
W20260709 12:16:22.736620 26252 leader_election.cc:343] T 9b67db5e9c294d3b9daad77cd79a1d79 P 0cd4fc56d5b346c2b6ef156e6d728214 [CANDIDATE]: Term 1 pre-election: Tablet error from VoteRequest() call to peer 3cc1474f1ea0470b8ac29251ba1bb1ae (127.24.76.66:34379): Illegal state: must be running to vote when last-logged opid is not known
I20260709 12:16:22.737159 26422 raft_consensus.cc:515] T 306b977d95684e82bda337d2fcb017c4 P 0cd4fc56d5b346c2b6ef156e6d728214 [term 0 FOLLOWER]: Starting pre-election with config: opid_index: -1 OBSOLETE_local: false peers { permanent_uuid: "5448fd9cddf54104bf4b44285cb4d310" member_type: VOTER last_known_addr { host: "127.24.76.65" port: 45607 } } peers { permanent_uuid: "3cc1474f1ea0470b8ac29251ba1bb1ae" member_type: VOTER last_known_addr { host: "127.24.76.66" port: 34379 } } peers { permanent_uuid: "0cd4fc56d5b346c2b6ef156e6d728214" member_type: VOTER last_known_addr { host: "127.24.76.67" port: 43399 } }
I20260709 12:16:22.737170 26214 raft_consensus.cc:2468] T d26b35c525534ab5872d4f2a8f5de5f8 P 3cc1474f1ea0470b8ac29251ba1bb1ae [term 1 FOLLOWER]: Leader election vote request: Granting yes vote for candidate 0cd4fc56d5b346c2b6ef156e6d728214 in term 1.
I20260709 12:16:22.738031 26253 leader_election.cc:304] T 9b67db5e9c294d3b9daad77cd79a1d79 P 0cd4fc56d5b346c2b6ef156e6d728214 [CANDIDATE]: Term 1 pre-election: Election decided. Result: candidate won. Election summary: received 3 responses out of 3 voters: 2 yes votes; 1 no votes. yes voters: 0cd4fc56d5b346c2b6ef156e6d728214, 5448fd9cddf54104bf4b44285cb4d310; no voters: 3cc1474f1ea0470b8ac29251ba1bb1ae
I20260709 12:16:22.739825 26473 consensus_queue.cc:1048] T 4fda21ecbe884ab6b8278f52a38f9061 P 3cc1474f1ea0470b8ac29251ba1bb1ae [LEADER]: Connected to new peer: Peer: permanent_uuid: "5448fd9cddf54104bf4b44285cb4d310" member_type: VOTER last_known_addr { host: "127.24.76.65" port: 45607 }, Status: LMP_MISMATCH, Last received: 0.0, Next index: 1, Last known committed idx: 0, Time since last communication: 0.000s
I20260709 12:16:22.740366 26252 leader_election.cc:304] T d26b35c525534ab5872d4f2a8f5de5f8 P 0cd4fc56d5b346c2b6ef156e6d728214 [CANDIDATE]: Term 1 election: Election decided. Result: candidate won. Election summary: received 3 responses out of 3 voters: 2 yes votes; 1 no votes. yes voters: 0cd4fc56d5b346c2b6ef156e6d728214, 3cc1474f1ea0470b8ac29251ba1bb1ae; no voters: 5448fd9cddf54104bf4b44285cb4d310
I20260709 12:16:22.740772 26444 raft_consensus.cc:2804] T 9b67db5e9c294d3b9daad77cd79a1d79 P 0cd4fc56d5b346c2b6ef156e6d728214 [term 0 FOLLOWER]: Leader pre-election won for term 1
I20260709 12:16:22.741151 26444 raft_consensus.cc:493] T 9b67db5e9c294d3b9daad77cd79a1d79 P 0cd4fc56d5b346c2b6ef156e6d728214 [term 0 FOLLOWER]: Starting leader election (no leader contacted us within the election timeout)
I20260709 12:16:22.741426 26419 raft_consensus.cc:2804] T d26b35c525534ab5872d4f2a8f5de5f8 P 0cd4fc56d5b346c2b6ef156e6d728214 [term 1 FOLLOWER]: Leader election won for term 1
I20260709 12:16:22.741482 26444 raft_consensus.cc:3060] T 9b67db5e9c294d3b9daad77cd79a1d79 P 0cd4fc56d5b346c2b6ef156e6d728214 [term 0 FOLLOWER]: Advancing to term 1
I20260709 12:16:22.741711 26329 tablet_bootstrap.cc:492] T d26b35c525534ab5872d4f2a8f5de5f8 P 5448fd9cddf54104bf4b44285cb4d310: No bootstrap required, opened a new log
I20260709 12:16:22.742059 26419 raft_consensus.cc:697] T d26b35c525534ab5872d4f2a8f5de5f8 P 0cd4fc56d5b346c2b6ef156e6d728214 [term 1 LEADER]: Becoming Leader. State: Replica: 0cd4fc56d5b346c2b6ef156e6d728214, State: Running, Role: LEADER
I20260709 12:16:22.742439 26329 ts_tablet_manager.cc:1403] T d26b35c525534ab5872d4f2a8f5de5f8 P 5448fd9cddf54104bf4b44285cb4d310: Time spent bootstrapping tablet: real 0.054s	user 0.019s	sys 0.016s
I20260709 12:16:22.742934 26419 consensus_queue.cc:237] T d26b35c525534ab5872d4f2a8f5de5f8 P 0cd4fc56d5b346c2b6ef156e6d728214 [LEADER]: Queue going to LEADER mode. State: All replicated index: 0, Majority replicated index: 0, Committed index: 0, Last appended: 0.0, Last appended by leader: 0, Current term: 1, Majority size: 2, State: 0, Mode: LEADER, active raft config: opid_index: -1 OBSOLETE_local: false peers { permanent_uuid: "5448fd9cddf54104bf4b44285cb4d310" member_type: VOTER last_known_addr { host: "127.24.76.65" port: 45607 } } peers { permanent_uuid: "3cc1474f1ea0470b8ac29251ba1bb1ae" member_type: VOTER last_known_addr { host: "127.24.76.66" port: 34379 } } peers { permanent_uuid: "0cd4fc56d5b346c2b6ef156e6d728214" member_type: VOTER last_known_addr { host: "127.24.76.67" port: 43399 } }
I20260709 12:16:22.745131 26329 raft_consensus.cc:359] T d26b35c525534ab5872d4f2a8f5de5f8 P 5448fd9cddf54104bf4b44285cb4d310 [term 0 FOLLOWER]: Replica starting. Triggering 0 pending ops. Active config: opid_index: -1 OBSOLETE_local: false peers { permanent_uuid: "5448fd9cddf54104bf4b44285cb4d310" member_type: VOTER last_known_addr { host: "127.24.76.65" port: 45607 } } peers { permanent_uuid: "3cc1474f1ea0470b8ac29251ba1bb1ae" member_type: VOTER last_known_addr { host: "127.24.76.66" port: 34379 } } peers { permanent_uuid: "0cd4fc56d5b346c2b6ef156e6d728214" member_type: VOTER last_known_addr { host: "127.24.76.67" port: 43399 } }
I20260709 12:16:22.745817 26329 raft_consensus.cc:385] T d26b35c525534ab5872d4f2a8f5de5f8 P 5448fd9cddf54104bf4b44285cb4d310 [term 0 FOLLOWER]: Consensus starting up: Expiring failure detector timer to make a prompt election more likely
I20260709 12:16:22.751534 26422 leader_election.cc:290] T 306b977d95684e82bda337d2fcb017c4 P 0cd4fc56d5b346c2b6ef156e6d728214 [CANDIDATE]: Term 1 pre-election: Requested pre-vote from peers 5448fd9cddf54104bf4b44285cb4d310 (127.24.76.65:45607), 3cc1474f1ea0470b8ac29251ba1bb1ae (127.24.76.66:34379)
I20260709 12:16:22.752592 26135 tablet_service.cc:1917] Received RequestConsensusVote() RPC: tablet_id: "306b977d95684e82bda337d2fcb017c4" candidate_uuid: "0cd4fc56d5b346c2b6ef156e6d728214" candidate_term: 1 candidate_status { last_received { term: 0 index: 0 } } ignore_live_leader: false dest_uuid: "5448fd9cddf54104bf4b44285cb4d310" is_pre_election: true
I20260709 12:16:22.753203 26214 tablet_service.cc:1917] Received RequestConsensusVote() RPC: tablet_id: "306b977d95684e82bda337d2fcb017c4" candidate_uuid: "0cd4fc56d5b346c2b6ef156e6d728214" candidate_term: 1 candidate_status { last_received { term: 0 index: 0 } } ignore_live_leader: false dest_uuid: "3cc1474f1ea0470b8ac29251ba1bb1ae" is_pre_election: true
I20260709 12:16:22.753458 26135 raft_consensus.cc:2468] T 306b977d95684e82bda337d2fcb017c4 P 5448fd9cddf54104bf4b44285cb4d310 [term 0 FOLLOWER]: Leader pre-election vote request: Granting yes vote for candidate 0cd4fc56d5b346c2b6ef156e6d728214 in term 0.
W20260709 12:16:22.754827 26252 leader_election.cc:343] T 306b977d95684e82bda337d2fcb017c4 P 0cd4fc56d5b346c2b6ef156e6d728214 [CANDIDATE]: Term 1 pre-election: Tablet error from VoteRequest() call to peer 3cc1474f1ea0470b8ac29251ba1bb1ae (127.24.76.66:34379): Illegal state: must be running to vote when last-logged opid is not known
I20260709 12:16:22.755748 26253 leader_election.cc:304] T 306b977d95684e82bda337d2fcb017c4 P 0cd4fc56d5b346c2b6ef156e6d728214 [CANDIDATE]: Term 1 pre-election: Election decided. Result: candidate won. Election summary: received 3 responses out of 3 voters: 2 yes votes; 1 no votes. yes voters: 0cd4fc56d5b346c2b6ef156e6d728214, 5448fd9cddf54104bf4b44285cb4d310; no voters: 3cc1474f1ea0470b8ac29251ba1bb1ae
I20260709 12:16:22.758353 26446 raft_consensus.cc:2804] T 306b977d95684e82bda337d2fcb017c4 P 0cd4fc56d5b346c2b6ef156e6d728214 [term 0 FOLLOWER]: Leader pre-election won for term 1
I20260709 12:16:22.758844 26446 raft_consensus.cc:493] T 306b977d95684e82bda337d2fcb017c4 P 0cd4fc56d5b346c2b6ef156e6d728214 [term 0 FOLLOWER]: Starting leader election (no leader contacted us within the election timeout)
I20260709 12:16:22.759277 26446 raft_consensus.cc:3060] T 306b977d95684e82bda337d2fcb017c4 P 0cd4fc56d5b346c2b6ef156e6d728214 [term 0 FOLLOWER]: Advancing to term 1
I20260709 12:16:22.746111 26329 raft_consensus.cc:740] T d26b35c525534ab5872d4f2a8f5de5f8 P 5448fd9cddf54104bf4b44285cb4d310 [term 0 FOLLOWER]: Becoming Follower/Learner. State: Replica: 5448fd9cddf54104bf4b44285cb4d310, State: Initialized, Role: FOLLOWER
I20260709 12:16:22.765326 26444 raft_consensus.cc:515] T 9b67db5e9c294d3b9daad77cd79a1d79 P 0cd4fc56d5b346c2b6ef156e6d728214 [term 1 FOLLOWER]: Starting leader election with config: opid_index: -1 OBSOLETE_local: false peers { permanent_uuid: "5448fd9cddf54104bf4b44285cb4d310" member_type: VOTER last_known_addr { host: "127.24.76.65" port: 45607 } } peers { permanent_uuid: "3cc1474f1ea0470b8ac29251ba1bb1ae" member_type: VOTER last_known_addr { host: "127.24.76.66" port: 34379 } } peers { permanent_uuid: "0cd4fc56d5b346c2b6ef156e6d728214" member_type: VOTER last_known_addr { host: "127.24.76.67" port: 43399 } }
I20260709 12:16:22.767231 26473 consensus_queue.cc:1048] T 4fda21ecbe884ab6b8278f52a38f9061 P 3cc1474f1ea0470b8ac29251ba1bb1ae [LEADER]: Connected to new peer: Peer: permanent_uuid: "0cd4fc56d5b346c2b6ef156e6d728214" member_type: VOTER last_known_addr { host: "127.24.76.67" port: 43399 }, Status: LMP_MISMATCH, Last received: 0.0, Next index: 1, Last known committed idx: 0, Time since last communication: 0.000s
I20260709 12:16:22.781502 26331 tablet_bootstrap.cc:654] T b0dbdcfed28e43aabb1154f202357c41 P 3cc1474f1ea0470b8ac29251ba1bb1ae: Neither blocks nor log segments found. Creating new log.
I20260709 12:16:22.782565 26329 consensus_queue.cc:260] T d26b35c525534ab5872d4f2a8f5de5f8 P 5448fd9cddf54104bf4b44285cb4d310 [NON_LEADER]: Queue going to NON_LEADER mode. State: All replicated index: 0, Majority replicated index: 0, Committed index: 0, Last appended: 0.0, Last appended by leader: 0, Current term: 0, Majority size: -1, State: 0, Mode: NON_LEADER, active raft config: opid_index: -1 OBSOLETE_local: false peers { permanent_uuid: "5448fd9cddf54104bf4b44285cb4d310" member_type: VOTER last_known_addr { host: "127.24.76.65" port: 45607 } } peers { permanent_uuid: "3cc1474f1ea0470b8ac29251ba1bb1ae" member_type: VOTER last_known_addr { host: "127.24.76.66" port: 34379 } } peers { permanent_uuid: "0cd4fc56d5b346c2b6ef156e6d728214" member_type: VOTER last_known_addr { host: "127.24.76.67" port: 43399 } }
I20260709 12:16:22.788304 26329 ts_tablet_manager.cc:1434] T d26b35c525534ab5872d4f2a8f5de5f8 P 5448fd9cddf54104bf4b44285cb4d310: Time spent starting tablet: real 0.046s	user 0.007s	sys 0.000s
I20260709 12:16:22.789062 26444 leader_election.cc:290] T 9b67db5e9c294d3b9daad77cd79a1d79 P 0cd4fc56d5b346c2b6ef156e6d728214 [CANDIDATE]: Term 1 election: Requested vote from peers 5448fd9cddf54104bf4b44285cb4d310 (127.24.76.65:45607), 3cc1474f1ea0470b8ac29251ba1bb1ae (127.24.76.66:34379)
I20260709 12:16:22.789553 26329 tablet_bootstrap.cc:492] T e82c2c9bc3db407093d7df89d1c500a2 P 5448fd9cddf54104bf4b44285cb4d310: Bootstrap starting.
I20260709 12:16:22.790795 26135 tablet_service.cc:1917] Received RequestConsensusVote() RPC: tablet_id: "9b67db5e9c294d3b9daad77cd79a1d79" candidate_uuid: "0cd4fc56d5b346c2b6ef156e6d728214" candidate_term: 1 candidate_status { last_received { term: 0 index: 0 } } ignore_live_leader: false dest_uuid: "5448fd9cddf54104bf4b44285cb4d310"
I20260709 12:16:22.791442 26214 tablet_service.cc:1917] Received RequestConsensusVote() RPC: tablet_id: "9b67db5e9c294d3b9daad77cd79a1d79" candidate_uuid: "0cd4fc56d5b346c2b6ef156e6d728214" candidate_term: 1 candidate_status { last_received { term: 0 index: 0 } } ignore_live_leader: false dest_uuid: "3cc1474f1ea0470b8ac29251ba1bb1ae"
W20260709 12:16:22.792773 26252 leader_election.cc:343] T 9b67db5e9c294d3b9daad77cd79a1d79 P 0cd4fc56d5b346c2b6ef156e6d728214 [CANDIDATE]: Term 1 election: Tablet error from VoteRequest() call to peer 3cc1474f1ea0470b8ac29251ba1bb1ae (127.24.76.66:34379): Illegal state: must be running to vote when last-logged opid is not known
I20260709 12:16:22.794899 26446 raft_consensus.cc:515] T 306b977d95684e82bda337d2fcb017c4 P 0cd4fc56d5b346c2b6ef156e6d728214 [term 1 FOLLOWER]: Starting leader election with config: opid_index: -1 OBSOLETE_local: false peers { permanent_uuid: "5448fd9cddf54104bf4b44285cb4d310" member_type: VOTER last_known_addr { host: "127.24.76.65" port: 45607 } } peers { permanent_uuid: "3cc1474f1ea0470b8ac29251ba1bb1ae" member_type: VOTER last_known_addr { host: "127.24.76.66" port: 34379 } } peers { permanent_uuid: "0cd4fc56d5b346c2b6ef156e6d728214" member_type: VOTER last_known_addr { host: "127.24.76.67" port: 43399 } }
I20260709 12:16:22.791457 26135 raft_consensus.cc:3060] T 9b67db5e9c294d3b9daad77cd79a1d79 P 5448fd9cddf54104bf4b44285cb4d310 [term 0 FOLLOWER]: Advancing to term 1
I20260709 12:16:22.797837 26133 tablet_service.cc:1917] Received RequestConsensusVote() RPC: tablet_id: "306b977d95684e82bda337d2fcb017c4" candidate_uuid: "0cd4fc56d5b346c2b6ef156e6d728214" candidate_term: 1 candidate_status { last_received { term: 0 index: 0 } } ignore_live_leader: false dest_uuid: "5448fd9cddf54104bf4b44285cb4d310"
I20260709 12:16:22.799142 26133 raft_consensus.cc:3060] T 306b977d95684e82bda337d2fcb017c4 P 5448fd9cddf54104bf4b44285cb4d310 [term 0 FOLLOWER]: Advancing to term 1
I20260709 12:16:22.810292 26549 raft_consensus.cc:493] T d26b35c525534ab5872d4f2a8f5de5f8 P 5448fd9cddf54104bf4b44285cb4d310 [term 0 FOLLOWER]: Starting pre-election (no leader contacted us within the election timeout)
I20260709 12:16:22.810798 26549 raft_consensus.cc:515] T d26b35c525534ab5872d4f2a8f5de5f8 P 5448fd9cddf54104bf4b44285cb4d310 [term 0 FOLLOWER]: Starting pre-election with config: opid_index: -1 OBSOLETE_local: false peers { permanent_uuid: "5448fd9cddf54104bf4b44285cb4d310" member_type: VOTER last_known_addr { host: "127.24.76.65" port: 45607 } } peers { permanent_uuid: "3cc1474f1ea0470b8ac29251ba1bb1ae" member_type: VOTER last_known_addr { host: "127.24.76.66" port: 34379 } } peers { permanent_uuid: "0cd4fc56d5b346c2b6ef156e6d728214" member_type: VOTER last_known_addr { host: "127.24.76.67" port: 43399 } }
I20260709 12:16:22.812913 26549 leader_election.cc:290] T d26b35c525534ab5872d4f2a8f5de5f8 P 5448fd9cddf54104bf4b44285cb4d310 [CANDIDATE]: Term 1 pre-election: Requested pre-vote from peers 3cc1474f1ea0470b8ac29251ba1bb1ae (127.24.76.66:34379), 0cd4fc56d5b346c2b6ef156e6d728214 (127.24.76.67:43399)
I20260709 12:16:22.815461 26214 tablet_service.cc:1917] Received RequestConsensusVote() RPC: tablet_id: "d26b35c525534ab5872d4f2a8f5de5f8" candidate_uuid: "5448fd9cddf54104bf4b44285cb4d310" candidate_term: 1 candidate_status { last_received { term: 0 index: 0 } } ignore_live_leader: false dest_uuid: "3cc1474f1ea0470b8ac29251ba1bb1ae" is_pre_election: true
I20260709 12:16:22.816270 26214 raft_consensus.cc:2393] T d26b35c525534ab5872d4f2a8f5de5f8 P 3cc1474f1ea0470b8ac29251ba1bb1ae [term 1 FOLLOWER]: Leader pre-election vote request: Denying vote to candidate 5448fd9cddf54104bf4b44285cb4d310 in current term 1: Already voted for candidate 0cd4fc56d5b346c2b6ef156e6d728214 in this term.
I20260709 12:16:22.818876 26446 leader_election.cc:290] T 306b977d95684e82bda337d2fcb017c4 P 0cd4fc56d5b346c2b6ef156e6d728214 [CANDIDATE]: Term 1 election: Requested vote from peers 5448fd9cddf54104bf4b44285cb4d310 (127.24.76.65:45607), 3cc1474f1ea0470b8ac29251ba1bb1ae (127.24.76.66:34379)
I20260709 12:16:22.822427 26133 raft_consensus.cc:2468] T 306b977d95684e82bda337d2fcb017c4 P 5448fd9cddf54104bf4b44285cb4d310 [term 1 FOLLOWER]: Leader election vote request: Granting yes vote for candidate 0cd4fc56d5b346c2b6ef156e6d728214 in term 1.
I20260709 12:16:22.823655 26253 leader_election.cc:304] T 306b977d95684e82bda337d2fcb017c4 P 0cd4fc56d5b346c2b6ef156e6d728214 [CANDIDATE]: Term 1 election: Election decided. Result: candidate won. Election summary: received 2 responses out of 3 voters: 2 yes votes; 0 no votes. yes voters: 0cd4fc56d5b346c2b6ef156e6d728214, 5448fd9cddf54104bf4b44285cb4d310; no voters: 
I20260709 12:16:22.824275 26135 raft_consensus.cc:2468] T 9b67db5e9c294d3b9daad77cd79a1d79 P 5448fd9cddf54104bf4b44285cb4d310 [term 1 FOLLOWER]: Leader election vote request: Granting yes vote for candidate 0cd4fc56d5b346c2b6ef156e6d728214 in term 1.
I20260709 12:16:22.824609 26446 raft_consensus.cc:2804] T 306b977d95684e82bda337d2fcb017c4 P 0cd4fc56d5b346c2b6ef156e6d728214 [term 1 FOLLOWER]: Leader election won for term 1
I20260709 12:16:22.825157 26213 raft_consensus.cc:3060] T f410cecc34944514a2e61466916a2fed P 3cc1474f1ea0470b8ac29251ba1bb1ae [term 0 FOLLOWER]: Advancing to term 1
I20260709 12:16:22.825613 26253 leader_election.cc:304] T 9b67db5e9c294d3b9daad77cd79a1d79 P 0cd4fc56d5b346c2b6ef156e6d728214 [CANDIDATE]: Term 1 election: Election decided. Result: candidate won. Election summary: received 3 responses out of 3 voters: 2 yes votes; 1 no votes. yes voters: 0cd4fc56d5b346c2b6ef156e6d728214, 5448fd9cddf54104bf4b44285cb4d310; no voters: 3cc1474f1ea0470b8ac29251ba1bb1ae
I20260709 12:16:22.820523 26034 catalog_manager.cc:5697] T d26b35c525534ab5872d4f2a8f5de5f8 P 0cd4fc56d5b346c2b6ef156e6d728214 reported cstate change: term changed from 0 to 1, leader changed from <none> to 0cd4fc56d5b346c2b6ef156e6d728214 (127.24.76.67). New cstate: current_term: 1 leader_uuid: "0cd4fc56d5b346c2b6ef156e6d728214" committed_config { opid_index: -1 OBSOLETE_local: false peers { permanent_uuid: "5448fd9cddf54104bf4b44285cb4d310" member_type: VOTER last_known_addr { host: "127.24.76.65" port: 45607 } health_report { overall_health: UNKNOWN } } peers { permanent_uuid: "3cc1474f1ea0470b8ac29251ba1bb1ae" member_type: VOTER last_known_addr { host: "127.24.76.66" port: 34379 } health_report { overall_health: UNKNOWN } } peers { permanent_uuid: "0cd4fc56d5b346c2b6ef156e6d728214" member_type: VOTER last_known_addr { host: "127.24.76.67" port: 43399 } health_report { overall_health: HEALTHY } } }
I20260709 12:16:22.827039 26328 tablet_bootstrap.cc:492] T 5ca880c66a074479a3913b1d4fe38d9f P 0cd4fc56d5b346c2b6ef156e6d728214: No bootstrap required, opened a new log
I20260709 12:16:22.836177 26328 ts_tablet_manager.cc:1403] T 5ca880c66a074479a3913b1d4fe38d9f P 0cd4fc56d5b346c2b6ef156e6d728214: Time spent bootstrapping tablet: real 0.148s	user 0.017s	sys 0.029s
I20260709 12:16:22.836846 26476 raft_consensus.cc:493] T 244c6ee873ee4576916b6c0b32cf1ef6 P 3cc1474f1ea0470b8ac29251ba1bb1ae [term 0 FOLLOWER]: Starting pre-election (no leader contacted us within the election timeout)
I20260709 12:16:22.837323 26476 raft_consensus.cc:515] T 244c6ee873ee4576916b6c0b32cf1ef6 P 3cc1474f1ea0470b8ac29251ba1bb1ae [term 0 FOLLOWER]: Starting pre-election with config: opid_index: -1 OBSOLETE_local: false peers { permanent_uuid: "5448fd9cddf54104bf4b44285cb4d310" member_type: VOTER last_known_addr { host: "127.24.76.65" port: 45607 } } peers { permanent_uuid: "3cc1474f1ea0470b8ac29251ba1bb1ae" member_type: VOTER last_known_addr { host: "127.24.76.66" port: 34379 } } peers { permanent_uuid: "0cd4fc56d5b346c2b6ef156e6d728214" member_type: VOTER last_known_addr { host: "127.24.76.67" port: 43399 } }
I20260709 12:16:22.814350 26283 tablet_service.cc:1917] Received RequestConsensusVote() RPC: tablet_id: "d26b35c525534ab5872d4f2a8f5de5f8" candidate_uuid: "5448fd9cddf54104bf4b44285cb4d310" candidate_term: 1 candidate_status { last_received { term: 0 index: 0 } } ignore_live_leader: false dest_uuid: "0cd4fc56d5b346c2b6ef156e6d728214" is_pre_election: true
I20260709 12:16:22.840826 26214 tablet_service.cc:1917] Received RequestConsensusVote() RPC: tablet_id: "306b977d95684e82bda337d2fcb017c4" candidate_uuid: "0cd4fc56d5b346c2b6ef156e6d728214" candidate_term: 1 candidate_status { last_received { term: 0 index: 0 } } ignore_live_leader: false dest_uuid: "3cc1474f1ea0470b8ac29251ba1bb1ae"
W20260709 12:16:22.843701 26252 leader_election.cc:343] T 306b977d95684e82bda337d2fcb017c4 P 0cd4fc56d5b346c2b6ef156e6d728214 [CANDIDATE]: Term 1 election: Tablet error from VoteRequest() call to peer 3cc1474f1ea0470b8ac29251ba1bb1ae (127.24.76.66:34379): Illegal state: must be running to vote when last-logged opid is not known
I20260709 12:16:22.840015 26446 raft_consensus.cc:697] T 306b977d95684e82bda337d2fcb017c4 P 0cd4fc56d5b346c2b6ef156e6d728214 [term 1 LEADER]: Becoming Leader. State: Replica: 0cd4fc56d5b346c2b6ef156e6d728214, State: Running, Role: LEADER
I20260709 12:16:22.847311 26135 tablet_service.cc:1917] Received RequestConsensusVote() RPC: tablet_id: "244c6ee873ee4576916b6c0b32cf1ef6" candidate_uuid: "3cc1474f1ea0470b8ac29251ba1bb1ae" candidate_term: 1 candidate_status { last_received { term: 0 index: 0 } } ignore_live_leader: false dest_uuid: "5448fd9cddf54104bf4b44285cb4d310" is_pre_election: true
I20260709 12:16:22.845424 26446 consensus_queue.cc:237] T 306b977d95684e82bda337d2fcb017c4 P 0cd4fc56d5b346c2b6ef156e6d728214 [LEADER]: Queue going to LEADER mode. State: All replicated index: 0, Majority replicated index: 0, Committed index: 0, Last appended: 0.0, Last appended by leader: 0, Current term: 1, Majority size: 2, State: 0, Mode: LEADER, active raft config: opid_index: -1 OBSOLETE_local: false peers { permanent_uuid: "5448fd9cddf54104bf4b44285cb4d310" member_type: VOTER last_known_addr { host: "127.24.76.65" port: 45607 } } peers { permanent_uuid: "3cc1474f1ea0470b8ac29251ba1bb1ae" member_type: VOTER last_known_addr { host: "127.24.76.66" port: 34379 } } peers { permanent_uuid: "0cd4fc56d5b346c2b6ef156e6d728214" member_type: VOTER last_known_addr { host: "127.24.76.67" port: 43399 } }
I20260709 12:16:22.848071 26135 raft_consensus.cc:2393] T 244c6ee873ee4576916b6c0b32cf1ef6 P 5448fd9cddf54104bf4b44285cb4d310 [term 1 FOLLOWER]: Leader pre-election vote request: Denying vote to candidate 3cc1474f1ea0470b8ac29251ba1bb1ae in current term 1: Already voted for candidate 0cd4fc56d5b346c2b6ef156e6d728214 in this term.
I20260709 12:16:22.848738 26285 tablet_service.cc:1917] Received RequestConsensusVote() RPC: tablet_id: "244c6ee873ee4576916b6c0b32cf1ef6" candidate_uuid: "3cc1474f1ea0470b8ac29251ba1bb1ae" candidate_term: 1 candidate_status { last_received { term: 0 index: 0 } } ignore_live_leader: false dest_uuid: "0cd4fc56d5b346c2b6ef156e6d728214" is_pre_election: true
I20260709 12:16:22.851895 26549 raft_consensus.cc:493] T e60908080dcf421bb813bc5adc5c4120 P 5448fd9cddf54104bf4b44285cb4d310 [term 0 FOLLOWER]: Starting pre-election (no leader contacted us within the election timeout)
I20260709 12:16:22.839201 26419 raft_consensus.cc:2804] T 9b67db5e9c294d3b9daad77cd79a1d79 P 0cd4fc56d5b346c2b6ef156e6d728214 [term 1 FOLLOWER]: Leader election won for term 1
I20260709 12:16:22.852403 26549 raft_consensus.cc:515] T e60908080dcf421bb813bc5adc5c4120 P 5448fd9cddf54104bf4b44285cb4d310 [term 0 FOLLOWER]: Starting pre-election with config: opid_index: -1 OBSOLETE_local: false peers { permanent_uuid: "5448fd9cddf54104bf4b44285cb4d310" member_type: VOTER last_known_addr { host: "127.24.76.65" port: 45607 } } peers { permanent_uuid: "3cc1474f1ea0470b8ac29251ba1bb1ae" member_type: VOTER last_known_addr { host: "127.24.76.66" port: 34379 } } peers { permanent_uuid: "0cd4fc56d5b346c2b6ef156e6d728214" member_type: VOTER last_known_addr { host: "127.24.76.67" port: 43399 } }
I20260709 12:16:22.852974 26419 raft_consensus.cc:697] T 9b67db5e9c294d3b9daad77cd79a1d79 P 0cd4fc56d5b346c2b6ef156e6d728214 [term 1 LEADER]: Becoming Leader. State: Replica: 0cd4fc56d5b346c2b6ef156e6d728214, State: Running, Role: LEADER
I20260709 12:16:22.854028 26037 catalog_manager.cc:5697] T fb496f6dc2604e87a1b2db456ee7d022 P 5448fd9cddf54104bf4b44285cb4d310 reported cstate change: term changed from 0 to 1, leader changed from <none> to 5448fd9cddf54104bf4b44285cb4d310 (127.24.76.65). New cstate: current_term: 1 leader_uuid: "5448fd9cddf54104bf4b44285cb4d310" committed_config { opid_index: -1 OBSOLETE_local: false peers { permanent_uuid: "5448fd9cddf54104bf4b44285cb4d310" member_type: VOTER last_known_addr { host: "127.24.76.65" port: 45607 } health_report { overall_health: HEALTHY } } peers { permanent_uuid: "3cc1474f1ea0470b8ac29251ba1bb1ae" member_type: VOTER last_known_addr { host: "127.24.76.66" port: 34379 } health_report { overall_health: UNKNOWN } } peers { permanent_uuid: "0cd4fc56d5b346c2b6ef156e6d728214" member_type: VOTER last_known_addr { host: "127.24.76.67" port: 43399 } health_report { overall_health: UNKNOWN } } }
I20260709 12:16:22.854818 26549 leader_election.cc:290] T e60908080dcf421bb813bc5adc5c4120 P 5448fd9cddf54104bf4b44285cb4d310 [CANDIDATE]: Term 1 pre-election: Requested pre-vote from peers 3cc1474f1ea0470b8ac29251ba1bb1ae (127.24.76.66:34379), 0cd4fc56d5b346c2b6ef156e6d728214 (127.24.76.67:43399)
I20260709 12:16:22.852424 26177 leader_election.cc:304] T 244c6ee873ee4576916b6c0b32cf1ef6 P 3cc1474f1ea0470b8ac29251ba1bb1ae [CANDIDATE]: Term 1 pre-election: Election decided. Result: candidate lost. Election summary: received 3 responses out of 3 voters: 1 yes votes; 2 no votes. yes voters: 3cc1474f1ea0470b8ac29251ba1bb1ae; no voters: 0cd4fc56d5b346c2b6ef156e6d728214, 5448fd9cddf54104bf4b44285cb4d310
I20260709 12:16:22.855010 26419 consensus_queue.cc:237] T 9b67db5e9c294d3b9daad77cd79a1d79 P 0cd4fc56d5b346c2b6ef156e6d728214 [LEADER]: Queue going to LEADER mode. State: All replicated index: 0, Majority replicated index: 0, Committed index: 0, Last appended: 0.0, Last appended by leader: 0, Current term: 1, Majority size: 2, State: 0, Mode: LEADER, active raft config: opid_index: -1 OBSOLETE_local: false peers { permanent_uuid: "5448fd9cddf54104bf4b44285cb4d310" member_type: VOTER last_known_addr { host: "127.24.76.65" port: 45607 } } peers { permanent_uuid: "3cc1474f1ea0470b8ac29251ba1bb1ae" member_type: VOTER last_known_addr { host: "127.24.76.66" port: 34379 } } peers { permanent_uuid: "0cd4fc56d5b346c2b6ef156e6d728214" member_type: VOTER last_known_addr { host: "127.24.76.67" port: 43399 } }
I20260709 12:16:22.872443 26473 raft_consensus.cc:3060] T 244c6ee873ee4576916b6c0b32cf1ef6 P 3cc1474f1ea0470b8ac29251ba1bb1ae [term 0 FOLLOWER]: Advancing to term 1
I20260709 12:16:22.857167 26214 tablet_service.cc:1917] Received RequestConsensusVote() RPC: tablet_id: "e60908080dcf421bb813bc5adc5c4120" candidate_uuid: "5448fd9cddf54104bf4b44285cb4d310" candidate_term: 1 candidate_status { last_received { term: 0 index: 0 } } ignore_live_leader: false dest_uuid: "3cc1474f1ea0470b8ac29251ba1bb1ae" is_pre_election: true
I20260709 12:16:22.847332 26476 leader_election.cc:290] T 244c6ee873ee4576916b6c0b32cf1ef6 P 3cc1474f1ea0470b8ac29251ba1bb1ae [CANDIDATE]: Term 1 pre-election: Requested pre-vote from peers 5448fd9cddf54104bf4b44285cb4d310 (127.24.76.65:45607), 0cd4fc56d5b346c2b6ef156e6d728214 (127.24.76.67:43399)
I20260709 12:16:22.863092 26329 tablet_bootstrap.cc:654] T e82c2c9bc3db407093d7df89d1c500a2 P 5448fd9cddf54104bf4b44285cb4d310: Neither blocks nor log segments found. Creating new log.
W20260709 12:16:22.876387 26103 leader_election.cc:343] T e60908080dcf421bb813bc5adc5c4120 P 5448fd9cddf54104bf4b44285cb4d310 [CANDIDATE]: Term 1 pre-election: Tablet error from VoteRequest() call to peer 3cc1474f1ea0470b8ac29251ba1bb1ae (127.24.76.66:34379): Illegal state: must be running to vote when last-logged opid is not known
I20260709 12:16:22.856806 26285 tablet_service.cc:1917] Received RequestConsensusVote() RPC: tablet_id: "e60908080dcf421bb813bc5adc5c4120" candidate_uuid: "5448fd9cddf54104bf4b44285cb4d310" candidate_term: 1 candidate_status { last_received { term: 0 index: 0 } } ignore_live_leader: false dest_uuid: "0cd4fc56d5b346c2b6ef156e6d728214" is_pre_election: true
I20260709 12:16:22.890280 26285 raft_consensus.cc:2468] T e60908080dcf421bb813bc5adc5c4120 P 0cd4fc56d5b346c2b6ef156e6d728214 [term 0 FOLLOWER]: Leader pre-election vote request: Granting yes vote for candidate 5448fd9cddf54104bf4b44285cb4d310 in term 0.
I20260709 12:16:22.891435 26328 raft_consensus.cc:359] T 5ca880c66a074479a3913b1d4fe38d9f P 0cd4fc56d5b346c2b6ef156e6d728214 [term 0 FOLLOWER]: Replica starting. Triggering 0 pending ops. Active config: opid_index: -1 OBSOLETE_local: false peers { permanent_uuid: "5448fd9cddf54104bf4b44285cb4d310" member_type: VOTER last_known_addr { host: "127.24.76.65" port: 45607 } } peers { permanent_uuid: "3cc1474f1ea0470b8ac29251ba1bb1ae" member_type: VOTER last_known_addr { host: "127.24.76.66" port: 34379 } } peers { permanent_uuid: "0cd4fc56d5b346c2b6ef156e6d728214" member_type: VOTER last_known_addr { host: "127.24.76.67" port: 43399 } }
