I20260709 12:16:20.101627 26507 leader_election.cc:304] T c7089295b938498d8579c6b9a8845f4a P a6cebf60211045b6bb98b67fdca999ac [CANDIDATE]: Term 1 election: Election decided. Result: candidate won. Election summary: received 3 responses out of 3 voters: 2 yes votes; 1 no votes. yes voters: 0bcb4f27a3fd49b9a37fa4b2d8127847, a6cebf60211045b6bb98b67fdca999ac; no voters: 2bdcb87f758f48efb49fc4ecbd0adf47
I20260709 12:16:20.102308 26660 consensus_queue.cc:260] T 7f738b62dc9d452fb13779df24f722f7 P 2bdcb87f758f48efb49fc4ecbd0adf47 [NON_LEADER]: Queue going to NON_LEADER mode. State: All replicated index: 0, Majority replicated index: 0, Committed index: 0, Last appended: 0.0, Last appended by leader: 0, Current term: 0, Majority size: -1, State: 0, Mode: NON_LEADER, active raft config: opid_index: -1 OBSOLETE_local: false peers { permanent_uuid: "2bdcb87f758f48efb49fc4ecbd0adf47" member_type: VOTER last_known_addr { host: "127.24.182.1" port: 36123 } } peers { permanent_uuid: "a6cebf60211045b6bb98b67fdca999ac" member_type: VOTER last_known_addr { host: "127.24.182.2" port: 36707 } } peers { permanent_uuid: "0bcb4f27a3fd49b9a37fa4b2d8127847" member_type: VOTER last_known_addr { host: "127.24.182.3" port: 33795 } }
W20260709 12:16:20.113413 26582 leader_election.cc:343] T 19dee594aea14dd792552a3e6eba276e P 0bcb4f27a3fd49b9a37fa4b2d8127847 [CANDIDATE]: Term 1 pre-election: Tablet error from VoteRequest() call to peer 2bdcb87f758f48efb49fc4ecbd0adf47 (127.24.182.1:36123): Illegal state: must be running to vote when last-logged opid is not known
I20260709 12:16:20.123245 26660 ts_tablet_manager.cc:1434] T 7f738b62dc9d452fb13779df24f722f7 P 2bdcb87f758f48efb49fc4ecbd0adf47: Time spent starting tablet: real 0.040s	user 0.005s	sys 0.001s
I20260709 12:16:20.118115 26744 consensus_queue.cc:1048] T e09384f3cb69430486be09e5ddc2a435 P 0bcb4f27a3fd49b9a37fa4b2d8127847 [LEADER]: Connected to new peer: Peer: permanent_uuid: "2bdcb87f758f48efb49fc4ecbd0adf47" member_type: VOTER last_known_addr { host: "127.24.182.1" port: 36123 }, Status: LMP_MISMATCH, Last received: 0.0, Next index: 1, Last known committed idx: 0, Time since last communication: 0.006s
I20260709 12:16:20.125236 26660 tablet_bootstrap.cc:492] T 866a81bae1d1455c9e7e0e9d578c3ec0 P 2bdcb87f758f48efb49fc4ecbd0adf47: Bootstrap starting.
I20260709 12:16:20.126334 26685 raft_consensus.cc:2804] T c7089295b938498d8579c6b9a8845f4a P a6cebf60211045b6bb98b67fdca999ac [term 1 FOLLOWER]: Leader election won for term 1
W20260709 12:16:20.119855 26508 leader_election.cc:343] T 7f738b62dc9d452fb13779df24f722f7 P a6cebf60211045b6bb98b67fdca999ac [CANDIDATE]: Term 1 pre-election: Tablet error from VoteRequest() call to peer 2bdcb87f758f48efb49fc4ecbd0adf47 (127.24.182.1:36123): Illegal state: must be running to vote when last-logged opid is not known
W20260709 12:16:20.128244 26508 leader_election.cc:343] T 5319df650f254dbd805f3d81b5e7721d P a6cebf60211045b6bb98b67fdca999ac [CANDIDATE]: Term 1 pre-election: Tablet error from VoteRequest() call to peer 2bdcb87f758f48efb49fc4ecbd0adf47 (127.24.182.1:36123): Illegal state: must be running to vote when last-logged opid is not known
I20260709 12:16:20.128546 26508 leader_election.cc:304] T 5319df650f254dbd805f3d81b5e7721d P a6cebf60211045b6bb98b67fdca999ac [CANDIDATE]: Term 1 pre-election: Election decided. Result: candidate lost. Election summary: received 3 responses out of 3 voters: 1 yes votes; 2 no votes. yes voters: a6cebf60211045b6bb98b67fdca999ac; no voters: 0bcb4f27a3fd49b9a37fa4b2d8127847, 2bdcb87f758f48efb49fc4ecbd0adf47
I20260709 12:16:20.126782 26685 raft_consensus.cc:697] T c7089295b938498d8579c6b9a8845f4a P a6cebf60211045b6bb98b67fdca999ac [term 1 LEADER]: Becoming Leader. State: Replica: a6cebf60211045b6bb98b67fdca999ac, State: Running, Role: LEADER
I20260709 12:16:20.126591 26911 consensus_queue.cc:1048] T bacd4e9657164c39a2c64bbd1b6b67d3 P 0bcb4f27a3fd49b9a37fa4b2d8127847 [LEADER]: Connected to new peer: Peer: permanent_uuid: "2bdcb87f758f48efb49fc4ecbd0adf47" member_type: VOTER last_known_addr { host: "127.24.182.1" port: 36123 }, Status: LMP_MISMATCH, Last received: 0.0, Next index: 1, Last known committed idx: 0, Time since last communication: 0.012s
I20260709 12:16:20.133117 26762 raft_consensus.cc:2749] T 5319df650f254dbd805f3d81b5e7721d P a6cebf60211045b6bb98b67fdca999ac [term 0 FOLLOWER]: Leader pre-election lost for term 1. Reason: could not achieve majority
I20260709 12:16:20.158540 26464 tablet_service.cc:1917] Received RequestConsensusVote() RPC: tablet_id: "08a3afa0e1194d51aa57c454d1f6841c" candidate_uuid: "a6cebf60211045b6bb98b67fdca999ac" candidate_term: 1 candidate_status { last_received { term: 0 index: 0 } } ignore_live_leader: false dest_uuid: "2bdcb87f758f48efb49fc4ecbd0adf47"
I20260709 12:16:20.159358 26464 raft_consensus.cc:3060] T 08a3afa0e1194d51aa57c454d1f6841c P 2bdcb87f758f48efb49fc4ecbd0adf47 [term 0 FOLLOWER]: Advancing to term 1
W20260709 12:16:20.136216 26433 leader_election.cc:343] T f8e83f5e729e4ed7b2ea866fa9d97b70 P 2bdcb87f758f48efb49fc4ecbd0adf47 [CANDIDATE]: Term 1 pre-election: Tablet error from VoteRequest() call to peer a6cebf60211045b6bb98b67fdca999ac (127.24.182.2:36707): Illegal state: must be running to vote when last-logged opid is not known
I20260709 12:16:20.167860 26615 tablet_service.cc:1917] Received RequestConsensusVote() RPC: tablet_id: "f8e83f5e729e4ed7b2ea866fa9d97b70" candidate_uuid: "2bdcb87f758f48efb49fc4ecbd0adf47" candidate_term: 1 candidate_status { last_received { term: 0 index: 0 } } ignore_live_leader: false dest_uuid: "0bcb4f27a3fd49b9a37fa4b2d8127847" is_pre_election: true
W20260709 12:16:20.169996 26582 leader_election.cc:343] T d7b5d53cbd88434a96720613d0fd693b P 0bcb4f27a3fd49b9a37fa4b2d8127847 [CANDIDATE]: Term 1 pre-election: Tablet error from VoteRequest() call to peer a6cebf60211045b6bb98b67fdca999ac (127.24.182.2:36707): Illegal state: must be running to vote when last-logged opid is not known
I20260709 12:16:20.170368 26685 consensus_queue.cc:237] T c7089295b938498d8579c6b9a8845f4a P a6cebf60211045b6bb98b67fdca999ac [LEADER]: Queue going to LEADER mode. State: All replicated index: 0, Majority replicated index: 0, Committed index: 0, Last appended: 0.0, Last appended by leader: 0, Current term: 1, Majority size: 2, State: 0, Mode: LEADER, active raft config: opid_index: -1 OBSOLETE_local: false peers { permanent_uuid: "2bdcb87f758f48efb49fc4ecbd0adf47" member_type: VOTER last_known_addr { host: "127.24.182.1" port: 36123 } } peers { permanent_uuid: "a6cebf60211045b6bb98b67fdca999ac" member_type: VOTER last_known_addr { host: "127.24.182.2" port: 36707 } } peers { permanent_uuid: "0bcb4f27a3fd49b9a37fa4b2d8127847" member_type: VOTER last_known_addr { host: "127.24.182.3" port: 33795 } }
W20260709 12:16:20.171000 26432 leader_election.cc:343] T f8e83f5e729e4ed7b2ea866fa9d97b70 P 2bdcb87f758f48efb49fc4ecbd0adf47 [CANDIDATE]: Term 1 pre-election: Tablet error from VoteRequest() call to peer 0bcb4f27a3fd49b9a37fa4b2d8127847 (127.24.182.3:33795): Illegal state: must be running to vote when last-logged opid is not known
I20260709 12:16:20.171383 26432 leader_election.cc:304] T f8e83f5e729e4ed7b2ea866fa9d97b70 P 2bdcb87f758f48efb49fc4ecbd0adf47 [CANDIDATE]: Term 1 pre-election: Election decided. Result: candidate lost. Election summary: received 3 responses out of 3 voters: 1 yes votes; 2 no votes. yes voters: 2bdcb87f758f48efb49fc4ecbd0adf47; no voters: 0bcb4f27a3fd49b9a37fa4b2d8127847, a6cebf60211045b6bb98b67fdca999ac
I20260709 12:16:20.173576 26657 tablet_bootstrap.cc:492] T d7b5d53cbd88434a96720613d0fd693b P a6cebf60211045b6bb98b67fdca999ac: No bootstrap required, opened a new log
I20260709 12:16:20.174008 26657 ts_tablet_manager.cc:1403] T d7b5d53cbd88434a96720613d0fd693b P a6cebf60211045b6bb98b67fdca999ac: Time spent bootstrapping tablet: real 0.281s	user 0.018s	sys 0.021s
I20260709 12:16:20.174664 26910 raft_consensus.cc:515] T d7b5d53cbd88434a96720613d0fd693b P 0bcb4f27a3fd49b9a37fa4b2d8127847 [term 1 FOLLOWER]: Starting leader election with config: opid_index: -1 OBSOLETE_local: false peers { permanent_uuid: "2bdcb87f758f48efb49fc4ecbd0adf47" member_type: VOTER last_known_addr { host: "127.24.182.1" port: 36123 } } peers { permanent_uuid: "a6cebf60211045b6bb98b67fdca999ac" member_type: VOTER last_known_addr { host: "127.24.182.2" port: 36707 } } peers { permanent_uuid: "0bcb4f27a3fd49b9a37fa4b2d8127847" member_type: VOTER last_known_addr { host: "127.24.182.3" port: 33795 } }
I20260709 12:16:20.176826 26660 tablet_bootstrap.cc:654] T 866a81bae1d1455c9e7e0e9d578c3ec0 P 2bdcb87f758f48efb49fc4ecbd0adf47: Neither blocks nor log segments found. Creating new log.
I20260709 12:16:20.187664 26541 tablet_service.cc:1917] Received RequestConsensusVote() RPC: tablet_id: "19dee594aea14dd792552a3e6eba276e" candidate_uuid: "0bcb4f27a3fd49b9a37fa4b2d8127847" candidate_term: 1 candidate_status { last_received { term: 0 index: 0 } } ignore_live_leader: false dest_uuid: "a6cebf60211045b6bb98b67fdca999ac" is_pre_election: true
I20260709 12:16:20.189203 26468 tablet_service.cc:1917] Received RequestConsensusVote() RPC: tablet_id: "866a81bae1d1455c9e7e0e9d578c3ec0" candidate_uuid: "0bcb4f27a3fd49b9a37fa4b2d8127847" candidate_term: 1 candidate_status { last_received { term: 0 index: 0 } } ignore_live_leader: false dest_uuid: "2bdcb87f758f48efb49fc4ecbd0adf47" is_pre_election: true
I20260709 12:16:20.190812 26542 tablet_service.cc:1917] Received RequestConsensusVote() RPC: tablet_id: "866a81bae1d1455c9e7e0e9d578c3ec0" candidate_uuid: "0bcb4f27a3fd49b9a37fa4b2d8127847" candidate_term: 1 candidate_status { last_received { term: 0 index: 0 } } ignore_live_leader: false dest_uuid: "a6cebf60211045b6bb98b67fdca999ac" is_pre_election: true
I20260709 12:16:20.177903 26770 raft_consensus.cc:2749] T f8e83f5e729e4ed7b2ea866fa9d97b70 P 2bdcb87f758f48efb49fc4ecbd0adf47 [term 0 FOLLOWER]: Leader pre-election lost for term 1. Reason: could not achieve majority
I20260709 12:16:20.239813 26658 tablet_bootstrap.cc:654] T f8e83f5e729e4ed7b2ea866fa9d97b70 P 0bcb4f27a3fd49b9a37fa4b2d8127847: Neither blocks nor log segments found. Creating new log.
I20260709 12:16:20.223618 26836 raft_consensus.cc:493] T 7f738b62dc9d452fb13779df24f722f7 P 2bdcb87f758f48efb49fc4ecbd0adf47 [term 0 FOLLOWER]: Starting pre-election (no leader contacted us within the election timeout)
I20260709 12:16:20.241719 26836 raft_consensus.cc:515] T 7f738b62dc9d452fb13779df24f722f7 P 2bdcb87f758f48efb49fc4ecbd0adf47 [term 0 FOLLOWER]: Starting pre-election with config: opid_index: -1 OBSOLETE_local: false peers { permanent_uuid: "2bdcb87f758f48efb49fc4ecbd0adf47" member_type: VOTER last_known_addr { host: "127.24.182.1" port: 36123 } } peers { permanent_uuid: "a6cebf60211045b6bb98b67fdca999ac" member_type: VOTER last_known_addr { host: "127.24.182.2" port: 36707 } } peers { permanent_uuid: "0bcb4f27a3fd49b9a37fa4b2d8127847" member_type: VOTER last_known_addr { host: "127.24.182.3" port: 33795 } }
I20260709 12:16:20.242892 26657 raft_consensus.cc:359] T d7b5d53cbd88434a96720613d0fd693b P a6cebf60211045b6bb98b67fdca999ac [term 0 FOLLOWER]: Replica starting. Triggering 0 pending ops. Active config: opid_index: -1 OBSOLETE_local: false peers { permanent_uuid: "2bdcb87f758f48efb49fc4ecbd0adf47" member_type: VOTER last_known_addr { host: "127.24.182.1" port: 36123 } } peers { permanent_uuid: "a6cebf60211045b6bb98b67fdca999ac" member_type: VOTER last_known_addr { host: "127.24.182.2" port: 36707 } } peers { permanent_uuid: "0bcb4f27a3fd49b9a37fa4b2d8127847" member_type: VOTER last_known_addr { host: "127.24.182.3" port: 33795 } }
I20260709 12:16:20.245180 26657 raft_consensus.cc:385] T d7b5d53cbd88434a96720613d0fd693b P a6cebf60211045b6bb98b67fdca999ac [term 0 FOLLOWER]: Consensus starting up: Expiring failure detector timer to make a prompt election more likely
I20260709 12:16:20.245615 26657 raft_consensus.cc:740] T d7b5d53cbd88434a96720613d0fd693b P a6cebf60211045b6bb98b67fdca999ac [term 0 FOLLOWER]: Becoming Follower/Learner. State: Replica: a6cebf60211045b6bb98b67fdca999ac, State: Initialized, Role: FOLLOWER
I20260709 12:16:20.246541 26657 consensus_queue.cc:260] T d7b5d53cbd88434a96720613d0fd693b P a6cebf60211045b6bb98b67fdca999ac [NON_LEADER]: Queue going to NON_LEADER mode. State: All replicated index: 0, Majority replicated index: 0, Committed index: 0, Last appended: 0.0, Last appended by leader: 0, Current term: 0, Majority size: -1, State: 0, Mode: NON_LEADER, active raft config: opid_index: -1 OBSOLETE_local: false peers { permanent_uuid: "2bdcb87f758f48efb49fc4ecbd0adf47" member_type: VOTER last_known_addr { host: "127.24.182.1" port: 36123 } } peers { permanent_uuid: "a6cebf60211045b6bb98b67fdca999ac" member_type: VOTER last_known_addr { host: "127.24.182.2" port: 36707 } } peers { permanent_uuid: "0bcb4f27a3fd49b9a37fa4b2d8127847" member_type: VOTER last_known_addr { host: "127.24.182.3" port: 33795 } }
I20260709 12:16:20.248723 26914 raft_consensus.cc:493] T e154ad9b611b4aac8445523f84fc60da P 0bcb4f27a3fd49b9a37fa4b2d8127847 [term 0 FOLLOWER]: Starting pre-election (no leader contacted us within the election timeout)
I20260709 12:16:20.250051 26836 leader_election.cc:290] T 7f738b62dc9d452fb13779df24f722f7 P 2bdcb87f758f48efb49fc4ecbd0adf47 [CANDIDATE]: Term 1 pre-election: Requested pre-vote from peers a6cebf60211045b6bb98b67fdca999ac (127.24.182.2:36707), 0bcb4f27a3fd49b9a37fa4b2d8127847 (127.24.182.3:33795)
I20260709 12:16:20.249358 26914 raft_consensus.cc:515] T e154ad9b611b4aac8445523f84fc60da P 0bcb4f27a3fd49b9a37fa4b2d8127847 [term 0 FOLLOWER]: Starting pre-election with config: opid_index: -1 OBSOLETE_local: false peers { permanent_uuid: "2bdcb87f758f48efb49fc4ecbd0adf47" member_type: VOTER last_known_addr { host: "127.24.182.1" port: 36123 } } peers { permanent_uuid: "a6cebf60211045b6bb98b67fdca999ac" member_type: VOTER last_known_addr { host: "127.24.182.2" port: 36707 } } peers { permanent_uuid: "0bcb4f27a3fd49b9a37fa4b2d8127847" member_type: VOTER last_known_addr { host: "127.24.182.3" port: 33795 } }
I20260709 12:16:20.254318 26657 ts_tablet_manager.cc:1434] T d7b5d53cbd88434a96720613d0fd693b P a6cebf60211045b6bb98b67fdca999ac: Time spent starting tablet: real 0.080s	user 0.030s	sys 0.004s
I20260709 12:16:20.255255 26657 tablet_bootstrap.cc:492] T f8e83f5e729e4ed7b2ea866fa9d97b70 P a6cebf60211045b6bb98b67fdca999ac: Bootstrap starting.
I20260709 12:16:20.257717 26660 tablet_bootstrap.cc:492] T 866a81bae1d1455c9e7e0e9d578c3ec0 P 2bdcb87f758f48efb49fc4ecbd0adf47: No bootstrap required, opened a new log
I20260709 12:16:20.258230 26660 ts_tablet_manager.cc:1403] T 866a81bae1d1455c9e7e0e9d578c3ec0 P 2bdcb87f758f48efb49fc4ecbd0adf47: Time spent bootstrapping tablet: real 0.133s	user 0.011s	sys 0.005s
I20260709 12:16:20.260905 26657 tablet_bootstrap.cc:654] T f8e83f5e729e4ed7b2ea866fa9d97b70 P a6cebf60211045b6bb98b67fdca999ac: Neither blocks nor log segments found. Creating new log.
I20260709 12:16:20.261093 26660 raft_consensus.cc:359] T 866a81bae1d1455c9e7e0e9d578c3ec0 P 2bdcb87f758f48efb49fc4ecbd0adf47 [term 0 FOLLOWER]: Replica starting. Triggering 0 pending ops. Active config: opid_index: -1 OBSOLETE_local: false peers { permanent_uuid: "2bdcb87f758f48efb49fc4ecbd0adf47" member_type: VOTER last_known_addr { host: "127.24.182.1" port: 36123 } } peers { permanent_uuid: "a6cebf60211045b6bb98b67fdca999ac" member_type: VOTER last_known_addr { host: "127.24.182.2" port: 36707 } } peers { permanent_uuid: "0bcb4f27a3fd49b9a37fa4b2d8127847" member_type: VOTER last_known_addr { host: "127.24.182.3" port: 33795 } }
I20260709 12:16:20.261735 26660 raft_consensus.cc:385] T 866a81bae1d1455c9e7e0e9d578c3ec0 P 2bdcb87f758f48efb49fc4ecbd0adf47 [term 0 FOLLOWER]: Consensus starting up: Expiring failure detector timer to make a prompt election more likely
I20260709 12:16:20.262037 26660 raft_consensus.cc:740] T 866a81bae1d1455c9e7e0e9d578c3ec0 P 2bdcb87f758f48efb49fc4ecbd0adf47 [term 0 FOLLOWER]: Becoming Follower/Learner. State: Replica: 2bdcb87f758f48efb49fc4ecbd0adf47, State: Initialized, Role: FOLLOWER
I20260709 12:16:20.245247 26910 leader_election.cc:290] T d7b5d53cbd88434a96720613d0fd693b P 0bcb4f27a3fd49b9a37fa4b2d8127847 [CANDIDATE]: Term 1 election: Requested vote from peers 2bdcb87f758f48efb49fc4ecbd0adf47 (127.24.182.1:36123), a6cebf60211045b6bb98b67fdca999ac (127.24.182.2:36707)
I20260709 12:16:20.263266 26660 consensus_queue.cc:260] T 866a81bae1d1455c9e7e0e9d578c3ec0 P 2bdcb87f758f48efb49fc4ecbd0adf47 [NON_LEADER]: Queue going to NON_LEADER mode. State: All replicated index: 0, Majority replicated index: 0, Committed index: 0, Last appended: 0.0, Last appended by leader: 0, Current term: 0, Majority size: -1, State: 0, Mode: NON_LEADER, active raft config: opid_index: -1 OBSOLETE_local: false peers { permanent_uuid: "2bdcb87f758f48efb49fc4ecbd0adf47" member_type: VOTER last_known_addr { host: "127.24.182.1" port: 36123 } } peers { permanent_uuid: "a6cebf60211045b6bb98b67fdca999ac" member_type: VOTER last_known_addr { host: "127.24.182.2" port: 36707 } } peers { permanent_uuid: "0bcb4f27a3fd49b9a37fa4b2d8127847" member_type: VOTER last_known_addr { host: "127.24.182.3" port: 33795 } }
I20260709 12:16:20.272938 26660 ts_tablet_manager.cc:1434] T 866a81bae1d1455c9e7e0e9d578c3ec0 P 2bdcb87f758f48efb49fc4ecbd0adf47: Time spent starting tablet: real 0.014s	user 0.008s	sys 0.000s
I20260709 12:16:20.282893 26658 tablet_bootstrap.cc:492] T f8e83f5e729e4ed7b2ea866fa9d97b70 P 0bcb4f27a3fd49b9a37fa4b2d8127847: No bootstrap required, opened a new log
I20260709 12:16:20.283385 26658 ts_tablet_manager.cc:1403] T f8e83f5e729e4ed7b2ea866fa9d97b70 P 0bcb4f27a3fd49b9a37fa4b2d8127847: Time spent bootstrapping tablet: real 0.195s	user 0.011s	sys 0.000s
I20260709 12:16:20.287569 26660 tablet_bootstrap.cc:492] T 5319df650f254dbd805f3d81b5e7721d P 2bdcb87f758f48efb49fc4ecbd0adf47: Bootstrap starting.
W20260709 12:16:20.293955 26582 leader_election.cc:343] T 19dee594aea14dd792552a3e6eba276e P 0bcb4f27a3fd49b9a37fa4b2d8127847 [CANDIDATE]: Term 1 pre-election: Tablet error from VoteRequest() call to peer a6cebf60211045b6bb98b67fdca999ac (127.24.182.2:36707): Illegal state: must be running to vote when last-logged opid is not known
I20260709 12:16:20.294450 26582 leader_election.cc:304] T 19dee594aea14dd792552a3e6eba276e P 0bcb4f27a3fd49b9a37fa4b2d8127847 [CANDIDATE]: Term 1 pre-election: Election decided. Result: candidate lost. Election summary: received 3 responses out of 3 voters: 1 yes votes; 2 no votes. yes voters: 0bcb4f27a3fd49b9a37fa4b2d8127847; no voters: 2bdcb87f758f48efb49fc4ecbd0adf47, a6cebf60211045b6bb98b67fdca999ac
I20260709 12:16:20.294757 26542 tablet_service.cc:1917] Received RequestConsensusVote() RPC: tablet_id: "d7b5d53cbd88434a96720613d0fd693b" candidate_uuid: "0bcb4f27a3fd49b9a37fa4b2d8127847" candidate_term: 1 candidate_status { last_received { term: 0 index: 0 } } ignore_live_leader: false dest_uuid: "a6cebf60211045b6bb98b67fdca999ac"
I20260709 12:16:20.296461 26907 raft_consensus.cc:2749] T 19dee594aea14dd792552a3e6eba276e P 0bcb4f27a3fd49b9a37fa4b2d8127847 [term 0 FOLLOWER]: Leader pre-election lost for term 1. Reason: could not achieve majority
I20260709 12:16:20.296499 26542 raft_consensus.cc:3060] T d7b5d53cbd88434a96720613d0fd693b P a6cebf60211045b6bb98b67fdca999ac [term 0 FOLLOWER]: Advancing to term 1
I20260709 12:16:20.302461 26540 tablet_service.cc:1917] Received RequestConsensusVote() RPC: tablet_id: "7f738b62dc9d452fb13779df24f722f7" candidate_uuid: "2bdcb87f758f48efb49fc4ecbd0adf47" candidate_term: 1 candidate_status { last_received { term: 0 index: 0 } } ignore_live_leader: false dest_uuid: "a6cebf60211045b6bb98b67fdca999ac" is_pre_election: true
I20260709 12:16:20.303221 26542 raft_consensus.cc:2468] T d7b5d53cbd88434a96720613d0fd693b P a6cebf60211045b6bb98b67fdca999ac [term 1 FOLLOWER]: Leader election vote request: Granting yes vote for candidate 0bcb4f27a3fd49b9a37fa4b2d8127847 in term 1.
W20260709 12:16:20.295645 26582 leader_election.cc:343] T 866a81bae1d1455c9e7e0e9d578c3ec0 P 0bcb4f27a3fd49b9a37fa4b2d8127847 [CANDIDATE]: Term 1 pre-election: Tablet error from VoteRequest() call to peer a6cebf60211045b6bb98b67fdca999ac (127.24.182.2:36707): Illegal state: must be running to vote when last-logged opid is not known
I20260709 12:16:20.306794 26914 leader_election.cc:290] T e154ad9b611b4aac8445523f84fc60da P 0bcb4f27a3fd49b9a37fa4b2d8127847 [CANDIDATE]: Term 1 pre-election: Requested pre-vote from peers 2bdcb87f758f48efb49fc4ecbd0adf47 (127.24.182.1:36123), a6cebf60211045b6bb98b67fdca999ac (127.24.182.2:36707)
I20260709 12:16:20.308706 26658 raft_consensus.cc:359] T f8e83f5e729e4ed7b2ea866fa9d97b70 P 0bcb4f27a3fd49b9a37fa4b2d8127847 [term 0 FOLLOWER]: Replica starting. Triggering 0 pending ops. Active config: opid_index: -1 OBSOLETE_local: false peers { permanent_uuid: "2bdcb87f758f48efb49fc4ecbd0adf47" member_type: VOTER last_known_addr { host: "127.24.182.1" port: 36123 } } peers { permanent_uuid: "a6cebf60211045b6bb98b67fdca999ac" member_type: VOTER last_known_addr { host: "127.24.182.2" port: 36707 } } peers { permanent_uuid: "0bcb4f27a3fd49b9a37fa4b2d8127847" member_type: VOTER last_known_addr { host: "127.24.182.3" port: 33795 } }
I20260709 12:16:20.309737 26861 raft_consensus.cc:515] T 7f738b62dc9d452fb13779df24f722f7 P a6cebf60211045b6bb98b67fdca999ac [term 1 FOLLOWER]: Starting leader election with config: opid_index: -1 OBSOLETE_local: false peers { permanent_uuid: "2bdcb87f758f48efb49fc4ecbd0adf47" member_type: VOTER last_known_addr { host: "127.24.182.1" port: 36123 } } peers { permanent_uuid: "a6cebf60211045b6bb98b67fdca999ac" member_type: VOTER last_known_addr { host: "127.24.182.2" port: 36707 } } peers { permanent_uuid: "0bcb4f27a3fd49b9a37fa4b2d8127847" member_type: VOTER last_known_addr { host: "127.24.182.3" port: 33795 } }
I20260709 12:16:20.310266 26658 raft_consensus.cc:385] T f8e83f5e729e4ed7b2ea866fa9d97b70 P 0bcb4f27a3fd49b9a37fa4b2d8127847 [term 0 FOLLOWER]: Consensus starting up: Expiring failure detector timer to make a prompt election more likely
I20260709 12:16:20.310911 26540 raft_consensus.cc:2393] T 7f738b62dc9d452fb13779df24f722f7 P a6cebf60211045b6bb98b67fdca999ac [term 1 FOLLOWER]: Leader pre-election vote request: Denying vote to candidate 2bdcb87f758f48efb49fc4ecbd0adf47 in current term 1: Already voted for candidate a6cebf60211045b6bb98b67fdca999ac in this term.
I20260709 12:16:20.311812 26861 leader_election.cc:290] T 7f738b62dc9d452fb13779df24f722f7 P a6cebf60211045b6bb98b67fdca999ac [CANDIDATE]: Term 1 election: Requested vote from peers 2bdcb87f758f48efb49fc4ecbd0adf47 (127.24.182.1:36123), 0bcb4f27a3fd49b9a37fa4b2d8127847 (127.24.182.3:33795)
I20260709 12:16:20.312847 26468 tablet_service.cc:1917] Received RequestConsensusVote() RPC: tablet_id: "d7b5d53cbd88434a96720613d0fd693b" candidate_uuid: "0bcb4f27a3fd49b9a37fa4b2d8127847" candidate_term: 1 candidate_status { last_received { term: 0 index: 0 } } ignore_live_leader: false dest_uuid: "2bdcb87f758f48efb49fc4ecbd0adf47"
I20260709 12:16:20.313416 26468 raft_consensus.cc:3060] T d7b5d53cbd88434a96720613d0fd693b P 2bdcb87f758f48efb49fc4ecbd0adf47 [term 0 FOLLOWER]: Advancing to term 1
I20260709 12:16:20.315534 26582 leader_election.cc:304] T d7b5d53cbd88434a96720613d0fd693b P 0bcb4f27a3fd49b9a37fa4b2d8127847 [CANDIDATE]: Term 1 election: Election decided. Result: candidate won. Election summary: received 2 responses out of 3 voters: 2 yes votes; 0 no votes. yes voters: 0bcb4f27a3fd49b9a37fa4b2d8127847, a6cebf60211045b6bb98b67fdca999ac; no voters: 
I20260709 12:16:20.316294 26907 raft_consensus.cc:2804] T d7b5d53cbd88434a96720613d0fd693b P 0bcb4f27a3fd49b9a37fa4b2d8127847 [term 1 FOLLOWER]: Leader election won for term 1
I20260709 12:16:20.316593 26616 tablet_service.cc:1917] Received RequestConsensusVote() RPC: tablet_id: "7f738b62dc9d452fb13779df24f722f7" candidate_uuid: "a6cebf60211045b6bb98b67fdca999ac" candidate_term: 1 candidate_status { last_received { term: 0 index: 0 } } ignore_live_leader: false dest_uuid: "0bcb4f27a3fd49b9a37fa4b2d8127847"
I20260709 12:16:20.316756 26907 raft_consensus.cc:697] T d7b5d53cbd88434a96720613d0fd693b P 0bcb4f27a3fd49b9a37fa4b2d8127847 [term 1 LEADER]: Becoming Leader. State: Replica: 0bcb4f27a3fd49b9a37fa4b2d8127847, State: Running, Role: LEADER
I20260709 12:16:20.317203 26616 raft_consensus.cc:3060] T 7f738b62dc9d452fb13779df24f722f7 P 0bcb4f27a3fd49b9a37fa4b2d8127847 [term 0 FOLLOWER]: Advancing to term 1
I20260709 12:16:20.310560 26658 raft_consensus.cc:740] T f8e83f5e729e4ed7b2ea866fa9d97b70 P 0bcb4f27a3fd49b9a37fa4b2d8127847 [term 0 FOLLOWER]: Becoming Follower/Learner. State: Replica: 0bcb4f27a3fd49b9a37fa4b2d8127847, State: Initialized, Role: FOLLOWER
I20260709 12:16:20.319116 26658 consensus_queue.cc:260] T f8e83f5e729e4ed7b2ea866fa9d97b70 P 0bcb4f27a3fd49b9a37fa4b2d8127847 [NON_LEADER]: Queue going to NON_LEADER mode. State: All replicated index: 0, Majority replicated index: 0, Committed index: 0, Last appended: 0.0, Last appended by leader: 0, Current term: 0, Majority size: -1, State: 0, Mode: NON_LEADER, active raft config: opid_index: -1 OBSOLETE_local: false peers { permanent_uuid: "2bdcb87f758f48efb49fc4ecbd0adf47" member_type: VOTER last_known_addr { host: "127.24.182.1" port: 36123 } } peers { permanent_uuid: "a6cebf60211045b6bb98b67fdca999ac" member_type: VOTER last_known_addr { host: "127.24.182.2" port: 36707 } } peers { permanent_uuid: "0bcb4f27a3fd49b9a37fa4b2d8127847" member_type: VOTER last_known_addr { host: "127.24.182.3" port: 33795 } }
W20260709 12:16:20.321167 26582 leader_election.cc:343] T 866a81bae1d1455c9e7e0e9d578c3ec0 P 0bcb4f27a3fd49b9a37fa4b2d8127847 [CANDIDATE]: Term 1 pre-election: Tablet error from VoteRequest() call to peer 2bdcb87f758f48efb49fc4ecbd0adf47 (127.24.182.1:36123): Illegal state: must be running to vote when last-logged opid is not known
I20260709 12:16:20.321504 26582 leader_election.cc:304] T 866a81bae1d1455c9e7e0e9d578c3ec0 P 0bcb4f27a3fd49b9a37fa4b2d8127847 [CANDIDATE]: Term 1 pre-election: Election decided. Result: candidate lost. Election summary: received 3 responses out of 3 voters: 1 yes votes; 2 no votes. yes voters: 0bcb4f27a3fd49b9a37fa4b2d8127847; no voters: 2bdcb87f758f48efb49fc4ecbd0adf47, a6cebf60211045b6bb98b67fdca999ac
I20260709 12:16:20.317605 26907 consensus_queue.cc:237] T d7b5d53cbd88434a96720613d0fd693b P 0bcb4f27a3fd49b9a37fa4b2d8127847 [LEADER]: Queue going to LEADER mode. State: All replicated index: 0, Majority replicated index: 0, Committed index: 0, Last appended: 0.0, Last appended by leader: 0, Current term: 1, Majority size: 2, State: 0, Mode: LEADER, active raft config: opid_index: -1 OBSOLETE_local: false peers { permanent_uuid: "2bdcb87f758f48efb49fc4ecbd0adf47" member_type: VOTER last_known_addr { host: "127.24.182.1" port: 36123 } } peers { permanent_uuid: "a6cebf60211045b6bb98b67fdca999ac" member_type: VOTER last_known_addr { host: "127.24.182.2" port: 36707 } } peers { permanent_uuid: "0bcb4f27a3fd49b9a37fa4b2d8127847" member_type: VOTER last_known_addr { host: "127.24.182.3" port: 33795 } }
I20260709 12:16:20.324226 26867 raft_consensus.cc:2749] T 866a81bae1d1455c9e7e0e9d578c3ec0 P 0bcb4f27a3fd49b9a37fa4b2d8127847 [term 0 FOLLOWER]: Leader pre-election lost for term 1. Reason: could not achieve majority
I20260709 12:16:20.338694 26658 ts_tablet_manager.cc:1434] T f8e83f5e729e4ed7b2ea866fa9d97b70 P 0bcb4f27a3fd49b9a37fa4b2d8127847: Time spent starting tablet: real 0.055s	user 0.008s	sys 0.000s
I20260709 12:16:20.345674 26914 consensus_queue.cc:1048] T aa8fe3c2494240d39b4850411cd4939e P 0bcb4f27a3fd49b9a37fa4b2d8127847 [LEADER]: Connected to new peer: Peer: permanent_uuid: "2bdcb87f758f48efb49fc4ecbd0adf47" member_type: VOTER last_known_addr { host: "127.24.182.1" port: 36123 }, Status: LMP_MISMATCH, Last received: 0.0, Next index: 1, Last known committed idx: 0, Time since last communication: 0.000s
I20260709 12:16:20.347177 26612 tablet_service.cc:1917] Received RequestConsensusVote() RPC: tablet_id: "7f738b62dc9d452fb13779df24f722f7" candidate_uuid: "2bdcb87f758f48efb49fc4ecbd0adf47" candidate_term: 1 candidate_status { last_received { term: 0 index: 0 } } ignore_live_leader: false dest_uuid: "0bcb4f27a3fd49b9a37fa4b2d8127847" is_pre_election: true
I20260709 12:16:20.354609 26914 raft_consensus.cc:493] T f8e83f5e729e4ed7b2ea866fa9d97b70 P 0bcb4f27a3fd49b9a37fa4b2d8127847 [term 0 FOLLOWER]: Starting pre-election (no leader contacted us within the election timeout)
I20260709 12:16:20.355090 26914 raft_consensus.cc:515] T f8e83f5e729e4ed7b2ea866fa9d97b70 P 0bcb4f27a3fd49b9a37fa4b2d8127847 [term 0 FOLLOWER]: Starting pre-election with config: opid_index: -1 OBSOLETE_local: false peers { permanent_uuid: "2bdcb87f758f48efb49fc4ecbd0adf47" member_type: VOTER last_known_addr { host: "127.24.182.1" port: 36123 } } peers { permanent_uuid: "a6cebf60211045b6bb98b67fdca999ac" member_type: VOTER last_known_addr { host: "127.24.182.2" port: 36707 } } peers { permanent_uuid: "0bcb4f27a3fd49b9a37fa4b2d8127847" member_type: VOTER last_known_addr { host: "127.24.182.3" port: 33795 } }
I20260709 12:16:20.357060 26914 leader_election.cc:290] T f8e83f5e729e4ed7b2ea866fa9d97b70 P 0bcb4f27a3fd49b9a37fa4b2d8127847 [CANDIDATE]: Term 1 pre-election: Requested pre-vote from peers 2bdcb87f758f48efb49fc4ecbd0adf47 (127.24.182.1:36123), a6cebf60211045b6bb98b67fdca999ac (127.24.182.2:36707)
I20260709 12:16:20.351444 26463 tablet_service.cc:1917] Received RequestConsensusVote() RPC: tablet_id: "7f738b62dc9d452fb13779df24f722f7" candidate_uuid: "a6cebf60211045b6bb98b67fdca999ac" candidate_term: 1 candidate_status { last_received { term: 0 index: 0 } } ignore_live_leader: false dest_uuid: "2bdcb87f758f48efb49fc4ecbd0adf47"
I20260709 12:16:20.358692 26463 raft_consensus.cc:3060] T 7f738b62dc9d452fb13779df24f722f7 P 2bdcb87f758f48efb49fc4ecbd0adf47 [term 0 FOLLOWER]: Advancing to term 1
I20260709 12:16:20.364652 26543 tablet_service.cc:1917] Received RequestConsensusVote() RPC: tablet_id: "f8e83f5e729e4ed7b2ea866fa9d97b70" candidate_uuid: "0bcb4f27a3fd49b9a37fa4b2d8127847" candidate_term: 1 candidate_status { last_received { term: 0 index: 0 } } ignore_live_leader: false dest_uuid: "a6cebf60211045b6bb98b67fdca999ac" is_pre_election: true
I20260709 12:16:20.360899 26366 catalog_manager.cc:5697] T c7089295b938498d8579c6b9a8845f4a P a6cebf60211045b6bb98b67fdca999ac reported cstate change: term changed from 0 to 1, leader changed from <none> to a6cebf60211045b6bb98b67fdca999ac (127.24.182.2). New cstate: current_term: 1 leader_uuid: "a6cebf60211045b6bb98b67fdca999ac" committed_config { opid_index: -1 OBSOLETE_local: false peers { permanent_uuid: "2bdcb87f758f48efb49fc4ecbd0adf47" member_type: VOTER last_known_addr { host: "127.24.182.1" port: 36123 } health_report { overall_health: UNKNOWN } } peers { permanent_uuid: "a6cebf60211045b6bb98b67fdca999ac" member_type: VOTER last_known_addr { host: "127.24.182.2" port: 36707 } health_report { overall_health: HEALTHY } } peers { permanent_uuid: "0bcb4f27a3fd49b9a37fa4b2d8127847" member_type: VOTER last_known_addr { host: "127.24.182.3" port: 33795 } health_report { overall_health: UNKNOWN } } }
I20260709 12:16:20.374614 26540 tablet_service.cc:1917] Received RequestConsensusVote() RPC: tablet_id: "e154ad9b611b4aac8445523f84fc60da" candidate_uuid: "0bcb4f27a3fd49b9a37fa4b2d8127847" candidate_term: 1 candidate_status { last_received { term: 0 index: 0 } } ignore_live_leader: false dest_uuid: "a6cebf60211045b6bb98b67fdca999ac" is_pre_election: true
I20260709 12:16:20.376724 26658 tablet_bootstrap.cc:492] T 08a3afa0e1194d51aa57c454d1f6841c P 0bcb4f27a3fd49b9a37fa4b2d8127847: Bootstrap starting.
I20260709 12:16:20.381275 26657 tablet_bootstrap.cc:492] T f8e83f5e729e4ed7b2ea866fa9d97b70 P a6cebf60211045b6bb98b67fdca999ac: No bootstrap required, opened a new log
I20260709 12:16:20.381824 26657 ts_tablet_manager.cc:1403] T f8e83f5e729e4ed7b2ea866fa9d97b70 P a6cebf60211045b6bb98b67fdca999ac: Time spent bootstrapping tablet: real 0.127s	user 0.026s	sys 0.015s
W20260709 12:16:20.381201 26582 leader_election.cc:343] T f8e83f5e729e4ed7b2ea866fa9d97b70 P 0bcb4f27a3fd49b9a37fa4b2d8127847 [CANDIDATE]: Term 1 pre-election: Tablet error from VoteRequest() call to peer a6cebf60211045b6bb98b67fdca999ac (127.24.182.2:36707): Illegal state: must be running to vote when last-logged opid is not known
W20260709 12:16:20.382814 26582 leader_election.cc:343] T e154ad9b611b4aac8445523f84fc60da P 0bcb4f27a3fd49b9a37fa4b2d8127847 [CANDIDATE]: Term 1 pre-election: Tablet error from VoteRequest() call to peer a6cebf60211045b6bb98b67fdca999ac (127.24.182.2:36707): Illegal state: must be running to vote when last-logged opid is not known
I20260709 12:16:20.391372 26463 raft_consensus.cc:2468] T 7f738b62dc9d452fb13779df24f722f7 P 2bdcb87f758f48efb49fc4ecbd0adf47 [term 1 FOLLOWER]: Leader election vote request: Granting yes vote for candidate a6cebf60211045b6bb98b67fdca999ac in term 1.
I20260709 12:16:20.391927 26433 leader_election.cc:304] T 7f738b62dc9d452fb13779df24f722f7 P 2bdcb87f758f48efb49fc4ecbd0adf47 [CANDIDATE]: Term 1 pre-election: Election decided. Result: candidate lost. Election summary: received 3 responses out of 3 voters: 1 yes votes; 2 no votes. yes voters: 2bdcb87f758f48efb49fc4ecbd0adf47; no voters: 0bcb4f27a3fd49b9a37fa4b2d8127847, a6cebf60211045b6bb98b67fdca999ac
I20260709 12:16:20.366691 26464 raft_consensus.cc:2468] T 08a3afa0e1194d51aa57c454d1f6841c P 2bdcb87f758f48efb49fc4ecbd0adf47 [term 1 FOLLOWER]: Leader election vote request: Granting yes vote for candidate a6cebf60211045b6bb98b67fdca999ac in term 1.
I20260709 12:16:20.375965 26468 raft_consensus.cc:2468] T d7b5d53cbd88434a96720613d0fd693b P 2bdcb87f758f48efb49fc4ecbd0adf47 [term 1 FOLLOWER]: Leader election vote request: Granting yes vote for candidate 0bcb4f27a3fd49b9a37fa4b2d8127847 in term 1.
I20260709 12:16:20.398777 26899 raft_consensus.cc:2749] T 7f738b62dc9d452fb13779df24f722f7 P 2bdcb87f758f48efb49fc4ecbd0adf47 [term 1 FOLLOWER]: Leader pre-election lost for term 1. Reason: could not achieve majority
I20260709 12:16:20.403542 26508 leader_election.cc:304] T 08a3afa0e1194d51aa57c454d1f6841c P a6cebf60211045b6bb98b67fdca999ac [CANDIDATE]: Term 1 election: Election decided. Result: candidate won. Election summary: received 3 responses out of 3 voters: 2 yes votes; 1 no votes. yes voters: 2bdcb87f758f48efb49fc4ecbd0adf47, a6cebf60211045b6bb98b67fdca999ac; no voters: 0bcb4f27a3fd49b9a37fa4b2d8127847
I20260709 12:16:20.404686 26660 tablet_bootstrap.cc:654] T 5319df650f254dbd805f3d81b5e7721d P 2bdcb87f758f48efb49fc4ecbd0adf47: Neither blocks nor log segments found. Creating new log.
I20260709 12:16:20.410249 26658 tablet_bootstrap.cc:654] T 08a3afa0e1194d51aa57c454d1f6841c P 0bcb4f27a3fd49b9a37fa4b2d8127847: Neither blocks nor log segments found. Creating new log.
I20260709 12:16:20.415069 26906 consensus_queue.cc:1048] T aa8fe3c2494240d39b4850411cd4939e P 0bcb4f27a3fd49b9a37fa4b2d8127847 [LEADER]: Connected to new peer: Peer: permanent_uuid: "a6cebf60211045b6bb98b67fdca999ac" member_type: VOTER last_known_addr { host: "127.24.182.2" port: 36707 }, Status: LMP_MISMATCH, Last received: 0.0, Next index: 1, Last known committed idx: 0, Time since last communication: 0.002s
I20260709 12:16:20.416154 26508 leader_election.cc:304] T 7f738b62dc9d452fb13779df24f722f7 P a6cebf60211045b6bb98b67fdca999ac [CANDIDATE]: Term 1 election: Election decided. Result: candidate won. Election summary: received 2 responses out of 3 voters: 2 yes votes; 0 no votes. yes voters: 2bdcb87f758f48efb49fc4ecbd0adf47, a6cebf60211045b6bb98b67fdca999ac; no voters: 
I20260709 12:16:20.415716 26685 raft_consensus.cc:2804] T 08a3afa0e1194d51aa57c454d1f6841c P a6cebf60211045b6bb98b67fdca999ac [term 1 FOLLOWER]: Leader election won for term 1
I20260709 12:16:20.416718 26616 raft_consensus.cc:2468] T 7f738b62dc9d452fb13779df24f722f7 P 0bcb4f27a3fd49b9a37fa4b2d8127847 [term 1 FOLLOWER]: Leader election vote request: Granting yes vote for candidate a6cebf60211045b6bb98b67fdca999ac in term 1.
I20260709 12:16:20.418179 26916 raft_consensus.cc:2804] T 7f738b62dc9d452fb13779df24f722f7 P a6cebf60211045b6bb98b67fdca999ac [term 1 FOLLOWER]: Leader election won for term 1
I20260709 12:16:20.419605 26916 raft_consensus.cc:697] T 7f738b62dc9d452fb13779df24f722f7 P a6cebf60211045b6bb98b67fdca999ac [term 1 LEADER]: Becoming Leader. State: Replica: a6cebf60211045b6bb98b67fdca999ac, State: Running, Role: LEADER
I20260709 12:16:20.420315 26899 raft_consensus.cc:493] T 866a81bae1d1455c9e7e0e9d578c3ec0 P 2bdcb87f758f48efb49fc4ecbd0adf47 [term 0 FOLLOWER]: Starting pre-election (no leader contacted us within the election timeout)
I20260709 12:16:20.425436 26899 raft_consensus.cc:515] T 866a81bae1d1455c9e7e0e9d578c3ec0 P 2bdcb87f758f48efb49fc4ecbd0adf47 [term 0 FOLLOWER]: Starting pre-election with config: opid_index: -1 OBSOLETE_local: false peers { permanent_uuid: "2bdcb87f758f48efb49fc4ecbd0adf47" member_type: VOTER last_known_addr { host: "127.24.182.1" port: 36123 } } peers { permanent_uuid: "a6cebf60211045b6bb98b67fdca999ac" member_type: VOTER last_known_addr { host: "127.24.182.2" port: 36707 } } peers { permanent_uuid: "0bcb4f27a3fd49b9a37fa4b2d8127847" member_type: VOTER last_known_addr { host: "127.24.182.3" port: 33795 } }
I20260709 12:16:20.418900 26685 raft_consensus.cc:697] T 08a3afa0e1194d51aa57c454d1f6841c P a6cebf60211045b6bb98b67fdca999ac [term 1 LEADER]: Becoming Leader. State: Replica: a6cebf60211045b6bb98b67fdca999ac, State: Running, Role: LEADER
I20260709 12:16:20.432998 26466 tablet_service.cc:1917] Received RequestConsensusVote() RPC: tablet_id: "e154ad9b611b4aac8445523f84fc60da" candidate_uuid: "0bcb4f27a3fd49b9a37fa4b2d8127847" candidate_term: 1 candidate_status { last_received { term: 0 index: 0 } } ignore_live_leader: false dest_uuid: "2bdcb87f758f48efb49fc4ecbd0adf47" is_pre_election: true
I20260709 12:16:20.434113 26616 tablet_service.cc:1917] Received RequestConsensusVote() RPC: tablet_id: "866a81bae1d1455c9e7e0e9d578c3ec0" candidate_uuid: "2bdcb87f758f48efb49fc4ecbd0adf47" candidate_term: 1 candidate_status { last_received { term: 0 index: 0 } } ignore_live_leader: false dest_uuid: "0bcb4f27a3fd49b9a37fa4b2d8127847" is_pre_election: true
I20260709 12:16:20.434799 26616 raft_consensus.cc:2468] T 866a81bae1d1455c9e7e0e9d578c3ec0 P 0bcb4f27a3fd49b9a37fa4b2d8127847 [term 0 FOLLOWER]: Leader pre-election vote request: Granting yes vote for candidate 2bdcb87f758f48efb49fc4ecbd0adf47 in term 0.
I20260709 12:16:20.420369 26916 consensus_queue.cc:237] T 7f738b62dc9d452fb13779df24f722f7 P a6cebf60211045b6bb98b67fdca999ac [LEADER]: Queue going to LEADER mode. State: All replicated index: 0, Majority replicated index: 0, Committed index: 0, Last appended: 0.0, Last appended by leader: 0, Current term: 1, Majority size: 2, State: 0, Mode: LEADER, active raft config: opid_index: -1 OBSOLETE_local: false peers { permanent_uuid: "2bdcb87f758f48efb49fc4ecbd0adf47" member_type: VOTER last_known_addr { host: "127.24.182.1" port: 36123 } } peers { permanent_uuid: "a6cebf60211045b6bb98b67fdca999ac" member_type: VOTER last_known_addr { host: "127.24.182.2" port: 36707 } } peers { permanent_uuid: "0bcb4f27a3fd49b9a37fa4b2d8127847" member_type: VOTER last_known_addr { host: "127.24.182.3" port: 33795 } }
I20260709 12:16:20.439646 26432 leader_election.cc:304] T 866a81bae1d1455c9e7e0e9d578c3ec0 P 2bdcb87f758f48efb49fc4ecbd0adf47 [CANDIDATE]: Term 1 pre-election: Election decided. Result: candidate won. Election summary: received 2 responses out of 3 voters: 2 yes votes; 0 no votes. yes voters: 0bcb4f27a3fd49b9a37fa4b2d8127847, 2bdcb87f758f48efb49fc4ecbd0adf47; no voters: 
I20260709 12:16:20.440623 26770 raft_consensus.cc:2804] T 866a81bae1d1455c9e7e0e9d578c3ec0 P 2bdcb87f758f48efb49fc4ecbd0adf47 [term 0 FOLLOWER]: Leader pre-election won for term 1
I20260709 12:16:20.441047 26770 raft_consensus.cc:493] T 866a81bae1d1455c9e7e0e9d578c3ec0 P 2bdcb87f758f48efb49fc4ecbd0adf47 [term 0 FOLLOWER]: Starting leader election (no leader contacted us within the election timeout)
I20260709 12:16:20.441426 26770 raft_consensus.cc:3060] T 866a81bae1d1455c9e7e0e9d578c3ec0 P 2bdcb87f758f48efb49fc4ecbd0adf47 [term 0 FOLLOWER]: Advancing to term 1
I20260709 12:16:20.435981 26899 leader_election.cc:290] T 866a81bae1d1455c9e7e0e9d578c3ec0 P 2bdcb87f758f48efb49fc4ecbd0adf47 [CANDIDATE]: Term 1 pre-election: Requested pre-vote from peers a6cebf60211045b6bb98b67fdca999ac (127.24.182.2:36707), 0bcb4f27a3fd49b9a37fa4b2d8127847 (127.24.182.3:33795)
I20260709 12:16:20.453178 26657 raft_consensus.cc:359] T f8e83f5e729e4ed7b2ea866fa9d97b70 P a6cebf60211045b6bb98b67fdca999ac [term 0 FOLLOWER]: Replica starting. Triggering 0 pending ops. Active config: opid_index: -1 OBSOLETE_local: false peers { permanent_uuid: "2bdcb87f758f48efb49fc4ecbd0adf47" member_type: VOTER last_known_addr { host: "127.24.182.1" port: 36123 } } peers { permanent_uuid: "a6cebf60211045b6bb98b67fdca999ac" member_type: VOTER last_known_addr { host: "127.24.182.2" port: 36707 } } peers { permanent_uuid: "0bcb4f27a3fd49b9a37fa4b2d8127847" member_type: VOTER last_known_addr { host: "127.24.182.3" port: 33795 } }
I20260709 12:16:20.453896 26657 raft_consensus.cc:385] T f8e83f5e729e4ed7b2ea866fa9d97b70 P a6cebf60211045b6bb98b67fdca999ac [term 0 FOLLOWER]: Consensus starting up: Expiring failure detector timer to make a prompt election more likely
I20260709 12:16:20.454243 26657 raft_consensus.cc:740] T f8e83f5e729e4ed7b2ea866fa9d97b70 P a6cebf60211045b6bb98b67fdca999ac [term 0 FOLLOWER]: Becoming Follower/Learner. State: Replica: a6cebf60211045b6bb98b67fdca999ac, State: Initialized, Role: FOLLOWER
I20260709 12:16:20.454921 26657 consensus_queue.cc:260] T f8e83f5e729e4ed7b2ea866fa9d97b70 P a6cebf60211045b6bb98b67fdca999ac [NON_LEADER]: Queue going to NON_LEADER mode. State: All replicated index: 0, Majority replicated index: 0, Committed index: 0, Last appended: 0.0, Last appended by leader: 0, Current term: 0, Majority size: -1, State: 0, Mode: NON_LEADER, active raft config: opid_index: -1 OBSOLETE_local: false peers { permanent_uuid: "2bdcb87f758f48efb49fc4ecbd0adf47" member_type: VOTER last_known_addr { host: "127.24.182.1" port: 36123 } } peers { permanent_uuid: "a6cebf60211045b6bb98b67fdca999ac" member_type: VOTER last_known_addr { host: "127.24.182.2" port: 36707 } } peers { permanent_uuid: "0bcb4f27a3fd49b9a37fa4b2d8127847" member_type: VOTER last_known_addr { host: "127.24.182.3" port: 33795 } }
I20260709 12:16:20.457094 26657 ts_tablet_manager.cc:1434] T f8e83f5e729e4ed7b2ea866fa9d97b70 P a6cebf60211045b6bb98b67fdca999ac: Time spent starting tablet: real 0.075s	user 0.007s	sys 0.002s
I20260709 12:16:20.457247 26466 tablet_service.cc:1917] Received RequestConsensusVote() RPC: tablet_id: "f8e83f5e729e4ed7b2ea866fa9d97b70" candidate_uuid: "0bcb4f27a3fd49b9a37fa4b2d8127847" candidate_term: 1 candidate_status { last_received { term: 0 index: 0 } } ignore_live_leader: false dest_uuid: "2bdcb87f758f48efb49fc4ecbd0adf47" is_pre_election: true
I20260709 12:16:20.457860 26466 raft_consensus.cc:2468] T f8e83f5e729e4ed7b2ea866fa9d97b70 P 2bdcb87f758f48efb49fc4ecbd0adf47 [term 0 FOLLOWER]: Leader pre-election vote request: Granting yes vote for candidate 0bcb4f27a3fd49b9a37fa4b2d8127847 in term 0.
I20260709 12:16:20.458096 26657 tablet_bootstrap.cc:492] T e154ad9b611b4aac8445523f84fc60da P a6cebf60211045b6bb98b67fdca999ac: Bootstrap starting.
I20260709 12:16:20.447804 26685 consensus_queue.cc:237] T 08a3afa0e1194d51aa57c454d1f6841c P a6cebf60211045b6bb98b67fdca999ac [LEADER]: Queue going to LEADER mode. State: All replicated index: 0, Majority replicated index: 0, Committed index: 0, Last appended: 0.0, Last appended by leader: 0, Current term: 1, Majority size: 2, State: 0, Mode: LEADER, active raft config: opid_index: -1 OBSOLETE_local: false peers { permanent_uuid: "2bdcb87f758f48efb49fc4ecbd0adf47" member_type: VOTER last_known_addr { host: "127.24.182.1" port: 36123 } } peers { permanent_uuid: "a6cebf60211045b6bb98b67fdca999ac" member_type: VOTER last_known_addr { host: "127.24.182.2" port: 36707 } } peers { permanent_uuid: "0bcb4f27a3fd49b9a37fa4b2d8127847" member_type: VOTER last_known_addr { host: "127.24.182.3" port: 33795 } }
I20260709 12:16:20.450438 26770 raft_consensus.cc:515] T 866a81bae1d1455c9e7e0e9d578c3ec0 P 2bdcb87f758f48efb49fc4ecbd0adf47 [term 1 FOLLOWER]: Starting leader election with config: opid_index: -1 OBSOLETE_local: false peers { permanent_uuid: "2bdcb87f758f48efb49fc4ecbd0adf47" member_type: VOTER last_known_addr { host: "127.24.182.1" port: 36123 } } peers { permanent_uuid: "a6cebf60211045b6bb98b67fdca999ac" member_type: VOTER last_known_addr { host: "127.24.182.2" port: 36707 } } peers { permanent_uuid: "0bcb4f27a3fd49b9a37fa4b2d8127847" member_type: VOTER last_known_addr { host: "127.24.182.3" port: 33795 } }
I20260709 12:16:20.490581 26616 tablet_service.cc:1917] Received RequestConsensusVote() RPC: tablet_id: "866a81bae1d1455c9e7e0e9d578c3ec0" candidate_uuid: "2bdcb87f758f48efb49fc4ecbd0adf47" candidate_term: 1 candidate_status { last_received { term: 0 index: 0 } } ignore_live_leader: false dest_uuid: "0bcb4f27a3fd49b9a37fa4b2d8127847"
I20260709 12:16:20.490592 26543 tablet_service.cc:1917] Received RequestConsensusVote() RPC: tablet_id: "866a81bae1d1455c9e7e0e9d578c3ec0" candidate_uuid: "2bdcb87f758f48efb49fc4ecbd0adf47" candidate_term: 1 candidate_status { last_received { term: 0 index: 0 } } ignore_live_leader: false dest_uuid: "a6cebf60211045b6bb98b67fdca999ac" is_pre_election: true
W20260709 12:16:20.492846 26582 leader_election.cc:343] T e154ad9b611b4aac8445523f84fc60da P 0bcb4f27a3fd49b9a37fa4b2d8127847 [CANDIDATE]: Term 1 pre-election: Tablet error from VoteRequest() call to peer 2bdcb87f758f48efb49fc4ecbd0adf47 (127.24.182.1:36123): Illegal state: must be running to vote when last-logged opid is not known
I20260709 12:16:20.493364 26582 leader_election.cc:304] T e154ad9b611b4aac8445523f84fc60da P 0bcb4f27a3fd49b9a37fa4b2d8127847 [CANDIDATE]: Term 1 pre-election: Election decided. Result: candidate lost. Election summary: received 3 responses out of 3 voters: 1 yes votes; 2 no votes. yes voters: 0bcb4f27a3fd49b9a37fa4b2d8127847; no voters: 2bdcb87f758f48efb49fc4ecbd0adf47, a6cebf60211045b6bb98b67fdca999ac
I20260709 12:16:20.491374 26616 raft_consensus.cc:3060] T 866a81bae1d1455c9e7e0e9d578c3ec0 P 0bcb4f27a3fd49b9a37fa4b2d8127847 [term 0 FOLLOWER]: Advancing to term 1
I20260709 12:16:20.489773 26770 leader_election.cc:290] T 866a81bae1d1455c9e7e0e9d578c3ec0 P 2bdcb87f758f48efb49fc4ecbd0adf47 [CANDIDATE]: Term 1 election: Requested vote from peers a6cebf60211045b6bb98b67fdca999ac (127.24.182.2:36707), 0bcb4f27a3fd49b9a37fa4b2d8127847 (127.24.182.3:33795)
I20260709 12:16:20.496135 26914 raft_consensus.cc:2749] T e154ad9b611b4aac8445523f84fc60da P 0bcb4f27a3fd49b9a37fa4b2d8127847 [term 0 FOLLOWER]: Leader pre-election lost for term 1. Reason: could not achieve majority
I20260709 12:16:20.504340 26582 leader_election.cc:304] T f8e83f5e729e4ed7b2ea866fa9d97b70 P 0bcb4f27a3fd49b9a37fa4b2d8127847 [CANDIDATE]: Term 1 pre-election: Election decided. Result: candidate won. Election summary: received 3 responses out of 3 voters: 2 yes votes; 1 no votes. yes voters: 0bcb4f27a3fd49b9a37fa4b2d8127847, 2bdcb87f758f48efb49fc4ecbd0adf47; no voters: a6cebf60211045b6bb98b67fdca999ac
I20260709 12:16:20.506709 26906 raft_consensus.cc:2804] T f8e83f5e729e4ed7b2ea866fa9d97b70 P 0bcb4f27a3fd49b9a37fa4b2d8127847 [term 0 FOLLOWER]: Leader pre-election won for term 1
I20260709 12:16:20.510215 26906 raft_consensus.cc:493] T f8e83f5e729e4ed7b2ea866fa9d97b70 P 0bcb4f27a3fd49b9a37fa4b2d8127847 [term 0 FOLLOWER]: Starting leader election (no leader contacted us within the election timeout)
I20260709 12:16:20.513770 26906 raft_consensus.cc:3060] T f8e83f5e729e4ed7b2ea866fa9d97b70 P 0bcb4f27a3fd49b9a37fa4b2d8127847 [term 0 FOLLOWER]: Advancing to term 1
I20260709 12:16:20.525955 26616 raft_consensus.cc:2468] T 866a81bae1d1455c9e7e0e9d578c3ec0 P 0bcb4f27a3fd49b9a37fa4b2d8127847 [term 1 FOLLOWER]: Leader election vote request: Granting yes vote for candidate 2bdcb87f758f48efb49fc4ecbd0adf47 in term 1.
W20260709 12:16:20.516767 26433 leader_election.cc:343] T 866a81bae1d1455c9e7e0e9d578c3ec0 P 2bdcb87f758f48efb49fc4ecbd0adf47 [CANDIDATE]: Term 1 pre-election: Tablet error from VoteRequest() call to peer a6cebf60211045b6bb98b67fdca999ac (127.24.182.2:36707): Illegal state: must be running to vote when last-logged opid is not known
I20260709 12:16:20.538527 26432 leader_election.cc:304] T 866a81bae1d1455c9e7e0e9d578c3ec0 P 2bdcb87f758f48efb49fc4ecbd0adf47 [CANDIDATE]: Term 1 election: Election decided. Result: candidate won. Election summary: received 2 responses out of 3 voters: 2 yes votes; 0 no votes. yes voters: 0bcb4f27a3fd49b9a37fa4b2d8127847, 2bdcb87f758f48efb49fc4ecbd0adf47; no voters: 
I20260709 12:16:20.539821 26899 raft_consensus.cc:2804] T 866a81bae1d1455c9e7e0e9d578c3ec0 P 2bdcb87f758f48efb49fc4ecbd0adf47 [term 1 FOLLOWER]: Leader election won for term 1
I20260709 12:16:20.542439 26660 tablet_bootstrap.cc:492] T 5319df650f254dbd805f3d81b5e7721d P 2bdcb87f758f48efb49fc4ecbd0adf47: No bootstrap required, opened a new log
I20260709 12:16:20.542886 26660 ts_tablet_manager.cc:1403] T 5319df650f254dbd805f3d81b5e7721d P 2bdcb87f758f48efb49fc4ecbd0adf47: Time spent bootstrapping tablet: real 0.256s	user 0.010s	sys 0.005s
I20260709 12:16:20.540493 26899 raft_consensus.cc:697] T 866a81bae1d1455c9e7e0e9d578c3ec0 P 2bdcb87f758f48efb49fc4ecbd0adf47 [term 1 LEADER]: Becoming Leader. State: Replica: 2bdcb87f758f48efb49fc4ecbd0adf47, State: Running, Role: LEADER
