I20260709 12:16:15.918394 20950 ts_tablet_manager.cc:1434] T 2380ca2b659e4947958a8acfecf32266 P 2fb970eb4ce14cbeb67876b9b9074023: Time spent starting tablet: real 0.009s	user 0.007s	sys 0.000s
I20260709 12:16:15.918448 20906 raft_consensus.cc:2468] T c3d42370892b4b34a967c8791e44cc8a P 75c7a484b817470d85ceb0e90252301e [term 0 FOLLOWER]: Leader pre-election vote request: Granting yes vote for candidate 93863264268e4a03b70ca30d133a6fea in term 0.
I20260709 12:16:15.919276 20758 tablet_service.cc:1917] Received RequestConsensusVote() RPC: tablet_id: "c3d42370892b4b34a967c8791e44cc8a" candidate_uuid: "93863264268e4a03b70ca30d133a6fea" candidate_term: 1 candidate_status { last_received { term: 0 index: 0 } } ignore_live_leader: false dest_uuid: "2fb970eb4ce14cbeb67876b9b9074023" is_pre_election: true
I20260709 12:16:15.919524 20950 tablet_bootstrap.cc:492] T 23782e3fd66d41ec8f427387c439daaf P 2fb970eb4ce14cbeb67876b9b9074023: Bootstrap starting.
I20260709 12:16:15.919826 20951 raft_consensus.cc:359] T 73c9ebf0e85a4abfbcc7a7952fc77d12 P 75c7a484b817470d85ceb0e90252301e [term 0 FOLLOWER]: Replica starting. Triggering 0 pending ops. Active config: opid_index: -1 OBSOLETE_local: false peers { permanent_uuid: "2fb970eb4ce14cbeb67876b9b9074023" member_type: VOTER last_known_addr { host: "127.19.36.65" port: 35041 } } peers { permanent_uuid: "93863264268e4a03b70ca30d133a6fea" member_type: VOTER last_known_addr { host: "127.19.36.66" port: 44293 } } peers { permanent_uuid: "75c7a484b817470d85ceb0e90252301e" member_type: VOTER last_known_addr { host: "127.19.36.67" port: 40165 } }
I20260709 12:16:15.920459 20951 raft_consensus.cc:385] T 73c9ebf0e85a4abfbcc7a7952fc77d12 P 75c7a484b817470d85ceb0e90252301e [term 0 FOLLOWER]: Consensus starting up: Expiring failure detector timer to make a prompt election more likely
I20260709 12:16:15.920727 20951 raft_consensus.cc:740] T 73c9ebf0e85a4abfbcc7a7952fc77d12 P 75c7a484b817470d85ceb0e90252301e [term 0 FOLLOWER]: Becoming Follower/Learner. State: Replica: 75c7a484b817470d85ceb0e90252301e, State: Initialized, Role: FOLLOWER
I20260709 12:16:15.920879 20799 leader_election.cc:304] T c3d42370892b4b34a967c8791e44cc8a P 93863264268e4a03b70ca30d133a6fea [CANDIDATE]: Term 1 pre-election: Election decided. Result: candidate won. Election summary: received 2 responses out of 3 voters: 2 yes votes; 0 no votes. yes voters: 75c7a484b817470d85ceb0e90252301e, 93863264268e4a03b70ca30d133a6fea; no voters: 
I20260709 12:16:15.921325 20951 consensus_queue.cc:260] T 73c9ebf0e85a4abfbcc7a7952fc77d12 P 75c7a484b817470d85ceb0e90252301e [NON_LEADER]: Queue going to NON_LEADER mode. State: All replicated index: 0, Majority replicated index: 0, Committed index: 0, Last appended: 0.0, Last appended by leader: 0, Current term: 0, Majority size: -1, State: 0, Mode: NON_LEADER, active raft config: opid_index: -1 OBSOLETE_local: false peers { permanent_uuid: "2fb970eb4ce14cbeb67876b9b9074023" member_type: VOTER last_known_addr { host: "127.19.36.65" port: 35041 } } peers { permanent_uuid: "93863264268e4a03b70ca30d133a6fea" member_type: VOTER last_known_addr { host: "127.19.36.66" port: 44293 } } peers { permanent_uuid: "75c7a484b817470d85ceb0e90252301e" member_type: VOTER last_known_addr { host: "127.19.36.67" port: 40165 } }
I20260709 12:16:15.921908 21238 raft_consensus.cc:2804] T c3d42370892b4b34a967c8791e44cc8a P 93863264268e4a03b70ca30d133a6fea [term 0 FOLLOWER]: Leader pre-election won for term 1
I20260709 12:16:15.922310 21238 raft_consensus.cc:493] T c3d42370892b4b34a967c8791e44cc8a P 93863264268e4a03b70ca30d133a6fea [term 0 FOLLOWER]: Starting leader election (no leader contacted us within the election timeout)
I20260709 12:16:15.922694 21238 raft_consensus.cc:3060] T c3d42370892b4b34a967c8791e44cc8a P 93863264268e4a03b70ca30d133a6fea [term 0 FOLLOWER]: Advancing to term 1
W20260709 12:16:15.922830 20798 leader_election.cc:343] T c3d42370892b4b34a967c8791e44cc8a P 93863264268e4a03b70ca30d133a6fea [CANDIDATE]: Term 1 pre-election: Tablet error from VoteRequest() call to peer 2fb970eb4ce14cbeb67876b9b9074023 (127.19.36.65:35041): Illegal state: must be running to vote when last-logged opid is not known
I20260709 12:16:15.923354 20951 ts_tablet_manager.cc:1434] T 73c9ebf0e85a4abfbcc7a7952fc77d12 P 75c7a484b817470d85ceb0e90252301e: Time spent starting tablet: real 0.008s	user 0.004s	sys 0.000s
I20260709 12:16:15.924207 20951 tablet_bootstrap.cc:492] T 4cd7c2d389a24a9db2a4e972d7290850 P 75c7a484b817470d85ceb0e90252301e: Bootstrap starting.
I20260709 12:16:15.914527 20949 ts_tablet_manager.cc:1434] T dcbcaf3810664544b91129f540bb3947 P 93863264268e4a03b70ca30d133a6fea: Time spent starting tablet: real 0.016s	user 0.007s	sys 0.001s
I20260709 12:16:15.926478 20949 tablet_bootstrap.cc:492] T 23782e3fd66d41ec8f427387c439daaf P 93863264268e4a03b70ca30d133a6fea: Bootstrap starting.
I20260709 12:16:15.929214 20951 tablet_bootstrap.cc:654] T 4cd7c2d389a24a9db2a4e972d7290850 P 75c7a484b817470d85ceb0e90252301e: Neither blocks nor log segments found. Creating new log.
I20260709 12:16:15.935856 20949 tablet_bootstrap.cc:654] T 23782e3fd66d41ec8f427387c439daaf P 93863264268e4a03b70ca30d133a6fea: Neither blocks nor log segments found. Creating new log.
I20260709 12:16:15.935895 21238 raft_consensus.cc:515] T c3d42370892b4b34a967c8791e44cc8a P 93863264268e4a03b70ca30d133a6fea [term 1 FOLLOWER]: Starting leader election with config: opid_index: -1 OBSOLETE_local: false peers { permanent_uuid: "2fb970eb4ce14cbeb67876b9b9074023" member_type: VOTER last_known_addr { host: "127.19.36.65" port: 35041 } } peers { permanent_uuid: "93863264268e4a03b70ca30d133a6fea" member_type: VOTER last_known_addr { host: "127.19.36.66" port: 44293 } } peers { permanent_uuid: "75c7a484b817470d85ceb0e90252301e" member_type: VOTER last_known_addr { host: "127.19.36.67" port: 40165 } }
I20260709 12:16:15.940335 20950 tablet_bootstrap.cc:654] T 23782e3fd66d41ec8f427387c439daaf P 2fb970eb4ce14cbeb67876b9b9074023: Neither blocks nor log segments found. Creating new log.
I20260709 12:16:15.942251 20904 tablet_service.cc:1917] Received RequestConsensusVote() RPC: tablet_id: "c3d42370892b4b34a967c8791e44cc8a" candidate_uuid: "93863264268e4a03b70ca30d133a6fea" candidate_term: 1 candidate_status { last_received { term: 0 index: 0 } } ignore_live_leader: false dest_uuid: "75c7a484b817470d85ceb0e90252301e"
I20260709 12:16:15.949550 20904 raft_consensus.cc:3060] T c3d42370892b4b34a967c8791e44cc8a P 75c7a484b817470d85ceb0e90252301e [term 0 FOLLOWER]: Advancing to term 1
I20260709 12:16:15.955231 20756 tablet_service.cc:1917] Received RequestConsensusVote() RPC: tablet_id: "c3d42370892b4b34a967c8791e44cc8a" candidate_uuid: "93863264268e4a03b70ca30d133a6fea" candidate_term: 1 candidate_status { last_received { term: 0 index: 0 } } ignore_live_leader: false dest_uuid: "2fb970eb4ce14cbeb67876b9b9074023"
I20260709 12:16:15.965415 20951 tablet_bootstrap.cc:492] T 4cd7c2d389a24a9db2a4e972d7290850 P 75c7a484b817470d85ceb0e90252301e: No bootstrap required, opened a new log
I20260709 12:16:15.965876 20951 ts_tablet_manager.cc:1403] T 4cd7c2d389a24a9db2a4e972d7290850 P 75c7a484b817470d85ceb0e90252301e: Time spent bootstrapping tablet: real 0.042s	user 0.011s	sys 0.004s
I20260709 12:16:15.968616 20951 raft_consensus.cc:359] T 4cd7c2d389a24a9db2a4e972d7290850 P 75c7a484b817470d85ceb0e90252301e [term 0 FOLLOWER]: Replica starting. Triggering 0 pending ops. Active config: opid_index: -1 OBSOLETE_local: false peers { permanent_uuid: "2fb970eb4ce14cbeb67876b9b9074023" member_type: VOTER last_known_addr { host: "127.19.36.65" port: 35041 } } peers { permanent_uuid: "93863264268e4a03b70ca30d133a6fea" member_type: VOTER last_known_addr { host: "127.19.36.66" port: 44293 } } peers { permanent_uuid: "75c7a484b817470d85ceb0e90252301e" member_type: VOTER last_known_addr { host: "127.19.36.67" port: 40165 } }
I20260709 12:16:15.969245 20951 raft_consensus.cc:385] T 4cd7c2d389a24a9db2a4e972d7290850 P 75c7a484b817470d85ceb0e90252301e [term 0 FOLLOWER]: Consensus starting up: Expiring failure detector timer to make a prompt election more likely
I20260709 12:16:15.969484 20951 raft_consensus.cc:740] T 4cd7c2d389a24a9db2a4e972d7290850 P 75c7a484b817470d85ceb0e90252301e [term 0 FOLLOWER]: Becoming Follower/Learner. State: Replica: 75c7a484b817470d85ceb0e90252301e, State: Initialized, Role: FOLLOWER
I20260709 12:16:15.970099 20951 consensus_queue.cc:260] T 4cd7c2d389a24a9db2a4e972d7290850 P 75c7a484b817470d85ceb0e90252301e [NON_LEADER]: Queue going to NON_LEADER mode. State: All replicated index: 0, Majority replicated index: 0, Committed index: 0, Last appended: 0.0, Last appended by leader: 0, Current term: 0, Majority size: -1, State: 0, Mode: NON_LEADER, active raft config: opid_index: -1 OBSOLETE_local: false peers { permanent_uuid: "2fb970eb4ce14cbeb67876b9b9074023" member_type: VOTER last_known_addr { host: "127.19.36.65" port: 35041 } } peers { permanent_uuid: "93863264268e4a03b70ca30d133a6fea" member_type: VOTER last_known_addr { host: "127.19.36.66" port: 44293 } } peers { permanent_uuid: "75c7a484b817470d85ceb0e90252301e" member_type: VOTER last_known_addr { host: "127.19.36.67" port: 40165 } }
I20260709 12:16:15.972496 20951 ts_tablet_manager.cc:1434] T 4cd7c2d389a24a9db2a4e972d7290850 P 75c7a484b817470d85ceb0e90252301e: Time spent starting tablet: real 0.006s	user 0.004s	sys 0.002s
I20260709 12:16:15.972332 21238 leader_election.cc:290] T c3d42370892b4b34a967c8791e44cc8a P 93863264268e4a03b70ca30d133a6fea [CANDIDATE]: Term 1 election: Requested vote from peers 2fb970eb4ce14cbeb67876b9b9074023 (127.19.36.65:35041), 75c7a484b817470d85ceb0e90252301e (127.19.36.67:40165)
I20260709 12:16:15.973681 20951 tablet_bootstrap.cc:492] T 71fb9c624c6940cbbfe9f9f3c98708ab P 75c7a484b817470d85ceb0e90252301e: Bootstrap starting.
I20260709 12:16:15.974220 20904 raft_consensus.cc:2468] T c3d42370892b4b34a967c8791e44cc8a P 75c7a484b817470d85ceb0e90252301e [term 1 FOLLOWER]: Leader election vote request: Granting yes vote for candidate 93863264268e4a03b70ca30d133a6fea in term 1.
I20260709 12:16:15.975718 20799 leader_election.cc:304] T c3d42370892b4b34a967c8791e44cc8a P 93863264268e4a03b70ca30d133a6fea [CANDIDATE]: Term 1 election: Election decided. Result: candidate won. Election summary: received 2 responses out of 3 voters: 2 yes votes; 0 no votes. yes voters: 75c7a484b817470d85ceb0e90252301e, 93863264268e4a03b70ca30d133a6fea; no voters: 
I20260709 12:16:15.976555 21238 raft_consensus.cc:2804] T c3d42370892b4b34a967c8791e44cc8a P 93863264268e4a03b70ca30d133a6fea [term 1 FOLLOWER]: Leader election won for term 1
I20260709 12:16:15.978066 21238 raft_consensus.cc:697] T c3d42370892b4b34a967c8791e44cc8a P 93863264268e4a03b70ca30d133a6fea [term 1 LEADER]: Becoming Leader. State: Replica: 93863264268e4a03b70ca30d133a6fea, State: Running, Role: LEADER
I20260709 12:16:15.979247 21238 consensus_queue.cc:237] T c3d42370892b4b34a967c8791e44cc8a P 93863264268e4a03b70ca30d133a6fea [LEADER]: Queue going to LEADER mode. State: All replicated index: 0, Majority replicated index: 0, Committed index: 0, Last appended: 0.0, Last appended by leader: 0, Current term: 1, Majority size: 2, State: 0, Mode: LEADER, active raft config: opid_index: -1 OBSOLETE_local: false peers { permanent_uuid: "2fb970eb4ce14cbeb67876b9b9074023" member_type: VOTER last_known_addr { host: "127.19.36.65" port: 35041 } } peers { permanent_uuid: "93863264268e4a03b70ca30d133a6fea" member_type: VOTER last_known_addr { host: "127.19.36.66" port: 44293 } } peers { permanent_uuid: "75c7a484b817470d85ceb0e90252301e" member_type: VOTER last_known_addr { host: "127.19.36.67" port: 40165 } }
I20260709 12:16:15.980674 20951 tablet_bootstrap.cc:654] T 71fb9c624c6940cbbfe9f9f3c98708ab P 75c7a484b817470d85ceb0e90252301e: Neither blocks nor log segments found. Creating new log.
I20260709 12:16:15.985427 20949 tablet_bootstrap.cc:492] T 23782e3fd66d41ec8f427387c439daaf P 93863264268e4a03b70ca30d133a6fea: No bootstrap required, opened a new log
I20260709 12:16:15.985875 20949 ts_tablet_manager.cc:1403] T 23782e3fd66d41ec8f427387c439daaf P 93863264268e4a03b70ca30d133a6fea: Time spent bootstrapping tablet: real 0.060s	user 0.007s	sys 0.002s
W20260709 12:16:15.989225 20798 leader_election.cc:343] T c3d42370892b4b34a967c8791e44cc8a P 93863264268e4a03b70ca30d133a6fea [CANDIDATE]: Term 1 election: Tablet error from VoteRequest() call to peer 2fb970eb4ce14cbeb67876b9b9074023 (127.19.36.65:35041): Illegal state: must be running to vote when last-logged opid is not known
I20260709 12:16:15.990310 20949 raft_consensus.cc:359] T 23782e3fd66d41ec8f427387c439daaf P 93863264268e4a03b70ca30d133a6fea [term 0 FOLLOWER]: Replica starting. Triggering 0 pending ops. Active config: opid_index: -1 OBSOLETE_local: false peers { permanent_uuid: "2fb970eb4ce14cbeb67876b9b9074023" member_type: VOTER last_known_addr { host: "127.19.36.65" port: 35041 } } peers { permanent_uuid: "93863264268e4a03b70ca30d133a6fea" member_type: VOTER last_known_addr { host: "127.19.36.66" port: 44293 } } peers { permanent_uuid: "75c7a484b817470d85ceb0e90252301e" member_type: VOTER last_known_addr { host: "127.19.36.67" port: 40165 } }
I20260709 12:16:15.991182 20949 raft_consensus.cc:385] T 23782e3fd66d41ec8f427387c439daaf P 93863264268e4a03b70ca30d133a6fea [term 0 FOLLOWER]: Consensus starting up: Expiring failure detector timer to make a prompt election more likely
I20260709 12:16:15.991493 20949 raft_consensus.cc:740] T 23782e3fd66d41ec8f427387c439daaf P 93863264268e4a03b70ca30d133a6fea [term 0 FOLLOWER]: Becoming Follower/Learner. State: Replica: 93863264268e4a03b70ca30d133a6fea, State: Initialized, Role: FOLLOWER
I20260709 12:16:15.992352 20949 consensus_queue.cc:260] T 23782e3fd66d41ec8f427387c439daaf P 93863264268e4a03b70ca30d133a6fea [NON_LEADER]: Queue going to NON_LEADER mode. State: All replicated index: 0, Majority replicated index: 0, Committed index: 0, Last appended: 0.0, Last appended by leader: 0, Current term: 0, Majority size: -1, State: 0, Mode: NON_LEADER, active raft config: opid_index: -1 OBSOLETE_local: false peers { permanent_uuid: "2fb970eb4ce14cbeb67876b9b9074023" member_type: VOTER last_known_addr { host: "127.19.36.65" port: 35041 } } peers { permanent_uuid: "93863264268e4a03b70ca30d133a6fea" member_type: VOTER last_known_addr { host: "127.19.36.66" port: 44293 } } peers { permanent_uuid: "75c7a484b817470d85ceb0e90252301e" member_type: VOTER last_known_addr { host: "127.19.36.67" port: 40165 } }
W20260709 12:16:15.996986 20872 consensus_peers.cc:597] T 709813b5526c48359d8a10d0825e4077 P 75c7a484b817470d85ceb0e90252301e -> Peer 2fb970eb4ce14cbeb67876b9b9074023 (127.19.36.65:35041): Couldn't send request to peer 2fb970eb4ce14cbeb67876b9b9074023. Error code: TABLET_NOT_RUNNING (12). Status: Illegal state: Tablet not RUNNING: INITIALIZED. This is attempt 1: this message will repeat every 5th retry.
I20260709 12:16:16.011148 20951 tablet_bootstrap.cc:492] T 71fb9c624c6940cbbfe9f9f3c98708ab P 75c7a484b817470d85ceb0e90252301e: No bootstrap required, opened a new log
I20260709 12:16:16.011296 20950 tablet_bootstrap.cc:492] T 23782e3fd66d41ec8f427387c439daaf P 2fb970eb4ce14cbeb67876b9b9074023: No bootstrap required, opened a new log
I20260709 12:16:16.011703 20951 ts_tablet_manager.cc:1403] T 71fb9c624c6940cbbfe9f9f3c98708ab P 75c7a484b817470d85ceb0e90252301e: Time spent bootstrapping tablet: real 0.038s	user 0.006s	sys 0.022s
I20260709 12:16:16.012002 20950 ts_tablet_manager.cc:1403] T 23782e3fd66d41ec8f427387c439daaf P 2fb970eb4ce14cbeb67876b9b9074023: Time spent bootstrapping tablet: real 0.093s	user 0.024s	sys 0.030s
I20260709 12:16:16.011929 20656 catalog_manager.cc:5697] T c3d42370892b4b34a967c8791e44cc8a P 93863264268e4a03b70ca30d133a6fea reported cstate change: term changed from 0 to 1, leader changed from <none> to 93863264268e4a03b70ca30d133a6fea (127.19.36.66). New cstate: current_term: 1 leader_uuid: "93863264268e4a03b70ca30d133a6fea" committed_config { opid_index: -1 OBSOLETE_local: false peers { permanent_uuid: "2fb970eb4ce14cbeb67876b9b9074023" member_type: VOTER last_known_addr { host: "127.19.36.65" port: 35041 } health_report { overall_health: UNKNOWN } } peers { permanent_uuid: "93863264268e4a03b70ca30d133a6fea" member_type: VOTER last_known_addr { host: "127.19.36.66" port: 44293 } health_report { overall_health: HEALTHY } } peers { permanent_uuid: "75c7a484b817470d85ceb0e90252301e" member_type: VOTER last_known_addr { host: "127.19.36.67" port: 40165 } health_report { overall_health: UNKNOWN } } }
I20260709 12:16:16.014846 20951 raft_consensus.cc:359] T 71fb9c624c6940cbbfe9f9f3c98708ab P 75c7a484b817470d85ceb0e90252301e [term 0 FOLLOWER]: Replica starting. Triggering 0 pending ops. Active config: opid_index: -1 OBSOLETE_local: false peers { permanent_uuid: "2fb970eb4ce14cbeb67876b9b9074023" member_type: VOTER last_known_addr { host: "127.19.36.65" port: 35041 } } peers { permanent_uuid: "93863264268e4a03b70ca30d133a6fea" member_type: VOTER last_known_addr { host: "127.19.36.66" port: 44293 } } peers { permanent_uuid: "75c7a484b817470d85ceb0e90252301e" member_type: VOTER last_known_addr { host: "127.19.36.67" port: 40165 } }
I20260709 12:16:16.015017 20950 raft_consensus.cc:359] T 23782e3fd66d41ec8f427387c439daaf P 2fb970eb4ce14cbeb67876b9b9074023 [term 0 FOLLOWER]: Replica starting. Triggering 0 pending ops. Active config: opid_index: -1 OBSOLETE_local: false peers { permanent_uuid: "2fb970eb4ce14cbeb67876b9b9074023" member_type: VOTER last_known_addr { host: "127.19.36.65" port: 35041 } } peers { permanent_uuid: "93863264268e4a03b70ca30d133a6fea" member_type: VOTER last_known_addr { host: "127.19.36.66" port: 44293 } } peers { permanent_uuid: "75c7a484b817470d85ceb0e90252301e" member_type: VOTER last_known_addr { host: "127.19.36.67" port: 40165 } }
I20260709 12:16:16.015618 20950 raft_consensus.cc:385] T 23782e3fd66d41ec8f427387c439daaf P 2fb970eb4ce14cbeb67876b9b9074023 [term 0 FOLLOWER]: Consensus starting up: Expiring failure detector timer to make a prompt election more likely
I20260709 12:16:16.015618 20951 raft_consensus.cc:385] T 71fb9c624c6940cbbfe9f9f3c98708ab P 75c7a484b817470d85ceb0e90252301e [term 0 FOLLOWER]: Consensus starting up: Expiring failure detector timer to make a prompt election more likely
I20260709 12:16:16.015990 20950 raft_consensus.cc:740] T 23782e3fd66d41ec8f427387c439daaf P 2fb970eb4ce14cbeb67876b9b9074023 [term 0 FOLLOWER]: Becoming Follower/Learner. State: Replica: 2fb970eb4ce14cbeb67876b9b9074023, State: Initialized, Role: FOLLOWER
I20260709 12:16:16.016111 20951 raft_consensus.cc:740] T 71fb9c624c6940cbbfe9f9f3c98708ab P 75c7a484b817470d85ceb0e90252301e [term 0 FOLLOWER]: Becoming Follower/Learner. State: Replica: 75c7a484b817470d85ceb0e90252301e, State: Initialized, Role: FOLLOWER
I20260709 12:16:16.016027 20949 ts_tablet_manager.cc:1434] T 23782e3fd66d41ec8f427387c439daaf P 93863264268e4a03b70ca30d133a6fea: Time spent starting tablet: real 0.030s	user 0.004s	sys 0.004s
I20260709 12:16:16.016769 20950 consensus_queue.cc:260] T 23782e3fd66d41ec8f427387c439daaf P 2fb970eb4ce14cbeb67876b9b9074023 [NON_LEADER]: Queue going to NON_LEADER mode. State: All replicated index: 0, Majority replicated index: 0, Committed index: 0, Last appended: 0.0, Last appended by leader: 0, Current term: 0, Majority size: -1, State: 0, Mode: NON_LEADER, active raft config: opid_index: -1 OBSOLETE_local: false peers { permanent_uuid: "2fb970eb4ce14cbeb67876b9b9074023" member_type: VOTER last_known_addr { host: "127.19.36.65" port: 35041 } } peers { permanent_uuid: "93863264268e4a03b70ca30d133a6fea" member_type: VOTER last_known_addr { host: "127.19.36.66" port: 44293 } } peers { permanent_uuid: "75c7a484b817470d85ceb0e90252301e" member_type: VOTER last_known_addr { host: "127.19.36.67" port: 40165 } }
I20260709 12:16:16.016965 20951 consensus_queue.cc:260] T 71fb9c624c6940cbbfe9f9f3c98708ab P 75c7a484b817470d85ceb0e90252301e [NON_LEADER]: Queue going to NON_LEADER mode. State: All replicated index: 0, Majority replicated index: 0, Committed index: 0, Last appended: 0.0, Last appended by leader: 0, Current term: 0, Majority size: -1, State: 0, Mode: NON_LEADER, active raft config: opid_index: -1 OBSOLETE_local: false peers { permanent_uuid: "2fb970eb4ce14cbeb67876b9b9074023" member_type: VOTER last_known_addr { host: "127.19.36.65" port: 35041 } } peers { permanent_uuid: "93863264268e4a03b70ca30d133a6fea" member_type: VOTER last_known_addr { host: "127.19.36.66" port: 44293 } } peers { permanent_uuid: "75c7a484b817470d85ceb0e90252301e" member_type: VOTER last_known_addr { host: "127.19.36.67" port: 40165 } }
I20260709 12:16:16.017385 20949 tablet_bootstrap.cc:492] T 082ada71c2ed4bd2b666430c6e035426 P 93863264268e4a03b70ca30d133a6fea: Bootstrap starting.
I20260709 12:16:16.018784 20950 ts_tablet_manager.cc:1434] T 23782e3fd66d41ec8f427387c439daaf P 2fb970eb4ce14cbeb67876b9b9074023: Time spent starting tablet: real 0.006s	user 0.004s	sys 0.000s
I20260709 12:16:16.019567 20950 tablet_bootstrap.cc:492] T 709813b5526c48359d8a10d0825e4077 P 2fb970eb4ce14cbeb67876b9b9074023: Bootstrap starting.
I20260709 12:16:16.023698 20951 ts_tablet_manager.cc:1434] T 71fb9c624c6940cbbfe9f9f3c98708ab P 75c7a484b817470d85ceb0e90252301e: Time spent starting tablet: real 0.012s	user 0.005s	sys 0.000s
I20260709 12:16:16.024657 21205 raft_consensus.cc:493] T 4cd7c2d389a24a9db2a4e972d7290850 P 75c7a484b817470d85ceb0e90252301e [term 0 FOLLOWER]: Starting pre-election (no leader contacted us within the election timeout)
I20260709 12:16:16.024943 20950 tablet_bootstrap.cc:654] T 709813b5526c48359d8a10d0825e4077 P 2fb970eb4ce14cbeb67876b9b9074023: Neither blocks nor log segments found. Creating new log.
I20260709 12:16:16.025130 21205 raft_consensus.cc:515] T 4cd7c2d389a24a9db2a4e972d7290850 P 75c7a484b817470d85ceb0e90252301e [term 0 FOLLOWER]: Starting pre-election with config: opid_index: -1 OBSOLETE_local: false peers { permanent_uuid: "2fb970eb4ce14cbeb67876b9b9074023" member_type: VOTER last_known_addr { host: "127.19.36.65" port: 35041 } } peers { permanent_uuid: "93863264268e4a03b70ca30d133a6fea" member_type: VOTER last_known_addr { host: "127.19.36.66" port: 44293 } } peers { permanent_uuid: "75c7a484b817470d85ceb0e90252301e" member_type: VOTER last_known_addr { host: "127.19.36.67" port: 40165 } }
I20260709 12:16:16.026458 20949 tablet_bootstrap.cc:654] T 082ada71c2ed4bd2b666430c6e035426 P 93863264268e4a03b70ca30d133a6fea: Neither blocks nor log segments found. Creating new log.
I20260709 12:16:16.027578 21205 leader_election.cc:290] T 4cd7c2d389a24a9db2a4e972d7290850 P 75c7a484b817470d85ceb0e90252301e [CANDIDATE]: Term 1 pre-election: Requested pre-vote from peers 2fb970eb4ce14cbeb67876b9b9074023 (127.19.36.65:35041), 93863264268e4a03b70ca30d133a6fea (127.19.36.66:44293)
I20260709 12:16:16.028935 20951 tablet_bootstrap.cc:492] T d9c3f21c7bc34835b38414d58f977d25 P 75c7a484b817470d85ceb0e90252301e: Bootstrap starting.
I20260709 12:16:16.036865 20951 tablet_bootstrap.cc:654] T d9c3f21c7bc34835b38414d58f977d25 P 75c7a484b817470d85ceb0e90252301e: Neither blocks nor log segments found. Creating new log.
I20260709 12:16:16.036976 20950 tablet_bootstrap.cc:492] T 709813b5526c48359d8a10d0825e4077 P 2fb970eb4ce14cbeb67876b9b9074023: No bootstrap required, opened a new log
I20260709 12:16:16.037385 20950 ts_tablet_manager.cc:1403] T 709813b5526c48359d8a10d0825e4077 P 2fb970eb4ce14cbeb67876b9b9074023: Time spent bootstrapping tablet: real 0.018s	user 0.004s	sys 0.011s
I20260709 12:16:16.040314 20833 tablet_service.cc:1917] Received RequestConsensusVote() RPC: tablet_id: "4cd7c2d389a24a9db2a4e972d7290850" candidate_uuid: "75c7a484b817470d85ceb0e90252301e" candidate_term: 1 candidate_status { last_received { term: 0 index: 0 } } ignore_live_leader: false dest_uuid: "93863264268e4a03b70ca30d133a6fea" is_pre_election: true
I20260709 12:16:16.040071 20950 raft_consensus.cc:359] T 709813b5526c48359d8a10d0825e4077 P 2fb970eb4ce14cbeb67876b9b9074023 [term 0 FOLLOWER]: Replica starting. Triggering 0 pending ops. Active config: opid_index: -1 OBSOLETE_local: false peers { permanent_uuid: "2fb970eb4ce14cbeb67876b9b9074023" member_type: VOTER last_known_addr { host: "127.19.36.65" port: 35041 } } peers { permanent_uuid: "93863264268e4a03b70ca30d133a6fea" member_type: VOTER last_known_addr { host: "127.19.36.66" port: 44293 } } peers { permanent_uuid: "75c7a484b817470d85ceb0e90252301e" member_type: VOTER last_known_addr { host: "127.19.36.67" port: 40165 } }
I20260709 12:16:16.040956 20950 raft_consensus.cc:385] T 709813b5526c48359d8a10d0825e4077 P 2fb970eb4ce14cbeb67876b9b9074023 [term 0 FOLLOWER]: Consensus starting up: Expiring failure detector timer to make a prompt election more likely
I20260709 12:16:16.041519 20950 raft_consensus.cc:740] T 709813b5526c48359d8a10d0825e4077 P 2fb970eb4ce14cbeb67876b9b9074023 [term 0 FOLLOWER]: Becoming Follower/Learner. State: Replica: 2fb970eb4ce14cbeb67876b9b9074023, State: Initialized, Role: FOLLOWER
I20260709 12:16:16.042645 20758 tablet_service.cc:1917] Received RequestConsensusVote() RPC: tablet_id: "4cd7c2d389a24a9db2a4e972d7290850" candidate_uuid: "75c7a484b817470d85ceb0e90252301e" candidate_term: 1 candidate_status { last_received { term: 0 index: 0 } } ignore_live_leader: false dest_uuid: "2fb970eb4ce14cbeb67876b9b9074023" is_pre_election: true
I20260709 12:16:16.042351 20950 consensus_queue.cc:260] T 709813b5526c48359d8a10d0825e4077 P 2fb970eb4ce14cbeb67876b9b9074023 [NON_LEADER]: Queue going to NON_LEADER mode. State: All replicated index: 0, Majority replicated index: 0, Committed index: 0, Last appended: 0.0, Last appended by leader: 0, Current term: 0, Majority size: -1, State: 0, Mode: NON_LEADER, active raft config: opid_index: -1 OBSOLETE_local: false peers { permanent_uuid: "2fb970eb4ce14cbeb67876b9b9074023" member_type: VOTER last_known_addr { host: "127.19.36.65" port: 35041 } } peers { permanent_uuid: "93863264268e4a03b70ca30d133a6fea" member_type: VOTER last_known_addr { host: "127.19.36.66" port: 44293 } } peers { permanent_uuid: "75c7a484b817470d85ceb0e90252301e" member_type: VOTER last_known_addr { host: "127.19.36.67" port: 40165 } }
I20260709 12:16:16.045974 21205 consensus_queue.cc:1048] T 709813b5526c48359d8a10d0825e4077 P 75c7a484b817470d85ceb0e90252301e [LEADER]: Connected to new peer: Peer: permanent_uuid: "93863264268e4a03b70ca30d133a6fea" member_type: VOTER last_known_addr { host: "127.19.36.66" port: 44293 }, Status: LMP_MISMATCH, Last received: 0.0, Next index: 1, Last known committed idx: 0, Time since last communication: 0.000s
W20260709 12:16:16.046988 20872 leader_election.cc:343] T 4cd7c2d389a24a9db2a4e972d7290850 P 75c7a484b817470d85ceb0e90252301e [CANDIDATE]: Term 1 pre-election: Tablet error from VoteRequest() call to peer 93863264268e4a03b70ca30d133a6fea (127.19.36.66:44293): Illegal state: must be running to vote when last-logged opid is not known
I20260709 12:16:16.047232 20950 ts_tablet_manager.cc:1434] T 709813b5526c48359d8a10d0825e4077 P 2fb970eb4ce14cbeb67876b9b9074023: Time spent starting tablet: real 0.010s	user 0.005s	sys 0.002s
W20260709 12:16:16.047691 20872 leader_election.cc:343] T 4cd7c2d389a24a9db2a4e972d7290850 P 75c7a484b817470d85ceb0e90252301e [CANDIDATE]: Term 1 pre-election: Tablet error from VoteRequest() call to peer 2fb970eb4ce14cbeb67876b9b9074023 (127.19.36.65:35041): Illegal state: must be running to vote when last-logged opid is not known
I20260709 12:16:16.048394 20950 tablet_bootstrap.cc:492] T d9c3f21c7bc34835b38414d58f977d25 P 2fb970eb4ce14cbeb67876b9b9074023: Bootstrap starting.
I20260709 12:16:16.056012 20950 tablet_bootstrap.cc:654] T d9c3f21c7bc34835b38414d58f977d25 P 2fb970eb4ce14cbeb67876b9b9074023: Neither blocks nor log segments found. Creating new log.
I20260709 12:16:16.060518 20951 tablet_bootstrap.cc:492] T d9c3f21c7bc34835b38414d58f977d25 P 75c7a484b817470d85ceb0e90252301e: No bootstrap required, opened a new log
I20260709 12:16:16.061069 20951 ts_tablet_manager.cc:1403] T d9c3f21c7bc34835b38414d58f977d25 P 75c7a484b817470d85ceb0e90252301e: Time spent bootstrapping tablet: real 0.037s	user 0.020s	sys 0.009s
I20260709 12:16:16.064822 20951 raft_consensus.cc:359] T d9c3f21c7bc34835b38414d58f977d25 P 75c7a484b817470d85ceb0e90252301e [term 0 FOLLOWER]: Replica starting. Triggering 0 pending ops. Active config: opid_index: -1 OBSOLETE_local: false peers { permanent_uuid: "2fb970eb4ce14cbeb67876b9b9074023" member_type: VOTER last_known_addr { host: "127.19.36.65" port: 35041 } } peers { permanent_uuid: "93863264268e4a03b70ca30d133a6fea" member_type: VOTER last_known_addr { host: "127.19.36.66" port: 44293 } } peers { permanent_uuid: "75c7a484b817470d85ceb0e90252301e" member_type: VOTER last_known_addr { host: "127.19.36.67" port: 40165 } }
I20260709 12:16:16.065826 20951 raft_consensus.cc:385] T d9c3f21c7bc34835b38414d58f977d25 P 75c7a484b817470d85ceb0e90252301e [term 0 FOLLOWER]: Consensus starting up: Expiring failure detector timer to make a prompt election more likely
I20260709 12:16:16.065936 21251 raft_consensus.cc:493] T 709813b5526c48359d8a10d0825e4077 P 2fb970eb4ce14cbeb67876b9b9074023 [term 0 FOLLOWER]: Starting pre-election (no leader contacted us within the election timeout)
I20260709 12:16:16.066156 20951 raft_consensus.cc:740] T d9c3f21c7bc34835b38414d58f977d25 P 75c7a484b817470d85ceb0e90252301e [term 0 FOLLOWER]: Becoming Follower/Learner. State: Replica: 75c7a484b817470d85ceb0e90252301e, State: Initialized, Role: FOLLOWER
I20260709 12:16:16.066404 21251 raft_consensus.cc:515] T 709813b5526c48359d8a10d0825e4077 P 2fb970eb4ce14cbeb67876b9b9074023 [term 0 FOLLOWER]: Starting pre-election with config: opid_index: -1 OBSOLETE_local: false peers { permanent_uuid: "2fb970eb4ce14cbeb67876b9b9074023" member_type: VOTER last_known_addr { host: "127.19.36.65" port: 35041 } } peers { permanent_uuid: "93863264268e4a03b70ca30d133a6fea" member_type: VOTER last_known_addr { host: "127.19.36.66" port: 44293 } } peers { permanent_uuid: "75c7a484b817470d85ceb0e90252301e" member_type: VOTER last_known_addr { host: "127.19.36.67" port: 40165 } }
I20260709 12:16:16.066916 20951 consensus_queue.cc:260] T d9c3f21c7bc34835b38414d58f977d25 P 75c7a484b817470d85ceb0e90252301e [NON_LEADER]: Queue going to NON_LEADER mode. State: All replicated index: 0, Majority replicated index: 0, Committed index: 0, Last appended: 0.0, Last appended by leader: 0, Current term: 0, Majority size: -1, State: 0, Mode: NON_LEADER, active raft config: opid_index: -1 OBSOLETE_local: false peers { permanent_uuid: "2fb970eb4ce14cbeb67876b9b9074023" member_type: VOTER last_known_addr { host: "127.19.36.65" port: 35041 } } peers { permanent_uuid: "93863264268e4a03b70ca30d133a6fea" member_type: VOTER last_known_addr { host: "127.19.36.66" port: 44293 } } peers { permanent_uuid: "75c7a484b817470d85ceb0e90252301e" member_type: VOTER last_known_addr { host: "127.19.36.67" port: 40165 } }
I20260709 12:16:16.068869 21251 leader_election.cc:290] T 709813b5526c48359d8a10d0825e4077 P 2fb970eb4ce14cbeb67876b9b9074023 [CANDIDATE]: Term 1 pre-election: Requested pre-vote from peers 93863264268e4a03b70ca30d133a6fea (127.19.36.66:44293), 75c7a484b817470d85ceb0e90252301e (127.19.36.67:40165)
I20260709 12:16:16.048094 20872 leader_election.cc:304] T 4cd7c2d389a24a9db2a4e972d7290850 P 75c7a484b817470d85ceb0e90252301e [CANDIDATE]: Term 1 pre-election: Election decided. Result: candidate lost. Election summary: received 3 responses out of 3 voters: 1 yes votes; 2 no votes. yes voters: 75c7a484b817470d85ceb0e90252301e; no voters: 2fb970eb4ce14cbeb67876b9b9074023, 93863264268e4a03b70ca30d133a6fea
I20260709 12:16:16.069766 20951 ts_tablet_manager.cc:1434] T d9c3f21c7bc34835b38414d58f977d25 P 75c7a484b817470d85ceb0e90252301e: Time spent starting tablet: real 0.008s	user 0.007s	sys 0.000s
I20260709 12:16:16.070611 20833 tablet_service.cc:1917] Received RequestConsensusVote() RPC: tablet_id: "709813b5526c48359d8a10d0825e4077" candidate_uuid: "2fb970eb4ce14cbeb67876b9b9074023" candidate_term: 1 candidate_status { last_received { term: 0 index: 0 } } ignore_live_leader: false dest_uuid: "93863264268e4a03b70ca30d133a6fea" is_pre_election: true
I20260709 12:16:16.070922 20951 tablet_bootstrap.cc:492] T b6afbe49e94842a09205b2794af99c23 P 75c7a484b817470d85ceb0e90252301e: Bootstrap starting.
I20260709 12:16:16.071362 20833 raft_consensus.cc:2393] T 709813b5526c48359d8a10d0825e4077 P 93863264268e4a03b70ca30d133a6fea [term 1 FOLLOWER]: Leader pre-election vote request: Denying vote to candidate 2fb970eb4ce14cbeb67876b9b9074023 in current term 1: Already voted for candidate 75c7a484b817470d85ceb0e90252301e in this term.
I20260709 12:16:16.072707 20906 tablet_service.cc:1917] Received RequestConsensusVote() RPC: tablet_id: "709813b5526c48359d8a10d0825e4077" candidate_uuid: "2fb970eb4ce14cbeb67876b9b9074023" candidate_term: 1 candidate_status { last_received { term: 0 index: 0 } } ignore_live_leader: false dest_uuid: "75c7a484b817470d85ceb0e90252301e" is_pre_election: true
I20260709 12:16:16.074460 20724 leader_election.cc:304] T 709813b5526c48359d8a10d0825e4077 P 2fb970eb4ce14cbeb67876b9b9074023 [CANDIDATE]: Term 1 pre-election: Election decided. Result: candidate lost. Election summary: received 3 responses out of 3 voters: 1 yes votes; 2 no votes. yes voters: 2fb970eb4ce14cbeb67876b9b9074023; no voters: 75c7a484b817470d85ceb0e90252301e, 93863264268e4a03b70ca30d133a6fea
I20260709 12:16:16.075519 21251 raft_consensus.cc:3060] T 709813b5526c48359d8a10d0825e4077 P 2fb970eb4ce14cbeb67876b9b9074023 [term 0 FOLLOWER]: Advancing to term 1
I20260709 12:16:16.077844 20950 tablet_bootstrap.cc:492] T d9c3f21c7bc34835b38414d58f977d25 P 2fb970eb4ce14cbeb67876b9b9074023: No bootstrap required, opened a new log
I20260709 12:16:16.077690 21205 raft_consensus.cc:2749] T 4cd7c2d389a24a9db2a4e972d7290850 P 75c7a484b817470d85ceb0e90252301e [term 0 FOLLOWER]: Leader pre-election lost for term 1. Reason: could not achieve majority
I20260709 12:16:16.078334 20950 ts_tablet_manager.cc:1403] T d9c3f21c7bc34835b38414d58f977d25 P 2fb970eb4ce14cbeb67876b9b9074023: Time spent bootstrapping tablet: real 0.030s	user 0.011s	sys 0.007s
I20260709 12:16:16.080823 20950 raft_consensus.cc:359] T d9c3f21c7bc34835b38414d58f977d25 P 2fb970eb4ce14cbeb67876b9b9074023 [term 0 FOLLOWER]: Replica starting. Triggering 0 pending ops. Active config: opid_index: -1 OBSOLETE_local: false peers { permanent_uuid: "2fb970eb4ce14cbeb67876b9b9074023" member_type: VOTER last_known_addr { host: "127.19.36.65" port: 35041 } } peers { permanent_uuid: "93863264268e4a03b70ca30d133a6fea" member_type: VOTER last_known_addr { host: "127.19.36.66" port: 44293 } } peers { permanent_uuid: "75c7a484b817470d85ceb0e90252301e" member_type: VOTER last_known_addr { host: "127.19.36.67" port: 40165 } }
I20260709 12:16:16.081404 20950 raft_consensus.cc:385] T d9c3f21c7bc34835b38414d58f977d25 P 2fb970eb4ce14cbeb67876b9b9074023 [term 0 FOLLOWER]: Consensus starting up: Expiring failure detector timer to make a prompt election more likely
I20260709 12:16:16.081661 20950 raft_consensus.cc:740] T d9c3f21c7bc34835b38414d58f977d25 P 2fb970eb4ce14cbeb67876b9b9074023 [term 0 FOLLOWER]: Becoming Follower/Learner. State: Replica: 2fb970eb4ce14cbeb67876b9b9074023, State: Initialized, Role: FOLLOWER
I20260709 12:16:16.082237 20950 consensus_queue.cc:260] T d9c3f21c7bc34835b38414d58f977d25 P 2fb970eb4ce14cbeb67876b9b9074023 [NON_LEADER]: Queue going to NON_LEADER mode. State: All replicated index: 0, Majority replicated index: 0, Committed index: 0, Last appended: 0.0, Last appended by leader: 0, Current term: 0, Majority size: -1, State: 0, Mode: NON_LEADER, active raft config: opid_index: -1 OBSOLETE_local: false peers { permanent_uuid: "2fb970eb4ce14cbeb67876b9b9074023" member_type: VOTER last_known_addr { host: "127.19.36.65" port: 35041 } } peers { permanent_uuid: "93863264268e4a03b70ca30d133a6fea" member_type: VOTER last_known_addr { host: "127.19.36.66" port: 44293 } } peers { permanent_uuid: "75c7a484b817470d85ceb0e90252301e" member_type: VOTER last_known_addr { host: "127.19.36.67" port: 40165 } }
I20260709 12:16:16.084892 20951 tablet_bootstrap.cc:654] T b6afbe49e94842a09205b2794af99c23 P 75c7a484b817470d85ceb0e90252301e: Neither blocks nor log segments found. Creating new log.
I20260709 12:16:16.084172 20950 ts_tablet_manager.cc:1434] T d9c3f21c7bc34835b38414d58f977d25 P 2fb970eb4ce14cbeb67876b9b9074023: Time spent starting tablet: real 0.006s	user 0.004s	sys 0.000s
I20260709 12:16:16.091801 21251 raft_consensus.cc:2749] T 709813b5526c48359d8a10d0825e4077 P 2fb970eb4ce14cbeb67876b9b9074023 [term 1 FOLLOWER]: Leader pre-election lost for term 1. Reason: could not achieve majority
I20260709 12:16:16.094542 20951 tablet_bootstrap.cc:492] T b6afbe49e94842a09205b2794af99c23 P 75c7a484b817470d85ceb0e90252301e: No bootstrap required, opened a new log
I20260709 12:16:16.094985 20951 ts_tablet_manager.cc:1403] T b6afbe49e94842a09205b2794af99c23 P 75c7a484b817470d85ceb0e90252301e: Time spent bootstrapping tablet: real 0.024s	user 0.009s	sys 0.003s
I20260709 12:16:16.098769 20951 raft_consensus.cc:359] T b6afbe49e94842a09205b2794af99c23 P 75c7a484b817470d85ceb0e90252301e [term 0 FOLLOWER]: Replica starting. Triggering 0 pending ops. Active config: opid_index: -1 OBSOLETE_local: false peers { permanent_uuid: "2fb970eb4ce14cbeb67876b9b9074023" member_type: VOTER last_known_addr { host: "127.19.36.65" port: 35041 } } peers { permanent_uuid: "93863264268e4a03b70ca30d133a6fea" member_type: VOTER last_known_addr { host: "127.19.36.66" port: 44293 } } peers { permanent_uuid: "75c7a484b817470d85ceb0e90252301e" member_type: VOTER last_known_addr { host: "127.19.36.67" port: 40165 } }
I20260709 12:16:16.099280 20951 raft_consensus.cc:385] T b6afbe49e94842a09205b2794af99c23 P 75c7a484b817470d85ceb0e90252301e [term 0 FOLLOWER]: Consensus starting up: Expiring failure detector timer to make a prompt election more likely
I20260709 12:16:16.099488 20951 raft_consensus.cc:740] T b6afbe49e94842a09205b2794af99c23 P 75c7a484b817470d85ceb0e90252301e [term 0 FOLLOWER]: Becoming Follower/Learner. State: Replica: 75c7a484b817470d85ceb0e90252301e, State: Initialized, Role: FOLLOWER
I20260709 12:16:16.100034 20951 consensus_queue.cc:260] T b6afbe49e94842a09205b2794af99c23 P 75c7a484b817470d85ceb0e90252301e [NON_LEADER]: Queue going to NON_LEADER mode. State: All replicated index: 0, Majority replicated index: 0, Committed index: 0, Last appended: 0.0, Last appended by leader: 0, Current term: 0, Majority size: -1, State: 0, Mode: NON_LEADER, active raft config: opid_index: -1 OBSOLETE_local: false peers { permanent_uuid: "2fb970eb4ce14cbeb67876b9b9074023" member_type: VOTER last_known_addr { host: "127.19.36.65" port: 35041 } } peers { permanent_uuid: "93863264268e4a03b70ca30d133a6fea" member_type: VOTER last_known_addr { host: "127.19.36.66" port: 44293 } } peers { permanent_uuid: "75c7a484b817470d85ceb0e90252301e" member_type: VOTER last_known_addr { host: "127.19.36.67" port: 40165 } }
I20260709 12:16:16.101538 20951 ts_tablet_manager.cc:1434] T b6afbe49e94842a09205b2794af99c23 P 75c7a484b817470d85ceb0e90252301e: Time spent starting tablet: real 0.006s	user 0.004s	sys 0.000s
I20260709 12:16:16.102221 20951 tablet_bootstrap.cc:492] T 6a5df0b6ef844fafa0337fbb05da97ba P 75c7a484b817470d85ceb0e90252301e: Bootstrap starting.
I20260709 12:16:16.106600 20951 tablet_bootstrap.cc:654] T 6a5df0b6ef844fafa0337fbb05da97ba P 75c7a484b817470d85ceb0e90252301e: Neither blocks nor log segments found. Creating new log.
I20260709 12:16:16.106910 21250 raft_consensus.cc:493] T 23782e3fd66d41ec8f427387c439daaf P 2fb970eb4ce14cbeb67876b9b9074023 [term 0 FOLLOWER]: Starting pre-election (no leader contacted us within the election timeout)
I20260709 12:16:16.107442 21250 raft_consensus.cc:515] T 23782e3fd66d41ec8f427387c439daaf P 2fb970eb4ce14cbeb67876b9b9074023 [term 0 FOLLOWER]: Starting pre-election with config: opid_index: -1 OBSOLETE_local: false peers { permanent_uuid: "2fb970eb4ce14cbeb67876b9b9074023" member_type: VOTER last_known_addr { host: "127.19.36.65" port: 35041 } } peers { permanent_uuid: "93863264268e4a03b70ca30d133a6fea" member_type: VOTER last_known_addr { host: "127.19.36.66" port: 44293 } } peers { permanent_uuid: "75c7a484b817470d85ceb0e90252301e" member_type: VOTER last_known_addr { host: "127.19.36.67" port: 40165 } }
I20260709 12:16:16.110576 20833 tablet_service.cc:1917] Received RequestConsensusVote() RPC: tablet_id: "23782e3fd66d41ec8f427387c439daaf" candidate_uuid: "2fb970eb4ce14cbeb67876b9b9074023" candidate_term: 1 candidate_status { last_received { term: 0 index: 0 } } ignore_live_leader: false dest_uuid: "93863264268e4a03b70ca30d133a6fea" is_pre_election: true
I20260709 12:16:16.111248 21250 leader_election.cc:290] T 23782e3fd66d41ec8f427387c439daaf P 2fb970eb4ce14cbeb67876b9b9074023 [CANDIDATE]: Term 1 pre-election: Requested pre-vote from peers 93863264268e4a03b70ca30d133a6fea (127.19.36.66:44293), 75c7a484b817470d85ceb0e90252301e (127.19.36.67:40165)
I20260709 12:16:16.113633 20904 tablet_service.cc:1917] Received RequestConsensusVote() RPC: tablet_id: "23782e3fd66d41ec8f427387c439daaf" candidate_uuid: "2fb970eb4ce14cbeb67876b9b9074023" candidate_term: 1 candidate_status { last_received { term: 0 index: 0 } } ignore_live_leader: false dest_uuid: "75c7a484b817470d85ceb0e90252301e" is_pre_election: true
I20260709 12:16:16.114225 20904 raft_consensus.cc:2468] T 23782e3fd66d41ec8f427387c439daaf P 75c7a484b817470d85ceb0e90252301e [term 0 FOLLOWER]: Leader pre-election vote request: Granting yes vote for candidate 2fb970eb4ce14cbeb67876b9b9074023 in term 0.
I20260709 12:16:16.111225 20833 raft_consensus.cc:2468] T 23782e3fd66d41ec8f427387c439daaf P 93863264268e4a03b70ca30d133a6fea [term 0 FOLLOWER]: Leader pre-election vote request: Granting yes vote for candidate 2fb970eb4ce14cbeb67876b9b9074023 in term 0.
I20260709 12:16:16.116328 20723 leader_election.cc:304] T 23782e3fd66d41ec8f427387c439daaf P 2fb970eb4ce14cbeb67876b9b9074023 [CANDIDATE]: Term 1 pre-election: Election decided. Result: candidate won. Election summary: received 2 responses out of 3 voters: 2 yes votes; 0 no votes. yes voters: 2fb970eb4ce14cbeb67876b9b9074023, 93863264268e4a03b70ca30d133a6fea; no voters: 
I20260709 12:16:16.117050 21251 raft_consensus.cc:2804] T 23782e3fd66d41ec8f427387c439daaf P 2fb970eb4ce14cbeb67876b9b9074023 [term 0 FOLLOWER]: Leader pre-election won for term 1
I20260709 12:16:16.117368 21251 raft_consensus.cc:493] T 23782e3fd66d41ec8f427387c439daaf P 2fb970eb4ce14cbeb67876b9b9074023 [term 0 FOLLOWER]: Starting leader election (no leader contacted us within the election timeout)
I20260709 12:16:16.117668 21251 raft_consensus.cc:3060] T 23782e3fd66d41ec8f427387c439daaf P 2fb970eb4ce14cbeb67876b9b9074023 [term 0 FOLLOWER]: Advancing to term 1
I20260709 12:16:16.114228 21250 raft_consensus.cc:493] T 2380ca2b659e4947958a8acfecf32266 P 2fb970eb4ce14cbeb67876b9b9074023 [term 0 FOLLOWER]: Starting pre-election (no leader contacted us within the election timeout)
I20260709 12:16:16.118468 21250 raft_consensus.cc:515] T 2380ca2b659e4947958a8acfecf32266 P 2fb970eb4ce14cbeb67876b9b9074023 [term 0 FOLLOWER]: Starting pre-election with config: opid_index: -1 OBSOLETE_local: false peers { permanent_uuid: "2fb970eb4ce14cbeb67876b9b9074023" member_type: VOTER last_known_addr { host: "127.19.36.65" port: 35041 } } peers { permanent_uuid: "93863264268e4a03b70ca30d133a6fea" member_type: VOTER last_known_addr { host: "127.19.36.66" port: 44293 } } peers { permanent_uuid: "75c7a484b817470d85ceb0e90252301e" member_type: VOTER last_known_addr { host: "127.19.36.67" port: 40165 } }
I20260709 12:16:16.122211 21217 raft_consensus.cc:493] T d9c3f21c7bc34835b38414d58f977d25 P 2fb970eb4ce14cbeb67876b9b9074023 [term 0 FOLLOWER]: Starting pre-election (no leader contacted us within the election timeout)
I20260709 12:16:16.128429 21217 raft_consensus.cc:515] T d9c3f21c7bc34835b38414d58f977d25 P 2fb970eb4ce14cbeb67876b9b9074023 [term 0 FOLLOWER]: Starting pre-election with config: opid_index: -1 OBSOLETE_local: false peers { permanent_uuid: "2fb970eb4ce14cbeb67876b9b9074023" member_type: VOTER last_known_addr { host: "127.19.36.65" port: 35041 } } peers { permanent_uuid: "93863264268e4a03b70ca30d133a6fea" member_type: VOTER last_known_addr { host: "127.19.36.66" port: 44293 } } peers { permanent_uuid: "75c7a484b817470d85ceb0e90252301e" member_type: VOTER last_known_addr { host: "127.19.36.67" port: 40165 } }
I20260709 12:16:16.131048 21217 leader_election.cc:290] T d9c3f21c7bc34835b38414d58f977d25 P 2fb970eb4ce14cbeb67876b9b9074023 [CANDIDATE]: Term 1 pre-election: Requested pre-vote from peers 93863264268e4a03b70ca30d133a6fea (127.19.36.66:44293), 75c7a484b817470d85ceb0e90252301e (127.19.36.67:40165)
I20260709 12:16:16.133690 20831 tablet_service.cc:1917] Received RequestConsensusVote() RPC: tablet_id: "d9c3f21c7bc34835b38414d58f977d25" candidate_uuid: "2fb970eb4ce14cbeb67876b9b9074023" candidate_term: 1 candidate_status { last_received { term: 0 index: 0 } } ignore_live_leader: false dest_uuid: "93863264268e4a03b70ca30d133a6fea" is_pre_election: true
I20260709 12:16:16.135373 20950 tablet_bootstrap.cc:492] T c3d42370892b4b34a967c8791e44cc8a P 2fb970eb4ce14cbeb67876b9b9074023: Bootstrap starting.
I20260709 12:16:16.142361 20831 tablet_service.cc:1917] Received RequestConsensusVote() RPC: tablet_id: "2380ca2b659e4947958a8acfecf32266" candidate_uuid: "2fb970eb4ce14cbeb67876b9b9074023" candidate_term: 1 candidate_status { last_received { term: 0 index: 0 } } ignore_live_leader: false dest_uuid: "93863264268e4a03b70ca30d133a6fea" is_pre_election: true
I20260709 12:16:16.134002 21250 leader_election.cc:290] T 2380ca2b659e4947958a8acfecf32266 P 2fb970eb4ce14cbeb67876b9b9074023 [CANDIDATE]: Term 1 pre-election: Requested pre-vote from peers 93863264268e4a03b70ca30d133a6fea (127.19.36.66:44293), 75c7a484b817470d85ceb0e90252301e (127.19.36.67:40165)
W20260709 12:16:16.146068 20723 leader_election.cc:343] T d9c3f21c7bc34835b38414d58f977d25 P 2fb970eb4ce14cbeb67876b9b9074023 [CANDIDATE]: Term 1 pre-election: Tablet error from VoteRequest() call to peer 93863264268e4a03b70ca30d133a6fea (127.19.36.66:44293): Illegal state: must be running to vote when last-logged opid is not known
I20260709 12:16:16.154392 21241 raft_consensus.cc:493] T dcbcaf3810664544b91129f540bb3947 P 75c7a484b817470d85ceb0e90252301e [term 0 FOLLOWER]: Starting pre-election (no leader contacted us within the election timeout)
I20260709 12:16:16.154887 21241 raft_consensus.cc:515] T dcbcaf3810664544b91129f540bb3947 P 75c7a484b817470d85ceb0e90252301e [term 0 FOLLOWER]: Starting pre-election with config: opid_index: -1 OBSOLETE_local: false peers { permanent_uuid: "2fb970eb4ce14cbeb67876b9b9074023" member_type: VOTER last_known_addr { host: "127.19.36.65" port: 35041 } } peers { permanent_uuid: "93863264268e4a03b70ca30d133a6fea" member_type: VOTER last_known_addr { host: "127.19.36.66" port: 44293 } } peers { permanent_uuid: "75c7a484b817470d85ceb0e90252301e" member_type: VOTER last_known_addr { host: "127.19.36.67" port: 40165 } }
I20260709 12:16:16.156831 21241 leader_election.cc:290] T dcbcaf3810664544b91129f540bb3947 P 75c7a484b817470d85ceb0e90252301e [CANDIDATE]: Term 1 pre-election: Requested pre-vote from peers 2fb970eb4ce14cbeb67876b9b9074023 (127.19.36.65:35041), 93863264268e4a03b70ca30d133a6fea (127.19.36.66:44293)
I20260709 12:16:16.158350 20831 tablet_service.cc:1917] Received RequestConsensusVote() RPC: tablet_id: "dcbcaf3810664544b91129f540bb3947" candidate_uuid: "75c7a484b817470d85ceb0e90252301e" candidate_term: 1 candidate_status { last_received { term: 0 index: 0 } } ignore_live_leader: false dest_uuid: "93863264268e4a03b70ca30d133a6fea" is_pre_election: true
I20260709 12:16:16.158932 20831 raft_consensus.cc:2468] T dcbcaf3810664544b91129f540bb3947 P 93863264268e4a03b70ca30d133a6fea [term 0 FOLLOWER]: Leader pre-election vote request: Granting yes vote for candidate 75c7a484b817470d85ceb0e90252301e in term 0.
I20260709 12:16:16.159979 20904 tablet_service.cc:1917] Received RequestConsensusVote() RPC: tablet_id: "d9c3f21c7bc34835b38414d58f977d25" candidate_uuid: "2fb970eb4ce14cbeb67876b9b9074023" candidate_term: 1 candidate_status { last_received { term: 0 index: 0 } } ignore_live_leader: false dest_uuid: "75c7a484b817470d85ceb0e90252301e" is_pre_election: true
I20260709 12:16:16.161310 20904 raft_consensus.cc:2468] T d9c3f21c7bc34835b38414d58f977d25 P 75c7a484b817470d85ceb0e90252301e [term 0 FOLLOWER]: Leader pre-election vote request: Granting yes vote for candidate 2fb970eb4ce14cbeb67876b9b9074023 in term 0.
I20260709 12:16:16.162528 20906 tablet_service.cc:1917] Received RequestConsensusVote() RPC: tablet_id: "2380ca2b659e4947958a8acfecf32266" candidate_uuid: "2fb970eb4ce14cbeb67876b9b9074023" candidate_term: 1 candidate_status { last_received { term: 0 index: 0 } } ignore_live_leader: false dest_uuid: "75c7a484b817470d85ceb0e90252301e" is_pre_election: true
I20260709 12:16:16.163760 20872 leader_election.cc:304] T dcbcaf3810664544b91129f540bb3947 P 75c7a484b817470d85ceb0e90252301e [CANDIDATE]: Term 1 pre-election: Election decided. Result: candidate won. Election summary: received 2 responses out of 3 voters: 2 yes votes; 0 no votes. yes voters: 75c7a484b817470d85ceb0e90252301e, 93863264268e4a03b70ca30d133a6fea; no voters: 
I20260709 12:16:16.167461 20724 leader_election.cc:304] T d9c3f21c7bc34835b38414d58f977d25 P 2fb970eb4ce14cbeb67876b9b9074023 [CANDIDATE]: Term 1 pre-election: Election decided. Result: candidate won. Election summary: received 3 responses out of 3 voters: 2 yes votes; 1 no votes. yes voters: 2fb970eb4ce14cbeb67876b9b9074023, 75c7a484b817470d85ceb0e90252301e; no voters: 93863264268e4a03b70ca30d133a6fea
