I20260709 12:15:05.567895 13648 raft_consensus.cc:740] T 5a055fd0abf3451c9e37586a1a71c479 P e42f9c74ab684cfa9c93b816277bb80c [term 0 FOLLOWER]: Becoming Follower/Learner. State: Replica: e42f9c74ab684cfa9c93b816277bb80c, State: Initialized, Role: FOLLOWER
I20260709 12:15:05.568665 13648 consensus_queue.cc:260] T 5a055fd0abf3451c9e37586a1a71c479 P e42f9c74ab684cfa9c93b816277bb80c [NON_LEADER]: Queue going to NON_LEADER mode. State: All replicated index: 0, Majority replicated index: 0, Committed index: 0, Last appended: 0.0, Last appended by leader: 0, Current term: 0, Majority size: -1, State: 0, Mode: NON_LEADER, active raft config: opid_index: -1 OBSOLETE_local: false peers { permanent_uuid: "e42f9c74ab684cfa9c93b816277bb80c" member_type: VOTER last_known_addr { host: "127.13.2.2" port: 38221 } } peers { permanent_uuid: "d0d63ce6a71145e2ac2c40ed7a1c36d6" member_type: VOTER last_known_addr { host: "127.13.2.1" port: 38213 } } peers { permanent_uuid: "2589ef4ae241488ebd6c03f07f9b0ac2" member_type: VOTER last_known_addr { host: "127.13.2.3" port: 34013 } }
I20260709 12:15:05.570616 13647 tablet_bootstrap.cc:654] T 5a055fd0abf3451c9e37586a1a71c479 P d0d63ce6a71145e2ac2c40ed7a1c36d6: Neither blocks nor log segments found. Creating new log.
I20260709 12:15:05.572217 13629 heartbeater.cc:499] Master 127.13.2.62:46591 was elected leader, sending a full tablet report...
I20260709 12:15:05.574256 13649 ts_tablet_manager.cc:1434] T 4e6dfc9dc3504c08ad7d136a04d994d6 P 2589ef4ae241488ebd6c03f07f9b0ac2: Time spent starting tablet: real 0.017s	user 0.005s	sys 0.004s
I20260709 12:15:05.575250 13649 tablet_bootstrap.cc:492] T bc927f1fda7644fcb93910b734492bf3 P 2589ef4ae241488ebd6c03f07f9b0ac2: Bootstrap starting.
I20260709 12:15:05.577533 13555 heartbeater.cc:499] Master 127.13.2.62:46591 was elected leader, sending a full tablet report...
W20260709 12:15:05.579766 13630 tablet.cc:2406] T 4e6dfc9dc3504c08ad7d136a04d994d6 P 2589ef4ae241488ebd6c03f07f9b0ac2: Can't schedule compaction. Clean time has not been advanced past its initial value.
I20260709 12:15:05.581534 13648 ts_tablet_manager.cc:1434] T 5a055fd0abf3451c9e37586a1a71c479 P e42f9c74ab684cfa9c93b816277bb80c: Time spent starting tablet: real 0.023s	user 0.014s	sys 0.000s
I20260709 12:15:05.582981 13648 tablet_bootstrap.cc:492] T bc927f1fda7644fcb93910b734492bf3 P e42f9c74ab684cfa9c93b816277bb80c: Bootstrap starting.
I20260709 12:15:05.581590 13649 tablet_bootstrap.cc:654] T bc927f1fda7644fcb93910b734492bf3 P 2589ef4ae241488ebd6c03f07f9b0ac2: Neither blocks nor log segments found. Creating new log.
I20260709 12:15:05.589329 13648 tablet_bootstrap.cc:654] T bc927f1fda7644fcb93910b734492bf3 P e42f9c74ab684cfa9c93b816277bb80c: Neither blocks nor log segments found. Creating new log.
I20260709 12:15:05.595253 13649 tablet_bootstrap.cc:492] T bc927f1fda7644fcb93910b734492bf3 P 2589ef4ae241488ebd6c03f07f9b0ac2: No bootstrap required, opened a new log
I20260709 12:15:05.595642 13649 ts_tablet_manager.cc:1403] T bc927f1fda7644fcb93910b734492bf3 P 2589ef4ae241488ebd6c03f07f9b0ac2: Time spent bootstrapping tablet: real 0.021s	user 0.009s	sys 0.007s
I20260709 12:15:05.602988 13649 raft_consensus.cc:359] T bc927f1fda7644fcb93910b734492bf3 P 2589ef4ae241488ebd6c03f07f9b0ac2 [term 0 FOLLOWER]: Replica starting. Triggering 0 pending ops. Active config: opid_index: -1 OBSOLETE_local: false peers { permanent_uuid: "d0d63ce6a71145e2ac2c40ed7a1c36d6" member_type: VOTER last_known_addr { host: "127.13.2.1" port: 38213 } } peers { permanent_uuid: "e42f9c74ab684cfa9c93b816277bb80c" member_type: VOTER last_known_addr { host: "127.13.2.2" port: 38221 } } peers { permanent_uuid: "2589ef4ae241488ebd6c03f07f9b0ac2" member_type: VOTER last_known_addr { host: "127.13.2.3" port: 34013 } }
I20260709 12:15:05.603503 13649 raft_consensus.cc:385] T bc927f1fda7644fcb93910b734492bf3 P 2589ef4ae241488ebd6c03f07f9b0ac2 [term 0 FOLLOWER]: Consensus starting up: Expiring failure detector timer to make a prompt election more likely
I20260709 12:15:05.603855 13649 raft_consensus.cc:740] T bc927f1fda7644fcb93910b734492bf3 P 2589ef4ae241488ebd6c03f07f9b0ac2 [term 0 FOLLOWER]: Becoming Follower/Learner. State: Replica: 2589ef4ae241488ebd6c03f07f9b0ac2, State: Initialized, Role: FOLLOWER
I20260709 12:15:05.604595 13649 consensus_queue.cc:260] T bc927f1fda7644fcb93910b734492bf3 P 2589ef4ae241488ebd6c03f07f9b0ac2 [NON_LEADER]: Queue going to NON_LEADER mode. State: All replicated index: 0, Majority replicated index: 0, Committed index: 0, Last appended: 0.0, Last appended by leader: 0, Current term: 0, Majority size: -1, State: 0, Mode: NON_LEADER, active raft config: opid_index: -1 OBSOLETE_local: false peers { permanent_uuid: "d0d63ce6a71145e2ac2c40ed7a1c36d6" member_type: VOTER last_known_addr { host: "127.13.2.1" port: 38213 } } peers { permanent_uuid: "e42f9c74ab684cfa9c93b816277bb80c" member_type: VOTER last_known_addr { host: "127.13.2.2" port: 38221 } } peers { permanent_uuid: "2589ef4ae241488ebd6c03f07f9b0ac2" member_type: VOTER last_known_addr { host: "127.13.2.3" port: 34013 } }
I20260709 12:15:05.605705 13648 tablet_bootstrap.cc:492] T bc927f1fda7644fcb93910b734492bf3 P e42f9c74ab684cfa9c93b816277bb80c: No bootstrap required, opened a new log
I20260709 12:15:05.606279 13648 ts_tablet_manager.cc:1403] T bc927f1fda7644fcb93910b734492bf3 P e42f9c74ab684cfa9c93b816277bb80c: Time spent bootstrapping tablet: real 0.023s	user 0.014s	sys 0.003s
I20260709 12:15:05.606698 13647 tablet_bootstrap.cc:492] T 5a055fd0abf3451c9e37586a1a71c479 P d0d63ce6a71145e2ac2c40ed7a1c36d6: No bootstrap required, opened a new log
I20260709 12:15:05.608732 13647 ts_tablet_manager.cc:1403] T 5a055fd0abf3451c9e37586a1a71c479 P d0d63ce6a71145e2ac2c40ed7a1c36d6: Time spent bootstrapping tablet: real 0.045s	user 0.006s	sys 0.020s
I20260709 12:15:05.609771 13648 raft_consensus.cc:359] T bc927f1fda7644fcb93910b734492bf3 P e42f9c74ab684cfa9c93b816277bb80c [term 0 FOLLOWER]: Replica starting. Triggering 0 pending ops. Active config: opid_index: -1 OBSOLETE_local: false peers { permanent_uuid: "d0d63ce6a71145e2ac2c40ed7a1c36d6" member_type: VOTER last_known_addr { host: "127.13.2.1" port: 38213 } } peers { permanent_uuid: "e42f9c74ab684cfa9c93b816277bb80c" member_type: VOTER last_known_addr { host: "127.13.2.2" port: 38221 } } peers { permanent_uuid: "2589ef4ae241488ebd6c03f07f9b0ac2" member_type: VOTER last_known_addr { host: "127.13.2.3" port: 34013 } }
I20260709 12:15:05.610468 13648 raft_consensus.cc:385] T bc927f1fda7644fcb93910b734492bf3 P e42f9c74ab684cfa9c93b816277bb80c [term 0 FOLLOWER]: Consensus starting up: Expiring failure detector timer to make a prompt election more likely
I20260709 12:15:05.610743 13648 raft_consensus.cc:740] T bc927f1fda7644fcb93910b734492bf3 P e42f9c74ab684cfa9c93b816277bb80c [term 0 FOLLOWER]: Becoming Follower/Learner. State: Replica: e42f9c74ab684cfa9c93b816277bb80c, State: Initialized, Role: FOLLOWER
I20260709 12:15:05.611481 13648 consensus_queue.cc:260] T bc927f1fda7644fcb93910b734492bf3 P e42f9c74ab684cfa9c93b816277bb80c [NON_LEADER]: Queue going to NON_LEADER mode. State: All replicated index: 0, Majority replicated index: 0, Committed index: 0, Last appended: 0.0, Last appended by leader: 0, Current term: 0, Majority size: -1, State: 0, Mode: NON_LEADER, active raft config: opid_index: -1 OBSOLETE_local: false peers { permanent_uuid: "d0d63ce6a71145e2ac2c40ed7a1c36d6" member_type: VOTER last_known_addr { host: "127.13.2.1" port: 38213 } } peers { permanent_uuid: "e42f9c74ab684cfa9c93b816277bb80c" member_type: VOTER last_known_addr { host: "127.13.2.2" port: 38221 } } peers { permanent_uuid: "2589ef4ae241488ebd6c03f07f9b0ac2" member_type: VOTER last_known_addr { host: "127.13.2.3" port: 34013 } }
I20260709 12:15:05.612092 13649 ts_tablet_manager.cc:1434] T bc927f1fda7644fcb93910b734492bf3 P 2589ef4ae241488ebd6c03f07f9b0ac2: Time spent starting tablet: real 0.014s	user 0.006s	sys 0.000s
I20260709 12:15:05.613948 13648 ts_tablet_manager.cc:1434] T bc927f1fda7644fcb93910b734492bf3 P e42f9c74ab684cfa9c93b816277bb80c: Time spent starting tablet: real 0.007s	user 0.003s	sys 0.004s
I20260709 12:15:05.614868 13648 tablet_bootstrap.cc:492] T c55e9785c19b4453ab567fd8dc9bd09f P e42f9c74ab684cfa9c93b816277bb80c: Bootstrap starting.
I20260709 12:15:05.615182 13647 raft_consensus.cc:359] T 5a055fd0abf3451c9e37586a1a71c479 P d0d63ce6a71145e2ac2c40ed7a1c36d6 [term 0 FOLLOWER]: Replica starting. Triggering 0 pending ops. Active config: opid_index: -1 OBSOLETE_local: false peers { permanent_uuid: "e42f9c74ab684cfa9c93b816277bb80c" member_type: VOTER last_known_addr { host: "127.13.2.2" port: 38221 } } peers { permanent_uuid: "d0d63ce6a71145e2ac2c40ed7a1c36d6" member_type: VOTER last_known_addr { host: "127.13.2.1" port: 38213 } } peers { permanent_uuid: "2589ef4ae241488ebd6c03f07f9b0ac2" member_type: VOTER last_known_addr { host: "127.13.2.3" port: 34013 } }
I20260709 12:15:05.615903 13647 raft_consensus.cc:385] T 5a055fd0abf3451c9e37586a1a71c479 P d0d63ce6a71145e2ac2c40ed7a1c36d6 [term 0 FOLLOWER]: Consensus starting up: Expiring failure detector timer to make a prompt election more likely
I20260709 12:15:05.616201 13647 raft_consensus.cc:740] T 5a055fd0abf3451c9e37586a1a71c479 P d0d63ce6a71145e2ac2c40ed7a1c36d6 [term 0 FOLLOWER]: Becoming Follower/Learner. State: Replica: d0d63ce6a71145e2ac2c40ed7a1c36d6, State: Initialized, Role: FOLLOWER
I20260709 12:15:05.613003 13649 tablet_bootstrap.cc:492] T a4824d626c324a6ca7aa99fe4760594a P 2589ef4ae241488ebd6c03f07f9b0ac2: Bootstrap starting.
I20260709 12:15:05.621603 13648 tablet_bootstrap.cc:654] T c55e9785c19b4453ab567fd8dc9bd09f P e42f9c74ab684cfa9c93b816277bb80c: Neither blocks nor log segments found. Creating new log.
I20260709 12:15:05.623696 13649 tablet_bootstrap.cc:654] T a4824d626c324a6ca7aa99fe4760594a P 2589ef4ae241488ebd6c03f07f9b0ac2: Neither blocks nor log segments found. Creating new log.
I20260709 12:15:05.616874 13647 consensus_queue.cc:260] T 5a055fd0abf3451c9e37586a1a71c479 P d0d63ce6a71145e2ac2c40ed7a1c36d6 [NON_LEADER]: Queue going to NON_LEADER mode. State: All replicated index: 0, Majority replicated index: 0, Committed index: 0, Last appended: 0.0, Last appended by leader: 0, Current term: 0, Majority size: -1, State: 0, Mode: NON_LEADER, active raft config: opid_index: -1 OBSOLETE_local: false peers { permanent_uuid: "e42f9c74ab684cfa9c93b816277bb80c" member_type: VOTER last_known_addr { host: "127.13.2.2" port: 38221 } } peers { permanent_uuid: "d0d63ce6a71145e2ac2c40ed7a1c36d6" member_type: VOTER last_known_addr { host: "127.13.2.1" port: 38213 } } peers { permanent_uuid: "2589ef4ae241488ebd6c03f07f9b0ac2" member_type: VOTER last_known_addr { host: "127.13.2.3" port: 34013 } }
I20260709 12:15:05.628291 13647 ts_tablet_manager.cc:1434] T 5a055fd0abf3451c9e37586a1a71c479 P d0d63ce6a71145e2ac2c40ed7a1c36d6: Time spent starting tablet: real 0.019s	user 0.005s	sys 0.001s
I20260709 12:15:05.629148 13647 tablet_bootstrap.cc:492] T c55e9785c19b4453ab567fd8dc9bd09f P d0d63ce6a71145e2ac2c40ed7a1c36d6: Bootstrap starting.
I20260709 12:15:05.634682 13648 tablet_bootstrap.cc:492] T c55e9785c19b4453ab567fd8dc9bd09f P e42f9c74ab684cfa9c93b816277bb80c: No bootstrap required, opened a new log
I20260709 12:15:05.634989 13647 tablet_bootstrap.cc:654] T c55e9785c19b4453ab567fd8dc9bd09f P d0d63ce6a71145e2ac2c40ed7a1c36d6: Neither blocks nor log segments found. Creating new log.
I20260709 12:15:05.635135 13648 ts_tablet_manager.cc:1403] T c55e9785c19b4453ab567fd8dc9bd09f P e42f9c74ab684cfa9c93b816277bb80c: Time spent bootstrapping tablet: real 0.020s	user 0.009s	sys 0.004s
I20260709 12:15:05.638975 13649 tablet_bootstrap.cc:492] T a4824d626c324a6ca7aa99fe4760594a P 2589ef4ae241488ebd6c03f07f9b0ac2: No bootstrap required, opened a new log
I20260709 12:15:05.639413 13649 ts_tablet_manager.cc:1403] T a4824d626c324a6ca7aa99fe4760594a P 2589ef4ae241488ebd6c03f07f9b0ac2: Time spent bootstrapping tablet: real 0.027s	user 0.010s	sys 0.001s
I20260709 12:15:05.642059 13649 raft_consensus.cc:359] T a4824d626c324a6ca7aa99fe4760594a P 2589ef4ae241488ebd6c03f07f9b0ac2 [term 0 FOLLOWER]: Replica starting. Triggering 0 pending ops. Active config: opid_index: -1 OBSOLETE_local: false peers { permanent_uuid: "d0d63ce6a71145e2ac2c40ed7a1c36d6" member_type: VOTER last_known_addr { host: "127.13.2.1" port: 38213 } } peers { permanent_uuid: "e42f9c74ab684cfa9c93b816277bb80c" member_type: VOTER last_known_addr { host: "127.13.2.2" port: 38221 } } peers { permanent_uuid: "2589ef4ae241488ebd6c03f07f9b0ac2" member_type: VOTER last_known_addr { host: "127.13.2.3" port: 34013 } }
I20260709 12:15:05.642724 13649 raft_consensus.cc:385] T a4824d626c324a6ca7aa99fe4760594a P 2589ef4ae241488ebd6c03f07f9b0ac2 [term 0 FOLLOWER]: Consensus starting up: Expiring failure detector timer to make a prompt election more likely
I20260709 12:15:05.643347 13653 raft_consensus.cc:493] T 5a055fd0abf3451c9e37586a1a71c479 P d0d63ce6a71145e2ac2c40ed7a1c36d6 [term 0 FOLLOWER]: Starting pre-election (no leader contacted us within the election timeout)
I20260709 12:15:05.643793 13653 raft_consensus.cc:515] T 5a055fd0abf3451c9e37586a1a71c479 P d0d63ce6a71145e2ac2c40ed7a1c36d6 [term 0 FOLLOWER]: Starting pre-election with config: opid_index: -1 OBSOLETE_local: false peers { permanent_uuid: "e42f9c74ab684cfa9c93b816277bb80c" member_type: VOTER last_known_addr { host: "127.13.2.2" port: 38221 } } peers { permanent_uuid: "d0d63ce6a71145e2ac2c40ed7a1c36d6" member_type: VOTER last_known_addr { host: "127.13.2.1" port: 38213 } } peers { permanent_uuid: "2589ef4ae241488ebd6c03f07f9b0ac2" member_type: VOTER last_known_addr { host: "127.13.2.3" port: 34013 } }
I20260709 12:15:05.644336 13648 raft_consensus.cc:359] T c55e9785c19b4453ab567fd8dc9bd09f P e42f9c74ab684cfa9c93b816277bb80c [term 0 FOLLOWER]: Replica starting. Triggering 0 pending ops. Active config: opid_index: -1 OBSOLETE_local: false peers { permanent_uuid: "d0d63ce6a71145e2ac2c40ed7a1c36d6" member_type: VOTER last_known_addr { host: "127.13.2.1" port: 38213 } } peers { permanent_uuid: "e42f9c74ab684cfa9c93b816277bb80c" member_type: VOTER last_known_addr { host: "127.13.2.2" port: 38221 } } peers { permanent_uuid: "2589ef4ae241488ebd6c03f07f9b0ac2" member_type: VOTER last_known_addr { host: "127.13.2.3" port: 34013 } }
I20260709 12:15:05.645053 13648 raft_consensus.cc:385] T c55e9785c19b4453ab567fd8dc9bd09f P e42f9c74ab684cfa9c93b816277bb80c [term 0 FOLLOWER]: Consensus starting up: Expiring failure detector timer to make a prompt election more likely
I20260709 12:15:05.645336 13648 raft_consensus.cc:740] T c55e9785c19b4453ab567fd8dc9bd09f P e42f9c74ab684cfa9c93b816277bb80c [term 0 FOLLOWER]: Becoming Follower/Learner. State: Replica: e42f9c74ab684cfa9c93b816277bb80c, State: Initialized, Role: FOLLOWER
I20260709 12:15:05.646612 13653 leader_election.cc:290] T 5a055fd0abf3451c9e37586a1a71c479 P d0d63ce6a71145e2ac2c40ed7a1c36d6 [CANDIDATE]: Term 1 pre-election: Requested pre-vote from peers e42f9c74ab684cfa9c93b816277bb80c (127.13.2.2:38221), 2589ef4ae241488ebd6c03f07f9b0ac2 (127.13.2.3:34013)
I20260709 12:15:05.646018 13648 consensus_queue.cc:260] T c55e9785c19b4453ab567fd8dc9bd09f P e42f9c74ab684cfa9c93b816277bb80c [NON_LEADER]: Queue going to NON_LEADER mode. State: All replicated index: 0, Majority replicated index: 0, Committed index: 0, Last appended: 0.0, Last appended by leader: 0, Current term: 0, Majority size: -1, State: 0, Mode: NON_LEADER, active raft config: opid_index: -1 OBSOLETE_local: false peers { permanent_uuid: "d0d63ce6a71145e2ac2c40ed7a1c36d6" member_type: VOTER last_known_addr { host: "127.13.2.1" port: 38213 } } peers { permanent_uuid: "e42f9c74ab684cfa9c93b816277bb80c" member_type: VOTER last_known_addr { host: "127.13.2.2" port: 38221 } } peers { permanent_uuid: "2589ef4ae241488ebd6c03f07f9b0ac2" member_type: VOTER last_known_addr { host: "127.13.2.3" port: 34013 } }
I20260709 12:15:05.642982 13649 raft_consensus.cc:740] T a4824d626c324a6ca7aa99fe4760594a P 2589ef4ae241488ebd6c03f07f9b0ac2 [term 0 FOLLOWER]: Becoming Follower/Learner. State: Replica: 2589ef4ae241488ebd6c03f07f9b0ac2, State: Initialized, Role: FOLLOWER
I20260709 12:15:05.649844 13649 consensus_queue.cc:260] T a4824d626c324a6ca7aa99fe4760594a P 2589ef4ae241488ebd6c03f07f9b0ac2 [NON_LEADER]: Queue going to NON_LEADER mode. State: All replicated index: 0, Majority replicated index: 0, Committed index: 0, Last appended: 0.0, Last appended by leader: 0, Current term: 0, Majority size: -1, State: 0, Mode: NON_LEADER, active raft config: opid_index: -1 OBSOLETE_local: false peers { permanent_uuid: "d0d63ce6a71145e2ac2c40ed7a1c36d6" member_type: VOTER last_known_addr { host: "127.13.2.1" port: 38213 } } peers { permanent_uuid: "e42f9c74ab684cfa9c93b816277bb80c" member_type: VOTER last_known_addr { host: "127.13.2.2" port: 38221 } } peers { permanent_uuid: "2589ef4ae241488ebd6c03f07f9b0ac2" member_type: VOTER last_known_addr { host: "127.13.2.3" port: 34013 } }
I20260709 12:15:05.651909 13649 ts_tablet_manager.cc:1434] T a4824d626c324a6ca7aa99fe4760594a P 2589ef4ae241488ebd6c03f07f9b0ac2: Time spent starting tablet: real 0.012s	user 0.003s	sys 0.002s
I20260709 12:15:05.652804 13649 tablet_bootstrap.cc:492] T c55e9785c19b4453ab567fd8dc9bd09f P 2589ef4ae241488ebd6c03f07f9b0ac2: Bootstrap starting.
I20260709 12:15:05.658754 13649 tablet_bootstrap.cc:654] T c55e9785c19b4453ab567fd8dc9bd09f P 2589ef4ae241488ebd6c03f07f9b0ac2: Neither blocks nor log segments found. Creating new log.
I20260709 12:15:05.660265 13648 ts_tablet_manager.cc:1434] T c55e9785c19b4453ab567fd8dc9bd09f P e42f9c74ab684cfa9c93b816277bb80c: Time spent starting tablet: real 0.025s	user 0.003s	sys 0.006s
I20260709 12:15:05.667328 13647 tablet_bootstrap.cc:492] T c55e9785c19b4453ab567fd8dc9bd09f P d0d63ce6a71145e2ac2c40ed7a1c36d6: No bootstrap required, opened a new log
I20260709 12:15:05.667878 13647 ts_tablet_manager.cc:1403] T c55e9785c19b4453ab567fd8dc9bd09f P d0d63ce6a71145e2ac2c40ed7a1c36d6: Time spent bootstrapping tablet: real 0.039s	user 0.016s	sys 0.000s
I20260709 12:15:05.670549 13647 raft_consensus.cc:359] T c55e9785c19b4453ab567fd8dc9bd09f P d0d63ce6a71145e2ac2c40ed7a1c36d6 [term 0 FOLLOWER]: Replica starting. Triggering 0 pending ops. Active config: opid_index: -1 OBSOLETE_local: false peers { permanent_uuid: "d0d63ce6a71145e2ac2c40ed7a1c36d6" member_type: VOTER last_known_addr { host: "127.13.2.1" port: 38213 } } peers { permanent_uuid: "e42f9c74ab684cfa9c93b816277bb80c" member_type: VOTER last_known_addr { host: "127.13.2.2" port: 38221 } } peers { permanent_uuid: "2589ef4ae241488ebd6c03f07f9b0ac2" member_type: VOTER last_known_addr { host: "127.13.2.3" port: 34013 } }
I20260709 12:15:05.671221 13647 raft_consensus.cc:385] T c55e9785c19b4453ab567fd8dc9bd09f P d0d63ce6a71145e2ac2c40ed7a1c36d6 [term 0 FOLLOWER]: Consensus starting up: Expiring failure detector timer to make a prompt election more likely
I20260709 12:15:05.671490 13647 raft_consensus.cc:740] T c55e9785c19b4453ab567fd8dc9bd09f P d0d63ce6a71145e2ac2c40ed7a1c36d6 [term 0 FOLLOWER]: Becoming Follower/Learner. State: Replica: d0d63ce6a71145e2ac2c40ed7a1c36d6, State: Initialized, Role: FOLLOWER
I20260709 12:15:05.671996 13648 tablet_bootstrap.cc:492] T a4824d626c324a6ca7aa99fe4760594a P e42f9c74ab684cfa9c93b816277bb80c: Bootstrap starting.
I20260709 12:15:05.672251 13647 consensus_queue.cc:260] T c55e9785c19b4453ab567fd8dc9bd09f P d0d63ce6a71145e2ac2c40ed7a1c36d6 [NON_LEADER]: Queue going to NON_LEADER mode. State: All replicated index: 0, Majority replicated index: 0, Committed index: 0, Last appended: 0.0, Last appended by leader: 0, Current term: 0, Majority size: -1, State: 0, Mode: NON_LEADER, active raft config: opid_index: -1 OBSOLETE_local: false peers { permanent_uuid: "d0d63ce6a71145e2ac2c40ed7a1c36d6" member_type: VOTER last_known_addr { host: "127.13.2.1" port: 38213 } } peers { permanent_uuid: "e42f9c74ab684cfa9c93b816277bb80c" member_type: VOTER last_known_addr { host: "127.13.2.2" port: 38221 } } peers { permanent_uuid: "2589ef4ae241488ebd6c03f07f9b0ac2" member_type: VOTER last_known_addr { host: "127.13.2.3" port: 34013 } }
I20260709 12:15:05.676290 13647 ts_tablet_manager.cc:1434] T c55e9785c19b4453ab567fd8dc9bd09f P d0d63ce6a71145e2ac2c40ed7a1c36d6: Time spent starting tablet: real 0.008s	user 0.006s	sys 0.000s
I20260709 12:15:05.677162 13647 tablet_bootstrap.cc:492] T bc927f1fda7644fcb93910b734492bf3 P d0d63ce6a71145e2ac2c40ed7a1c36d6: Bootstrap starting.
I20260709 12:15:05.687975 13647 tablet_bootstrap.cc:654] T bc927f1fda7644fcb93910b734492bf3 P d0d63ce6a71145e2ac2c40ed7a1c36d6: Neither blocks nor log segments found. Creating new log.
I20260709 12:15:05.695986 13530 tablet_service.cc:1917] Received RequestConsensusVote() RPC: tablet_id: "5a055fd0abf3451c9e37586a1a71c479" candidate_uuid: "d0d63ce6a71145e2ac2c40ed7a1c36d6" candidate_term: 1 candidate_status { last_received { term: 0 index: 0 } } ignore_live_leader: false dest_uuid: "e42f9c74ab684cfa9c93b816277bb80c" is_pre_election: true
I20260709 12:15:05.697542 13530 raft_consensus.cc:2468] T 5a055fd0abf3451c9e37586a1a71c479 P e42f9c74ab684cfa9c93b816277bb80c [term 0 FOLLOWER]: Leader pre-election vote request: Granting yes vote for candidate d0d63ce6a71145e2ac2c40ed7a1c36d6 in term 0.
I20260709 12:15:05.697691 13649 tablet_bootstrap.cc:492] T c55e9785c19b4453ab567fd8dc9bd09f P 2589ef4ae241488ebd6c03f07f9b0ac2: No bootstrap required, opened a new log
I20260709 12:15:05.698199 13649 ts_tablet_manager.cc:1403] T c55e9785c19b4453ab567fd8dc9bd09f P 2589ef4ae241488ebd6c03f07f9b0ac2: Time spent bootstrapping tablet: real 0.046s	user 0.008s	sys 0.007s
I20260709 12:15:05.699024 13647 tablet_bootstrap.cc:492] T bc927f1fda7644fcb93910b734492bf3 P d0d63ce6a71145e2ac2c40ed7a1c36d6: No bootstrap required, opened a new log
I20260709 12:15:05.699491 13647 ts_tablet_manager.cc:1403] T bc927f1fda7644fcb93910b734492bf3 P d0d63ce6a71145e2ac2c40ed7a1c36d6: Time spent bootstrapping tablet: real 0.023s	user 0.012s	sys 0.003s
I20260709 12:15:05.699642 13418 leader_election.cc:304] T 5a055fd0abf3451c9e37586a1a71c479 P d0d63ce6a71145e2ac2c40ed7a1c36d6 [CANDIDATE]: Term 1 pre-election: Election decided. Result: candidate won. Election summary: received 2 responses out of 3 voters: 2 yes votes; 0 no votes. yes voters: d0d63ce6a71145e2ac2c40ed7a1c36d6, e42f9c74ab684cfa9c93b816277bb80c; no voters: 
I20260709 12:15:05.700460 13653 raft_consensus.cc:2804] T 5a055fd0abf3451c9e37586a1a71c479 P d0d63ce6a71145e2ac2c40ed7a1c36d6 [term 0 FOLLOWER]: Leader pre-election won for term 1
I20260709 12:15:05.696799 13604 tablet_service.cc:1917] Received RequestConsensusVote() RPC: tablet_id: "5a055fd0abf3451c9e37586a1a71c479" candidate_uuid: "d0d63ce6a71145e2ac2c40ed7a1c36d6" candidate_term: 1 candidate_status { last_received { term: 0 index: 0 } } ignore_live_leader: false dest_uuid: "2589ef4ae241488ebd6c03f07f9b0ac2" is_pre_election: true
I20260709 12:15:05.700862 13653 raft_consensus.cc:493] T 5a055fd0abf3451c9e37586a1a71c479 P d0d63ce6a71145e2ac2c40ed7a1c36d6 [term 0 FOLLOWER]: Starting leader election (no leader contacted us within the election timeout)
I20260709 12:15:05.701203 13653 raft_consensus.cc:3060] T 5a055fd0abf3451c9e37586a1a71c479 P d0d63ce6a71145e2ac2c40ed7a1c36d6 [term 0 FOLLOWER]: Advancing to term 1
W20260709 12:15:05.702157 13418 leader_election.cc:343] T 5a055fd0abf3451c9e37586a1a71c479 P d0d63ce6a71145e2ac2c40ed7a1c36d6 [CANDIDATE]: Term 1 pre-election: Tablet error from VoteRequest() call to peer 2589ef4ae241488ebd6c03f07f9b0ac2 (127.13.2.3:34013): Illegal state: must be running to vote when last-logged opid is not known
I20260709 12:15:05.702587 13647 raft_consensus.cc:359] T bc927f1fda7644fcb93910b734492bf3 P d0d63ce6a71145e2ac2c40ed7a1c36d6 [term 0 FOLLOWER]: Replica starting. Triggering 0 pending ops. Active config: opid_index: -1 OBSOLETE_local: false peers { permanent_uuid: "d0d63ce6a71145e2ac2c40ed7a1c36d6" member_type: VOTER last_known_addr { host: "127.13.2.1" port: 38213 } } peers { permanent_uuid: "e42f9c74ab684cfa9c93b816277bb80c" member_type: VOTER last_known_addr { host: "127.13.2.2" port: 38221 } } peers { permanent_uuid: "2589ef4ae241488ebd6c03f07f9b0ac2" member_type: VOTER last_known_addr { host: "127.13.2.3" port: 34013 } }
I20260709 12:15:05.703204 13647 raft_consensus.cc:385] T bc927f1fda7644fcb93910b734492bf3 P d0d63ce6a71145e2ac2c40ed7a1c36d6 [term 0 FOLLOWER]: Consensus starting up: Expiring failure detector timer to make a prompt election more likely
I20260709 12:15:05.703440 13647 raft_consensus.cc:740] T bc927f1fda7644fcb93910b734492bf3 P d0d63ce6a71145e2ac2c40ed7a1c36d6 [term 0 FOLLOWER]: Becoming Follower/Learner. State: Replica: d0d63ce6a71145e2ac2c40ed7a1c36d6, State: Initialized, Role: FOLLOWER
I20260709 12:15:05.704012 13647 consensus_queue.cc:260] T bc927f1fda7644fcb93910b734492bf3 P d0d63ce6a71145e2ac2c40ed7a1c36d6 [NON_LEADER]: Queue going to NON_LEADER mode. State: All replicated index: 0, Majority replicated index: 0, Committed index: 0, Last appended: 0.0, Last appended by leader: 0, Current term: 0, Majority size: -1, State: 0, Mode: NON_LEADER, active raft config: opid_index: -1 OBSOLETE_local: false peers { permanent_uuid: "d0d63ce6a71145e2ac2c40ed7a1c36d6" member_type: VOTER last_known_addr { host: "127.13.2.1" port: 38213 } } peers { permanent_uuid: "e42f9c74ab684cfa9c93b816277bb80c" member_type: VOTER last_known_addr { host: "127.13.2.2" port: 38221 } } peers { permanent_uuid: "2589ef4ae241488ebd6c03f07f9b0ac2" member_type: VOTER last_known_addr { host: "127.13.2.3" port: 34013 } }
I20260709 12:15:05.707739 13647 ts_tablet_manager.cc:1434] T bc927f1fda7644fcb93910b734492bf3 P d0d63ce6a71145e2ac2c40ed7a1c36d6: Time spent starting tablet: real 0.008s	user 0.006s	sys 0.000s
I20260709 12:15:05.708633 13647 tablet_bootstrap.cc:492] T 4e6dfc9dc3504c08ad7d136a04d994d6 P d0d63ce6a71145e2ac2c40ed7a1c36d6: Bootstrap starting.
I20260709 12:15:05.709424 13653 raft_consensus.cc:515] T 5a055fd0abf3451c9e37586a1a71c479 P d0d63ce6a71145e2ac2c40ed7a1c36d6 [term 1 FOLLOWER]: Starting leader election with config: opid_index: -1 OBSOLETE_local: false peers { permanent_uuid: "e42f9c74ab684cfa9c93b816277bb80c" member_type: VOTER last_known_addr { host: "127.13.2.2" port: 38221 } } peers { permanent_uuid: "d0d63ce6a71145e2ac2c40ed7a1c36d6" member_type: VOTER last_known_addr { host: "127.13.2.1" port: 38213 } } peers { permanent_uuid: "2589ef4ae241488ebd6c03f07f9b0ac2" member_type: VOTER last_known_addr { host: "127.13.2.3" port: 34013 } }
I20260709 12:15:05.711228 13653 leader_election.cc:290] T 5a055fd0abf3451c9e37586a1a71c479 P d0d63ce6a71145e2ac2c40ed7a1c36d6 [CANDIDATE]: Term 1 election: Requested vote from peers e42f9c74ab684cfa9c93b816277bb80c (127.13.2.2:38221), 2589ef4ae241488ebd6c03f07f9b0ac2 (127.13.2.3:34013)
I20260709 12:15:05.708272 13649 raft_consensus.cc:359] T c55e9785c19b4453ab567fd8dc9bd09f P 2589ef4ae241488ebd6c03f07f9b0ac2 [term 0 FOLLOWER]: Replica starting. Triggering 0 pending ops. Active config: opid_index: -1 OBSOLETE_local: false peers { permanent_uuid: "d0d63ce6a71145e2ac2c40ed7a1c36d6" member_type: VOTER last_known_addr { host: "127.13.2.1" port: 38213 } } peers { permanent_uuid: "e42f9c74ab684cfa9c93b816277bb80c" member_type: VOTER last_known_addr { host: "127.13.2.2" port: 38221 } } peers { permanent_uuid: "2589ef4ae241488ebd6c03f07f9b0ac2" member_type: VOTER last_known_addr { host: "127.13.2.3" port: 34013 } }
I20260709 12:15:05.711758 13649 raft_consensus.cc:385] T c55e9785c19b4453ab567fd8dc9bd09f P 2589ef4ae241488ebd6c03f07f9b0ac2 [term 0 FOLLOWER]: Consensus starting up: Expiring failure detector timer to make a prompt election more likely
I20260709 12:15:05.712031 13649 raft_consensus.cc:740] T c55e9785c19b4453ab567fd8dc9bd09f P 2589ef4ae241488ebd6c03f07f9b0ac2 [term 0 FOLLOWER]: Becoming Follower/Learner. State: Replica: 2589ef4ae241488ebd6c03f07f9b0ac2, State: Initialized, Role: FOLLOWER
I20260709 12:15:05.696877 13648 tablet_bootstrap.cc:654] T a4824d626c324a6ca7aa99fe4760594a P e42f9c74ab684cfa9c93b816277bb80c: Neither blocks nor log segments found. Creating new log.
I20260709 12:15:05.713819 13649 consensus_queue.cc:260] T c55e9785c19b4453ab567fd8dc9bd09f P 2589ef4ae241488ebd6c03f07f9b0ac2 [NON_LEADER]: Queue going to NON_LEADER mode. State: All replicated index: 0, Majority replicated index: 0, Committed index: 0, Last appended: 0.0, Last appended by leader: 0, Current term: 0, Majority size: -1, State: 0, Mode: NON_LEADER, active raft config: opid_index: -1 OBSOLETE_local: false peers { permanent_uuid: "d0d63ce6a71145e2ac2c40ed7a1c36d6" member_type: VOTER last_known_addr { host: "127.13.2.1" port: 38213 } } peers { permanent_uuid: "e42f9c74ab684cfa9c93b816277bb80c" member_type: VOTER last_known_addr { host: "127.13.2.2" port: 38221 } } peers { permanent_uuid: "2589ef4ae241488ebd6c03f07f9b0ac2" member_type: VOTER last_known_addr { host: "127.13.2.3" port: 34013 } }
I20260709 12:15:05.715481 13647 tablet_bootstrap.cc:654] T 4e6dfc9dc3504c08ad7d136a04d994d6 P d0d63ce6a71145e2ac2c40ed7a1c36d6: Neither blocks nor log segments found. Creating new log.
I20260709 12:15:05.716323 13649 ts_tablet_manager.cc:1434] T c55e9785c19b4453ab567fd8dc9bd09f P 2589ef4ae241488ebd6c03f07f9b0ac2: Time spent starting tablet: real 0.018s	user 0.001s	sys 0.005s
I20260709 12:15:05.717207 13649 tablet_bootstrap.cc:492] T 5a055fd0abf3451c9e37586a1a71c479 P 2589ef4ae241488ebd6c03f07f9b0ac2: Bootstrap starting.
I20260709 12:15:05.717420 13530 tablet_service.cc:1917] Received RequestConsensusVote() RPC: tablet_id: "5a055fd0abf3451c9e37586a1a71c479" candidate_uuid: "d0d63ce6a71145e2ac2c40ed7a1c36d6" candidate_term: 1 candidate_status { last_received { term: 0 index: 0 } } ignore_live_leader: false dest_uuid: "e42f9c74ab684cfa9c93b816277bb80c"
I20260709 12:15:05.717952 13530 raft_consensus.cc:3060] T 5a055fd0abf3451c9e37586a1a71c479 P e42f9c74ab684cfa9c93b816277bb80c [term 0 FOLLOWER]: Advancing to term 1
I20260709 12:15:05.723114 13649 tablet_bootstrap.cc:654] T 5a055fd0abf3451c9e37586a1a71c479 P 2589ef4ae241488ebd6c03f07f9b0ac2: Neither blocks nor log segments found. Creating new log.
I20260709 12:15:05.724049 13604 tablet_service.cc:1917] Received RequestConsensusVote() RPC: tablet_id: "5a055fd0abf3451c9e37586a1a71c479" candidate_uuid: "d0d63ce6a71145e2ac2c40ed7a1c36d6" candidate_term: 1 candidate_status { last_received { term: 0 index: 0 } } ignore_live_leader: false dest_uuid: "2589ef4ae241488ebd6c03f07f9b0ac2"
I20260709 12:15:05.729135 13648 tablet_bootstrap.cc:492] T a4824d626c324a6ca7aa99fe4760594a P e42f9c74ab684cfa9c93b816277bb80c: No bootstrap required, opened a new log
I20260709 12:15:05.729562 13648 ts_tablet_manager.cc:1403] T a4824d626c324a6ca7aa99fe4760594a P e42f9c74ab684cfa9c93b816277bb80c: Time spent bootstrapping tablet: real 0.058s	user 0.008s	sys 0.003s
W20260709 12:15:05.731511 13418 leader_election.cc:343] T 5a055fd0abf3451c9e37586a1a71c479 P d0d63ce6a71145e2ac2c40ed7a1c36d6 [CANDIDATE]: Term 1 election: Tablet error from VoteRequest() call to peer 2589ef4ae241488ebd6c03f07f9b0ac2 (127.13.2.3:34013): Illegal state: must be running to vote when last-logged opid is not known
I20260709 12:15:05.732029 13648 raft_consensus.cc:359] T a4824d626c324a6ca7aa99fe4760594a P e42f9c74ab684cfa9c93b816277bb80c [term 0 FOLLOWER]: Replica starting. Triggering 0 pending ops. Active config: opid_index: -1 OBSOLETE_local: false peers { permanent_uuid: "d0d63ce6a71145e2ac2c40ed7a1c36d6" member_type: VOTER last_known_addr { host: "127.13.2.1" port: 38213 } } peers { permanent_uuid: "e42f9c74ab684cfa9c93b816277bb80c" member_type: VOTER last_known_addr { host: "127.13.2.2" port: 38221 } } peers { permanent_uuid: "2589ef4ae241488ebd6c03f07f9b0ac2" member_type: VOTER last_known_addr { host: "127.13.2.3" port: 34013 } }
I20260709 12:15:05.732801 13648 raft_consensus.cc:385] T a4824d626c324a6ca7aa99fe4760594a P e42f9c74ab684cfa9c93b816277bb80c [term 0 FOLLOWER]: Consensus starting up: Expiring failure detector timer to make a prompt election more likely
I20260709 12:15:05.733093 13648 raft_consensus.cc:740] T a4824d626c324a6ca7aa99fe4760594a P e42f9c74ab684cfa9c93b816277bb80c [term 0 FOLLOWER]: Becoming Follower/Learner. State: Replica: e42f9c74ab684cfa9c93b816277bb80c, State: Initialized, Role: FOLLOWER
I20260709 12:15:05.733760 13648 consensus_queue.cc:260] T a4824d626c324a6ca7aa99fe4760594a P e42f9c74ab684cfa9c93b816277bb80c [NON_LEADER]: Queue going to NON_LEADER mode. State: All replicated index: 0, Majority replicated index: 0, Committed index: 0, Last appended: 0.0, Last appended by leader: 0, Current term: 0, Majority size: -1, State: 0, Mode: NON_LEADER, active raft config: opid_index: -1 OBSOLETE_local: false peers { permanent_uuid: "d0d63ce6a71145e2ac2c40ed7a1c36d6" member_type: VOTER last_known_addr { host: "127.13.2.1" port: 38213 } } peers { permanent_uuid: "e42f9c74ab684cfa9c93b816277bb80c" member_type: VOTER last_known_addr { host: "127.13.2.2" port: 38221 } } peers { permanent_uuid: "2589ef4ae241488ebd6c03f07f9b0ac2" member_type: VOTER last_known_addr { host: "127.13.2.3" port: 34013 } }
I20260709 12:15:05.740569 13648 ts_tablet_manager.cc:1434] T a4824d626c324a6ca7aa99fe4760594a P e42f9c74ab684cfa9c93b816277bb80c: Time spent starting tablet: real 0.011s	user 0.007s	sys 0.001s
I20260709 12:15:05.742003 13648 tablet_bootstrap.cc:492] T 4e6dfc9dc3504c08ad7d136a04d994d6 P e42f9c74ab684cfa9c93b816277bb80c: Bootstrap starting.
I20260709 12:15:05.746205 13649 tablet_bootstrap.cc:492] T 5a055fd0abf3451c9e37586a1a71c479 P 2589ef4ae241488ebd6c03f07f9b0ac2: No bootstrap required, opened a new log
I20260709 12:15:05.746490 13647 tablet_bootstrap.cc:492] T 4e6dfc9dc3504c08ad7d136a04d994d6 P d0d63ce6a71145e2ac2c40ed7a1c36d6: No bootstrap required, opened a new log
I20260709 12:15:05.746666 13649 ts_tablet_manager.cc:1403] T 5a055fd0abf3451c9e37586a1a71c479 P 2589ef4ae241488ebd6c03f07f9b0ac2: Time spent bootstrapping tablet: real 0.030s	user 0.010s	sys 0.000s
I20260709 12:15:05.746930 13647 ts_tablet_manager.cc:1403] T 4e6dfc9dc3504c08ad7d136a04d994d6 P d0d63ce6a71145e2ac2c40ed7a1c36d6: Time spent bootstrapping tablet: real 0.038s	user 0.023s	sys 0.007s
I20260709 12:15:05.744582 13530 raft_consensus.cc:2468] T 5a055fd0abf3451c9e37586a1a71c479 P e42f9c74ab684cfa9c93b816277bb80c [term 1 FOLLOWER]: Leader election vote request: Granting yes vote for candidate d0d63ce6a71145e2ac2c40ed7a1c36d6 in term 1.
I20260709 12:15:05.752346 13418 leader_election.cc:304] T 5a055fd0abf3451c9e37586a1a71c479 P d0d63ce6a71145e2ac2c40ed7a1c36d6 [CANDIDATE]: Term 1 election: Election decided. Result: candidate won. Election summary: received 3 responses out of 3 voters: 2 yes votes; 1 no votes. yes voters: d0d63ce6a71145e2ac2c40ed7a1c36d6, e42f9c74ab684cfa9c93b816277bb80c; no voters: 2589ef4ae241488ebd6c03f07f9b0ac2
I20260709 12:15:05.753116 13653 raft_consensus.cc:2804] T 5a055fd0abf3451c9e37586a1a71c479 P d0d63ce6a71145e2ac2c40ed7a1c36d6 [term 1 FOLLOWER]: Leader election won for term 1
I20260709 12:15:05.752874 13647 raft_consensus.cc:359] T 4e6dfc9dc3504c08ad7d136a04d994d6 P d0d63ce6a71145e2ac2c40ed7a1c36d6 [term 0 FOLLOWER]: Replica starting. Triggering 0 pending ops. Active config: opid_index: -1 OBSOLETE_local: false peers { permanent_uuid: "d0d63ce6a71145e2ac2c40ed7a1c36d6" member_type: VOTER last_known_addr { host: "127.13.2.1" port: 38213 } } peers { permanent_uuid: "e42f9c74ab684cfa9c93b816277bb80c" member_type: VOTER last_known_addr { host: "127.13.2.2" port: 38221 } } peers { permanent_uuid: "2589ef4ae241488ebd6c03f07f9b0ac2" member_type: VOTER last_known_addr { host: "127.13.2.3" port: 34013 } }
I20260709 12:15:05.753553 13647 raft_consensus.cc:385] T 4e6dfc9dc3504c08ad7d136a04d994d6 P d0d63ce6a71145e2ac2c40ed7a1c36d6 [term 0 FOLLOWER]: Consensus starting up: Expiring failure detector timer to make a prompt election more likely
I20260709 12:15:05.753580 13653 raft_consensus.cc:697] T 5a055fd0abf3451c9e37586a1a71c479 P d0d63ce6a71145e2ac2c40ed7a1c36d6 [term 1 LEADER]: Becoming Leader. State: Replica: d0d63ce6a71145e2ac2c40ed7a1c36d6, State: Running, Role: LEADER
I20260709 12:15:05.753121 13649 raft_consensus.cc:359] T 5a055fd0abf3451c9e37586a1a71c479 P 2589ef4ae241488ebd6c03f07f9b0ac2 [term 0 FOLLOWER]: Replica starting. Triggering 0 pending ops. Active config: opid_index: -1 OBSOLETE_local: false peers { permanent_uuid: "e42f9c74ab684cfa9c93b816277bb80c" member_type: VOTER last_known_addr { host: "127.13.2.2" port: 38221 } } peers { permanent_uuid: "d0d63ce6a71145e2ac2c40ed7a1c36d6" member_type: VOTER last_known_addr { host: "127.13.2.1" port: 38213 } } peers { permanent_uuid: "2589ef4ae241488ebd6c03f07f9b0ac2" member_type: VOTER last_known_addr { host: "127.13.2.3" port: 34013 } }
I20260709 12:15:05.754895 13649 raft_consensus.cc:385] T 5a055fd0abf3451c9e37586a1a71c479 P 2589ef4ae241488ebd6c03f07f9b0ac2 [term 0 FOLLOWER]: Consensus starting up: Expiring failure detector timer to make a prompt election more likely
I20260709 12:15:05.754624 13653 consensus_queue.cc:237] T 5a055fd0abf3451c9e37586a1a71c479 P d0d63ce6a71145e2ac2c40ed7a1c36d6 [LEADER]: Queue going to LEADER mode. State: All replicated index: 0, Majority replicated index: 0, Committed index: 0, Last appended: 0.0, Last appended by leader: 0, Current term: 1, Majority size: 2, State: 0, Mode: LEADER, active raft config: opid_index: -1 OBSOLETE_local: false peers { permanent_uuid: "e42f9c74ab684cfa9c93b816277bb80c" member_type: VOTER last_known_addr { host: "127.13.2.2" port: 38221 } } peers { permanent_uuid: "d0d63ce6a71145e2ac2c40ed7a1c36d6" member_type: VOTER last_known_addr { host: "127.13.2.1" port: 38213 } } peers { permanent_uuid: "2589ef4ae241488ebd6c03f07f9b0ac2" member_type: VOTER last_known_addr { host: "127.13.2.3" port: 34013 } }
I20260709 12:15:05.755311 13649 raft_consensus.cc:740] T 5a055fd0abf3451c9e37586a1a71c479 P 2589ef4ae241488ebd6c03f07f9b0ac2 [term 0 FOLLOWER]: Becoming Follower/Learner. State: Replica: 2589ef4ae241488ebd6c03f07f9b0ac2, State: Initialized, Role: FOLLOWER
I20260709 12:15:05.756062 13649 consensus_queue.cc:260] T 5a055fd0abf3451c9e37586a1a71c479 P 2589ef4ae241488ebd6c03f07f9b0ac2 [NON_LEADER]: Queue going to NON_LEADER mode. State: All replicated index: 0, Majority replicated index: 0, Committed index: 0, Last appended: 0.0, Last appended by leader: 0, Current term: 0, Majority size: -1, State: 0, Mode: NON_LEADER, active raft config: opid_index: -1 OBSOLETE_local: false peers { permanent_uuid: "e42f9c74ab684cfa9c93b816277bb80c" member_type: VOTER last_known_addr { host: "127.13.2.2" port: 38221 } } peers { permanent_uuid: "d0d63ce6a71145e2ac2c40ed7a1c36d6" member_type: VOTER last_known_addr { host: "127.13.2.1" port: 38213 } } peers { permanent_uuid: "2589ef4ae241488ebd6c03f07f9b0ac2" member_type: VOTER last_known_addr { host: "127.13.2.3" port: 34013 } }
I20260709 12:15:05.758054 13649 ts_tablet_manager.cc:1434] T 5a055fd0abf3451c9e37586a1a71c479 P 2589ef4ae241488ebd6c03f07f9b0ac2: Time spent starting tablet: real 0.011s	user 0.007s	sys 0.000s
I20260709 12:15:05.758960 13649 tablet_bootstrap.cc:492] T 92011d7c327d4d0da2c0b756d1443409 P 2589ef4ae241488ebd6c03f07f9b0ac2: Bootstrap starting.
I20260709 12:15:05.759023 13647 raft_consensus.cc:740] T 4e6dfc9dc3504c08ad7d136a04d994d6 P d0d63ce6a71145e2ac2c40ed7a1c36d6 [term 0 FOLLOWER]: Becoming Follower/Learner. State: Replica: d0d63ce6a71145e2ac2c40ed7a1c36d6, State: Initialized, Role: FOLLOWER
I20260709 12:15:05.759815 13647 consensus_queue.cc:260] T 4e6dfc9dc3504c08ad7d136a04d994d6 P d0d63ce6a71145e2ac2c40ed7a1c36d6 [NON_LEADER]: Queue going to NON_LEADER mode. State: All replicated index: 0, Majority replicated index: 0, Committed index: 0, Last appended: 0.0, Last appended by leader: 0, Current term: 0, Majority size: -1, State: 0, Mode: NON_LEADER, active raft config: opid_index: -1 OBSOLETE_local: false peers { permanent_uuid: "d0d63ce6a71145e2ac2c40ed7a1c36d6" member_type: VOTER last_known_addr { host: "127.13.2.1" port: 38213 } } peers { permanent_uuid: "e42f9c74ab684cfa9c93b816277bb80c" member_type: VOTER last_known_addr { host: "127.13.2.2" port: 38221 } } peers { permanent_uuid: "2589ef4ae241488ebd6c03f07f9b0ac2" member_type: VOTER last_known_addr { host: "127.13.2.3" port: 34013 } }
I20260709 12:15:05.763753 13647 ts_tablet_manager.cc:1434] T 4e6dfc9dc3504c08ad7d136a04d994d6 P d0d63ce6a71145e2ac2c40ed7a1c36d6: Time spent starting tablet: real 0.017s	user 0.003s	sys 0.007s
I20260709 12:15:05.764590 13647 tablet_bootstrap.cc:492] T a4824d626c324a6ca7aa99fe4760594a P d0d63ce6a71145e2ac2c40ed7a1c36d6: Bootstrap starting.
I20260709 12:15:05.765286 13649 tablet_bootstrap.cc:654] T 92011d7c327d4d0da2c0b756d1443409 P 2589ef4ae241488ebd6c03f07f9b0ac2: Neither blocks nor log segments found. Creating new log.
I20260709 12:15:05.771622 13648 tablet_bootstrap.cc:654] T 4e6dfc9dc3504c08ad7d136a04d994d6 P e42f9c74ab684cfa9c93b816277bb80c: Neither blocks nor log segments found. Creating new log.
I20260709 12:15:05.772230 13666 raft_consensus.cc:493] T 4e6dfc9dc3504c08ad7d136a04d994d6 P d0d63ce6a71145e2ac2c40ed7a1c36d6 [term 0 FOLLOWER]: Starting pre-election (no leader contacted us within the election timeout)
I20260709 12:15:05.786777 13647 tablet_bootstrap.cc:654] T a4824d626c324a6ca7aa99fe4760594a P d0d63ce6a71145e2ac2c40ed7a1c36d6: Neither blocks nor log segments found. Creating new log.
I20260709 12:15:05.772691 13666 raft_consensus.cc:515] T 4e6dfc9dc3504c08ad7d136a04d994d6 P d0d63ce6a71145e2ac2c40ed7a1c36d6 [term 0 FOLLOWER]: Starting pre-election with config: opid_index: -1 OBSOLETE_local: false peers { permanent_uuid: "d0d63ce6a71145e2ac2c40ed7a1c36d6" member_type: VOTER last_known_addr { host: "127.13.2.1" port: 38213 } } peers { permanent_uuid: "e42f9c74ab684cfa9c93b816277bb80c" member_type: VOTER last_known_addr { host: "127.13.2.2" port: 38221 } } peers { permanent_uuid: "2589ef4ae241488ebd6c03f07f9b0ac2" member_type: VOTER last_known_addr { host: "127.13.2.3" port: 34013 } }
I20260709 12:15:05.789330 13666 leader_election.cc:290] T 4e6dfc9dc3504c08ad7d136a04d994d6 P d0d63ce6a71145e2ac2c40ed7a1c36d6 [CANDIDATE]: Term 1 pre-election: Requested pre-vote from peers e42f9c74ab684cfa9c93b816277bb80c (127.13.2.2:38221), 2589ef4ae241488ebd6c03f07f9b0ac2 (127.13.2.3:34013)
I20260709 12:15:05.791016 13351 catalog_manager.cc:5697] T 5a055fd0abf3451c9e37586a1a71c479 P d0d63ce6a71145e2ac2c40ed7a1c36d6 reported cstate change: term changed from 0 to 1, leader changed from <none> to d0d63ce6a71145e2ac2c40ed7a1c36d6 (127.13.2.1). New cstate: current_term: 1 leader_uuid: "d0d63ce6a71145e2ac2c40ed7a1c36d6" committed_config { opid_index: -1 OBSOLETE_local: false peers { permanent_uuid: "e42f9c74ab684cfa9c93b816277bb80c" member_type: VOTER last_known_addr { host: "127.13.2.2" port: 38221 } health_report { overall_health: UNKNOWN } } peers { permanent_uuid: "d0d63ce6a71145e2ac2c40ed7a1c36d6" member_type: VOTER last_known_addr { host: "127.13.2.1" port: 38213 } health_report { overall_health: HEALTHY } } peers { permanent_uuid: "2589ef4ae241488ebd6c03f07f9b0ac2" member_type: VOTER last_known_addr { host: "127.13.2.3" port: 34013 } health_report { overall_health: UNKNOWN } } }
I20260709 12:15:05.792541 13653 raft_consensus.cc:493] T 2c209278825540c98e827d60f9ffa62c P d0d63ce6a71145e2ac2c40ed7a1c36d6 [term 0 FOLLOWER]: Starting pre-election (no leader contacted us within the election timeout)
I20260709 12:15:05.793025 13653 raft_consensus.cc:515] T 2c209278825540c98e827d60f9ffa62c P d0d63ce6a71145e2ac2c40ed7a1c36d6 [term 0 FOLLOWER]: Starting pre-election with config: opid_index: -1 OBSOLETE_local: false peers { permanent_uuid: "d0d63ce6a71145e2ac2c40ed7a1c36d6" member_type: VOTER last_known_addr { host: "127.13.2.1" port: 38213 } } peers { permanent_uuid: "e42f9c74ab684cfa9c93b816277bb80c" member_type: VOTER last_known_addr { host: "127.13.2.2" port: 38221 } } peers { permanent_uuid: "2589ef4ae241488ebd6c03f07f9b0ac2" member_type: VOTER last_known_addr { host: "127.13.2.3" port: 34013 } }
I20260709 12:15:05.794909 13653 leader_election.cc:290] T 2c209278825540c98e827d60f9ffa62c P d0d63ce6a71145e2ac2c40ed7a1c36d6 [CANDIDATE]: Term 1 pre-election: Requested pre-vote from peers e42f9c74ab684cfa9c93b816277bb80c (127.13.2.2:38221), 2589ef4ae241488ebd6c03f07f9b0ac2 (127.13.2.3:34013)
I20260709 12:15:05.799060 13648 tablet_bootstrap.cc:492] T 4e6dfc9dc3504c08ad7d136a04d994d6 P e42f9c74ab684cfa9c93b816277bb80c: No bootstrap required, opened a new log
I20260709 12:15:05.799507 13648 ts_tablet_manager.cc:1403] T 4e6dfc9dc3504c08ad7d136a04d994d6 P e42f9c74ab684cfa9c93b816277bb80c: Time spent bootstrapping tablet: real 0.058s	user 0.005s	sys 0.010s
I20260709 12:15:05.799499 13649 tablet_bootstrap.cc:492] T 92011d7c327d4d0da2c0b756d1443409 P 2589ef4ae241488ebd6c03f07f9b0ac2: No bootstrap required, opened a new log
I20260709 12:15:05.800350 13649 ts_tablet_manager.cc:1403] T 92011d7c327d4d0da2c0b756d1443409 P 2589ef4ae241488ebd6c03f07f9b0ac2: Time spent bootstrapping tablet: real 0.042s	user 0.016s	sys 0.004s
I20260709 12:15:05.801857 13647 tablet_bootstrap.cc:492] T a4824d626c324a6ca7aa99fe4760594a P d0d63ce6a71145e2ac2c40ed7a1c36d6: No bootstrap required, opened a new log
I20260709 12:15:05.802302 13647 ts_tablet_manager.cc:1403] T a4824d626c324a6ca7aa99fe4760594a P d0d63ce6a71145e2ac2c40ed7a1c36d6: Time spent bootstrapping tablet: real 0.038s	user 0.004s	sys 0.007s
I20260709 12:15:05.802829 13648 raft_consensus.cc:359] T 4e6dfc9dc3504c08ad7d136a04d994d6 P e42f9c74ab684cfa9c93b816277bb80c [term 0 FOLLOWER]: Replica starting. Triggering 0 pending ops. Active config: opid_index: -1 OBSOLETE_local: false peers { permanent_uuid: "d0d63ce6a71145e2ac2c40ed7a1c36d6" member_type: VOTER last_known_addr { host: "127.13.2.1" port: 38213 } } peers { permanent_uuid: "e42f9c74ab684cfa9c93b816277bb80c" member_type: VOTER last_known_addr { host: "127.13.2.2" port: 38221 } } peers { permanent_uuid: "2589ef4ae241488ebd6c03f07f9b0ac2" member_type: VOTER last_known_addr { host: "127.13.2.3" port: 34013 } }
I20260709 12:15:05.803493 13648 raft_consensus.cc:385] T 4e6dfc9dc3504c08ad7d136a04d994d6 P e42f9c74ab684cfa9c93b816277bb80c [term 0 FOLLOWER]: Consensus starting up: Expiring failure detector timer to make a prompt election more likely
I20260709 12:15:05.803278 13649 raft_consensus.cc:359] T 92011d7c327d4d0da2c0b756d1443409 P 2589ef4ae241488ebd6c03f07f9b0ac2 [term 0 FOLLOWER]: Replica starting. Triggering 0 pending ops. Active config: opid_index: -1 OBSOLETE_local: false peers { permanent_uuid: "d0d63ce6a71145e2ac2c40ed7a1c36d6" member_type: VOTER last_known_addr { host: "127.13.2.1" port: 38213 } } peers { permanent_uuid: "e42f9c74ab684cfa9c93b816277bb80c" member_type: VOTER last_known_addr { host: "127.13.2.2" port: 38221 } } peers { permanent_uuid: "2589ef4ae241488ebd6c03f07f9b0ac2" member_type: VOTER last_known_addr { host: "127.13.2.3" port: 34013 } }
I20260709 12:15:05.804191 13649 raft_consensus.cc:385] T 92011d7c327d4d0da2c0b756d1443409 P 2589ef4ae241488ebd6c03f07f9b0ac2 [term 0 FOLLOWER]: Consensus starting up: Expiring failure detector timer to make a prompt election more likely
I20260709 12:15:05.803843 13648 raft_consensus.cc:740] T 4e6dfc9dc3504c08ad7d136a04d994d6 P e42f9c74ab684cfa9c93b816277bb80c [term 0 FOLLOWER]: Becoming Follower/Learner. State: Replica: e42f9c74ab684cfa9c93b816277bb80c, State: Initialized, Role: FOLLOWER
I20260709 12:15:05.804600 13649 raft_consensus.cc:740] T 92011d7c327d4d0da2c0b756d1443409 P 2589ef4ae241488ebd6c03f07f9b0ac2 [term 0 FOLLOWER]: Becoming Follower/Learner. State: Replica: 2589ef4ae241488ebd6c03f07f9b0ac2, State: Initialized, Role: FOLLOWER
I20260709 12:15:05.805145 13647 raft_consensus.cc:359] T a4824d626c324a6ca7aa99fe4760594a P d0d63ce6a71145e2ac2c40ed7a1c36d6 [term 0 FOLLOWER]: Replica starting. Triggering 0 pending ops. Active config: opid_index: -1 OBSOLETE_local: false peers { permanent_uuid: "d0d63ce6a71145e2ac2c40ed7a1c36d6" member_type: VOTER last_known_addr { host: "127.13.2.1" port: 38213 } } peers { permanent_uuid: "e42f9c74ab684cfa9c93b816277bb80c" member_type: VOTER last_known_addr { host: "127.13.2.2" port: 38221 } } peers { permanent_uuid: "2589ef4ae241488ebd6c03f07f9b0ac2" member_type: VOTER last_known_addr { host: "127.13.2.3" port: 34013 } }
I20260709 12:15:05.805073 13648 consensus_queue.cc:260] T 4e6dfc9dc3504c08ad7d136a04d994d6 P e42f9c74ab684cfa9c93b816277bb80c [NON_LEADER]: Queue going to NON_LEADER mode. State: All replicated index: 0, Majority replicated index: 0, Committed index: 0, Last appended: 0.0, Last appended by leader: 0, Current term: 0, Majority size: -1, State: 0, Mode: NON_LEADER, active raft config: opid_index: -1 OBSOLETE_local: false peers { permanent_uuid: "d0d63ce6a71145e2ac2c40ed7a1c36d6" member_type: VOTER last_known_addr { host: "127.13.2.1" port: 38213 } } peers { permanent_uuid: "e42f9c74ab684cfa9c93b816277bb80c" member_type: VOTER last_known_addr { host: "127.13.2.2" port: 38221 } } peers { permanent_uuid: "2589ef4ae241488ebd6c03f07f9b0ac2" member_type: VOTER last_known_addr { host: "127.13.2.3" port: 34013 } }
