I20260709 12:16:04.789274 31926 tablet_service.cc:1917] Received RequestConsensusVote() RPC: tablet_id: "5e271b38e6ea4fa798cac2a206e9e54f" candidate_uuid: "c27530ab8d294bfb9ec28c09d01c5db9" candidate_term: 1 candidate_status { last_received { term: 0 index: 0 } } ignore_live_leader: false dest_uuid: "ebd85e8d5c0c44b785e5eb4d5257b1d3"
I20260709 12:16:04.790088 31926 raft_consensus.cc:3060] T 5e271b38e6ea4fa798cac2a206e9e54f P ebd85e8d5c0c44b785e5eb4d5257b1d3 [term 0 FOLLOWER]: Advancing to term 1
I20260709 12:16:04.793905 32118 raft_consensus.cc:740] T 9a9bd280bb1742ea80c704f5f76b838f P c27530ab8d294bfb9ec28c09d01c5db9 [term 0 FOLLOWER]: Becoming Follower/Learner. State: Replica: c27530ab8d294bfb9ec28c09d01c5db9, State: Initialized, Role: FOLLOWER
I20260709 12:16:04.794757 32118 consensus_queue.cc:260] T 9a9bd280bb1742ea80c704f5f76b838f P c27530ab8d294bfb9ec28c09d01c5db9 [NON_LEADER]: Queue going to NON_LEADER mode. State: All replicated index: 0, Majority replicated index: 0, Committed index: 0, Last appended: 0.0, Last appended by leader: 0, Current term: 0, Majority size: -1, State: 0, Mode: NON_LEADER, active raft config: opid_index: -1 OBSOLETE_local: false peers { permanent_uuid: "ebd85e8d5c0c44b785e5eb4d5257b1d3" member_type: VOTER last_known_addr { host: "127.30.14.193" port: 36577 } } peers { permanent_uuid: "c27530ab8d294bfb9ec28c09d01c5db9" member_type: VOTER last_known_addr { host: "127.30.14.194" port: 34867 } } peers { permanent_uuid: "186f816e15a34305bea6ee2d06456cef" member_type: VOTER last_known_addr { host: "127.30.14.195" port: 39285 } }
I20260709 12:16:04.796885 32118 ts_tablet_manager.cc:1434] T 9a9bd280bb1742ea80c704f5f76b838f P c27530ab8d294bfb9ec28c09d01c5db9: Time spent starting tablet: real 0.055s	user 0.006s	sys 0.000s
I20260709 12:16:04.804656 32117 tablet_bootstrap.cc:492] T 12a46736a4fc40968de743eff2984b81 P ebd85e8d5c0c44b785e5eb4d5257b1d3: No bootstrap required, opened a new log
I20260709 12:16:04.809106 31926 raft_consensus.cc:2468] T 5e271b38e6ea4fa798cac2a206e9e54f P ebd85e8d5c0c44b785e5eb4d5257b1d3 [term 1 FOLLOWER]: Leader election vote request: Granting yes vote for candidate c27530ab8d294bfb9ec28c09d01c5db9 in term 1.
W20260709 12:16:04.798487 31968 leader_election.cc:343] T 5e271b38e6ea4fa798cac2a206e9e54f P c27530ab8d294bfb9ec28c09d01c5db9 [CANDIDATE]: Term 1 election: Tablet error from VoteRequest() call to peer 186f816e15a34305bea6ee2d06456cef (127.30.14.195:39285): Illegal state: must be running to vote when last-logged opid is not known
I20260709 12:16:04.826866 32117 ts_tablet_manager.cc:1403] T 12a46736a4fc40968de743eff2984b81 P ebd85e8d5c0c44b785e5eb4d5257b1d3: Time spent bootstrapping tablet: real 0.149s	user 0.065s	sys 0.048s
I20260709 12:16:04.799994 31925 raft_consensus.cc:2468] T 9971040f02da4981a91b3efbc8b0b2c0 P ebd85e8d5c0c44b785e5eb4d5257b1d3 [term 1 FOLLOWER]: Leader election vote request: Granting yes vote for candidate c27530ab8d294bfb9ec28c09d01c5db9 in term 1.
I20260709 12:16:04.809249 31825 catalog_manager.cc:5697] T 82e00e32792c44eeb09eb72a68aef7a2 P c27530ab8d294bfb9ec28c09d01c5db9 reported cstate change: term changed from 0 to 1, leader changed from <none> to c27530ab8d294bfb9ec28c09d01c5db9 (127.30.14.194). New cstate: current_term: 1 leader_uuid: "c27530ab8d294bfb9ec28c09d01c5db9" committed_config { opid_index: -1 OBSOLETE_local: false peers { permanent_uuid: "ebd85e8d5c0c44b785e5eb4d5257b1d3" member_type: VOTER last_known_addr { host: "127.30.14.193" port: 36577 } health_report { overall_health: UNKNOWN } } peers { permanent_uuid: "c27530ab8d294bfb9ec28c09d01c5db9" member_type: VOTER last_known_addr { host: "127.30.14.194" port: 34867 } health_report { overall_health: HEALTHY } } peers { permanent_uuid: "186f816e15a34305bea6ee2d06456cef" member_type: VOTER last_known_addr { host: "127.30.14.195" port: 39285 } health_report { overall_health: UNKNOWN } } }
W20260709 12:16:04.828568 31968 leader_election.cc:343] T 9971040f02da4981a91b3efbc8b0b2c0 P c27530ab8d294bfb9ec28c09d01c5db9 [CANDIDATE]: Term 1 election: Tablet error from VoteRequest() call to peer 186f816e15a34305bea6ee2d06456cef (127.30.14.195:39285): Illegal state: must be running to vote when last-logged opid is not known
I20260709 12:16:04.829031 32146 consensus_queue.cc:1048] T 8308a0fe070f41a5a45e03200635f8b3 P c27530ab8d294bfb9ec28c09d01c5db9 [LEADER]: Connected to new peer: Peer: permanent_uuid: "186f816e15a34305bea6ee2d06456cef" member_type: VOTER last_known_addr { host: "127.30.14.195" port: 39285 }, Status: LMP_MISMATCH, Last received: 0.0, Next index: 1, Last known committed idx: 0, Time since last communication: 0.000s
I20260709 12:16:04.829597 32117 raft_consensus.cc:359] T 12a46736a4fc40968de743eff2984b81 P ebd85e8d5c0c44b785e5eb4d5257b1d3 [term 0 FOLLOWER]: Replica starting. Triggering 0 pending ops. Active config: opid_index: -1 OBSOLETE_local: false peers { permanent_uuid: "ebd85e8d5c0c44b785e5eb4d5257b1d3" member_type: VOTER last_known_addr { host: "127.30.14.193" port: 36577 } } peers { permanent_uuid: "c27530ab8d294bfb9ec28c09d01c5db9" member_type: VOTER last_known_addr { host: "127.30.14.194" port: 34867 } } peers { permanent_uuid: "186f816e15a34305bea6ee2d06456cef" member_type: VOTER last_known_addr { host: "127.30.14.195" port: 39285 } }
I20260709 12:16:04.830250 32117 raft_consensus.cc:385] T 12a46736a4fc40968de743eff2984b81 P ebd85e8d5c0c44b785e5eb4d5257b1d3 [term 0 FOLLOWER]: Consensus starting up: Expiring failure detector timer to make a prompt election more likely
I20260709 12:16:04.830071 32334 consensus_queue.cc:1048] T 6b3ff425d6a34b2cb1aa2cbee82d9426 P c27530ab8d294bfb9ec28c09d01c5db9 [LEADER]: Connected to new peer: Peer: permanent_uuid: "ebd85e8d5c0c44b785e5eb4d5257b1d3" member_type: VOTER last_known_addr { host: "127.30.14.193" port: 36577 }, Status: LMP_MISMATCH, Last received: 0.0, Next index: 1, Last known committed idx: 0, Time since last communication: 0.000s
I20260709 12:16:04.830518 32117 raft_consensus.cc:740] T 12a46736a4fc40968de743eff2984b81 P ebd85e8d5c0c44b785e5eb4d5257b1d3 [term 0 FOLLOWER]: Becoming Follower/Learner. State: Replica: ebd85e8d5c0c44b785e5eb4d5257b1d3, State: Initialized, Role: FOLLOWER
I20260709 12:16:04.831205 32117 consensus_queue.cc:260] T 12a46736a4fc40968de743eff2984b81 P ebd85e8d5c0c44b785e5eb4d5257b1d3 [NON_LEADER]: Queue going to NON_LEADER mode. State: All replicated index: 0, Majority replicated index: 0, Committed index: 0, Last appended: 0.0, Last appended by leader: 0, Current term: 0, Majority size: -1, State: 0, Mode: NON_LEADER, active raft config: opid_index: -1 OBSOLETE_local: false peers { permanent_uuid: "ebd85e8d5c0c44b785e5eb4d5257b1d3" member_type: VOTER last_known_addr { host: "127.30.14.193" port: 36577 } } peers { permanent_uuid: "c27530ab8d294bfb9ec28c09d01c5db9" member_type: VOTER last_known_addr { host: "127.30.14.194" port: 34867 } } peers { permanent_uuid: "186f816e15a34305bea6ee2d06456cef" member_type: VOTER last_known_addr { host: "127.30.14.195" port: 39285 } }
I20260709 12:16:04.831558 31968 leader_election.cc:304] T 8834e9a896f64dc4a474f70685fbd019 P c27530ab8d294bfb9ec28c09d01c5db9 [CANDIDATE]: Term 1 election: Election decided. Result: candidate won. Election summary: received 2 responses out of 3 voters: 2 yes votes; 0 no votes. yes voters: c27530ab8d294bfb9ec28c09d01c5db9, ebd85e8d5c0c44b785e5eb4d5257b1d3; no voters: 
I20260709 12:16:04.832394 32334 raft_consensus.cc:2804] T 8834e9a896f64dc4a474f70685fbd019 P c27530ab8d294bfb9ec28c09d01c5db9 [term 1 FOLLOWER]: Leader election won for term 1
I20260709 12:16:04.832840 32334 raft_consensus.cc:697] T 8834e9a896f64dc4a474f70685fbd019 P c27530ab8d294bfb9ec28c09d01c5db9 [term 1 LEADER]: Becoming Leader. State: Replica: c27530ab8d294bfb9ec28c09d01c5db9, State: Running, Role: LEADER
I20260709 12:16:04.833210 32117 ts_tablet_manager.cc:1434] T 12a46736a4fc40968de743eff2984b81 P ebd85e8d5c0c44b785e5eb4d5257b1d3: Time spent starting tablet: real 0.006s	user 0.003s	sys 0.000s
I20260709 12:16:04.834117 32117 tablet_bootstrap.cc:492] T 63251c0003974fb8a6eb28275d106b0b P ebd85e8d5c0c44b785e5eb4d5257b1d3: Bootstrap starting.
I20260709 12:16:04.835561 32141 raft_consensus.cc:493] T de4827ad01d44fb9b028aefb24168152 P ebd85e8d5c0c44b785e5eb4d5257b1d3 [term 0 FOLLOWER]: Starting pre-election (no leader contacted us within the election timeout)
I20260709 12:16:04.835475 31968 leader_election.cc:304] T 9971040f02da4981a91b3efbc8b0b2c0 P c27530ab8d294bfb9ec28c09d01c5db9 [CANDIDATE]: Term 1 election: Election decided. Result: candidate won. Election summary: received 3 responses out of 3 voters: 2 yes votes; 1 no votes. yes voters: c27530ab8d294bfb9ec28c09d01c5db9, ebd85e8d5c0c44b785e5eb4d5257b1d3; no voters: 186f816e15a34305bea6ee2d06456cef
I20260709 12:16:04.836042 32141 raft_consensus.cc:515] T de4827ad01d44fb9b028aefb24168152 P ebd85e8d5c0c44b785e5eb4d5257b1d3 [term 0 FOLLOWER]: Starting pre-election with config: opid_index: -1 OBSOLETE_local: false peers { permanent_uuid: "ebd85e8d5c0c44b785e5eb4d5257b1d3" member_type: VOTER last_known_addr { host: "127.30.14.193" port: 36577 } } peers { permanent_uuid: "c27530ab8d294bfb9ec28c09d01c5db9" member_type: VOTER last_known_addr { host: "127.30.14.194" port: 34867 } } peers { permanent_uuid: "186f816e15a34305bea6ee2d06456cef" member_type: VOTER last_known_addr { host: "127.30.14.195" port: 39285 } }
I20260709 12:16:04.824424 32074 raft_consensus.cc:2468] T 8834e9a896f64dc4a474f70685fbd019 P 186f816e15a34305bea6ee2d06456cef [term 1 FOLLOWER]: Leader election vote request: Granting yes vote for candidate c27530ab8d294bfb9ec28c09d01c5db9 in term 1.
I20260709 12:16:04.797789 32118 tablet_bootstrap.cc:492] T de4827ad01d44fb9b028aefb24168152 P c27530ab8d294bfb9ec28c09d01c5db9: Bootstrap starting.
I20260709 12:16:04.840747 32116 ts_tablet_manager.cc:1434] T 8834e9a896f64dc4a474f70685fbd019 P 186f816e15a34305bea6ee2d06456cef: Time spent starting tablet: real 0.093s	user 0.007s	sys 0.002s
I20260709 12:16:04.833617 32334 consensus_queue.cc:237] T 8834e9a896f64dc4a474f70685fbd019 P c27530ab8d294bfb9ec28c09d01c5db9 [LEADER]: Queue going to LEADER mode. State: All replicated index: 0, Majority replicated index: 0, Committed index: 0, Last appended: 0.0, Last appended by leader: 0, Current term: 1, Majority size: 2, State: 0, Mode: LEADER, active raft config: opid_index: -1 OBSOLETE_local: false peers { permanent_uuid: "ebd85e8d5c0c44b785e5eb4d5257b1d3" member_type: VOTER last_known_addr { host: "127.30.14.193" port: 36577 } } peers { permanent_uuid: "c27530ab8d294bfb9ec28c09d01c5db9" member_type: VOTER last_known_addr { host: "127.30.14.194" port: 34867 } } peers { permanent_uuid: "186f816e15a34305bea6ee2d06456cef" member_type: VOTER last_known_addr { host: "127.30.14.195" port: 39285 } }
I20260709 12:16:04.843871 32116 tablet_bootstrap.cc:492] T 9a9bd280bb1742ea80c704f5f76b838f P 186f816e15a34305bea6ee2d06456cef: Bootstrap starting.
I20260709 12:16:04.846648 32077 tablet_service.cc:1917] Received RequestConsensusVote() RPC: tablet_id: "1cbc152bcee34c05b8a9b3541d834736" candidate_uuid: "c27530ab8d294bfb9ec28c09d01c5db9" candidate_term: 1 candidate_status { last_received { term: 0 index: 0 } } ignore_live_leader: false dest_uuid: "186f816e15a34305bea6ee2d06456cef" is_pre_election: true
I20260709 12:16:04.836768 32146 raft_consensus.cc:2804] T 9971040f02da4981a91b3efbc8b0b2c0 P c27530ab8d294bfb9ec28c09d01c5db9 [term 1 FOLLOWER]: Leader election won for term 1
I20260709 12:16:04.852723 31925 tablet_service.cc:1917] Received RequestConsensusVote() RPC: tablet_id: "1cbc152bcee34c05b8a9b3541d834736" candidate_uuid: "c27530ab8d294bfb9ec28c09d01c5db9" candidate_term: 1 candidate_status { last_received { term: 0 index: 0 } } ignore_live_leader: false dest_uuid: "ebd85e8d5c0c44b785e5eb4d5257b1d3" is_pre_election: true
I20260709 12:16:04.853380 31925 raft_consensus.cc:2468] T 1cbc152bcee34c05b8a9b3541d834736 P ebd85e8d5c0c44b785e5eb4d5257b1d3 [term 0 FOLLOWER]: Leader pre-election vote request: Granting yes vote for candidate c27530ab8d294bfb9ec28c09d01c5db9 in term 0.
I20260709 12:16:04.859735 32075 tablet_service.cc:1917] Received RequestConsensusVote() RPC: tablet_id: "de4827ad01d44fb9b028aefb24168152" candidate_uuid: "ebd85e8d5c0c44b785e5eb4d5257b1d3" candidate_term: 1 candidate_status { last_received { term: 0 index: 0 } } ignore_live_leader: false dest_uuid: "186f816e15a34305bea6ee2d06456cef" is_pre_election: true
W20260709 12:16:04.863018 31893 leader_election.cc:343] T de4827ad01d44fb9b028aefb24168152 P ebd85e8d5c0c44b785e5eb4d5257b1d3 [CANDIDATE]: Term 1 pre-election: Tablet error from VoteRequest() call to peer 186f816e15a34305bea6ee2d06456cef (127.30.14.195:39285): Illegal state: must be running to vote when last-logged opid is not known
I20260709 12:16:04.860487 32003 tablet_service.cc:1917] Received RequestConsensusVote() RPC: tablet_id: "de4827ad01d44fb9b028aefb24168152" candidate_uuid: "ebd85e8d5c0c44b785e5eb4d5257b1d3" candidate_term: 1 candidate_status { last_received { term: 0 index: 0 } } ignore_live_leader: false dest_uuid: "c27530ab8d294bfb9ec28c09d01c5db9" is_pre_election: true
I20260709 12:16:04.856480 32141 leader_election.cc:290] T de4827ad01d44fb9b028aefb24168152 P ebd85e8d5c0c44b785e5eb4d5257b1d3 [CANDIDATE]: Term 1 pre-election: Requested pre-vote from peers c27530ab8d294bfb9ec28c09d01c5db9 (127.30.14.194:34867), 186f816e15a34305bea6ee2d06456cef (127.30.14.195:39285)
I20260709 12:16:04.854682 32146 raft_consensus.cc:697] T 9971040f02da4981a91b3efbc8b0b2c0 P c27530ab8d294bfb9ec28c09d01c5db9 [term 1 LEADER]: Becoming Leader. State: Replica: c27530ab8d294bfb9ec28c09d01c5db9, State: Running, Role: LEADER
W20260709 12:16:04.866374 31892 leader_election.cc:343] T de4827ad01d44fb9b028aefb24168152 P ebd85e8d5c0c44b785e5eb4d5257b1d3 [CANDIDATE]: Term 1 pre-election: Tablet error from VoteRequest() call to peer c27530ab8d294bfb9ec28c09d01c5db9 (127.30.14.194:34867): Illegal state: must be running to vote when last-logged opid is not known
I20260709 12:16:04.866814 31892 leader_election.cc:304] T de4827ad01d44fb9b028aefb24168152 P ebd85e8d5c0c44b785e5eb4d5257b1d3 [CANDIDATE]: Term 1 pre-election: Election decided. Result: candidate lost. Election summary: received 3 responses out of 3 voters: 1 yes votes; 2 no votes. yes voters: ebd85e8d5c0c44b785e5eb4d5257b1d3; no voters: 186f816e15a34305bea6ee2d06456cef, c27530ab8d294bfb9ec28c09d01c5db9
I20260709 12:16:04.866549 32146 consensus_queue.cc:237] T 9971040f02da4981a91b3efbc8b0b2c0 P c27530ab8d294bfb9ec28c09d01c5db9 [LEADER]: Queue going to LEADER mode. State: All replicated index: 0, Majority replicated index: 0, Committed index: 0, Last appended: 0.0, Last appended by leader: 0, Current term: 1, Majority size: 2, State: 0, Mode: LEADER, active raft config: opid_index: -1 OBSOLETE_local: false peers { permanent_uuid: "ebd85e8d5c0c44b785e5eb4d5257b1d3" member_type: VOTER last_known_addr { host: "127.30.14.193" port: 36577 } } peers { permanent_uuid: "c27530ab8d294bfb9ec28c09d01c5db9" member_type: VOTER last_known_addr { host: "127.30.14.194" port: 34867 } } peers { permanent_uuid: "186f816e15a34305bea6ee2d06456cef" member_type: VOTER last_known_addr { host: "127.30.14.195" port: 39285 } }
I20260709 12:16:04.868397 32141 raft_consensus.cc:2749] T de4827ad01d44fb9b028aefb24168152 P ebd85e8d5c0c44b785e5eb4d5257b1d3 [term 0 FOLLOWER]: Leader pre-election lost for term 1. Reason: could not achieve majority
W20260709 12:16:04.863205 31874 auto_rebalancer.cc:288] Could not retrieve cluster info: Service unavailable: Tablet not running
I20260709 12:16:04.878208 31968 leader_election.cc:304] T 5e271b38e6ea4fa798cac2a206e9e54f P c27530ab8d294bfb9ec28c09d01c5db9 [CANDIDATE]: Term 1 election: Election decided. Result: candidate won. Election summary: received 3 responses out of 3 voters: 2 yes votes; 1 no votes. yes voters: c27530ab8d294bfb9ec28c09d01c5db9, ebd85e8d5c0c44b785e5eb4d5257b1d3; no voters: 186f816e15a34305bea6ee2d06456cef
I20260709 12:16:04.904201 32117 tablet_bootstrap.cc:654] T 63251c0003974fb8a6eb28275d106b0b P ebd85e8d5c0c44b785e5eb4d5257b1d3: Neither blocks nor log segments found. Creating new log.
I20260709 12:16:04.908034 32341 raft_consensus.cc:2804] T 5e271b38e6ea4fa798cac2a206e9e54f P c27530ab8d294bfb9ec28c09d01c5db9 [term 1 FOLLOWER]: Leader election won for term 1
I20260709 12:16:04.908591 32341 raft_consensus.cc:697] T 5e271b38e6ea4fa798cac2a206e9e54f P c27530ab8d294bfb9ec28c09d01c5db9 [term 1 LEADER]: Becoming Leader. State: Replica: c27530ab8d294bfb9ec28c09d01c5db9, State: Running, Role: LEADER
I20260709 12:16:04.909376 32341 consensus_queue.cc:237] T 5e271b38e6ea4fa798cac2a206e9e54f P c27530ab8d294bfb9ec28c09d01c5db9 [LEADER]: Queue going to LEADER mode. State: All replicated index: 0, Majority replicated index: 0, Committed index: 0, Last appended: 0.0, Last appended by leader: 0, Current term: 1, Majority size: 2, State: 0, Mode: LEADER, active raft config: opid_index: -1 OBSOLETE_local: false peers { permanent_uuid: "ebd85e8d5c0c44b785e5eb4d5257b1d3" member_type: VOTER last_known_addr { host: "127.30.14.193" port: 36577 } } peers { permanent_uuid: "c27530ab8d294bfb9ec28c09d01c5db9" member_type: VOTER last_known_addr { host: "127.30.14.194" port: 34867 } } peers { permanent_uuid: "186f816e15a34305bea6ee2d06456cef" member_type: VOTER last_known_addr { host: "127.30.14.195" port: 39285 } }
I20260709 12:16:04.913386 32118 tablet_bootstrap.cc:654] T de4827ad01d44fb9b028aefb24168152 P c27530ab8d294bfb9ec28c09d01c5db9: Neither blocks nor log segments found. Creating new log.
I20260709 12:16:04.921574 32116 tablet_bootstrap.cc:654] T 9a9bd280bb1742ea80c704f5f76b838f P 186f816e15a34305bea6ee2d06456cef: Neither blocks nor log segments found. Creating new log.
I20260709 12:16:04.924160 32118 tablet_bootstrap.cc:492] T de4827ad01d44fb9b028aefb24168152 P c27530ab8d294bfb9ec28c09d01c5db9: No bootstrap required, opened a new log
W20260709 12:16:04.924002 31968 outbound_call.cc:321] RPC callback for RPC call kudu.consensus.ConsensusService.RequestConsensusVote -> {remote=127.30.14.193:36577, user_credentials={real_user=slave}} blocked reactor thread for 45897.9us
I20260709 12:16:04.924572 32118 ts_tablet_manager.cc:1403] T de4827ad01d44fb9b028aefb24168152 P c27530ab8d294bfb9ec28c09d01c5db9: Time spent bootstrapping tablet: real 0.127s	user 0.009s	sys 0.003s
I20260709 12:16:04.924731 31968 leader_election.cc:304] T 1cbc152bcee34c05b8a9b3541d834736 P c27530ab8d294bfb9ec28c09d01c5db9 [CANDIDATE]: Term 1 pre-election: Election decided. Result: candidate won. Election summary: received 2 responses out of 3 voters: 2 yes votes; 0 no votes. yes voters: c27530ab8d294bfb9ec28c09d01c5db9, ebd85e8d5c0c44b785e5eb4d5257b1d3; no voters: 
I20260709 12:16:04.925462 32146 raft_consensus.cc:2804] T 1cbc152bcee34c05b8a9b3541d834736 P c27530ab8d294bfb9ec28c09d01c5db9 [term 0 FOLLOWER]: Leader pre-election won for term 1
I20260709 12:16:04.925803 32146 raft_consensus.cc:493] T 1cbc152bcee34c05b8a9b3541d834736 P c27530ab8d294bfb9ec28c09d01c5db9 [term 0 FOLLOWER]: Starting leader election (no leader contacted us within the election timeout)
I20260709 12:16:04.926189 32146 raft_consensus.cc:3060] T 1cbc152bcee34c05b8a9b3541d834736 P c27530ab8d294bfb9ec28c09d01c5db9 [term 0 FOLLOWER]: Advancing to term 1
I20260709 12:16:04.926060 32148 consensus_queue.cc:1048] T e4d4922843aa44f8900115edd3a06c63 P c27530ab8d294bfb9ec28c09d01c5db9 [LEADER]: Connected to new peer: Peer: permanent_uuid: "ebd85e8d5c0c44b785e5eb4d5257b1d3" member_type: VOTER last_known_addr { host: "127.30.14.193" port: 36577 }, Status: LMP_MISMATCH, Last received: 0.0, Next index: 1, Last known committed idx: 0, Time since last communication: 0.000s
I20260709 12:16:04.927191 32341 consensus_queue.cc:1048] T 8308a0fe070f41a5a45e03200635f8b3 P c27530ab8d294bfb9ec28c09d01c5db9 [LEADER]: Connected to new peer: Peer: permanent_uuid: "ebd85e8d5c0c44b785e5eb4d5257b1d3" member_type: VOTER last_known_addr { host: "127.30.14.193" port: 36577 }, Status: LMP_MISMATCH, Last received: 0.0, Next index: 1, Last known committed idx: 0, Time since last communication: 0.000s
W20260709 12:16:04.931078 31968 leader_election.cc:343] T 1cbc152bcee34c05b8a9b3541d834736 P c27530ab8d294bfb9ec28c09d01c5db9 [CANDIDATE]: Term 1 pre-election: Tablet error from VoteRequest() call to peer 186f816e15a34305bea6ee2d06456cef (127.30.14.195:39285): Illegal state: must be running to vote when last-logged opid is not known
W20260709 12:16:04.931984 31968 consensus_peers.cc:597] T a074d33d6af149ce81e0308e02ee94ea P c27530ab8d294bfb9ec28c09d01c5db9 -> Peer 186f816e15a34305bea6ee2d06456cef (127.30.14.195:39285): Couldn't send request to peer 186f816e15a34305bea6ee2d06456cef. Error code: TABLET_NOT_RUNNING (12). Status: Illegal state: Tablet not RUNNING: INITIALIZED. This is attempt 1: this message will repeat every 5th retry.
I20260709 12:16:04.932473 32146 raft_consensus.cc:515] T 1cbc152bcee34c05b8a9b3541d834736 P c27530ab8d294bfb9ec28c09d01c5db9 [term 1 FOLLOWER]: Starting leader election with config: opid_index: -1 OBSOLETE_local: false peers { permanent_uuid: "ebd85e8d5c0c44b785e5eb4d5257b1d3" member_type: VOTER last_known_addr { host: "127.30.14.193" port: 36577 } } peers { permanent_uuid: "c27530ab8d294bfb9ec28c09d01c5db9" member_type: VOTER last_known_addr { host: "127.30.14.194" port: 34867 } } peers { permanent_uuid: "186f816e15a34305bea6ee2d06456cef" member_type: VOTER last_known_addr { host: "127.30.14.195" port: 39285 } }
I20260709 12:16:04.932950 32305 consensus_queue.cc:1048] T 6b3ff425d6a34b2cb1aa2cbee82d9426 P c27530ab8d294bfb9ec28c09d01c5db9 [LEADER]: Connected to new peer: Peer: permanent_uuid: "186f816e15a34305bea6ee2d06456cef" member_type: VOTER last_known_addr { host: "127.30.14.195" port: 39285 }, Status: LMP_MISMATCH, Last received: 0.0, Next index: 1, Last known committed idx: 0, Time since last communication: 0.000s
I20260709 12:16:04.934438 32146 leader_election.cc:290] T 1cbc152bcee34c05b8a9b3541d834736 P c27530ab8d294bfb9ec28c09d01c5db9 [CANDIDATE]: Term 1 election: Requested vote from peers ebd85e8d5c0c44b785e5eb4d5257b1d3 (127.30.14.193:36577), 186f816e15a34305bea6ee2d06456cef (127.30.14.195:39285)
I20260709 12:16:04.936682 32118 raft_consensus.cc:359] T de4827ad01d44fb9b028aefb24168152 P c27530ab8d294bfb9ec28c09d01c5db9 [term 0 FOLLOWER]: Replica starting. Triggering 0 pending ops. Active config: opid_index: -1 OBSOLETE_local: false peers { permanent_uuid: "ebd85e8d5c0c44b785e5eb4d5257b1d3" member_type: VOTER last_known_addr { host: "127.30.14.193" port: 36577 } } peers { permanent_uuid: "c27530ab8d294bfb9ec28c09d01c5db9" member_type: VOTER last_known_addr { host: "127.30.14.194" port: 34867 } } peers { permanent_uuid: "186f816e15a34305bea6ee2d06456cef" member_type: VOTER last_known_addr { host: "127.30.14.195" port: 39285 } }
I20260709 12:16:04.937186 32116 tablet_bootstrap.cc:492] T 9a9bd280bb1742ea80c704f5f76b838f P 186f816e15a34305bea6ee2d06456cef: No bootstrap required, opened a new log
I20260709 12:16:04.937299 32118 raft_consensus.cc:385] T de4827ad01d44fb9b028aefb24168152 P c27530ab8d294bfb9ec28c09d01c5db9 [term 0 FOLLOWER]: Consensus starting up: Expiring failure detector timer to make a prompt election more likely
I20260709 12:16:04.937568 32118 raft_consensus.cc:740] T de4827ad01d44fb9b028aefb24168152 P c27530ab8d294bfb9ec28c09d01c5db9 [term 0 FOLLOWER]: Becoming Follower/Learner. State: Replica: c27530ab8d294bfb9ec28c09d01c5db9, State: Initialized, Role: FOLLOWER
W20260709 12:16:04.938092 31968 consensus_peers.cc:597] T 1dc1f43d82af4893abd0b7e276077cad P c27530ab8d294bfb9ec28c09d01c5db9 -> Peer 186f816e15a34305bea6ee2d06456cef (127.30.14.195:39285): Couldn't send request to peer 186f816e15a34305bea6ee2d06456cef. Error code: TABLET_NOT_RUNNING (12). Status: Illegal state: Tablet not RUNNING: INITIALIZED. This is attempt 1: this message will repeat every 5th retry.
I20260709 12:16:04.938243 32118 consensus_queue.cc:260] T de4827ad01d44fb9b028aefb24168152 P c27530ab8d294bfb9ec28c09d01c5db9 [NON_LEADER]: Queue going to NON_LEADER mode. State: All replicated index: 0, Majority replicated index: 0, Committed index: 0, Last appended: 0.0, Last appended by leader: 0, Current term: 0, Majority size: -1, State: 0, Mode: NON_LEADER, active raft config: opid_index: -1 OBSOLETE_local: false peers { permanent_uuid: "ebd85e8d5c0c44b785e5eb4d5257b1d3" member_type: VOTER last_known_addr { host: "127.30.14.193" port: 36577 } } peers { permanent_uuid: "c27530ab8d294bfb9ec28c09d01c5db9" member_type: VOTER last_known_addr { host: "127.30.14.194" port: 34867 } } peers { permanent_uuid: "186f816e15a34305bea6ee2d06456cef" member_type: VOTER last_known_addr { host: "127.30.14.195" port: 39285 } }
I20260709 12:16:04.937624 32116 ts_tablet_manager.cc:1403] T 9a9bd280bb1742ea80c704f5f76b838f P 186f816e15a34305bea6ee2d06456cef: Time spent bootstrapping tablet: real 0.094s	user 0.007s	sys 0.007s
I20260709 12:16:04.942850 32116 raft_consensus.cc:359] T 9a9bd280bb1742ea80c704f5f76b838f P 186f816e15a34305bea6ee2d06456cef [term 0 FOLLOWER]: Replica starting. Triggering 0 pending ops. Active config: opid_index: -1 OBSOLETE_local: false peers { permanent_uuid: "ebd85e8d5c0c44b785e5eb4d5257b1d3" member_type: VOTER last_known_addr { host: "127.30.14.193" port: 36577 } } peers { permanent_uuid: "c27530ab8d294bfb9ec28c09d01c5db9" member_type: VOTER last_known_addr { host: "127.30.14.194" port: 34867 } } peers { permanent_uuid: "186f816e15a34305bea6ee2d06456cef" member_type: VOTER last_known_addr { host: "127.30.14.195" port: 39285 } }
I20260709 12:16:04.943550 32116 raft_consensus.cc:385] T 9a9bd280bb1742ea80c704f5f76b838f P 186f816e15a34305bea6ee2d06456cef [term 0 FOLLOWER]: Consensus starting up: Expiring failure detector timer to make a prompt election more likely
I20260709 12:16:04.943811 32116 raft_consensus.cc:740] T 9a9bd280bb1742ea80c704f5f76b838f P 186f816e15a34305bea6ee2d06456cef [term 0 FOLLOWER]: Becoming Follower/Learner. State: Replica: 186f816e15a34305bea6ee2d06456cef, State: Initialized, Role: FOLLOWER
I20260709 12:16:04.946817 32118 ts_tablet_manager.cc:1434] T de4827ad01d44fb9b028aefb24168152 P c27530ab8d294bfb9ec28c09d01c5db9: Time spent starting tablet: real 0.022s	user 0.007s	sys 0.000s
I20260709 12:16:04.947706 32118 tablet_bootstrap.cc:492] T 046c1830e61b4772bb70186f1dbd183f P c27530ab8d294bfb9ec28c09d01c5db9: Bootstrap starting.
I20260709 12:16:04.954335 32116 consensus_queue.cc:260] T 9a9bd280bb1742ea80c704f5f76b838f P 186f816e15a34305bea6ee2d06456cef [NON_LEADER]: Queue going to NON_LEADER mode. State: All replicated index: 0, Majority replicated index: 0, Committed index: 0, Last appended: 0.0, Last appended by leader: 0, Current term: 0, Majority size: -1, State: 0, Mode: NON_LEADER, active raft config: opid_index: -1 OBSOLETE_local: false peers { permanent_uuid: "ebd85e8d5c0c44b785e5eb4d5257b1d3" member_type: VOTER last_known_addr { host: "127.30.14.193" port: 36577 } } peers { permanent_uuid: "c27530ab8d294bfb9ec28c09d01c5db9" member_type: VOTER last_known_addr { host: "127.30.14.194" port: 34867 } } peers { permanent_uuid: "186f816e15a34305bea6ee2d06456cef" member_type: VOTER last_known_addr { host: "127.30.14.195" port: 39285 } }
I20260709 12:16:04.956374 32116 ts_tablet_manager.cc:1434] T 9a9bd280bb1742ea80c704f5f76b838f P 186f816e15a34305bea6ee2d06456cef: Time spent starting tablet: real 0.016s	user 0.000s	sys 0.004s
I20260709 12:16:04.957206 32116 tablet_bootstrap.cc:492] T a074d33d6af149ce81e0308e02ee94ea P 186f816e15a34305bea6ee2d06456cef: Bootstrap starting.
I20260709 12:16:04.963030 32116 tablet_bootstrap.cc:654] T a074d33d6af149ce81e0308e02ee94ea P 186f816e15a34305bea6ee2d06456cef: Neither blocks nor log segments found. Creating new log.
I20260709 12:16:04.953320 32118 tablet_bootstrap.cc:654] T 046c1830e61b4772bb70186f1dbd183f P c27530ab8d294bfb9ec28c09d01c5db9: Neither blocks nor log segments found. Creating new log.
I20260709 12:16:04.971015 31925 tablet_service.cc:1917] Received RequestConsensusVote() RPC: tablet_id: "1cbc152bcee34c05b8a9b3541d834736" candidate_uuid: "c27530ab8d294bfb9ec28c09d01c5db9" candidate_term: 1 candidate_status { last_received { term: 0 index: 0 } } ignore_live_leader: false dest_uuid: "ebd85e8d5c0c44b785e5eb4d5257b1d3"
I20260709 12:16:04.971601 31925 raft_consensus.cc:3060] T 1cbc152bcee34c05b8a9b3541d834736 P ebd85e8d5c0c44b785e5eb4d5257b1d3 [term 0 FOLLOWER]: Advancing to term 1
I20260709 12:16:04.972405 32077 tablet_service.cc:1917] Received RequestConsensusVote() RPC: tablet_id: "1cbc152bcee34c05b8a9b3541d834736" candidate_uuid: "c27530ab8d294bfb9ec28c09d01c5db9" candidate_term: 1 candidate_status { last_received { term: 0 index: 0 } } ignore_live_leader: false dest_uuid: "186f816e15a34305bea6ee2d06456cef"
I20260709 12:16:04.978284 32116 tablet_bootstrap.cc:492] T a074d33d6af149ce81e0308e02ee94ea P 186f816e15a34305bea6ee2d06456cef: No bootstrap required, opened a new log
W20260709 12:16:04.978638 31968 consensus_peers.cc:597] T e4d4922843aa44f8900115edd3a06c63 P c27530ab8d294bfb9ec28c09d01c5db9 -> Peer 186f816e15a34305bea6ee2d06456cef (127.30.14.195:39285): Couldn't send request to peer 186f816e15a34305bea6ee2d06456cef. Error code: TABLET_NOT_RUNNING (12). Status: Illegal state: Tablet not RUNNING: INITIALIZED. This is attempt 1: this message will repeat every 5th retry.
I20260709 12:16:04.978999 32118 tablet_bootstrap.cc:492] T 046c1830e61b4772bb70186f1dbd183f P c27530ab8d294bfb9ec28c09d01c5db9: No bootstrap required, opened a new log
I20260709 12:16:04.969883 31824 catalog_manager.cc:5697] T 8834e9a896f64dc4a474f70685fbd019 P c27530ab8d294bfb9ec28c09d01c5db9 reported cstate change: term changed from 0 to 1, leader changed from <none> to c27530ab8d294bfb9ec28c09d01c5db9 (127.30.14.194). New cstate: current_term: 1 leader_uuid: "c27530ab8d294bfb9ec28c09d01c5db9" committed_config { opid_index: -1 OBSOLETE_local: false peers { permanent_uuid: "ebd85e8d5c0c44b785e5eb4d5257b1d3" member_type: VOTER last_known_addr { host: "127.30.14.193" port: 36577 } health_report { overall_health: UNKNOWN } } peers { permanent_uuid: "c27530ab8d294bfb9ec28c09d01c5db9" member_type: VOTER last_known_addr { host: "127.30.14.194" port: 34867 } health_report { overall_health: HEALTHY } } peers { permanent_uuid: "186f816e15a34305bea6ee2d06456cef" member_type: VOTER last_known_addr { host: "127.30.14.195" port: 39285 } health_report { overall_health: UNKNOWN } } }
I20260709 12:16:04.979386 32118 ts_tablet_manager.cc:1403] T 046c1830e61b4772bb70186f1dbd183f P c27530ab8d294bfb9ec28c09d01c5db9: Time spent bootstrapping tablet: real 0.032s	user 0.010s	sys 0.000s
I20260709 12:16:04.980341 32305 raft_consensus.cc:493] T 9a9bd280bb1742ea80c704f5f76b838f P c27530ab8d294bfb9ec28c09d01c5db9 [term 0 FOLLOWER]: Starting pre-election (no leader contacted us within the election timeout)
I20260709 12:16:04.980242 31824 catalog_manager.cc:5697] T 9971040f02da4981a91b3efbc8b0b2c0 P c27530ab8d294bfb9ec28c09d01c5db9 reported cstate change: term changed from 0 to 1, leader changed from <none> to c27530ab8d294bfb9ec28c09d01c5db9 (127.30.14.194). New cstate: current_term: 1 leader_uuid: "c27530ab8d294bfb9ec28c09d01c5db9" committed_config { opid_index: -1 OBSOLETE_local: false peers { permanent_uuid: "ebd85e8d5c0c44b785e5eb4d5257b1d3" member_type: VOTER last_known_addr { host: "127.30.14.193" port: 36577 } health_report { overall_health: UNKNOWN } } peers { permanent_uuid: "c27530ab8d294bfb9ec28c09d01c5db9" member_type: VOTER last_known_addr { host: "127.30.14.194" port: 34867 } health_report { overall_health: HEALTHY } } peers { permanent_uuid: "186f816e15a34305bea6ee2d06456cef" member_type: VOTER last_known_addr { host: "127.30.14.195" port: 39285 } health_report { overall_health: UNKNOWN } } }
I20260709 12:16:04.980820 32305 raft_consensus.cc:515] T 9a9bd280bb1742ea80c704f5f76b838f P c27530ab8d294bfb9ec28c09d01c5db9 [term 0 FOLLOWER]: Starting pre-election with config: opid_index: -1 OBSOLETE_local: false peers { permanent_uuid: "ebd85e8d5c0c44b785e5eb4d5257b1d3" member_type: VOTER last_known_addr { host: "127.30.14.193" port: 36577 } } peers { permanent_uuid: "c27530ab8d294bfb9ec28c09d01c5db9" member_type: VOTER last_known_addr { host: "127.30.14.194" port: 34867 } } peers { permanent_uuid: "186f816e15a34305bea6ee2d06456cef" member_type: VOTER last_known_addr { host: "127.30.14.195" port: 39285 } }
I20260709 12:16:04.982636 32305 leader_election.cc:290] T 9a9bd280bb1742ea80c704f5f76b838f P c27530ab8d294bfb9ec28c09d01c5db9 [CANDIDATE]: Term 1 pre-election: Requested pre-vote from peers ebd85e8d5c0c44b785e5eb4d5257b1d3 (127.30.14.193:36577), 186f816e15a34305bea6ee2d06456cef (127.30.14.195:39285)
I20260709 12:16:04.982437 32118 raft_consensus.cc:359] T 046c1830e61b4772bb70186f1dbd183f P c27530ab8d294bfb9ec28c09d01c5db9 [term 0 FOLLOWER]: Replica starting. Triggering 0 pending ops. Active config: opid_index: -1 OBSOLETE_local: false peers { permanent_uuid: "ebd85e8d5c0c44b785e5eb4d5257b1d3" member_type: VOTER last_known_addr { host: "127.30.14.193" port: 36577 } } peers { permanent_uuid: "c27530ab8d294bfb9ec28c09d01c5db9" member_type: VOTER last_known_addr { host: "127.30.14.194" port: 34867 } } peers { permanent_uuid: "186f816e15a34305bea6ee2d06456cef" member_type: VOTER last_known_addr { host: "127.30.14.195" port: 39285 } }
I20260709 12:16:04.983108 32118 raft_consensus.cc:385] T 046c1830e61b4772bb70186f1dbd183f P c27530ab8d294bfb9ec28c09d01c5db9 [term 0 FOLLOWER]: Consensus starting up: Expiring failure detector timer to make a prompt election more likely
I20260709 12:16:04.983376 32118 raft_consensus.cc:740] T 046c1830e61b4772bb70186f1dbd183f P c27530ab8d294bfb9ec28c09d01c5db9 [term 0 FOLLOWER]: Becoming Follower/Learner. State: Replica: c27530ab8d294bfb9ec28c09d01c5db9, State: Initialized, Role: FOLLOWER
I20260709 12:16:04.983428 31824 catalog_manager.cc:5697] T 5e271b38e6ea4fa798cac2a206e9e54f P c27530ab8d294bfb9ec28c09d01c5db9 reported cstate change: term changed from 0 to 1, leader changed from <none> to c27530ab8d294bfb9ec28c09d01c5db9 (127.30.14.194). New cstate: current_term: 1 leader_uuid: "c27530ab8d294bfb9ec28c09d01c5db9" committed_config { opid_index: -1 OBSOLETE_local: false peers { permanent_uuid: "ebd85e8d5c0c44b785e5eb4d5257b1d3" member_type: VOTER last_known_addr { host: "127.30.14.193" port: 36577 } health_report { overall_health: UNKNOWN } } peers { permanent_uuid: "c27530ab8d294bfb9ec28c09d01c5db9" member_type: VOTER last_known_addr { host: "127.30.14.194" port: 34867 } health_report { overall_health: HEALTHY } } peers { permanent_uuid: "186f816e15a34305bea6ee2d06456cef" member_type: VOTER last_known_addr { host: "127.30.14.195" port: 39285 } health_report { overall_health: UNKNOWN } } }
I20260709 12:16:04.984068 32118 consensus_queue.cc:260] T 046c1830e61b4772bb70186f1dbd183f P c27530ab8d294bfb9ec28c09d01c5db9 [NON_LEADER]: Queue going to NON_LEADER mode. State: All replicated index: 0, Majority replicated index: 0, Committed index: 0, Last appended: 0.0, Last appended by leader: 0, Current term: 0, Majority size: -1, State: 0, Mode: NON_LEADER, active raft config: opid_index: -1 OBSOLETE_local: false peers { permanent_uuid: "ebd85e8d5c0c44b785e5eb4d5257b1d3" member_type: VOTER last_known_addr { host: "127.30.14.193" port: 36577 } } peers { permanent_uuid: "c27530ab8d294bfb9ec28c09d01c5db9" member_type: VOTER last_known_addr { host: "127.30.14.194" port: 34867 } } peers { permanent_uuid: "186f816e15a34305bea6ee2d06456cef" member_type: VOTER last_known_addr { host: "127.30.14.195" port: 39285 } }
I20260709 12:16:04.986069 32118 ts_tablet_manager.cc:1434] T 046c1830e61b4772bb70186f1dbd183f P c27530ab8d294bfb9ec28c09d01c5db9: Time spent starting tablet: real 0.006s	user 0.003s	sys 0.003s
I20260709 12:16:04.986934 32118 tablet_bootstrap.cc:492] T a22e912426a24eb3bc163735b8f96b23 P c27530ab8d294bfb9ec28c09d01c5db9: Bootstrap starting.
W20260709 12:16:04.988497 31968 leader_election.cc:343] T 1cbc152bcee34c05b8a9b3541d834736 P c27530ab8d294bfb9ec28c09d01c5db9 [CANDIDATE]: Term 1 election: Tablet error from VoteRequest() call to peer 186f816e15a34305bea6ee2d06456cef (127.30.14.195:39285): Illegal state: must be running to vote when last-logged opid is not known
I20260709 12:16:04.990221 32341 consensus_queue.cc:1048] T a074d33d6af149ce81e0308e02ee94ea P c27530ab8d294bfb9ec28c09d01c5db9 [LEADER]: Connected to new peer: Peer: permanent_uuid: "ebd85e8d5c0c44b785e5eb4d5257b1d3" member_type: VOTER last_known_addr { host: "127.30.14.193" port: 36577 }, Status: LMP_MISMATCH, Last received: 0.0, Next index: 1, Last known committed idx: 0, Time since last communication: 0.000s
I20260709 12:16:04.991061 32117 tablet_bootstrap.cc:492] T 63251c0003974fb8a6eb28275d106b0b P ebd85e8d5c0c44b785e5eb4d5257b1d3: No bootstrap required, opened a new log
I20260709 12:16:04.991415 32117 ts_tablet_manager.cc:1403] T 63251c0003974fb8a6eb28275d106b0b P ebd85e8d5c0c44b785e5eb4d5257b1d3: Time spent bootstrapping tablet: real 0.157s	user 0.011s	sys 0.007s
I20260709 12:16:04.978770 32116 ts_tablet_manager.cc:1403] T a074d33d6af149ce81e0308e02ee94ea P 186f816e15a34305bea6ee2d06456cef: Time spent bootstrapping tablet: real 0.022s	user 0.009s	sys 0.002s
I20260709 12:16:04.986029 31925 raft_consensus.cc:2468] T 1cbc152bcee34c05b8a9b3541d834736 P ebd85e8d5c0c44b785e5eb4d5257b1d3 [term 1 FOLLOWER]: Leader election vote request: Granting yes vote for candidate c27530ab8d294bfb9ec28c09d01c5db9 in term 1.
I20260709 12:16:04.995217 32116 raft_consensus.cc:359] T a074d33d6af149ce81e0308e02ee94ea P 186f816e15a34305bea6ee2d06456cef [term 0 FOLLOWER]: Replica starting. Triggering 0 pending ops. Active config: opid_index: -1 OBSOLETE_local: false peers { permanent_uuid: "ebd85e8d5c0c44b785e5eb4d5257b1d3" member_type: VOTER last_known_addr { host: "127.30.14.193" port: 36577 } } peers { permanent_uuid: "c27530ab8d294bfb9ec28c09d01c5db9" member_type: VOTER last_known_addr { host: "127.30.14.194" port: 34867 } } peers { permanent_uuid: "186f816e15a34305bea6ee2d06456cef" member_type: VOTER last_known_addr { host: "127.30.14.195" port: 39285 } }
I20260709 12:16:04.995908 32116 raft_consensus.cc:385] T a074d33d6af149ce81e0308e02ee94ea P 186f816e15a34305bea6ee2d06456cef [term 0 FOLLOWER]: Consensus starting up: Expiring failure detector timer to make a prompt election more likely
I20260709 12:16:04.995864 32117 raft_consensus.cc:359] T 63251c0003974fb8a6eb28275d106b0b P ebd85e8d5c0c44b785e5eb4d5257b1d3 [term 0 FOLLOWER]: Replica starting. Triggering 0 pending ops. Active config: opid_index: -1 OBSOLETE_local: false peers { permanent_uuid: "ebd85e8d5c0c44b785e5eb4d5257b1d3" member_type: VOTER last_known_addr { host: "127.30.14.193" port: 36577 } } peers { permanent_uuid: "c27530ab8d294bfb9ec28c09d01c5db9" member_type: VOTER last_known_addr { host: "127.30.14.194" port: 34867 } } peers { permanent_uuid: "186f816e15a34305bea6ee2d06456cef" member_type: VOTER last_known_addr { host: "127.30.14.195" port: 39285 } }
I20260709 12:16:04.996344 32116 raft_consensus.cc:740] T a074d33d6af149ce81e0308e02ee94ea P 186f816e15a34305bea6ee2d06456cef [term 0 FOLLOWER]: Becoming Follower/Learner. State: Replica: 186f816e15a34305bea6ee2d06456cef, State: Initialized, Role: FOLLOWER
I20260709 12:16:04.996620 32117 raft_consensus.cc:385] T 63251c0003974fb8a6eb28275d106b0b P ebd85e8d5c0c44b785e5eb4d5257b1d3 [term 0 FOLLOWER]: Consensus starting up: Expiring failure detector timer to make a prompt election more likely
I20260709 12:16:04.996896 32117 raft_consensus.cc:740] T 63251c0003974fb8a6eb28275d106b0b P ebd85e8d5c0c44b785e5eb4d5257b1d3 [term 0 FOLLOWER]: Becoming Follower/Learner. State: Replica: ebd85e8d5c0c44b785e5eb4d5257b1d3, State: Initialized, Role: FOLLOWER
I20260709 12:16:04.997784 32116 consensus_queue.cc:260] T a074d33d6af149ce81e0308e02ee94ea P 186f816e15a34305bea6ee2d06456cef [NON_LEADER]: Queue going to NON_LEADER mode. State: All replicated index: 0, Majority replicated index: 0, Committed index: 0, Last appended: 0.0, Last appended by leader: 0, Current term: 0, Majority size: -1, State: 0, Mode: NON_LEADER, active raft config: opid_index: -1 OBSOLETE_local: false peers { permanent_uuid: "ebd85e8d5c0c44b785e5eb4d5257b1d3" member_type: VOTER last_known_addr { host: "127.30.14.193" port: 36577 } } peers { permanent_uuid: "c27530ab8d294bfb9ec28c09d01c5db9" member_type: VOTER last_known_addr { host: "127.30.14.194" port: 34867 } } peers { permanent_uuid: "186f816e15a34305bea6ee2d06456cef" member_type: VOTER last_known_addr { host: "127.30.14.195" port: 39285 } }
I20260709 12:16:04.997646 32117 consensus_queue.cc:260] T 63251c0003974fb8a6eb28275d106b0b P ebd85e8d5c0c44b785e5eb4d5257b1d3 [NON_LEADER]: Queue going to NON_LEADER mode. State: All replicated index: 0, Majority replicated index: 0, Committed index: 0, Last appended: 0.0, Last appended by leader: 0, Current term: 0, Majority size: -1, State: 0, Mode: NON_LEADER, active raft config: opid_index: -1 OBSOLETE_local: false peers { permanent_uuid: "ebd85e8d5c0c44b785e5eb4d5257b1d3" member_type: VOTER last_known_addr { host: "127.30.14.193" port: 36577 } } peers { permanent_uuid: "c27530ab8d294bfb9ec28c09d01c5db9" member_type: VOTER last_known_addr { host: "127.30.14.194" port: 34867 } } peers { permanent_uuid: "186f816e15a34305bea6ee2d06456cef" member_type: VOTER last_known_addr { host: "127.30.14.195" port: 39285 } }
I20260709 12:16:05.002560 32118 tablet_bootstrap.cc:654] T a22e912426a24eb3bc163735b8f96b23 P c27530ab8d294bfb9ec28c09d01c5db9: Neither blocks nor log segments found. Creating new log.
I20260709 12:16:05.003767 31968 leader_election.cc:304] T 1cbc152bcee34c05b8a9b3541d834736 P c27530ab8d294bfb9ec28c09d01c5db9 [CANDIDATE]: Term 1 election: Election decided. Result: candidate won. Election summary: received 3 responses out of 3 voters: 2 yes votes; 1 no votes. yes voters: c27530ab8d294bfb9ec28c09d01c5db9, ebd85e8d5c0c44b785e5eb4d5257b1d3; no voters: 186f816e15a34305bea6ee2d06456cef
I20260709 12:16:05.005409 32305 raft_consensus.cc:2804] T 1cbc152bcee34c05b8a9b3541d834736 P c27530ab8d294bfb9ec28c09d01c5db9 [term 1 FOLLOWER]: Leader election won for term 1
I20260709 12:16:05.005873 32305 raft_consensus.cc:697] T 1cbc152bcee34c05b8a9b3541d834736 P c27530ab8d294bfb9ec28c09d01c5db9 [term 1 LEADER]: Becoming Leader. State: Replica: c27530ab8d294bfb9ec28c09d01c5db9, State: Running, Role: LEADER
I20260709 12:16:05.006685 32305 consensus_queue.cc:237] T 1cbc152bcee34c05b8a9b3541d834736 P c27530ab8d294bfb9ec28c09d01c5db9 [LEADER]: Queue going to LEADER mode. State: All replicated index: 0, Majority replicated index: 0, Committed index: 0, Last appended: 0.0, Last appended by leader: 0, Current term: 1, Majority size: 2, State: 0, Mode: LEADER, active raft config: opid_index: -1 OBSOLETE_local: false peers { permanent_uuid: "ebd85e8d5c0c44b785e5eb4d5257b1d3" member_type: VOTER last_known_addr { host: "127.30.14.193" port: 36577 } } peers { permanent_uuid: "c27530ab8d294bfb9ec28c09d01c5db9" member_type: VOTER last_known_addr { host: "127.30.14.194" port: 34867 } } peers { permanent_uuid: "186f816e15a34305bea6ee2d06456cef" member_type: VOTER last_known_addr { host: "127.30.14.195" port: 39285 } }
I20260709 12:16:05.007932 32117 ts_tablet_manager.cc:1434] T 63251c0003974fb8a6eb28275d106b0b P ebd85e8d5c0c44b785e5eb4d5257b1d3: Time spent starting tablet: real 0.016s	user 0.006s	sys 0.001s
I20260709 12:16:05.008898 32117 tablet_bootstrap.cc:492] T 560538ca136d4eb49b90065c72438923 P ebd85e8d5c0c44b785e5eb4d5257b1d3: Bootstrap starting.
I20260709 12:16:05.018843 32116 ts_tablet_manager.cc:1434] T a074d33d6af149ce81e0308e02ee94ea P 186f816e15a34305bea6ee2d06456cef: Time spent starting tablet: real 0.027s	user 0.002s	sys 0.003s
I20260709 12:16:05.019773 32116 tablet_bootstrap.cc:492] T 1dc1f43d82af4893abd0b7e276077cad P 186f816e15a34305bea6ee2d06456cef: Bootstrap starting.
I20260709 12:16:05.020507 32075 tablet_service.cc:1917] Received RequestConsensusVote() RPC: tablet_id: "9a9bd280bb1742ea80c704f5f76b838f" candidate_uuid: "c27530ab8d294bfb9ec28c09d01c5db9" candidate_term: 1 candidate_status { last_received { term: 0 index: 0 } } ignore_live_leader: false dest_uuid: "186f816e15a34305bea6ee2d06456cef" is_pre_election: true
I20260709 12:16:05.021142 32075 raft_consensus.cc:2468] T 9a9bd280bb1742ea80c704f5f76b838f P 186f816e15a34305bea6ee2d06456cef [term 0 FOLLOWER]: Leader pre-election vote request: Granting yes vote for candidate c27530ab8d294bfb9ec28c09d01c5db9 in term 0.
I20260709 12:16:05.021911 31925 tablet_service.cc:1917] Received RequestConsensusVote() RPC: tablet_id: "9a9bd280bb1742ea80c704f5f76b838f" candidate_uuid: "c27530ab8d294bfb9ec28c09d01c5db9" candidate_term: 1 candidate_status { last_received { term: 0 index: 0 } } ignore_live_leader: false dest_uuid: "ebd85e8d5c0c44b785e5eb4d5257b1d3" is_pre_election: true
I20260709 12:16:05.022514 31925 raft_consensus.cc:2468] T 9a9bd280bb1742ea80c704f5f76b838f P ebd85e8d5c0c44b785e5eb4d5257b1d3 [term 0 FOLLOWER]: Leader pre-election vote request: Granting yes vote for candidate c27530ab8d294bfb9ec28c09d01c5db9 in term 0.
I20260709 12:16:05.027966 32174 raft_consensus.cc:493] T a074d33d6af149ce81e0308e02ee94ea P 186f816e15a34305bea6ee2d06456cef [term 0 FOLLOWER]: Starting pre-election (no leader contacted us within the election timeout)
I20260709 12:16:05.028275 31968 leader_election.cc:304] T 9a9bd280bb1742ea80c704f5f76b838f P c27530ab8d294bfb9ec28c09d01c5db9 [CANDIDATE]: Term 1 pre-election: Election decided. Result: candidate won. Election summary: received 2 responses out of 3 voters: 2 yes votes; 0 no votes. yes voters: 186f816e15a34305bea6ee2d06456cef, c27530ab8d294bfb9ec28c09d01c5db9; no voters: 
I20260709 12:16:05.029285 32146 raft_consensus.cc:2804] T 9a9bd280bb1742ea80c704f5f76b838f P c27530ab8d294bfb9ec28c09d01c5db9 [term 0 FOLLOWER]: Leader pre-election won for term 1
I20260709 12:16:05.030130 32146 raft_consensus.cc:493] T 9a9bd280bb1742ea80c704f5f76b838f P c27530ab8d294bfb9ec28c09d01c5db9 [term 0 FOLLOWER]: Starting leader election (no leader contacted us within the election timeout)
I20260709 12:16:05.028448 32174 raft_consensus.cc:515] T a074d33d6af149ce81e0308e02ee94ea P 186f816e15a34305bea6ee2d06456cef [term 0 FOLLOWER]: Starting pre-election with config: opid_index: -1 OBSOLETE_local: false peers { permanent_uuid: "ebd85e8d5c0c44b785e5eb4d5257b1d3" member_type: VOTER last_known_addr { host: "127.30.14.193" port: 36577 } } peers { permanent_uuid: "c27530ab8d294bfb9ec28c09d01c5db9" member_type: VOTER last_known_addr { host: "127.30.14.194" port: 34867 } } peers { permanent_uuid: "186f816e15a34305bea6ee2d06456cef" member_type: VOTER last_known_addr { host: "127.30.14.195" port: 39285 } }
I20260709 12:16:05.030493 32146 raft_consensus.cc:3060] T 9a9bd280bb1742ea80c704f5f76b838f P c27530ab8d294bfb9ec28c09d01c5db9 [term 0 FOLLOWER]: Advancing to term 1
I20260709 12:16:05.038163 32003 tablet_service.cc:1917] Received RequestConsensusVote() RPC: tablet_id: "a074d33d6af149ce81e0308e02ee94ea" candidate_uuid: "186f816e15a34305bea6ee2d06456cef" candidate_term: 1 candidate_status { last_received { term: 0 index: 0 } } ignore_live_leader: false dest_uuid: "c27530ab8d294bfb9ec28c09d01c5db9" is_pre_election: true
I20260709 12:16:05.039126 32174 leader_election.cc:290] T a074d33d6af149ce81e0308e02ee94ea P 186f816e15a34305bea6ee2d06456cef [CANDIDATE]: Term 1 pre-election: Requested pre-vote from peers ebd85e8d5c0c44b785e5eb4d5257b1d3 (127.30.14.193:36577), c27530ab8d294bfb9ec28c09d01c5db9 (127.30.14.194:34867)
I20260709 12:16:05.042145 32117 tablet_bootstrap.cc:654] T 560538ca136d4eb49b90065c72438923 P ebd85e8d5c0c44b785e5eb4d5257b1d3: Neither blocks nor log segments found. Creating new log.
I20260709 12:16:05.054670 31926 tablet_service.cc:1917] Received RequestConsensusVote() RPC: tablet_id: "a074d33d6af149ce81e0308e02ee94ea" candidate_uuid: "186f816e15a34305bea6ee2d06456cef" candidate_term: 1 candidate_status { last_received { term: 0 index: 0 } } ignore_live_leader: false dest_uuid: "ebd85e8d5c0c44b785e5eb4d5257b1d3" is_pre_election: true
I20260709 12:16:05.059931 32184 raft_consensus.cc:493] T 12a46736a4fc40968de743eff2984b81 P ebd85e8d5c0c44b785e5eb4d5257b1d3 [term 0 FOLLOWER]: Starting pre-election (no leader contacted us within the election timeout)
I20260709 12:16:05.060437 32184 raft_consensus.cc:515] T 12a46736a4fc40968de743eff2984b81 P ebd85e8d5c0c44b785e5eb4d5257b1d3 [term 0 FOLLOWER]: Starting pre-election with config: opid_index: -1 OBSOLETE_local: false peers { permanent_uuid: "ebd85e8d5c0c44b785e5eb4d5257b1d3" member_type: VOTER last_known_addr { host: "127.30.14.193" port: 36577 } } peers { permanent_uuid: "c27530ab8d294bfb9ec28c09d01c5db9" member_type: VOTER last_known_addr { host: "127.30.14.194" port: 34867 } } peers { permanent_uuid: "186f816e15a34305bea6ee2d06456cef" member_type: VOTER last_known_addr { host: "127.30.14.195" port: 39285 } }
I20260709 12:16:05.062391 32184 leader_election.cc:290] T 12a46736a4fc40968de743eff2984b81 P ebd85e8d5c0c44b785e5eb4d5257b1d3 [CANDIDATE]: Term 1 pre-election: Requested pre-vote from peers c27530ab8d294bfb9ec28c09d01c5db9 (127.30.14.194:34867), 186f816e15a34305bea6ee2d06456cef (127.30.14.195:39285)
I20260709 12:16:05.064213 32077 tablet_service.cc:1917] Received RequestConsensusVote() RPC: tablet_id: "12a46736a4fc40968de743eff2984b81" candidate_uuid: "ebd85e8d5c0c44b785e5eb4d5257b1d3" candidate_term: 1 candidate_status { last_received { term: 0 index: 0 } } ignore_live_leader: false dest_uuid: "186f816e15a34305bea6ee2d06456cef" is_pre_election: true
