I20260709 12:16:08.641186  5723 tablet_service.cc:1917] Received RequestConsensusVote() RPC: tablet_id: "47e313d407954aeeaaed02e2d1379496" candidate_uuid: "ecafaa70de844d0c93a26dc738d0ffd5" candidate_term: 1 candidate_status { last_received { term: 0 index: 0 } } ignore_live_leader: false dest_uuid: "bf3edb01577c460590c6d116270051e3" is_pre_election: true
I20260709 12:16:08.643059  5782 leader_election.cc:290] T 80ba3bc0e54347e1bcd5f9de62cb93f8 P bf3edb01577c460590c6d116270051e3 [CANDIDATE]: Term 1 pre-election: Requested pre-vote from peers 152db04c578d475aa83de56ec8c31eda (127.4.70.1:37981), ecafaa70de844d0c93a26dc738d0ffd5 (127.4.70.2:43439)
I20260709 12:16:08.645768  5578 tablet_service.cc:1917] Received RequestConsensusVote() RPC: tablet_id: "80ba3bc0e54347e1bcd5f9de62cb93f8" candidate_uuid: "bf3edb01577c460590c6d116270051e3" candidate_term: 1 candidate_status { last_received { term: 0 index: 0 } } ignore_live_leader: false dest_uuid: "152db04c578d475aa83de56ec8c31eda" is_pre_election: true
I20260709 12:16:08.647344  5652 tablet_service.cc:1917] Received RequestConsensusVote() RPC: tablet_id: "80ba3bc0e54347e1bcd5f9de62cb93f8" candidate_uuid: "bf3edb01577c460590c6d116270051e3" candidate_term: 1 candidate_status { last_received { term: 0 index: 0 } } ignore_live_leader: false dest_uuid: "ecafaa70de844d0c93a26dc738d0ffd5" is_pre_election: true
I20260709 12:16:08.649168  5578 tablet_service.cc:1917] Received RequestConsensusVote() RPC: tablet_id: "47e313d407954aeeaaed02e2d1379496" candidate_uuid: "ecafaa70de844d0c93a26dc738d0ffd5" candidate_term: 1 candidate_status { last_received { term: 0 index: 0 } } ignore_live_leader: false dest_uuid: "152db04c578d475aa83de56ec8c31eda" is_pre_election: true
I20260709 12:16:08.649658  5872 leader_election.cc:290] T 47e313d407954aeeaaed02e2d1379496 P ecafaa70de844d0c93a26dc738d0ffd5 [CANDIDATE]: Term 1 pre-election: Requested pre-vote from peers 152db04c578d475aa83de56ec8c31eda (127.4.70.1:37981), bf3edb01577c460590c6d116270051e3 (127.4.70.3:40417)
W20260709 12:16:08.652678  5617 leader_election.cc:343] T 47e313d407954aeeaaed02e2d1379496 P ecafaa70de844d0c93a26dc738d0ffd5 [CANDIDATE]: Term 1 pre-election: Tablet error from VoteRequest() call to peer bf3edb01577c460590c6d116270051e3 (127.4.70.3:40417): Illegal state: must be running to vote when last-logged opid is not known
I20260709 12:16:08.653051  5691 leader_election.cc:304] T 80ba3bc0e54347e1bcd5f9de62cb93f8 P bf3edb01577c460590c6d116270051e3 [CANDIDATE]: Term 1 pre-election: Election decided. Result: candidate lost. Election summary: received 3 responses out of 3 voters: 1 yes votes; 2 no votes. yes voters: bf3edb01577c460590c6d116270051e3; no voters: 152db04c578d475aa83de56ec8c31eda, ecafaa70de844d0c93a26dc738d0ffd5
I20260709 12:16:08.655236  5773 tablet_bootstrap.cc:492] T cb86ddf2dbe4448487b0992fd0c99027 P ecafaa70de844d0c93a26dc738d0ffd5: No bootstrap required, opened a new log
I20260709 12:16:08.635690  5774 raft_consensus.cc:359] T 10d684446b1746d0af052ffb78f5f1e2 P bf3edb01577c460590c6d116270051e3 [term 0 FOLLOWER]: Replica starting. Triggering 0 pending ops. Active config: opid_index: -1 OBSOLETE_local: false peers { permanent_uuid: "152db04c578d475aa83de56ec8c31eda" member_type: VOTER last_known_addr { host: "127.4.70.1" port: 37981 } } peers { permanent_uuid: "ecafaa70de844d0c93a26dc738d0ffd5" member_type: VOTER last_known_addr { host: "127.4.70.2" port: 43439 } } peers { permanent_uuid: "bf3edb01577c460590c6d116270051e3" member_type: VOTER last_known_addr { host: "127.4.70.3" port: 40417 } }
I20260709 12:16:08.649853  5578 raft_consensus.cc:2468] T 47e313d407954aeeaaed02e2d1379496 P 152db04c578d475aa83de56ec8c31eda [term 0 FOLLOWER]: Leader pre-election vote request: Granting yes vote for candidate ecafaa70de844d0c93a26dc738d0ffd5 in term 0.
I20260709 12:16:08.656134  5773 ts_tablet_manager.cc:1403] T cb86ddf2dbe4448487b0992fd0c99027 P ecafaa70de844d0c93a26dc738d0ffd5: Time spent bootstrapping tablet: real 0.178s	user 0.019s	sys 0.006s
I20260709 12:16:08.656394  5774 raft_consensus.cc:385] T 10d684446b1746d0af052ffb78f5f1e2 P bf3edb01577c460590c6d116270051e3 [term 0 FOLLOWER]: Consensus starting up: Expiring failure detector timer to make a prompt election more likely
I20260709 12:16:08.657271  5782 raft_consensus.cc:2749] T 80ba3bc0e54347e1bcd5f9de62cb93f8 P bf3edb01577c460590c6d116270051e3 [term 0 FOLLOWER]: Leader pre-election lost for term 1. Reason: could not achieve majority
I20260709 12:16:08.658442  5774 raft_consensus.cc:740] T 10d684446b1746d0af052ffb78f5f1e2 P bf3edb01577c460590c6d116270051e3 [term 0 FOLLOWER]: Becoming Follower/Learner. State: Replica: bf3edb01577c460590c6d116270051e3, State: Initialized, Role: FOLLOWER
I20260709 12:16:08.660095  5774 consensus_queue.cc:260] T 10d684446b1746d0af052ffb78f5f1e2 P bf3edb01577c460590c6d116270051e3 [NON_LEADER]: Queue going to NON_LEADER mode. State: All replicated index: 0, Majority replicated index: 0, Committed index: 0, Last appended: 0.0, Last appended by leader: 0, Current term: 0, Majority size: -1, State: 0, Mode: NON_LEADER, active raft config: opid_index: -1 OBSOLETE_local: false peers { permanent_uuid: "152db04c578d475aa83de56ec8c31eda" member_type: VOTER last_known_addr { host: "127.4.70.1" port: 37981 } } peers { permanent_uuid: "ecafaa70de844d0c93a26dc738d0ffd5" member_type: VOTER last_known_addr { host: "127.4.70.2" port: 43439 } } peers { permanent_uuid: "bf3edb01577c460590c6d116270051e3" member_type: VOTER last_known_addr { host: "127.4.70.3" port: 40417 } }
I20260709 12:16:08.662858  5618 leader_election.cc:304] T 47e313d407954aeeaaed02e2d1379496 P ecafaa70de844d0c93a26dc738d0ffd5 [CANDIDATE]: Term 1 pre-election: Election decided. Result: candidate won. Election summary: received 3 responses out of 3 voters: 2 yes votes; 1 no votes. yes voters: 152db04c578d475aa83de56ec8c31eda, ecafaa70de844d0c93a26dc738d0ffd5; no voters: bf3edb01577c460590c6d116270051e3
I20260709 12:16:08.667675  5863 raft_consensus.cc:2804] T 47e313d407954aeeaaed02e2d1379496 P ecafaa70de844d0c93a26dc738d0ffd5 [term 0 FOLLOWER]: Leader pre-election won for term 1
I20260709 12:16:08.668161  5863 raft_consensus.cc:493] T 47e313d407954aeeaaed02e2d1379496 P ecafaa70de844d0c93a26dc738d0ffd5 [term 0 FOLLOWER]: Starting leader election (no leader contacted us within the election timeout)
I20260709 12:16:08.668617  5863 raft_consensus.cc:3060] T 47e313d407954aeeaaed02e2d1379496 P ecafaa70de844d0c93a26dc738d0ffd5 [term 0 FOLLOWER]: Advancing to term 1
I20260709 12:16:08.674747  5773 raft_consensus.cc:359] T cb86ddf2dbe4448487b0992fd0c99027 P ecafaa70de844d0c93a26dc738d0ffd5 [term 0 FOLLOWER]: Replica starting. Triggering 0 pending ops. Active config: opid_index: -1 OBSOLETE_local: false peers { permanent_uuid: "152db04c578d475aa83de56ec8c31eda" member_type: VOTER last_known_addr { host: "127.4.70.1" port: 37981 } } peers { permanent_uuid: "ecafaa70de844d0c93a26dc738d0ffd5" member_type: VOTER last_known_addr { host: "127.4.70.2" port: 43439 } } peers { permanent_uuid: "bf3edb01577c460590c6d116270051e3" member_type: VOTER last_known_addr { host: "127.4.70.3" port: 40417 } }
I20260709 12:16:08.675437  5773 raft_consensus.cc:385] T cb86ddf2dbe4448487b0992fd0c99027 P ecafaa70de844d0c93a26dc738d0ffd5 [term 0 FOLLOWER]: Consensus starting up: Expiring failure detector timer to make a prompt election more likely
I20260709 12:16:08.675745  5773 raft_consensus.cc:740] T cb86ddf2dbe4448487b0992fd0c99027 P ecafaa70de844d0c93a26dc738d0ffd5 [term 0 FOLLOWER]: Becoming Follower/Learner. State: Replica: ecafaa70de844d0c93a26dc738d0ffd5, State: Initialized, Role: FOLLOWER
I20260709 12:16:08.677069  5774 ts_tablet_manager.cc:1434] T 10d684446b1746d0af052ffb78f5f1e2 P bf3edb01577c460590c6d116270051e3: Time spent starting tablet: real 0.062s	user 0.006s	sys 0.002s
I20260709 12:16:08.678087  5774 tablet_bootstrap.cc:492] T 31e5c3c4762f4ca9a955c2d5156745e4 P bf3edb01577c460590c6d116270051e3: Bootstrap starting.
I20260709 12:16:08.676450  5773 consensus_queue.cc:260] T cb86ddf2dbe4448487b0992fd0c99027 P ecafaa70de844d0c93a26dc738d0ffd5 [NON_LEADER]: Queue going to NON_LEADER mode. State: All replicated index: 0, Majority replicated index: 0, Committed index: 0, Last appended: 0.0, Last appended by leader: 0, Current term: 0, Majority size: -1, State: 0, Mode: NON_LEADER, active raft config: opid_index: -1 OBSOLETE_local: false peers { permanent_uuid: "152db04c578d475aa83de56ec8c31eda" member_type: VOTER last_known_addr { host: "127.4.70.1" port: 37981 } } peers { permanent_uuid: "ecafaa70de844d0c93a26dc738d0ffd5" member_type: VOTER last_known_addr { host: "127.4.70.2" port: 43439 } } peers { permanent_uuid: "bf3edb01577c460590c6d116270051e3" member_type: VOTER last_known_addr { host: "127.4.70.3" port: 40417 } }
I20260709 12:16:08.693640  5724 raft_consensus.cc:3060] T 80ba3bc0e54347e1bcd5f9de62cb93f8 P bf3edb01577c460590c6d116270051e3 [term 0 FOLLOWER]: Advancing to term 1
I20260709 12:16:08.699972  5877 raft_consensus.cc:493] T 78e240cdba4f472c80da0b5aebe4476f P 152db04c578d475aa83de56ec8c31eda [term 0 FOLLOWER]: Starting pre-election (no leader contacted us within the election timeout)
I20260709 12:16:08.700573  5877 raft_consensus.cc:515] T 78e240cdba4f472c80da0b5aebe4476f P 152db04c578d475aa83de56ec8c31eda [term 0 FOLLOWER]: Starting pre-election with config: opid_index: -1 OBSOLETE_local: false peers { permanent_uuid: "152db04c578d475aa83de56ec8c31eda" member_type: VOTER last_known_addr { host: "127.4.70.1" port: 37981 } } peers { permanent_uuid: "ecafaa70de844d0c93a26dc738d0ffd5" member_type: VOTER last_known_addr { host: "127.4.70.2" port: 43439 } } peers { permanent_uuid: "bf3edb01577c460590c6d116270051e3" member_type: VOTER last_known_addr { host: "127.4.70.3" port: 40417 } }
I20260709 12:16:08.704953  5723 tablet_service.cc:1917] Received RequestConsensusVote() RPC: tablet_id: "78e240cdba4f472c80da0b5aebe4476f" candidate_uuid: "152db04c578d475aa83de56ec8c31eda" candidate_term: 1 candidate_status { last_received { term: 0 index: 0 } } ignore_live_leader: false dest_uuid: "bf3edb01577c460590c6d116270051e3" is_pre_election: true
I20260709 12:16:08.709918  5773 ts_tablet_manager.cc:1434] T cb86ddf2dbe4448487b0992fd0c99027 P ecafaa70de844d0c93a26dc738d0ffd5: Time spent starting tablet: real 0.052s	user 0.012s	sys 0.002s
W20260709 12:16:08.710631  5542 leader_election.cc:343] T 78e240cdba4f472c80da0b5aebe4476f P 152db04c578d475aa83de56ec8c31eda [CANDIDATE]: Term 1 pre-election: Tablet error from VoteRequest() call to peer bf3edb01577c460590c6d116270051e3 (127.4.70.3:40417): Illegal state: must be running to vote when last-logged opid is not known
I20260709 12:16:08.713591  5771 tablet_bootstrap.cc:492] T cb86ddf2dbe4448487b0992fd0c99027 P 152db04c578d475aa83de56ec8c31eda: No bootstrap required, opened a new log
I20260709 12:16:08.714098  5771 ts_tablet_manager.cc:1403] T cb86ddf2dbe4448487b0992fd0c99027 P 152db04c578d475aa83de56ec8c31eda: Time spent bootstrapping tablet: real 0.181s	user 0.042s	sys 0.033s
I20260709 12:16:08.714970  5651 tablet_service.cc:1917] Received RequestConsensusVote() RPC: tablet_id: "78e240cdba4f472c80da0b5aebe4476f" candidate_uuid: "152db04c578d475aa83de56ec8c31eda" candidate_term: 1 candidate_status { last_received { term: 0 index: 0 } } ignore_live_leader: false dest_uuid: "ecafaa70de844d0c93a26dc738d0ffd5" is_pre_election: true
W20260709 12:16:08.719872  5542 leader_election.cc:343] T 78e240cdba4f472c80da0b5aebe4476f P 152db04c578d475aa83de56ec8c31eda [CANDIDATE]: Term 1 pre-election: Tablet error from VoteRequest() call to peer ecafaa70de844d0c93a26dc738d0ffd5 (127.4.70.2:43439): Illegal state: must be running to vote when last-logged opid is not known
I20260709 12:16:08.720505  5542 leader_election.cc:304] T 78e240cdba4f472c80da0b5aebe4476f P 152db04c578d475aa83de56ec8c31eda [CANDIDATE]: Term 1 pre-election: Election decided. Result: candidate lost. Election summary: received 3 responses out of 3 voters: 1 yes votes; 2 no votes. yes voters: 152db04c578d475aa83de56ec8c31eda; no voters: bf3edb01577c460590c6d116270051e3, ecafaa70de844d0c93a26dc738d0ffd5
I20260709 12:16:08.721697  5796 raft_consensus.cc:2749] T 78e240cdba4f472c80da0b5aebe4476f P 152db04c578d475aa83de56ec8c31eda [term 0 FOLLOWER]: Leader pre-election lost for term 1. Reason: could not achieve majority
I20260709 12:16:08.716325  5773 tablet_bootstrap.cc:492] T 78e240cdba4f472c80da0b5aebe4476f P ecafaa70de844d0c93a26dc738d0ffd5: Bootstrap starting.
I20260709 12:16:08.721853  5872 consensus_queue.cc:1048] T 0d898d9975174e9185f7096547687321 P ecafaa70de844d0c93a26dc738d0ffd5 [LEADER]: Connected to new peer: Peer: permanent_uuid: "bf3edb01577c460590c6d116270051e3" member_type: VOTER last_known_addr { host: "127.4.70.3" port: 40417 }, Status: LMP_MISMATCH, Last received: 0.0, Next index: 1, Last known committed idx: 0, Time since last communication: 0.001s
I20260709 12:16:08.723640  5774 tablet_bootstrap.cc:654] T 31e5c3c4762f4ca9a955c2d5156745e4 P bf3edb01577c460590c6d116270051e3: Neither blocks nor log segments found. Creating new log.
I20260709 12:16:08.709398  5877 leader_election.cc:290] T 78e240cdba4f472c80da0b5aebe4476f P 152db04c578d475aa83de56ec8c31eda [CANDIDATE]: Term 1 pre-election: Requested pre-vote from peers ecafaa70de844d0c93a26dc738d0ffd5 (127.4.70.2:43439), bf3edb01577c460590c6d116270051e3 (127.4.70.3:40417)
I20260709 12:16:08.728078  5872 consensus_queue.cc:1048] T 0d898d9975174e9185f7096547687321 P ecafaa70de844d0c93a26dc738d0ffd5 [LEADER]: Connected to new peer: Peer: permanent_uuid: "152db04c578d475aa83de56ec8c31eda" member_type: VOTER last_known_addr { host: "127.4.70.1" port: 37981 }, Status: LMP_MISMATCH, Last received: 0.0, Next index: 1, Last known committed idx: 0, Time since last communication: 0.016s
I20260709 12:16:08.728762  5771 raft_consensus.cc:359] T cb86ddf2dbe4448487b0992fd0c99027 P 152db04c578d475aa83de56ec8c31eda [term 0 FOLLOWER]: Replica starting. Triggering 0 pending ops. Active config: opid_index: -1 OBSOLETE_local: false peers { permanent_uuid: "152db04c578d475aa83de56ec8c31eda" member_type: VOTER last_known_addr { host: "127.4.70.1" port: 37981 } } peers { permanent_uuid: "ecafaa70de844d0c93a26dc738d0ffd5" member_type: VOTER last_known_addr { host: "127.4.70.2" port: 43439 } } peers { permanent_uuid: "bf3edb01577c460590c6d116270051e3" member_type: VOTER last_known_addr { host: "127.4.70.3" port: 40417 } }
I20260709 12:16:08.745640  5771 raft_consensus.cc:385] T cb86ddf2dbe4448487b0992fd0c99027 P 152db04c578d475aa83de56ec8c31eda [term 0 FOLLOWER]: Consensus starting up: Expiring failure detector timer to make a prompt election more likely
I20260709 12:16:08.746057  5771 raft_consensus.cc:740] T cb86ddf2dbe4448487b0992fd0c99027 P 152db04c578d475aa83de56ec8c31eda [term 0 FOLLOWER]: Becoming Follower/Learner. State: Replica: 152db04c578d475aa83de56ec8c31eda, State: Initialized, Role: FOLLOWER
I20260709 12:16:08.757532  5938 raft_consensus.cc:493] T 10d684446b1746d0af052ffb78f5f1e2 P bf3edb01577c460590c6d116270051e3 [term 0 FOLLOWER]: Starting pre-election (no leader contacted us within the election timeout)
I20260709 12:16:08.759781  5938 raft_consensus.cc:515] T 10d684446b1746d0af052ffb78f5f1e2 P bf3edb01577c460590c6d116270051e3 [term 0 FOLLOWER]: Starting pre-election with config: opid_index: -1 OBSOLETE_local: false peers { permanent_uuid: "152db04c578d475aa83de56ec8c31eda" member_type: VOTER last_known_addr { host: "127.4.70.1" port: 37981 } } peers { permanent_uuid: "ecafaa70de844d0c93a26dc738d0ffd5" member_type: VOTER last_known_addr { host: "127.4.70.2" port: 43439 } } peers { permanent_uuid: "bf3edb01577c460590c6d116270051e3" member_type: VOTER last_known_addr { host: "127.4.70.3" port: 40417 } }
I20260709 12:16:08.758131  5771 consensus_queue.cc:260] T cb86ddf2dbe4448487b0992fd0c99027 P 152db04c578d475aa83de56ec8c31eda [NON_LEADER]: Queue going to NON_LEADER mode. State: All replicated index: 0, Majority replicated index: 0, Committed index: 0, Last appended: 0.0, Last appended by leader: 0, Current term: 0, Majority size: -1, State: 0, Mode: NON_LEADER, active raft config: opid_index: -1 OBSOLETE_local: false peers { permanent_uuid: "152db04c578d475aa83de56ec8c31eda" member_type: VOTER last_known_addr { host: "127.4.70.1" port: 37981 } } peers { permanent_uuid: "ecafaa70de844d0c93a26dc738d0ffd5" member_type: VOTER last_known_addr { host: "127.4.70.2" port: 43439 } } peers { permanent_uuid: "bf3edb01577c460590c6d116270051e3" member_type: VOTER last_known_addr { host: "127.4.70.3" port: 40417 } }
I20260709 12:16:08.781183  5877 raft_consensus.cc:493] T 05779e3fb0e74a3293efc906d5401d55 P 152db04c578d475aa83de56ec8c31eda [term 0 FOLLOWER]: Starting pre-election (no leader contacted us within the election timeout)
I20260709 12:16:08.781863  5877 raft_consensus.cc:515] T 05779e3fb0e74a3293efc906d5401d55 P 152db04c578d475aa83de56ec8c31eda [term 0 FOLLOWER]: Starting pre-election with config: opid_index: -1 OBSOLETE_local: false peers { permanent_uuid: "152db04c578d475aa83de56ec8c31eda" member_type: VOTER last_known_addr { host: "127.4.70.1" port: 37981 } } peers { permanent_uuid: "ecafaa70de844d0c93a26dc738d0ffd5" member_type: VOTER last_known_addr { host: "127.4.70.2" port: 43439 } } peers { permanent_uuid: "bf3edb01577c460590c6d116270051e3" member_type: VOTER last_known_addr { host: "127.4.70.3" port: 40417 } }
I20260709 12:16:08.785003  5877 leader_election.cc:290] T 05779e3fb0e74a3293efc906d5401d55 P 152db04c578d475aa83de56ec8c31eda [CANDIDATE]: Term 1 pre-election: Requested pre-vote from peers ecafaa70de844d0c93a26dc738d0ffd5 (127.4.70.2:43439), bf3edb01577c460590c6d116270051e3 (127.4.70.3:40417)
I20260709 12:16:08.755546  5863 raft_consensus.cc:515] T 47e313d407954aeeaaed02e2d1379496 P ecafaa70de844d0c93a26dc738d0ffd5 [term 1 FOLLOWER]: Starting leader election with config: opid_index: -1 OBSOLETE_local: false peers { permanent_uuid: "152db04c578d475aa83de56ec8c31eda" member_type: VOTER last_known_addr { host: "127.4.70.1" port: 37981 } } peers { permanent_uuid: "ecafaa70de844d0c93a26dc738d0ffd5" member_type: VOTER last_known_addr { host: "127.4.70.2" port: 43439 } } peers { permanent_uuid: "bf3edb01577c460590c6d116270051e3" member_type: VOTER last_known_addr { host: "127.4.70.3" port: 40417 } }
I20260709 12:16:08.788519  5863 leader_election.cc:290] T 47e313d407954aeeaaed02e2d1379496 P ecafaa70de844d0c93a26dc738d0ffd5 [CANDIDATE]: Term 1 election: Requested vote from peers 152db04c578d475aa83de56ec8c31eda (127.4.70.1:37981), bf3edb01577c460590c6d116270051e3 (127.4.70.3:40417)
I20260709 12:16:08.789438  5577 tablet_service.cc:1917] Received RequestConsensusVote() RPC: tablet_id: "47e313d407954aeeaaed02e2d1379496" candidate_uuid: "ecafaa70de844d0c93a26dc738d0ffd5" candidate_term: 1 candidate_status { last_received { term: 0 index: 0 } } ignore_live_leader: false dest_uuid: "152db04c578d475aa83de56ec8c31eda"
I20260709 12:16:08.790110  5577 raft_consensus.cc:3060] T 47e313d407954aeeaaed02e2d1379496 P 152db04c578d475aa83de56ec8c31eda [term 0 FOLLOWER]: Advancing to term 1
I20260709 12:16:08.792232  5863 consensus_queue.cc:1048] T 80ba3bc0e54347e1bcd5f9de62cb93f8 P ecafaa70de844d0c93a26dc738d0ffd5 [LEADER]: Connected to new peer: Peer: permanent_uuid: "bf3edb01577c460590c6d116270051e3" member_type: VOTER last_known_addr { host: "127.4.70.3" port: 40417 }, Status: LMP_MISMATCH, Last received: 0.0, Next index: 1, Last known committed idx: 0, Time since last communication: 0.001s
I20260709 12:16:08.793376  5938 leader_election.cc:290] T 10d684446b1746d0af052ffb78f5f1e2 P bf3edb01577c460590c6d116270051e3 [CANDIDATE]: Term 1 pre-election: Requested pre-vote from peers 152db04c578d475aa83de56ec8c31eda (127.4.70.1:37981), ecafaa70de844d0c93a26dc738d0ffd5 (127.4.70.2:43439)
I20260709 12:16:08.795469  5651 tablet_service.cc:1917] Received RequestConsensusVote() RPC: tablet_id: "10d684446b1746d0af052ffb78f5f1e2" candidate_uuid: "bf3edb01577c460590c6d116270051e3" candidate_term: 1 candidate_status { last_received { term: 0 index: 0 } } ignore_live_leader: false dest_uuid: "ecafaa70de844d0c93a26dc738d0ffd5" is_pre_election: true
I20260709 12:16:08.796648  5771 ts_tablet_manager.cc:1434] T cb86ddf2dbe4448487b0992fd0c99027 P 152db04c578d475aa83de56ec8c31eda: Time spent starting tablet: real 0.082s	user 0.009s	sys 0.007s
I20260709 12:16:08.799458  5651 raft_consensus.cc:2468] T 10d684446b1746d0af052ffb78f5f1e2 P ecafaa70de844d0c93a26dc738d0ffd5 [term 0 FOLLOWER]: Leader pre-election vote request: Granting yes vote for candidate bf3edb01577c460590c6d116270051e3 in term 0.
I20260709 12:16:08.800114  5771 tablet_bootstrap.cc:492] T 95049eed0ad24e3995a109a5c6ced810 P 152db04c578d475aa83de56ec8c31eda: Bootstrap starting.
I20260709 12:16:08.800714  5691 leader_election.cc:304] T 10d684446b1746d0af052ffb78f5f1e2 P bf3edb01577c460590c6d116270051e3 [CANDIDATE]: Term 1 pre-election: Election decided. Result: candidate won. Election summary: received 2 responses out of 3 voters: 2 yes votes; 0 no votes. yes voters: bf3edb01577c460590c6d116270051e3, ecafaa70de844d0c93a26dc738d0ffd5; no voters: 
I20260709 12:16:08.797348  5724 tablet_service.cc:1917] Received RequestConsensusVote() RPC: tablet_id: "47e313d407954aeeaaed02e2d1379496" candidate_uuid: "ecafaa70de844d0c93a26dc738d0ffd5" candidate_term: 1 candidate_status { last_received { term: 0 index: 0 } } ignore_live_leader: false dest_uuid: "bf3edb01577c460590c6d116270051e3"
I20260709 12:16:08.801610  5938 raft_consensus.cc:2804] T 10d684446b1746d0af052ffb78f5f1e2 P bf3edb01577c460590c6d116270051e3 [term 0 FOLLOWER]: Leader pre-election won for term 1
I20260709 12:16:08.798977  5773 tablet_bootstrap.cc:654] T 78e240cdba4f472c80da0b5aebe4476f P ecafaa70de844d0c93a26dc738d0ffd5: Neither blocks nor log segments found. Creating new log.
I20260709 12:16:08.810194  5938 raft_consensus.cc:493] T 10d684446b1746d0af052ffb78f5f1e2 P bf3edb01577c460590c6d116270051e3 [term 0 FOLLOWER]: Starting leader election (no leader contacted us within the election timeout)
I20260709 12:16:08.803781  5577 raft_consensus.cc:2468] T 47e313d407954aeeaaed02e2d1379496 P 152db04c578d475aa83de56ec8c31eda [term 1 FOLLOWER]: Leader election vote request: Granting yes vote for candidate ecafaa70de844d0c93a26dc738d0ffd5 in term 1.
I20260709 12:16:08.808689  5771 tablet_bootstrap.cc:654] T 95049eed0ad24e3995a109a5c6ced810 P 152db04c578d475aa83de56ec8c31eda: Neither blocks nor log segments found. Creating new log.
I20260709 12:16:08.810724  5938 raft_consensus.cc:3060] T 10d684446b1746d0af052ffb78f5f1e2 P bf3edb01577c460590c6d116270051e3 [term 0 FOLLOWER]: Advancing to term 1
I20260709 12:16:08.814575  5575 tablet_service.cc:1917] Received RequestConsensusVote() RPC: tablet_id: "10d684446b1746d0af052ffb78f5f1e2" candidate_uuid: "bf3edb01577c460590c6d116270051e3" candidate_term: 1 candidate_status { last_received { term: 0 index: 0 } } ignore_live_leader: false dest_uuid: "152db04c578d475aa83de56ec8c31eda" is_pre_election: true
I20260709 12:16:08.815316  5575 raft_consensus.cc:2468] T 10d684446b1746d0af052ffb78f5f1e2 P 152db04c578d475aa83de56ec8c31eda [term 0 FOLLOWER]: Leader pre-election vote request: Granting yes vote for candidate bf3edb01577c460590c6d116270051e3 in term 0.
I20260709 12:16:08.822587  5723 tablet_service.cc:1917] Received RequestConsensusVote() RPC: tablet_id: "05779e3fb0e74a3293efc906d5401d55" candidate_uuid: "152db04c578d475aa83de56ec8c31eda" candidate_term: 1 candidate_status { last_received { term: 0 index: 0 } } ignore_live_leader: false dest_uuid: "bf3edb01577c460590c6d116270051e3" is_pre_election: true
I20260709 12:16:08.825512  5774 tablet_bootstrap.cc:492] T 31e5c3c4762f4ca9a955c2d5156745e4 P bf3edb01577c460590c6d116270051e3: No bootstrap required, opened a new log
I20260709 12:16:08.826095  5774 ts_tablet_manager.cc:1403] T 31e5c3c4762f4ca9a955c2d5156745e4 P bf3edb01577c460590c6d116270051e3: Time spent bootstrapping tablet: real 0.148s	user 0.005s	sys 0.018s
W20260709 12:16:08.829636  5542 leader_election.cc:343] T 05779e3fb0e74a3293efc906d5401d55 P 152db04c578d475aa83de56ec8c31eda [CANDIDATE]: Term 1 pre-election: Tablet error from VoteRequest() call to peer bf3edb01577c460590c6d116270051e3 (127.4.70.3:40417): Illegal state: must be running to vote when last-logged opid is not known
I20260709 12:16:08.838478  5774 raft_consensus.cc:359] T 31e5c3c4762f4ca9a955c2d5156745e4 P bf3edb01577c460590c6d116270051e3 [term 0 FOLLOWER]: Replica starting. Triggering 0 pending ops. Active config: opid_index: -1 OBSOLETE_local: false peers { permanent_uuid: "152db04c578d475aa83de56ec8c31eda" member_type: VOTER last_known_addr { host: "127.4.70.1" port: 37981 } } peers { permanent_uuid: "ecafaa70de844d0c93a26dc738d0ffd5" member_type: VOTER last_known_addr { host: "127.4.70.2" port: 43439 } } peers { permanent_uuid: "bf3edb01577c460590c6d116270051e3" member_type: VOTER last_known_addr { host: "127.4.70.3" port: 40417 } }
I20260709 12:16:08.840378  5774 raft_consensus.cc:385] T 31e5c3c4762f4ca9a955c2d5156745e4 P bf3edb01577c460590c6d116270051e3 [term 0 FOLLOWER]: Consensus starting up: Expiring failure detector timer to make a prompt election more likely
W20260709 12:16:08.830299  5617 leader_election.cc:343] T 47e313d407954aeeaaed02e2d1379496 P ecafaa70de844d0c93a26dc738d0ffd5 [CANDIDATE]: Term 1 election: Tablet error from VoteRequest() call to peer bf3edb01577c460590c6d116270051e3 (127.4.70.3:40417): Illegal state: must be running to vote when last-logged opid is not known
I20260709 12:16:08.841058  5774 raft_consensus.cc:740] T 31e5c3c4762f4ca9a955c2d5156745e4 P bf3edb01577c460590c6d116270051e3 [term 0 FOLLOWER]: Becoming Follower/Learner. State: Replica: bf3edb01577c460590c6d116270051e3, State: Initialized, Role: FOLLOWER
I20260709 12:16:08.830070  5825 consensus_queue.cc:1048] T 5897127155e647a890226e48a14c8d1d P ecafaa70de844d0c93a26dc738d0ffd5 [LEADER]: Connected to new peer: Peer: permanent_uuid: "bf3edb01577c460590c6d116270051e3" member_type: VOTER last_known_addr { host: "127.4.70.3" port: 40417 }, Status: LMP_MISMATCH, Last received: 0.0, Next index: 1, Last known committed idx: 0, Time since last communication: 0.011s
I20260709 12:16:08.843753  5774 consensus_queue.cc:260] T 31e5c3c4762f4ca9a955c2d5156745e4 P bf3edb01577c460590c6d116270051e3 [NON_LEADER]: Queue going to NON_LEADER mode. State: All replicated index: 0, Majority replicated index: 0, Committed index: 0, Last appended: 0.0, Last appended by leader: 0, Current term: 0, Majority size: -1, State: 0, Mode: NON_LEADER, active raft config: opid_index: -1 OBSOLETE_local: false peers { permanent_uuid: "152db04c578d475aa83de56ec8c31eda" member_type: VOTER last_known_addr { host: "127.4.70.1" port: 37981 } } peers { permanent_uuid: "ecafaa70de844d0c93a26dc738d0ffd5" member_type: VOTER last_known_addr { host: "127.4.70.2" port: 43439 } } peers { permanent_uuid: "bf3edb01577c460590c6d116270051e3" member_type: VOTER last_known_addr { host: "127.4.70.3" port: 40417 } }
I20260709 12:16:08.850808  5774 ts_tablet_manager.cc:1434] T 31e5c3c4762f4ca9a955c2d5156745e4 P bf3edb01577c460590c6d116270051e3: Time spent starting tablet: real 0.024s	user 0.010s	sys 0.001s
I20260709 12:16:08.852030  5774 tablet_bootstrap.cc:492] T 95049eed0ad24e3995a109a5c6ced810 P bf3edb01577c460590c6d116270051e3: Bootstrap starting.
I20260709 12:16:08.856873  5773 tablet_bootstrap.cc:492] T 78e240cdba4f472c80da0b5aebe4476f P ecafaa70de844d0c93a26dc738d0ffd5: No bootstrap required, opened a new log
I20260709 12:16:08.857491  5773 ts_tablet_manager.cc:1403] T 78e240cdba4f472c80da0b5aebe4476f P ecafaa70de844d0c93a26dc738d0ffd5: Time spent bootstrapping tablet: real 0.141s	user 0.015s	sys 0.018s
I20260709 12:16:08.865693  5618 leader_election.cc:304] T 47e313d407954aeeaaed02e2d1379496 P ecafaa70de844d0c93a26dc738d0ffd5 [CANDIDATE]: Term 1 election: Election decided. Result: candidate won. Election summary: received 3 responses out of 3 voters: 2 yes votes; 1 no votes. yes voters: 152db04c578d475aa83de56ec8c31eda, ecafaa70de844d0c93a26dc738d0ffd5; no voters: bf3edb01577c460590c6d116270051e3
I20260709 12:16:08.867411  5825 raft_consensus.cc:2804] T 47e313d407954aeeaaed02e2d1379496 P ecafaa70de844d0c93a26dc738d0ffd5 [term 1 FOLLOWER]: Leader election won for term 1
I20260709 12:16:08.867975  5825 raft_consensus.cc:697] T 47e313d407954aeeaaed02e2d1379496 P ecafaa70de844d0c93a26dc738d0ffd5 [term 1 LEADER]: Becoming Leader. State: Replica: ecafaa70de844d0c93a26dc738d0ffd5, State: Running, Role: LEADER
I20260709 12:16:08.868889  5825 consensus_queue.cc:237] T 47e313d407954aeeaaed02e2d1379496 P ecafaa70de844d0c93a26dc738d0ffd5 [LEADER]: Queue going to LEADER mode. State: All replicated index: 0, Majority replicated index: 0, Committed index: 0, Last appended: 0.0, Last appended by leader: 0, Current term: 1, Majority size: 2, State: 0, Mode: LEADER, active raft config: opid_index: -1 OBSOLETE_local: false peers { permanent_uuid: "152db04c578d475aa83de56ec8c31eda" member_type: VOTER last_known_addr { host: "127.4.70.1" port: 37981 } } peers { permanent_uuid: "ecafaa70de844d0c93a26dc738d0ffd5" member_type: VOTER last_known_addr { host: "127.4.70.2" port: 43439 } } peers { permanent_uuid: "bf3edb01577c460590c6d116270051e3" member_type: VOTER last_known_addr { host: "127.4.70.3" port: 40417 } }
I20260709 12:16:08.875685  5938 raft_consensus.cc:515] T 10d684446b1746d0af052ffb78f5f1e2 P bf3edb01577c460590c6d116270051e3 [term 1 FOLLOWER]: Starting leader election with config: opid_index: -1 OBSOLETE_local: false peers { permanent_uuid: "152db04c578d475aa83de56ec8c31eda" member_type: VOTER last_known_addr { host: "127.4.70.1" port: 37981 } } peers { permanent_uuid: "ecafaa70de844d0c93a26dc738d0ffd5" member_type: VOTER last_known_addr { host: "127.4.70.2" port: 43439 } } peers { permanent_uuid: "bf3edb01577c460590c6d116270051e3" member_type: VOTER last_known_addr { host: "127.4.70.3" port: 40417 } }
I20260709 12:16:08.873139  5773 raft_consensus.cc:359] T 78e240cdba4f472c80da0b5aebe4476f P ecafaa70de844d0c93a26dc738d0ffd5 [term 0 FOLLOWER]: Replica starting. Triggering 0 pending ops. Active config: opid_index: -1 OBSOLETE_local: false peers { permanent_uuid: "152db04c578d475aa83de56ec8c31eda" member_type: VOTER last_known_addr { host: "127.4.70.1" port: 37981 } } peers { permanent_uuid: "ecafaa70de844d0c93a26dc738d0ffd5" member_type: VOTER last_known_addr { host: "127.4.70.2" port: 43439 } } peers { permanent_uuid: "bf3edb01577c460590c6d116270051e3" member_type: VOTER last_known_addr { host: "127.4.70.3" port: 40417 } }
I20260709 12:16:08.877439  5773 raft_consensus.cc:385] T 78e240cdba4f472c80da0b5aebe4476f P ecafaa70de844d0c93a26dc738d0ffd5 [term 0 FOLLOWER]: Consensus starting up: Expiring failure detector timer to make a prompt election more likely
I20260709 12:16:08.873281  5771 tablet_bootstrap.cc:492] T 95049eed0ad24e3995a109a5c6ced810 P 152db04c578d475aa83de56ec8c31eda: No bootstrap required, opened a new log
I20260709 12:16:08.878541  5938 leader_election.cc:290] T 10d684446b1746d0af052ffb78f5f1e2 P bf3edb01577c460590c6d116270051e3 [CANDIDATE]: Term 1 election: Requested vote from peers 152db04c578d475aa83de56ec8c31eda (127.4.70.1:37981), ecafaa70de844d0c93a26dc738d0ffd5 (127.4.70.2:43439)
I20260709 12:16:08.879274  5773 raft_consensus.cc:740] T 78e240cdba4f472c80da0b5aebe4476f P ecafaa70de844d0c93a26dc738d0ffd5 [term 0 FOLLOWER]: Becoming Follower/Learner. State: Replica: ecafaa70de844d0c93a26dc738d0ffd5, State: Initialized, Role: FOLLOWER
I20260709 12:16:08.879769  5771 ts_tablet_manager.cc:1403] T 95049eed0ad24e3995a109a5c6ced810 P 152db04c578d475aa83de56ec8c31eda: Time spent bootstrapping tablet: real 0.080s	user 0.015s	sys 0.024s
I20260709 12:16:08.880339  5773 consensus_queue.cc:260] T 78e240cdba4f472c80da0b5aebe4476f P ecafaa70de844d0c93a26dc738d0ffd5 [NON_LEADER]: Queue going to NON_LEADER mode. State: All replicated index: 0, Majority replicated index: 0, Committed index: 0, Last appended: 0.0, Last appended by leader: 0, Current term: 0, Majority size: -1, State: 0, Mode: NON_LEADER, active raft config: opid_index: -1 OBSOLETE_local: false peers { permanent_uuid: "152db04c578d475aa83de56ec8c31eda" member_type: VOTER last_known_addr { host: "127.4.70.1" port: 37981 } } peers { permanent_uuid: "ecafaa70de844d0c93a26dc738d0ffd5" member_type: VOTER last_known_addr { host: "127.4.70.2" port: 43439 } } peers { permanent_uuid: "bf3edb01577c460590c6d116270051e3" member_type: VOTER last_known_addr { host: "127.4.70.3" port: 40417 } }
I20260709 12:16:08.878983  5774 tablet_bootstrap.cc:654] T 95049eed0ad24e3995a109a5c6ced810 P bf3edb01577c460590c6d116270051e3: Neither blocks nor log segments found. Creating new log.
I20260709 12:16:08.884454  5651 tablet_service.cc:1917] Received RequestConsensusVote() RPC: tablet_id: "05779e3fb0e74a3293efc906d5401d55" candidate_uuid: "152db04c578d475aa83de56ec8c31eda" candidate_term: 1 candidate_status { last_received { term: 0 index: 0 } } ignore_live_leader: false dest_uuid: "ecafaa70de844d0c93a26dc738d0ffd5" is_pre_election: true
I20260709 12:16:08.885154  5651 raft_consensus.cc:2468] T 05779e3fb0e74a3293efc906d5401d55 P ecafaa70de844d0c93a26dc738d0ffd5 [term 0 FOLLOWER]: Leader pre-election vote request: Granting yes vote for candidate 152db04c578d475aa83de56ec8c31eda in term 0.
I20260709 12:16:08.883391  5773 ts_tablet_manager.cc:1434] T 78e240cdba4f472c80da0b5aebe4476f P ecafaa70de844d0c93a26dc738d0ffd5: Time spent starting tablet: real 0.025s	user 0.008s	sys 0.002s
I20260709 12:16:08.891028  5542 leader_election.cc:304] T 05779e3fb0e74a3293efc906d5401d55 P 152db04c578d475aa83de56ec8c31eda [CANDIDATE]: Term 1 pre-election: Election decided. Result: candidate won. Election summary: received 3 responses out of 3 voters: 2 yes votes; 1 no votes. yes voters: 152db04c578d475aa83de56ec8c31eda, ecafaa70de844d0c93a26dc738d0ffd5; no voters: bf3edb01577c460590c6d116270051e3
I20260709 12:16:08.891718  5773 tablet_bootstrap.cc:492] T 95049eed0ad24e3995a109a5c6ced810 P ecafaa70de844d0c93a26dc738d0ffd5: Bootstrap starting.
I20260709 12:16:08.895805  5774 tablet_bootstrap.cc:492] T 95049eed0ad24e3995a109a5c6ced810 P bf3edb01577c460590c6d116270051e3: No bootstrap required, opened a new log
I20260709 12:16:08.896423  5774 ts_tablet_manager.cc:1403] T 95049eed0ad24e3995a109a5c6ced810 P bf3edb01577c460590c6d116270051e3: Time spent bootstrapping tablet: real 0.045s	user 0.015s	sys 0.002s
I20260709 12:16:08.898510  5796 raft_consensus.cc:2804] T 05779e3fb0e74a3293efc906d5401d55 P 152db04c578d475aa83de56ec8c31eda [term 0 FOLLOWER]: Leader pre-election won for term 1
I20260709 12:16:08.898983  5796 raft_consensus.cc:493] T 05779e3fb0e74a3293efc906d5401d55 P 152db04c578d475aa83de56ec8c31eda [term 0 FOLLOWER]: Starting leader election (no leader contacted us within the election timeout)
I20260709 12:16:08.899336  5796 raft_consensus.cc:3060] T 05779e3fb0e74a3293efc906d5401d55 P 152db04c578d475aa83de56ec8c31eda [term 0 FOLLOWER]: Advancing to term 1
I20260709 12:16:08.899626  5774 raft_consensus.cc:359] T 95049eed0ad24e3995a109a5c6ced810 P bf3edb01577c460590c6d116270051e3 [term 0 FOLLOWER]: Replica starting. Triggering 0 pending ops. Active config: opid_index: -1 OBSOLETE_local: false peers { permanent_uuid: "152db04c578d475aa83de56ec8c31eda" member_type: VOTER last_known_addr { host: "127.4.70.1" port: 37981 } } peers { permanent_uuid: "ecafaa70de844d0c93a26dc738d0ffd5" member_type: VOTER last_known_addr { host: "127.4.70.2" port: 43439 } } peers { permanent_uuid: "bf3edb01577c460590c6d116270051e3" member_type: VOTER last_known_addr { host: "127.4.70.3" port: 40417 } }
I20260709 12:16:08.900374  5774 raft_consensus.cc:385] T 95049eed0ad24e3995a109a5c6ced810 P bf3edb01577c460590c6d116270051e3 [term 0 FOLLOWER]: Consensus starting up: Expiring failure detector timer to make a prompt election more likely
I20260709 12:16:08.900475  5773 tablet_bootstrap.cc:654] T 95049eed0ad24e3995a109a5c6ced810 P ecafaa70de844d0c93a26dc738d0ffd5: Neither blocks nor log segments found. Creating new log.
I20260709 12:16:08.900666  5774 raft_consensus.cc:740] T 95049eed0ad24e3995a109a5c6ced810 P bf3edb01577c460590c6d116270051e3 [term 0 FOLLOWER]: Becoming Follower/Learner. State: Replica: bf3edb01577c460590c6d116270051e3, State: Initialized, Role: FOLLOWER
I20260709 12:16:08.901518  5774 consensus_queue.cc:260] T 95049eed0ad24e3995a109a5c6ced810 P bf3edb01577c460590c6d116270051e3 [NON_LEADER]: Queue going to NON_LEADER mode. State: All replicated index: 0, Majority replicated index: 0, Committed index: 0, Last appended: 0.0, Last appended by leader: 0, Current term: 0, Majority size: -1, State: 0, Mode: NON_LEADER, active raft config: opid_index: -1 OBSOLETE_local: false peers { permanent_uuid: "152db04c578d475aa83de56ec8c31eda" member_type: VOTER last_known_addr { host: "127.4.70.1" port: 37981 } } peers { permanent_uuid: "ecafaa70de844d0c93a26dc738d0ffd5" member_type: VOTER last_known_addr { host: "127.4.70.2" port: 43439 } } peers { permanent_uuid: "bf3edb01577c460590c6d116270051e3" member_type: VOTER last_known_addr { host: "127.4.70.3" port: 40417 } }
I20260709 12:16:08.889186  5576 tablet_service.cc:1917] Received RequestConsensusVote() RPC: tablet_id: "10d684446b1746d0af052ffb78f5f1e2" candidate_uuid: "bf3edb01577c460590c6d116270051e3" candidate_term: 1 candidate_status { last_received { term: 0 index: 0 } } ignore_live_leader: false dest_uuid: "152db04c578d475aa83de56ec8c31eda"
I20260709 12:16:08.902894  5576 raft_consensus.cc:3060] T 10d684446b1746d0af052ffb78f5f1e2 P 152db04c578d475aa83de56ec8c31eda [term 0 FOLLOWER]: Advancing to term 1
I20260709 12:16:08.903369  5774 ts_tablet_manager.cc:1434] T 95049eed0ad24e3995a109a5c6ced810 P bf3edb01577c460590c6d116270051e3: Time spent starting tablet: real 0.007s	user 0.006s	sys 0.002s
I20260709 12:16:08.905071  5774 tablet_bootstrap.cc:492] T 47e313d407954aeeaaed02e2d1379496 P bf3edb01577c460590c6d116270051e3: Bootstrap starting.
I20260709 12:16:08.908720  5652 tablet_service.cc:1917] Received RequestConsensusVote() RPC: tablet_id: "10d684446b1746d0af052ffb78f5f1e2" candidate_uuid: "bf3edb01577c460590c6d116270051e3" candidate_term: 1 candidate_status { last_received { term: 0 index: 0 } } ignore_live_leader: false dest_uuid: "ecafaa70de844d0c93a26dc738d0ffd5"
I20260709 12:16:08.909439  5652 raft_consensus.cc:3060] T 10d684446b1746d0af052ffb78f5f1e2 P ecafaa70de844d0c93a26dc738d0ffd5 [term 0 FOLLOWER]: Advancing to term 1
I20260709 12:16:08.918015  5774 tablet_bootstrap.cc:654] T 47e313d407954aeeaaed02e2d1379496 P bf3edb01577c460590c6d116270051e3: Neither blocks nor log segments found. Creating new log.
I20260709 12:16:08.919345  5652 raft_consensus.cc:2468] T 10d684446b1746d0af052ffb78f5f1e2 P ecafaa70de844d0c93a26dc738d0ffd5 [term 1 FOLLOWER]: Leader election vote request: Granting yes vote for candidate bf3edb01577c460590c6d116270051e3 in term 1.
I20260709 12:16:08.921754  5691 leader_election.cc:304] T 10d684446b1746d0af052ffb78f5f1e2 P bf3edb01577c460590c6d116270051e3 [CANDIDATE]: Term 1 election: Election decided. Result: candidate won. Election summary: received 2 responses out of 3 voters: 2 yes votes; 0 no votes. yes voters: bf3edb01577c460590c6d116270051e3, ecafaa70de844d0c93a26dc738d0ffd5; no voters: 
I20260709 12:16:08.922840  5782 raft_consensus.cc:2804] T 10d684446b1746d0af052ffb78f5f1e2 P bf3edb01577c460590c6d116270051e3 [term 1 FOLLOWER]: Leader election won for term 1
I20260709 12:16:08.923349  5782 raft_consensus.cc:697] T 10d684446b1746d0af052ffb78f5f1e2 P bf3edb01577c460590c6d116270051e3 [term 1 LEADER]: Becoming Leader. State: Replica: bf3edb01577c460590c6d116270051e3, State: Running, Role: LEADER
I20260709 12:16:08.924224  5782 consensus_queue.cc:237] T 10d684446b1746d0af052ffb78f5f1e2 P bf3edb01577c460590c6d116270051e3 [LEADER]: Queue going to LEADER mode. State: All replicated index: 0, Majority replicated index: 0, Committed index: 0, Last appended: 0.0, Last appended by leader: 0, Current term: 1, Majority size: 2, State: 0, Mode: LEADER, active raft config: opid_index: -1 OBSOLETE_local: false peers { permanent_uuid: "152db04c578d475aa83de56ec8c31eda" member_type: VOTER last_known_addr { host: "127.4.70.1" port: 37981 } } peers { permanent_uuid: "ecafaa70de844d0c93a26dc738d0ffd5" member_type: VOTER last_known_addr { host: "127.4.70.2" port: 43439 } } peers { permanent_uuid: "bf3edb01577c460590c6d116270051e3" member_type: VOTER last_known_addr { host: "127.4.70.3" port: 40417 } }
I20260709 12:16:08.925889  5774 tablet_bootstrap.cc:492] T 47e313d407954aeeaaed02e2d1379496 P bf3edb01577c460590c6d116270051e3: No bootstrap required, opened a new log
I20260709 12:16:08.926488  5774 ts_tablet_manager.cc:1403] T 47e313d407954aeeaaed02e2d1379496 P bf3edb01577c460590c6d116270051e3: Time spent bootstrapping tablet: real 0.022s	user 0.007s	sys 0.008s
I20260709 12:16:08.929876  5774 raft_consensus.cc:359] T 47e313d407954aeeaaed02e2d1379496 P bf3edb01577c460590c6d116270051e3 [term 0 FOLLOWER]: Replica starting. Triggering 0 pending ops. Active config: opid_index: -1 OBSOLETE_local: false peers { permanent_uuid: "152db04c578d475aa83de56ec8c31eda" member_type: VOTER last_known_addr { host: "127.4.70.1" port: 37981 } } peers { permanent_uuid: "ecafaa70de844d0c93a26dc738d0ffd5" member_type: VOTER last_known_addr { host: "127.4.70.2" port: 43439 } } peers { permanent_uuid: "bf3edb01577c460590c6d116270051e3" member_type: VOTER last_known_addr { host: "127.4.70.3" port: 40417 } }
I20260709 12:16:08.931628  5774 raft_consensus.cc:385] T 47e313d407954aeeaaed02e2d1379496 P bf3edb01577c460590c6d116270051e3 [term 0 FOLLOWER]: Consensus starting up: Expiring failure detector timer to make a prompt election more likely
I20260709 12:16:08.931965  5774 raft_consensus.cc:740] T 47e313d407954aeeaaed02e2d1379496 P bf3edb01577c460590c6d116270051e3 [term 0 FOLLOWER]: Becoming Follower/Learner. State: Replica: bf3edb01577c460590c6d116270051e3, State: Initialized, Role: FOLLOWER
I20260709 12:16:08.932683  5774 consensus_queue.cc:260] T 47e313d407954aeeaaed02e2d1379496 P bf3edb01577c460590c6d116270051e3 [NON_LEADER]: Queue going to NON_LEADER mode. State: All replicated index: 0, Majority replicated index: 0, Committed index: 0, Last appended: 0.0, Last appended by leader: 0, Current term: 0, Majority size: -1, State: 0, Mode: NON_LEADER, active raft config: opid_index: -1 OBSOLETE_local: false peers { permanent_uuid: "152db04c578d475aa83de56ec8c31eda" member_type: VOTER last_known_addr { host: "127.4.70.1" port: 37981 } } peers { permanent_uuid: "ecafaa70de844d0c93a26dc738d0ffd5" member_type: VOTER last_known_addr { host: "127.4.70.2" port: 43439 } } peers { permanent_uuid: "bf3edb01577c460590c6d116270051e3" member_type: VOTER last_known_addr { host: "127.4.70.3" port: 40417 } }
I20260709 12:16:08.883385  5771 raft_consensus.cc:359] T 95049eed0ad24e3995a109a5c6ced810 P 152db04c578d475aa83de56ec8c31eda [term 0 FOLLOWER]: Replica starting. Triggering 0 pending ops. Active config: opid_index: -1 OBSOLETE_local: false peers { permanent_uuid: "152db04c578d475aa83de56ec8c31eda" member_type: VOTER last_known_addr { host: "127.4.70.1" port: 37981 } } peers { permanent_uuid: "ecafaa70de844d0c93a26dc738d0ffd5" member_type: VOTER last_known_addr { host: "127.4.70.2" port: 43439 } } peers { permanent_uuid: "bf3edb01577c460590c6d116270051e3" member_type: VOTER last_known_addr { host: "127.4.70.3" port: 40417 } }
I20260709 12:16:08.935006  5771 raft_consensus.cc:385] T 95049eed0ad24e3995a109a5c6ced810 P 152db04c578d475aa83de56ec8c31eda [term 0 FOLLOWER]: Consensus starting up: Expiring failure detector timer to make a prompt election more likely
I20260709 12:16:08.935351  5771 raft_consensus.cc:740] T 95049eed0ad24e3995a109a5c6ced810 P 152db04c578d475aa83de56ec8c31eda [term 0 FOLLOWER]: Becoming Follower/Learner. State: Replica: 152db04c578d475aa83de56ec8c31eda, State: Initialized, Role: FOLLOWER
I20260709 12:16:08.934592  5774 ts_tablet_manager.cc:1434] T 47e313d407954aeeaaed02e2d1379496 P bf3edb01577c460590c6d116270051e3: Time spent starting tablet: real 0.008s	user 0.007s	sys 0.000s
I20260709 12:16:08.936175  5771 consensus_queue.cc:260] T 95049eed0ad24e3995a109a5c6ced810 P 152db04c578d475aa83de56ec8c31eda [NON_LEADER]: Queue going to NON_LEADER mode. State: All replicated index: 0, Majority replicated index: 0, Committed index: 0, Last appended: 0.0, Last appended by leader: 0, Current term: 0, Majority size: -1, State: 0, Mode: NON_LEADER, active raft config: opid_index: -1 OBSOLETE_local: false peers { permanent_uuid: "152db04c578d475aa83de56ec8c31eda" member_type: VOTER last_known_addr { host: "127.4.70.1" port: 37981 } } peers { permanent_uuid: "ecafaa70de844d0c93a26dc738d0ffd5" member_type: VOTER last_known_addr { host: "127.4.70.2" port: 43439 } } peers { permanent_uuid: "bf3edb01577c460590c6d116270051e3" member_type: VOTER last_known_addr { host: "127.4.70.3" port: 40417 } }
I20260709 12:16:08.937546  5773 tablet_bootstrap.cc:492] T 95049eed0ad24e3995a109a5c6ced810 P ecafaa70de844d0c93a26dc738d0ffd5: No bootstrap required, opened a new log
I20260709 12:16:08.938051  5773 ts_tablet_manager.cc:1403] T 95049eed0ad24e3995a109a5c6ced810 P ecafaa70de844d0c93a26dc738d0ffd5: Time spent bootstrapping tablet: real 0.047s	user 0.013s	sys 0.013s
I20260709 12:16:08.938071  5774 tablet_bootstrap.cc:492] T 78e240cdba4f472c80da0b5aebe4476f P bf3edb01577c460590c6d116270051e3: Bootstrap starting.
I20260709 12:16:08.939944  5576 raft_consensus.cc:2468] T 10d684446b1746d0af052ffb78f5f1e2 P 152db04c578d475aa83de56ec8c31eda [term 1 FOLLOWER]: Leader election vote request: Granting yes vote for candidate bf3edb01577c460590c6d116270051e3 in term 1.
I20260709 12:16:08.946448  5774 tablet_bootstrap.cc:654] T 78e240cdba4f472c80da0b5aebe4476f P bf3edb01577c460590c6d116270051e3: Neither blocks nor log segments found. Creating new log.
I20260709 12:16:08.948158  5771 ts_tablet_manager.cc:1434] T 95049eed0ad24e3995a109a5c6ced810 P 152db04c578d475aa83de56ec8c31eda: Time spent starting tablet: real 0.068s	user 0.008s	sys 0.001s
I20260709 12:16:08.934728  5477 catalog_manager.cc:5697] T 47e313d407954aeeaaed02e2d1379496 P ecafaa70de844d0c93a26dc738d0ffd5 reported cstate change: term changed from 0 to 1, leader changed from <none> to ecafaa70de844d0c93a26dc738d0ffd5 (127.4.70.2). New cstate: current_term: 1 leader_uuid: "ecafaa70de844d0c93a26dc738d0ffd5" committed_config { opid_index: -1 OBSOLETE_local: false peers { permanent_uuid: "152db04c578d475aa83de56ec8c31eda" member_type: VOTER last_known_addr { host: "127.4.70.1" port: 37981 } health_report { overall_health: UNKNOWN } } peers { permanent_uuid: "ecafaa70de844d0c93a26dc738d0ffd5" member_type: VOTER last_known_addr { host: "127.4.70.2" port: 43439 } health_report { overall_health: HEALTHY } } peers { permanent_uuid: "bf3edb01577c460590c6d116270051e3" member_type: VOTER last_known_addr { host: "127.4.70.3" port: 40417 } health_report { overall_health: UNKNOWN } } }
I20260709 12:16:08.945189  5796 raft_consensus.cc:515] T 05779e3fb0e74a3293efc906d5401d55 P 152db04c578d475aa83de56ec8c31eda [term 1 FOLLOWER]: Starting leader election with config: opid_index: -1 OBSOLETE_local: false peers { permanent_uuid: "152db04c578d475aa83de56ec8c31eda" member_type: VOTER last_known_addr { host: "127.4.70.1" port: 37981 } } peers { permanent_uuid: "ecafaa70de844d0c93a26dc738d0ffd5" member_type: VOTER last_known_addr { host: "127.4.70.2" port: 43439 } } peers { permanent_uuid: "bf3edb01577c460590c6d116270051e3" member_type: VOTER last_known_addr { host: "127.4.70.3" port: 40417 } }
I20260709 12:16:08.954243  5773 raft_consensus.cc:359] T 95049eed0ad24e3995a109a5c6ced810 P ecafaa70de844d0c93a26dc738d0ffd5 [term 0 FOLLOWER]: Replica starting. Triggering 0 pending ops. Active config: opid_index: -1 OBSOLETE_local: false peers { permanent_uuid: "152db04c578d475aa83de56ec8c31eda" member_type: VOTER last_known_addr { host: "127.4.70.1" port: 37981 } } peers { permanent_uuid: "ecafaa70de844d0c93a26dc738d0ffd5" member_type: VOTER last_known_addr { host: "127.4.70.2" port: 43439 } } peers { permanent_uuid: "bf3edb01577c460590c6d116270051e3" member_type: VOTER last_known_addr { host: "127.4.70.3" port: 40417 } }
I20260709 12:16:08.955695  5771 tablet_bootstrap.cc:492] T a01fb80ec25f491fbf1ab4611b0ab345 P 152db04c578d475aa83de56ec8c31eda: Bootstrap starting.
I20260709 12:16:08.955868  5773 raft_consensus.cc:385] T 95049eed0ad24e3995a109a5c6ced810 P ecafaa70de844d0c93a26dc738d0ffd5 [term 0 FOLLOWER]: Consensus starting up: Expiring failure detector timer to make a prompt election more likely
I20260709 12:16:08.956154  5773 raft_consensus.cc:740] T 95049eed0ad24e3995a109a5c6ced810 P ecafaa70de844d0c93a26dc738d0ffd5 [term 0 FOLLOWER]: Becoming Follower/Learner. State: Replica: ecafaa70de844d0c93a26dc738d0ffd5, State: Initialized, Role: FOLLOWER
I20260709 12:16:08.959278  5796 leader_election.cc:290] T 05779e3fb0e74a3293efc906d5401d55 P 152db04c578d475aa83de56ec8c31eda [CANDIDATE]: Term 1 election: Requested vote from peers ecafaa70de844d0c93a26dc738d0ffd5 (127.4.70.2:43439), bf3edb01577c460590c6d116270051e3 (127.4.70.3:40417)
I20260709 12:16:08.958946  5773 consensus_queue.cc:260] T 95049eed0ad24e3995a109a5c6ced810 P ecafaa70de844d0c93a26dc738d0ffd5 [NON_LEADER]: Queue going to NON_LEADER mode. State: All replicated index: 0, Majority replicated index: 0, Committed index: 0, Last appended: 0.0, Last appended by leader: 0, Current term: 0, Majority size: -1, State: 0, Mode: NON_LEADER, active raft config: opid_index: -1 OBSOLETE_local: false peers { permanent_uuid: "152db04c578d475aa83de56ec8c31eda" member_type: VOTER last_known_addr { host: "127.4.70.1" port: 37981 } } peers { permanent_uuid: "ecafaa70de844d0c93a26dc738d0ffd5" member_type: VOTER last_known_addr { host: "127.4.70.2" port: 43439 } } peers { permanent_uuid: "bf3edb01577c460590c6d116270051e3" member_type: VOTER last_known_addr { host: "127.4.70.3" port: 40417 } }
