I20260709 12:16:01.838056 25469 raft_consensus.cc:515] T b7018623af664a42824f265220473625 P 138b7a63b5f54b12abe730b1512d9ff8 [term 1 FOLLOWER]: Starting leader election with config: opid_index: -1 OBSOLETE_local: false peers { permanent_uuid: "138b7a63b5f54b12abe730b1512d9ff8" member_type: VOTER last_known_addr { host: "127.23.131.1" port: 39517 } } peers { permanent_uuid: "9c017163d13a406bb34d69d1725dfde6" member_type: VOTER last_known_addr { host: "127.23.131.2" port: 32995 } } peers { permanent_uuid: "805dd900c0de455daca884a25c9c8473" member_type: VOTER last_known_addr { host: "127.23.131.3" port: 40371 } }
I20260709 12:16:01.838626 25516 raft_consensus.cc:2804] T 5c1e0d8591be4e52bd121bf42104265f P 805dd900c0de455daca884a25c9c8473 [term 0 FOLLOWER]: Leader pre-election won for term 1
I20260709 12:16:01.839002 25516 raft_consensus.cc:493] T 5c1e0d8591be4e52bd121bf42104265f P 805dd900c0de455daca884a25c9c8473 [term 0 FOLLOWER]: Starting leader election (no leader contacted us within the election timeout)
I20260709 12:16:01.839306 25516 raft_consensus.cc:3060] T 5c1e0d8591be4e52bd121bf42104265f P 805dd900c0de455daca884a25c9c8473 [term 0 FOLLOWER]: Advancing to term 1
I20260709 12:16:01.840077 25489 consensus_queue.cc:1048] T 430572fcdf234effb07a60f1c891d956 P 138b7a63b5f54b12abe730b1512d9ff8 [LEADER]: Connected to new peer: Peer: permanent_uuid: "805dd900c0de455daca884a25c9c8473" member_type: VOTER last_known_addr { host: "127.23.131.3" port: 40371 }, Status: LMP_MISMATCH, Last received: 0.0, Next index: 1, Last known committed idx: 0, Time since last communication: 0.000s
I20260709 12:16:01.848412 25516 raft_consensus.cc:515] T 5c1e0d8591be4e52bd121bf42104265f P 805dd900c0de455daca884a25c9c8473 [term 1 FOLLOWER]: Starting leader election with config: opid_index: -1 OBSOLETE_local: false peers { permanent_uuid: "138b7a63b5f54b12abe730b1512d9ff8" member_type: VOTER last_known_addr { host: "127.23.131.1" port: 39517 } } peers { permanent_uuid: "9c017163d13a406bb34d69d1725dfde6" member_type: VOTER last_known_addr { host: "127.23.131.2" port: 32995 } } peers { permanent_uuid: "805dd900c0de455daca884a25c9c8473" member_type: VOTER last_known_addr { host: "127.23.131.3" port: 40371 } }
I20260709 12:16:01.850728 25516 leader_election.cc:290] T 5c1e0d8591be4e52bd121bf42104265f P 805dd900c0de455daca884a25c9c8473 [CANDIDATE]: Term 1 election: Requested vote from peers 138b7a63b5f54b12abe730b1512d9ff8 (127.23.131.1:39517), 9c017163d13a406bb34d69d1725dfde6 (127.23.131.2:32995)
I20260709 12:16:01.851408 25230 tablet_service.cc:1917] Received RequestConsensusVote() RPC: tablet_id: "5c1e0d8591be4e52bd121bf42104265f" candidate_uuid: "805dd900c0de455daca884a25c9c8473" candidate_term: 1 candidate_status { last_received { term: 0 index: 0 } } ignore_live_leader: false dest_uuid: "138b7a63b5f54b12abe730b1512d9ff8"
I20260709 12:16:01.868281 25230 raft_consensus.cc:3060] T 5c1e0d8591be4e52bd121bf42104265f P 138b7a63b5f54b12abe730b1512d9ff8 [term 0 FOLLOWER]: Advancing to term 1
I20260709 12:16:01.871755 25305 tablet_service.cc:1917] Received RequestConsensusVote() RPC: tablet_id: "5c1e0d8591be4e52bd121bf42104265f" candidate_uuid: "805dd900c0de455daca884a25c9c8473" candidate_term: 1 candidate_status { last_received { term: 0 index: 0 } } ignore_live_leader: false dest_uuid: "9c017163d13a406bb34d69d1725dfde6"
I20260709 12:16:01.872476 25305 raft_consensus.cc:3060] T 5c1e0d8591be4e52bd121bf42104265f P 9c017163d13a406bb34d69d1725dfde6 [term 0 FOLLOWER]: Advancing to term 1
I20260709 12:16:01.821264 25421 ts_tablet_manager.cc:1434] T 6eca2ebb44ea4ce181b68d3b9427c7dc P 805dd900c0de455daca884a25c9c8473: Time spent starting tablet: real 0.095s	user 0.005s	sys 0.000s
I20260709 12:16:01.878983 25230 raft_consensus.cc:2468] T 5c1e0d8591be4e52bd121bf42104265f P 138b7a63b5f54b12abe730b1512d9ff8 [term 1 FOLLOWER]: Leader election vote request: Granting yes vote for candidate 805dd900c0de455daca884a25c9c8473 in term 1.
I20260709 12:16:01.879138 25430 consensus_queue.cc:1048] T b634f1ce661c4fa4823327bc0e9c2de2 P 805dd900c0de455daca884a25c9c8473 [LEADER]: Connected to new peer: Peer: permanent_uuid: "138b7a63b5f54b12abe730b1512d9ff8" member_type: VOTER last_known_addr { host: "127.23.131.1" port: 39517 }, Status: LMP_MISMATCH, Last received: 0.0, Next index: 1, Last known committed idx: 0, Time since last communication: 0.000s
I20260709 12:16:01.880142 25346 leader_election.cc:304] T 5c1e0d8591be4e52bd121bf42104265f P 805dd900c0de455daca884a25c9c8473 [CANDIDATE]: Term 1 election: Election decided. Result: candidate won. Election summary: received 2 responses out of 3 voters: 2 yes votes; 0 no votes. yes voters: 138b7a63b5f54b12abe730b1512d9ff8, 805dd900c0de455daca884a25c9c8473; no voters: 
I20260709 12:16:01.882645 25306 tablet_service.cc:1917] Received RequestConsensusVote() RPC: tablet_id: "b7018623af664a42824f265220473625" candidate_uuid: "138b7a63b5f54b12abe730b1512d9ff8" candidate_term: 1 candidate_status { last_received { term: 0 index: 0 } } ignore_live_leader: false dest_uuid: "9c017163d13a406bb34d69d1725dfde6"
I20260709 12:16:01.883213 25306 raft_consensus.cc:3060] T b7018623af664a42824f265220473625 P 9c017163d13a406bb34d69d1725dfde6 [term 0 FOLLOWER]: Advancing to term 1
I20260709 12:16:01.879930 25305 raft_consensus.cc:2468] T 5c1e0d8591be4e52bd121bf42104265f P 9c017163d13a406bb34d69d1725dfde6 [term 1 FOLLOWER]: Leader election vote request: Granting yes vote for candidate 805dd900c0de455daca884a25c9c8473 in term 1.
I20260709 12:16:01.888440 25515 raft_consensus.cc:2804] T 5c1e0d8591be4e52bd121bf42104265f P 805dd900c0de455daca884a25c9c8473 [term 1 FOLLOWER]: Leader election won for term 1
I20260709 12:16:01.889019 25515 raft_consensus.cc:697] T 5c1e0d8591be4e52bd121bf42104265f P 805dd900c0de455daca884a25c9c8473 [term 1 LEADER]: Becoming Leader. State: Replica: 805dd900c0de455daca884a25c9c8473, State: Running, Role: LEADER
I20260709 12:16:01.889480 25422 tablet_bootstrap.cc:492] T c4fd330625d74af093fa0aad2e84118d P 9c017163d13a406bb34d69d1725dfde6: No bootstrap required, opened a new log
I20260709 12:16:01.889935 25515 consensus_queue.cc:237] T 5c1e0d8591be4e52bd121bf42104265f P 805dd900c0de455daca884a25c9c8473 [LEADER]: Queue going to LEADER mode. State: All replicated index: 0, Majority replicated index: 0, Committed index: 0, Last appended: 0.0, Last appended by leader: 0, Current term: 1, Majority size: 2, State: 0, Mode: LEADER, active raft config: opid_index: -1 OBSOLETE_local: false peers { permanent_uuid: "138b7a63b5f54b12abe730b1512d9ff8" member_type: VOTER last_known_addr { host: "127.23.131.1" port: 39517 } } peers { permanent_uuid: "9c017163d13a406bb34d69d1725dfde6" member_type: VOTER last_known_addr { host: "127.23.131.2" port: 32995 } } peers { permanent_uuid: "805dd900c0de455daca884a25c9c8473" member_type: VOTER last_known_addr { host: "127.23.131.3" port: 40371 } }
I20260709 12:16:01.853219 25513 consensus_queue.cc:1048] T 98d2b56917e94f49b376adfb6a1b62da P 805dd900c0de455daca884a25c9c8473 [LEADER]: Connected to new peer: Peer: permanent_uuid: "138b7a63b5f54b12abe730b1512d9ff8" member_type: VOTER last_known_addr { host: "127.23.131.1" port: 39517 }, Status: LMP_MISMATCH, Last received: 0.0, Next index: 1, Last known committed idx: 0, Time since last communication: 0.003s
I20260709 12:16:01.854452 25471 consensus_queue.cc:1048] T 393cd6af0ae544c09d2688a857ea540b P 805dd900c0de455daca884a25c9c8473 [LEADER]: Connected to new peer: Peer: permanent_uuid: "138b7a63b5f54b12abe730b1512d9ff8" member_type: VOTER last_known_addr { host: "127.23.131.1" port: 39517 }, Status: LMP_MISMATCH, Last received: 0.0, Next index: 1, Last known committed idx: 0, Time since last communication: 0.000s
I20260709 12:16:01.747625 25477 leader_election.cc:290] T 5c1e0d8591be4e52bd121bf42104265f P 805dd900c0de455daca884a25c9c8473 [CANDIDATE]: Term 1 pre-election: Requested pre-vote from peers 138b7a63b5f54b12abe730b1512d9ff8 (127.23.131.1:39517), 9c017163d13a406bb34d69d1725dfde6 (127.23.131.2:32995)
I20260709 12:16:01.861196 25380 tablet_service.cc:1917] Received RequestConsensusVote() RPC: tablet_id: "dcee7164488242a9984caf98ff1ef0fa" candidate_uuid: "9c017163d13a406bb34d69d1725dfde6" candidate_term: 1 candidate_status { last_received { term: 0 index: 0 } } ignore_live_leader: false dest_uuid: "805dd900c0de455daca884a25c9c8473"
I20260709 12:16:01.867035 25271 leader_election.cc:304] T 5c1e0d8591be4e52bd121bf42104265f P 9c017163d13a406bb34d69d1725dfde6 [CANDIDATE]: Term 1 pre-election: Election decided. Result: candidate won. Election summary: received 3 responses out of 3 voters: 2 yes votes; 1 no votes. yes voters: 805dd900c0de455daca884a25c9c8473, 9c017163d13a406bb34d69d1725dfde6; no voters: 138b7a63b5f54b12abe730b1512d9ff8
I20260709 12:16:01.896857 25463 raft_consensus.cc:2764] T 5c1e0d8591be4e52bd121bf42104265f P 9c017163d13a406bb34d69d1725dfde6 [term 1 FOLLOWER]: Leader pre-election decision vote started in defunct term 0: won
I20260709 12:16:01.898377 25438 consensus_queue.cc:1048] T 70b0c67aad254c519abab948910460b0 P 9c017163d13a406bb34d69d1725dfde6 [LEADER]: Connected to new peer: Peer: permanent_uuid: "805dd900c0de455daca884a25c9c8473" member_type: VOTER last_known_addr { host: "127.23.131.3" port: 40371 }, Status: LMP_MISMATCH, Last received: 0.0, Next index: 1, Last known committed idx: 0, Time since last communication: 0.000s
I20260709 12:16:01.895978 25380 raft_consensus.cc:3060] T dcee7164488242a9984caf98ff1ef0fa P 805dd900c0de455daca884a25c9c8473 [term 0 FOLLOWER]: Advancing to term 1
I20260709 12:16:01.889919 25422 ts_tablet_manager.cc:1403] T c4fd330625d74af093fa0aad2e84118d P 9c017163d13a406bb34d69d1725dfde6: Time spent bootstrapping tablet: real 0.266s	user 0.034s	sys 0.049s
I20260709 12:16:01.915437 25380 raft_consensus.cc:2468] T dcee7164488242a9984caf98ff1ef0fa P 805dd900c0de455daca884a25c9c8473 [term 1 FOLLOWER]: Leader election vote request: Granting yes vote for candidate 9c017163d13a406bb34d69d1725dfde6 in term 1.
I20260709 12:16:01.878998 25421 tablet_bootstrap.cc:492] T 7415183b6191487385575e4eaeacd562 P 805dd900c0de455daca884a25c9c8473: Bootstrap starting.
I20260709 12:16:01.928943 25422 raft_consensus.cc:359] T c4fd330625d74af093fa0aad2e84118d P 9c017163d13a406bb34d69d1725dfde6 [term 0 FOLLOWER]: Replica starting. Triggering 0 pending ops. Active config: opid_index: -1 OBSOLETE_local: false peers { permanent_uuid: "138b7a63b5f54b12abe730b1512d9ff8" member_type: VOTER last_known_addr { host: "127.23.131.1" port: 39517 } } peers { permanent_uuid: "9c017163d13a406bb34d69d1725dfde6" member_type: VOTER last_known_addr { host: "127.23.131.2" port: 32995 } } peers { permanent_uuid: "805dd900c0de455daca884a25c9c8473" member_type: VOTER last_known_addr { host: "127.23.131.3" port: 40371 } }
I20260709 12:16:01.931648 25306 raft_consensus.cc:2468] T b7018623af664a42824f265220473625 P 9c017163d13a406bb34d69d1725dfde6 [term 1 FOLLOWER]: Leader election vote request: Granting yes vote for candidate 138b7a63b5f54b12abe730b1512d9ff8 in term 1.
I20260709 12:16:01.944265 25422 raft_consensus.cc:385] T c4fd330625d74af093fa0aad2e84118d P 9c017163d13a406bb34d69d1725dfde6 [term 0 FOLLOWER]: Consensus starting up: Expiring failure detector timer to make a prompt election more likely
I20260709 12:16:01.948940 25422 raft_consensus.cc:740] T c4fd330625d74af093fa0aad2e84118d P 9c017163d13a406bb34d69d1725dfde6 [term 0 FOLLOWER]: Becoming Follower/Learner. State: Replica: 9c017163d13a406bb34d69d1725dfde6, State: Initialized, Role: FOLLOWER
W20260709 12:16:01.947413 25344 outbound_call.cc:321] RPC callback for RPC call kudu.consensus.ConsensusService.RequestConsensusVote -> {remote=127.23.131.2:32995, user_credentials={real_user=slave}} blocked reactor thread for 54726.5us
I20260709 12:16:01.947009 25469 leader_election.cc:290] T b7018623af664a42824f265220473625 P 138b7a63b5f54b12abe730b1512d9ff8 [CANDIDATE]: Term 1 election: Requested vote from peers 9c017163d13a406bb34d69d1725dfde6 (127.23.131.2:32995), 805dd900c0de455daca884a25c9c8473 (127.23.131.3:40371)
I20260709 12:16:01.951097 25422 consensus_queue.cc:260] T c4fd330625d74af093fa0aad2e84118d P 9c017163d13a406bb34d69d1725dfde6 [NON_LEADER]: Queue going to NON_LEADER mode. State: All replicated index: 0, Majority replicated index: 0, Committed index: 0, Last appended: 0.0, Last appended by leader: 0, Current term: 0, Majority size: -1, State: 0, Mode: NON_LEADER, active raft config: opid_index: -1 OBSOLETE_local: false peers { permanent_uuid: "138b7a63b5f54b12abe730b1512d9ff8" member_type: VOTER last_known_addr { host: "127.23.131.1" port: 39517 } } peers { permanent_uuid: "9c017163d13a406bb34d69d1725dfde6" member_type: VOTER last_known_addr { host: "127.23.131.2" port: 32995 } } peers { permanent_uuid: "805dd900c0de455daca884a25c9c8473" member_type: VOTER last_known_addr { host: "127.23.131.3" port: 40371 } }
I20260709 12:16:01.953298 25194 leader_election.cc:304] T b7018623af664a42824f265220473625 P 138b7a63b5f54b12abe730b1512d9ff8 [CANDIDATE]: Term 1 election: Election decided. Result: candidate won. Election summary: received 2 responses out of 3 voters: 2 yes votes; 0 no votes. yes voters: 138b7a63b5f54b12abe730b1512d9ff8, 9c017163d13a406bb34d69d1725dfde6; no voters: 
I20260709 12:16:01.954420 25489 raft_consensus.cc:2804] T b7018623af664a42824f265220473625 P 138b7a63b5f54b12abe730b1512d9ff8 [term 1 FOLLOWER]: Leader election won for term 1
I20260709 12:16:01.954909 25489 raft_consensus.cc:697] T b7018623af664a42824f265220473625 P 138b7a63b5f54b12abe730b1512d9ff8 [term 1 LEADER]: Becoming Leader. State: Replica: 138b7a63b5f54b12abe730b1512d9ff8, State: Running, Role: LEADER
I20260709 12:16:01.955148 25422 ts_tablet_manager.cc:1434] T c4fd330625d74af093fa0aad2e84118d P 9c017163d13a406bb34d69d1725dfde6: Time spent starting tablet: real 0.046s	user 0.007s	sys 0.000s
I20260709 12:16:01.955716 25489 consensus_queue.cc:237] T b7018623af664a42824f265220473625 P 138b7a63b5f54b12abe730b1512d9ff8 [LEADER]: Queue going to LEADER mode. State: All replicated index: 0, Majority replicated index: 0, Committed index: 0, Last appended: 0.0, Last appended by leader: 0, Current term: 1, Majority size: 2, State: 0, Mode: LEADER, active raft config: opid_index: -1 OBSOLETE_local: false peers { permanent_uuid: "138b7a63b5f54b12abe730b1512d9ff8" member_type: VOTER last_known_addr { host: "127.23.131.1" port: 39517 } } peers { permanent_uuid: "9c017163d13a406bb34d69d1725dfde6" member_type: VOTER last_known_addr { host: "127.23.131.2" port: 32995 } } peers { permanent_uuid: "805dd900c0de455daca884a25c9c8473" member_type: VOTER last_known_addr { host: "127.23.131.3" port: 40371 } }
I20260709 12:16:01.956348 25422 tablet_bootstrap.cc:492] T 126aa166733e4a19bf1843602a8691ad P 9c017163d13a406bb34d69d1725dfde6: Bootstrap starting.
I20260709 12:16:01.963191 25381 tablet_service.cc:1917] Received RequestConsensusVote() RPC: tablet_id: "b7018623af664a42824f265220473625" candidate_uuid: "138b7a63b5f54b12abe730b1512d9ff8" candidate_term: 1 candidate_status { last_received { term: 0 index: 0 } } ignore_live_leader: false dest_uuid: "805dd900c0de455daca884a25c9c8473"
I20260709 12:16:01.965229 25381 raft_consensus.cc:3060] T b7018623af664a42824f265220473625 P 805dd900c0de455daca884a25c9c8473 [term 0 FOLLOWER]: Advancing to term 1
W20260709 12:16:01.965144 25271 outbound_call.cc:321] RPC callback for RPC call kudu.consensus.ConsensusService.UpdateConsensus -> {remote=127.23.131.3:40371, user_credentials={real_user=slave}} blocked reactor thread for 67775.5us
I20260709 12:16:01.974584 25513 consensus_queue.cc:1048] T b634f1ce661c4fa4823327bc0e9c2de2 P 805dd900c0de455daca884a25c9c8473 [LEADER]: Connected to new peer: Peer: permanent_uuid: "9c017163d13a406bb34d69d1725dfde6" member_type: VOTER last_known_addr { host: "127.23.131.2" port: 32995 }, Status: LMP_MISMATCH, Last received: 0.0, Next index: 1, Last known committed idx: 0, Time since last communication: 0.001s
I20260709 12:16:01.981127 25513 raft_consensus.cc:493] T 6eca2ebb44ea4ce181b68d3b9427c7dc P 805dd900c0de455daca884a25c9c8473 [term 0 FOLLOWER]: Starting pre-election (no leader contacted us within the election timeout)
I20260709 12:16:01.982147 25513 raft_consensus.cc:515] T 6eca2ebb44ea4ce181b68d3b9427c7dc P 805dd900c0de455daca884a25c9c8473 [term 0 FOLLOWER]: Starting pre-election with config: opid_index: -1 OBSOLETE_local: false peers { permanent_uuid: "138b7a63b5f54b12abe730b1512d9ff8" member_type: VOTER last_known_addr { host: "127.23.131.1" port: 39517 } } peers { permanent_uuid: "9c017163d13a406bb34d69d1725dfde6" member_type: VOTER last_known_addr { host: "127.23.131.2" port: 32995 } } peers { permanent_uuid: "805dd900c0de455daca884a25c9c8473" member_type: VOTER last_known_addr { host: "127.23.131.3" port: 40371 } }
I20260709 12:16:01.994913 25423 tablet_bootstrap.cc:492] T f4cecb4e907c4503826a866e08415dcf P 138b7a63b5f54b12abe730b1512d9ff8: No bootstrap required, opened a new log
I20260709 12:16:01.995471 25423 ts_tablet_manager.cc:1403] T f4cecb4e907c4503826a866e08415dcf P 138b7a63b5f54b12abe730b1512d9ff8: Time spent bootstrapping tablet: real 0.196s	user 0.076s	sys 0.098s
I20260709 12:16:01.998332 25462 consensus_queue.cc:1048] T 70b0c67aad254c519abab948910460b0 P 9c017163d13a406bb34d69d1725dfde6 [LEADER]: Connected to new peer: Peer: permanent_uuid: "138b7a63b5f54b12abe730b1512d9ff8" member_type: VOTER last_known_addr { host: "127.23.131.1" port: 39517 }, Status: LMP_MISMATCH, Last received: 0.0, Next index: 1, Last known committed idx: 0, Time since last communication: 0.000s
I20260709 12:16:02.001509 25230 tablet_service.cc:1917] Received RequestConsensusVote() RPC: tablet_id: "6eca2ebb44ea4ce181b68d3b9427c7dc" candidate_uuid: "805dd900c0de455daca884a25c9c8473" candidate_term: 1 candidate_status { last_received { term: 0 index: 0 } } ignore_live_leader: false dest_uuid: "138b7a63b5f54b12abe730b1512d9ff8" is_pre_election: true
I20260709 12:16:02.002272 25230 raft_consensus.cc:2468] T 6eca2ebb44ea4ce181b68d3b9427c7dc P 138b7a63b5f54b12abe730b1512d9ff8 [term 0 FOLLOWER]: Leader pre-election vote request: Granting yes vote for candidate 805dd900c0de455daca884a25c9c8473 in term 0.
I20260709 12:16:02.010962 25346 leader_election.cc:304] T 6eca2ebb44ea4ce181b68d3b9427c7dc P 805dd900c0de455daca884a25c9c8473 [CANDIDATE]: Term 1 pre-election: Election decided. Result: candidate won. Election summary: received 2 responses out of 3 voters: 2 yes votes; 0 no votes. yes voters: 138b7a63b5f54b12abe730b1512d9ff8, 805dd900c0de455daca884a25c9c8473; no voters: 
I20260709 12:16:02.013720 25514 raft_consensus.cc:2804] T 6eca2ebb44ea4ce181b68d3b9427c7dc P 805dd900c0de455daca884a25c9c8473 [term 0 FOLLOWER]: Leader pre-election won for term 1
I20260709 12:16:02.014176 25514 raft_consensus.cc:493] T 6eca2ebb44ea4ce181b68d3b9427c7dc P 805dd900c0de455daca884a25c9c8473 [term 0 FOLLOWER]: Starting leader election (no leader contacted us within the election timeout)
I20260709 12:16:02.014494 25514 raft_consensus.cc:3060] T 6eca2ebb44ea4ce181b68d3b9427c7dc P 805dd900c0de455daca884a25c9c8473 [term 0 FOLLOWER]: Advancing to term 1
I20260709 12:16:02.016227 25307 tablet_service.cc:1917] Received RequestConsensusVote() RPC: tablet_id: "6eca2ebb44ea4ce181b68d3b9427c7dc" candidate_uuid: "805dd900c0de455daca884a25c9c8473" candidate_term: 1 candidate_status { last_received { term: 0 index: 0 } } ignore_live_leader: false dest_uuid: "9c017163d13a406bb34d69d1725dfde6" is_pre_election: true
W20260709 12:16:02.017781 25344 leader_election.cc:343] T 6eca2ebb44ea4ce181b68d3b9427c7dc P 805dd900c0de455daca884a25c9c8473 [CANDIDATE]: Term 1 pre-election: Tablet error from VoteRequest() call to peer 9c017163d13a406bb34d69d1725dfde6 (127.23.131.2:32995): Illegal state: must be running to vote when last-logged opid is not known
I20260709 12:16:02.011221 25513 leader_election.cc:290] T 6eca2ebb44ea4ce181b68d3b9427c7dc P 805dd900c0de455daca884a25c9c8473 [CANDIDATE]: Term 1 pre-election: Requested pre-vote from peers 138b7a63b5f54b12abe730b1512d9ff8 (127.23.131.1:39517), 9c017163d13a406bb34d69d1725dfde6 (127.23.131.2:32995)
I20260709 12:16:02.027976 25423 raft_consensus.cc:359] T f4cecb4e907c4503826a866e08415dcf P 138b7a63b5f54b12abe730b1512d9ff8 [term 0 FOLLOWER]: Replica starting. Triggering 0 pending ops. Active config: opid_index: -1 OBSOLETE_local: false peers { permanent_uuid: "138b7a63b5f54b12abe730b1512d9ff8" member_type: VOTER last_known_addr { host: "127.23.131.1" port: 39517 } } peers { permanent_uuid: "9c017163d13a406bb34d69d1725dfde6" member_type: VOTER last_known_addr { host: "127.23.131.2" port: 32995 } } peers { permanent_uuid: "805dd900c0de455daca884a25c9c8473" member_type: VOTER last_known_addr { host: "127.23.131.3" port: 40371 } }
I20260709 12:16:02.029306 25423 raft_consensus.cc:385] T f4cecb4e907c4503826a866e08415dcf P 138b7a63b5f54b12abe730b1512d9ff8 [term 0 FOLLOWER]: Consensus starting up: Expiring failure detector timer to make a prompt election more likely
I20260709 12:16:02.029529 25423 raft_consensus.cc:740] T f4cecb4e907c4503826a866e08415dcf P 138b7a63b5f54b12abe730b1512d9ff8 [term 0 FOLLOWER]: Becoming Follower/Learner. State: Replica: 138b7a63b5f54b12abe730b1512d9ff8, State: Initialized, Role: FOLLOWER
I20260709 12:16:02.030072 25423 consensus_queue.cc:260] T f4cecb4e907c4503826a866e08415dcf P 138b7a63b5f54b12abe730b1512d9ff8 [NON_LEADER]: Queue going to NON_LEADER mode. State: All replicated index: 0, Majority replicated index: 0, Committed index: 0, Last appended: 0.0, Last appended by leader: 0, Current term: 0, Majority size: -1, State: 0, Mode: NON_LEADER, active raft config: opid_index: -1 OBSOLETE_local: false peers { permanent_uuid: "138b7a63b5f54b12abe730b1512d9ff8" member_type: VOTER last_known_addr { host: "127.23.131.1" port: 39517 } } peers { permanent_uuid: "9c017163d13a406bb34d69d1725dfde6" member_type: VOTER last_known_addr { host: "127.23.131.2" port: 32995 } } peers { permanent_uuid: "805dd900c0de455daca884a25c9c8473" member_type: VOTER last_known_addr { host: "127.23.131.3" port: 40371 } }
I20260709 12:16:02.033473 25423 ts_tablet_manager.cc:1434] T f4cecb4e907c4503826a866e08415dcf P 138b7a63b5f54b12abe730b1512d9ff8: Time spent starting tablet: real 0.038s	user 0.005s	sys 0.000s
I20260709 12:16:02.036213 25423 tablet_bootstrap.cc:492] T c4fd330625d74af093fa0aad2e84118d P 138b7a63b5f54b12abe730b1512d9ff8: Bootstrap starting.
I20260709 12:16:02.038512 25421 tablet_bootstrap.cc:654] T 7415183b6191487385575e4eaeacd562 P 805dd900c0de455daca884a25c9c8473: Neither blocks nor log segments found. Creating new log.
I20260709 12:16:02.039018 25514 raft_consensus.cc:515] T 6eca2ebb44ea4ce181b68d3b9427c7dc P 805dd900c0de455daca884a25c9c8473 [term 1 FOLLOWER]: Starting leader election with config: opid_index: -1 OBSOLETE_local: false peers { permanent_uuid: "138b7a63b5f54b12abe730b1512d9ff8" member_type: VOTER last_known_addr { host: "127.23.131.1" port: 39517 } } peers { permanent_uuid: "9c017163d13a406bb34d69d1725dfde6" member_type: VOTER last_known_addr { host: "127.23.131.2" port: 32995 } } peers { permanent_uuid: "805dd900c0de455daca884a25c9c8473" member_type: VOTER last_known_addr { host: "127.23.131.3" port: 40371 } }
I20260709 12:16:02.047287 25422 tablet_bootstrap.cc:654] T 126aa166733e4a19bf1843602a8691ad P 9c017163d13a406bb34d69d1725dfde6: Neither blocks nor log segments found. Creating new log.
I20260709 12:16:02.043537 25128 catalog_manager.cc:5697] T 5c1e0d8591be4e52bd121bf42104265f P 805dd900c0de455daca884a25c9c8473 reported cstate change: term changed from 0 to 1, leader changed from <none> to 805dd900c0de455daca884a25c9c8473 (127.23.131.3). New cstate: current_term: 1 leader_uuid: "805dd900c0de455daca884a25c9c8473" committed_config { opid_index: -1 OBSOLETE_local: false peers { permanent_uuid: "138b7a63b5f54b12abe730b1512d9ff8" member_type: VOTER last_known_addr { host: "127.23.131.1" port: 39517 } health_report { overall_health: UNKNOWN } } peers { permanent_uuid: "9c017163d13a406bb34d69d1725dfde6" member_type: VOTER last_known_addr { host: "127.23.131.2" port: 32995 } health_report { overall_health: UNKNOWN } } peers { permanent_uuid: "805dd900c0de455daca884a25c9c8473" member_type: VOTER last_known_addr { host: "127.23.131.3" port: 40371 } health_report { overall_health: HEALTHY } } }
I20260709 12:16:02.049746 25381 raft_consensus.cc:2468] T b7018623af664a42824f265220473625 P 805dd900c0de455daca884a25c9c8473 [term 1 FOLLOWER]: Leader election vote request: Granting yes vote for candidate 138b7a63b5f54b12abe730b1512d9ff8 in term 1.
I20260709 12:16:02.050371 25230 tablet_service.cc:1917] Received RequestConsensusVote() RPC: tablet_id: "6eca2ebb44ea4ce181b68d3b9427c7dc" candidate_uuid: "805dd900c0de455daca884a25c9c8473" candidate_term: 1 candidate_status { last_received { term: 0 index: 0 } } ignore_live_leader: false dest_uuid: "138b7a63b5f54b12abe730b1512d9ff8"
I20260709 12:16:02.050980 25514 leader_election.cc:290] T 6eca2ebb44ea4ce181b68d3b9427c7dc P 805dd900c0de455daca884a25c9c8473 [CANDIDATE]: Term 1 election: Requested vote from peers 138b7a63b5f54b12abe730b1512d9ff8 (127.23.131.1:39517), 9c017163d13a406bb34d69d1725dfde6 (127.23.131.2:32995)
I20260709 12:16:02.051458 25230 raft_consensus.cc:3060] T 6eca2ebb44ea4ce181b68d3b9427c7dc P 138b7a63b5f54b12abe730b1512d9ff8 [term 0 FOLLOWER]: Advancing to term 1
I20260709 12:16:02.053493 25423 tablet_bootstrap.cc:654] T c4fd330625d74af093fa0aad2e84118d P 138b7a63b5f54b12abe730b1512d9ff8: Neither blocks nor log segments found. Creating new log.
I20260709 12:16:02.055050 25306 tablet_service.cc:1917] Received RequestConsensusVote() RPC: tablet_id: "6eca2ebb44ea4ce181b68d3b9427c7dc" candidate_uuid: "805dd900c0de455daca884a25c9c8473" candidate_term: 1 candidate_status { last_received { term: 0 index: 0 } } ignore_live_leader: false dest_uuid: "9c017163d13a406bb34d69d1725dfde6"
I20260709 12:16:02.058353 25230 raft_consensus.cc:2468] T 6eca2ebb44ea4ce181b68d3b9427c7dc P 138b7a63b5f54b12abe730b1512d9ff8 [term 1 FOLLOWER]: Leader election vote request: Granting yes vote for candidate 805dd900c0de455daca884a25c9c8473 in term 1.
W20260709 12:16:02.059729 25344 leader_election.cc:343] T 6eca2ebb44ea4ce181b68d3b9427c7dc P 805dd900c0de455daca884a25c9c8473 [CANDIDATE]: Term 1 election: Tablet error from VoteRequest() call to peer 9c017163d13a406bb34d69d1725dfde6 (127.23.131.2:32995): Illegal state: must be running to vote when last-logged opid is not known
I20260709 12:16:02.060855 25346 leader_election.cc:304] T 6eca2ebb44ea4ce181b68d3b9427c7dc P 805dd900c0de455daca884a25c9c8473 [CANDIDATE]: Term 1 election: Election decided. Result: candidate won. Election summary: received 3 responses out of 3 voters: 2 yes votes; 1 no votes. yes voters: 138b7a63b5f54b12abe730b1512d9ff8, 805dd900c0de455daca884a25c9c8473; no voters: 9c017163d13a406bb34d69d1725dfde6
I20260709 12:16:02.061460 25513 raft_consensus.cc:2804] T 6eca2ebb44ea4ce181b68d3b9427c7dc P 805dd900c0de455daca884a25c9c8473 [term 1 FOLLOWER]: Leader election won for term 1
I20260709 12:16:02.061944 25513 raft_consensus.cc:697] T 6eca2ebb44ea4ce181b68d3b9427c7dc P 805dd900c0de455daca884a25c9c8473 [term 1 LEADER]: Becoming Leader. State: Replica: 805dd900c0de455daca884a25c9c8473, State: Running, Role: LEADER
I20260709 12:16:02.062721 25513 consensus_queue.cc:237] T 6eca2ebb44ea4ce181b68d3b9427c7dc P 805dd900c0de455daca884a25c9c8473 [LEADER]: Queue going to LEADER mode. State: All replicated index: 0, Majority replicated index: 0, Committed index: 0, Last appended: 0.0, Last appended by leader: 0, Current term: 1, Majority size: 2, State: 0, Mode: LEADER, active raft config: opid_index: -1 OBSOLETE_local: false peers { permanent_uuid: "138b7a63b5f54b12abe730b1512d9ff8" member_type: VOTER last_known_addr { host: "127.23.131.1" port: 39517 } } peers { permanent_uuid: "9c017163d13a406bb34d69d1725dfde6" member_type: VOTER last_known_addr { host: "127.23.131.2" port: 32995 } } peers { permanent_uuid: "805dd900c0de455daca884a25c9c8473" member_type: VOTER last_known_addr { host: "127.23.131.3" port: 40371 } }
I20260709 12:16:02.066277 25423 tablet_bootstrap.cc:492] T c4fd330625d74af093fa0aad2e84118d P 138b7a63b5f54b12abe730b1512d9ff8: No bootstrap required, opened a new log
I20260709 12:16:02.066735 25423 ts_tablet_manager.cc:1403] T c4fd330625d74af093fa0aad2e84118d P 138b7a63b5f54b12abe730b1512d9ff8: Time spent bootstrapping tablet: real 0.031s	user 0.008s	sys 0.000s
I20260709 12:16:02.068928 25423 raft_consensus.cc:359] T c4fd330625d74af093fa0aad2e84118d P 138b7a63b5f54b12abe730b1512d9ff8 [term 0 FOLLOWER]: Replica starting. Triggering 0 pending ops. Active config: opid_index: -1 OBSOLETE_local: false peers { permanent_uuid: "138b7a63b5f54b12abe730b1512d9ff8" member_type: VOTER last_known_addr { host: "127.23.131.1" port: 39517 } } peers { permanent_uuid: "9c017163d13a406bb34d69d1725dfde6" member_type: VOTER last_known_addr { host: "127.23.131.2" port: 32995 } } peers { permanent_uuid: "805dd900c0de455daca884a25c9c8473" member_type: VOTER last_known_addr { host: "127.23.131.3" port: 40371 } }
I20260709 12:16:02.069617 25423 raft_consensus.cc:385] T c4fd330625d74af093fa0aad2e84118d P 138b7a63b5f54b12abe730b1512d9ff8 [term 0 FOLLOWER]: Consensus starting up: Expiring failure detector timer to make a prompt election more likely
I20260709 12:16:02.069876 25423 raft_consensus.cc:740] T c4fd330625d74af093fa0aad2e84118d P 138b7a63b5f54b12abe730b1512d9ff8 [term 0 FOLLOWER]: Becoming Follower/Learner. State: Replica: 138b7a63b5f54b12abe730b1512d9ff8, State: Initialized, Role: FOLLOWER
I20260709 12:16:02.070060 25421 tablet_bootstrap.cc:492] T 7415183b6191487385575e4eaeacd562 P 805dd900c0de455daca884a25c9c8473: No bootstrap required, opened a new log
I20260709 12:16:02.070564 25421 ts_tablet_manager.cc:1403] T 7415183b6191487385575e4eaeacd562 P 805dd900c0de455daca884a25c9c8473: Time spent bootstrapping tablet: real 0.192s	user 0.004s	sys 0.006s
I20260709 12:16:02.070694 25423 consensus_queue.cc:260] T c4fd330625d74af093fa0aad2e84118d P 138b7a63b5f54b12abe730b1512d9ff8 [NON_LEADER]: Queue going to NON_LEADER mode. State: All replicated index: 0, Majority replicated index: 0, Committed index: 0, Last appended: 0.0, Last appended by leader: 0, Current term: 0, Majority size: -1, State: 0, Mode: NON_LEADER, active raft config: opid_index: -1 OBSOLETE_local: false peers { permanent_uuid: "138b7a63b5f54b12abe730b1512d9ff8" member_type: VOTER last_known_addr { host: "127.23.131.1" port: 39517 } } peers { permanent_uuid: "9c017163d13a406bb34d69d1725dfde6" member_type: VOTER last_known_addr { host: "127.23.131.2" port: 32995 } } peers { permanent_uuid: "805dd900c0de455daca884a25c9c8473" member_type: VOTER last_known_addr { host: "127.23.131.3" port: 40371 } }
I20260709 12:16:02.073230 25421 raft_consensus.cc:359] T 7415183b6191487385575e4eaeacd562 P 805dd900c0de455daca884a25c9c8473 [term 0 FOLLOWER]: Replica starting. Triggering 0 pending ops. Active config: opid_index: -1 OBSOLETE_local: false peers { permanent_uuid: "138b7a63b5f54b12abe730b1512d9ff8" member_type: VOTER last_known_addr { host: "127.23.131.1" port: 39517 } } peers { permanent_uuid: "9c017163d13a406bb34d69d1725dfde6" member_type: VOTER last_known_addr { host: "127.23.131.2" port: 32995 } } peers { permanent_uuid: "805dd900c0de455daca884a25c9c8473" member_type: VOTER last_known_addr { host: "127.23.131.3" port: 40371 } }
I20260709 12:16:02.073608 25423 ts_tablet_manager.cc:1434] T c4fd330625d74af093fa0aad2e84118d P 138b7a63b5f54b12abe730b1512d9ff8: Time spent starting tablet: real 0.007s	user 0.007s	sys 0.000s
I20260709 12:16:02.073977 25421 raft_consensus.cc:385] T 7415183b6191487385575e4eaeacd562 P 805dd900c0de455daca884a25c9c8473 [term 0 FOLLOWER]: Consensus starting up: Expiring failure detector timer to make a prompt election more likely
I20260709 12:16:02.074306 25421 raft_consensus.cc:740] T 7415183b6191487385575e4eaeacd562 P 805dd900c0de455daca884a25c9c8473 [term 0 FOLLOWER]: Becoming Follower/Learner. State: Replica: 805dd900c0de455daca884a25c9c8473, State: Initialized, Role: FOLLOWER
I20260709 12:16:02.075017 25423 tablet_bootstrap.cc:492] T ef79d8f5bcc0403d82dc6d2517e0dfc4 P 138b7a63b5f54b12abe730b1512d9ff8: Bootstrap starting.
I20260709 12:16:02.074973 25421 consensus_queue.cc:260] T 7415183b6191487385575e4eaeacd562 P 805dd900c0de455daca884a25c9c8473 [NON_LEADER]: Queue going to NON_LEADER mode. State: All replicated index: 0, Majority replicated index: 0, Committed index: 0, Last appended: 0.0, Last appended by leader: 0, Current term: 0, Majority size: -1, State: 0, Mode: NON_LEADER, active raft config: opid_index: -1 OBSOLETE_local: false peers { permanent_uuid: "138b7a63b5f54b12abe730b1512d9ff8" member_type: VOTER last_known_addr { host: "127.23.131.1" port: 39517 } } peers { permanent_uuid: "9c017163d13a406bb34d69d1725dfde6" member_type: VOTER last_known_addr { host: "127.23.131.2" port: 32995 } } peers { permanent_uuid: "805dd900c0de455daca884a25c9c8473" member_type: VOTER last_known_addr { host: "127.23.131.3" port: 40371 } }
I20260709 12:16:02.077279 25421 ts_tablet_manager.cc:1434] T 7415183b6191487385575e4eaeacd562 P 805dd900c0de455daca884a25c9c8473: Time spent starting tablet: real 0.006s	user 0.007s	sys 0.000s
I20260709 12:16:02.078141 25421 tablet_bootstrap.cc:492] T c3336617b7d54d6ea4f67c9f4ca85d12 P 805dd900c0de455daca884a25c9c8473: Bootstrap starting.
I20260709 12:16:02.078186 25380 raft_consensus.cc:3060] T 7415183b6191487385575e4eaeacd562 P 805dd900c0de455daca884a25c9c8473 [term 0 FOLLOWER]: Advancing to term 1
I20260709 12:16:02.078421 25422 tablet_bootstrap.cc:492] T 126aa166733e4a19bf1843602a8691ad P 9c017163d13a406bb34d69d1725dfde6: No bootstrap required, opened a new log
I20260709 12:16:02.080988 25422 ts_tablet_manager.cc:1403] T 126aa166733e4a19bf1843602a8691ad P 9c017163d13a406bb34d69d1725dfde6: Time spent bootstrapping tablet: real 0.125s	user 0.010s	sys 0.009s
I20260709 12:16:02.082186 25423 tablet_bootstrap.cc:654] T ef79d8f5bcc0403d82dc6d2517e0dfc4 P 138b7a63b5f54b12abe730b1512d9ff8: Neither blocks nor log segments found. Creating new log.
I20260709 12:16:02.087302 25422 raft_consensus.cc:359] T 126aa166733e4a19bf1843602a8691ad P 9c017163d13a406bb34d69d1725dfde6 [term 0 FOLLOWER]: Replica starting. Triggering 0 pending ops. Active config: opid_index: -1 OBSOLETE_local: false peers { permanent_uuid: "138b7a63b5f54b12abe730b1512d9ff8" member_type: VOTER last_known_addr { host: "127.23.131.1" port: 39517 } } peers { permanent_uuid: "9c017163d13a406bb34d69d1725dfde6" member_type: VOTER last_known_addr { host: "127.23.131.2" port: 32995 } } peers { permanent_uuid: "805dd900c0de455daca884a25c9c8473" member_type: VOTER last_known_addr { host: "127.23.131.3" port: 40371 } }
I20260709 12:16:02.087988 25422 raft_consensus.cc:385] T 126aa166733e4a19bf1843602a8691ad P 9c017163d13a406bb34d69d1725dfde6 [term 0 FOLLOWER]: Consensus starting up: Expiring failure detector timer to make a prompt election more likely
I20260709 12:16:02.088260 25422 raft_consensus.cc:740] T 126aa166733e4a19bf1843602a8691ad P 9c017163d13a406bb34d69d1725dfde6 [term 0 FOLLOWER]: Becoming Follower/Learner. State: Replica: 9c017163d13a406bb34d69d1725dfde6, State: Initialized, Role: FOLLOWER
I20260709 12:16:02.088963 25421 tablet_bootstrap.cc:654] T c3336617b7d54d6ea4f67c9f4ca85d12 P 805dd900c0de455daca884a25c9c8473: Neither blocks nor log segments found. Creating new log.
I20260709 12:16:02.088457 25129 catalog_manager.cc:5697] T caba651611244b2db202cd6aa70a9126 P 9c017163d13a406bb34d69d1725dfde6 reported cstate change: term changed from 0 to 1, leader changed from <none> to 9c017163d13a406bb34d69d1725dfde6 (127.23.131.2). New cstate: current_term: 1 leader_uuid: "9c017163d13a406bb34d69d1725dfde6" committed_config { opid_index: -1 OBSOLETE_local: false peers { permanent_uuid: "138b7a63b5f54b12abe730b1512d9ff8" member_type: VOTER last_known_addr { host: "127.23.131.1" port: 39517 } health_report { overall_health: UNKNOWN } } peers { permanent_uuid: "9c017163d13a406bb34d69d1725dfde6" member_type: VOTER last_known_addr { host: "127.23.131.2" port: 32995 } health_report { overall_health: HEALTHY } } peers { permanent_uuid: "805dd900c0de455daca884a25c9c8473" member_type: VOTER last_known_addr { host: "127.23.131.3" port: 40371 } health_report { overall_health: UNKNOWN } } }
I20260709 12:16:02.088891 25422 consensus_queue.cc:260] T 126aa166733e4a19bf1843602a8691ad P 9c017163d13a406bb34d69d1725dfde6 [NON_LEADER]: Queue going to NON_LEADER mode. State: All replicated index: 0, Majority replicated index: 0, Committed index: 0, Last appended: 0.0, Last appended by leader: 0, Current term: 0, Majority size: -1, State: 0, Mode: NON_LEADER, active raft config: opid_index: -1 OBSOLETE_local: false peers { permanent_uuid: "138b7a63b5f54b12abe730b1512d9ff8" member_type: VOTER last_known_addr { host: "127.23.131.1" port: 39517 } } peers { permanent_uuid: "9c017163d13a406bb34d69d1725dfde6" member_type: VOTER last_known_addr { host: "127.23.131.2" port: 32995 } } peers { permanent_uuid: "805dd900c0de455daca884a25c9c8473" member_type: VOTER last_known_addr { host: "127.23.131.3" port: 40371 } }
I20260709 12:16:02.090013 25129 catalog_manager.cc:5697] T dcee7164488242a9984caf98ff1ef0fa P 9c017163d13a406bb34d69d1725dfde6 reported cstate change: term changed from 0 to 1, leader changed from <none> to 9c017163d13a406bb34d69d1725dfde6 (127.23.131.2). New cstate: current_term: 1 leader_uuid: "9c017163d13a406bb34d69d1725dfde6" committed_config { opid_index: -1 OBSOLETE_local: false peers { permanent_uuid: "138b7a63b5f54b12abe730b1512d9ff8" member_type: VOTER last_known_addr { host: "127.23.131.1" port: 39517 } health_report { overall_health: UNKNOWN } } peers { permanent_uuid: "9c017163d13a406bb34d69d1725dfde6" member_type: VOTER last_known_addr { host: "127.23.131.2" port: 32995 } health_report { overall_health: HEALTHY } } peers { permanent_uuid: "805dd900c0de455daca884a25c9c8473" member_type: VOTER last_known_addr { host: "127.23.131.3" port: 40371 } health_report { overall_health: UNKNOWN } } }
I20260709 12:16:02.091128 25422 ts_tablet_manager.cc:1434] T 126aa166733e4a19bf1843602a8691ad P 9c017163d13a406bb34d69d1725dfde6: Time spent starting tablet: real 0.010s	user 0.005s	sys 0.001s
I20260709 12:16:02.092021 25422 tablet_bootstrap.cc:492] T ef79d8f5bcc0403d82dc6d2517e0dfc4 P 9c017163d13a406bb34d69d1725dfde6: Bootstrap starting.
I20260709 12:16:02.097839 25422 tablet_bootstrap.cc:654] T ef79d8f5bcc0403d82dc6d2517e0dfc4 P 9c017163d13a406bb34d69d1725dfde6: Neither blocks nor log segments found. Creating new log.
I20260709 12:16:02.100040 25421 tablet_bootstrap.cc:492] T c3336617b7d54d6ea4f67c9f4ca85d12 P 805dd900c0de455daca884a25c9c8473: No bootstrap required, opened a new log
I20260709 12:16:02.101166 25421 ts_tablet_manager.cc:1403] T c3336617b7d54d6ea4f67c9f4ca85d12 P 805dd900c0de455daca884a25c9c8473: Time spent bootstrapping tablet: real 0.023s	user 0.013s	sys 0.002s
I20260709 12:16:02.101836 25127 catalog_manager.cc:5697] T b7018623af664a42824f265220473625 P 138b7a63b5f54b12abe730b1512d9ff8 reported cstate change: term changed from 0 to 1, leader changed from <none> to 138b7a63b5f54b12abe730b1512d9ff8 (127.23.131.1). New cstate: current_term: 1 leader_uuid: "138b7a63b5f54b12abe730b1512d9ff8" committed_config { opid_index: -1 OBSOLETE_local: false peers { permanent_uuid: "138b7a63b5f54b12abe730b1512d9ff8" member_type: VOTER last_known_addr { host: "127.23.131.1" port: 39517 } health_report { overall_health: HEALTHY } } peers { permanent_uuid: "9c017163d13a406bb34d69d1725dfde6" member_type: VOTER last_known_addr { host: "127.23.131.2" port: 32995 } health_report { overall_health: UNKNOWN } } peers { permanent_uuid: "805dd900c0de455daca884a25c9c8473" member_type: VOTER last_known_addr { host: "127.23.131.3" port: 40371 } health_report { overall_health: UNKNOWN } } }
I20260709 12:16:02.103801 25421 raft_consensus.cc:359] T c3336617b7d54d6ea4f67c9f4ca85d12 P 805dd900c0de455daca884a25c9c8473 [term 0 FOLLOWER]: Replica starting. Triggering 0 pending ops. Active config: opid_index: -1 OBSOLETE_local: false peers { permanent_uuid: "138b7a63b5f54b12abe730b1512d9ff8" member_type: VOTER last_known_addr { host: "127.23.131.1" port: 39517 } } peers { permanent_uuid: "9c017163d13a406bb34d69d1725dfde6" member_type: VOTER last_known_addr { host: "127.23.131.2" port: 32995 } } peers { permanent_uuid: "805dd900c0de455daca884a25c9c8473" member_type: VOTER last_known_addr { host: "127.23.131.3" port: 40371 } }
I20260709 12:16:02.105842 25421 raft_consensus.cc:385] T c3336617b7d54d6ea4f67c9f4ca85d12 P 805dd900c0de455daca884a25c9c8473 [term 0 FOLLOWER]: Consensus starting up: Expiring failure detector timer to make a prompt election more likely
I20260709 12:16:02.106171 25421 raft_consensus.cc:740] T c3336617b7d54d6ea4f67c9f4ca85d12 P 805dd900c0de455daca884a25c9c8473 [term 0 FOLLOWER]: Becoming Follower/Learner. State: Replica: 805dd900c0de455daca884a25c9c8473, State: Initialized, Role: FOLLOWER
I20260709 12:16:02.106868 25421 consensus_queue.cc:260] T c3336617b7d54d6ea4f67c9f4ca85d12 P 805dd900c0de455daca884a25c9c8473 [NON_LEADER]: Queue going to NON_LEADER mode. State: All replicated index: 0, Majority replicated index: 0, Committed index: 0, Last appended: 0.0, Last appended by leader: 0, Current term: 0, Majority size: -1, State: 0, Mode: NON_LEADER, active raft config: opid_index: -1 OBSOLETE_local: false peers { permanent_uuid: "138b7a63b5f54b12abe730b1512d9ff8" member_type: VOTER last_known_addr { host: "127.23.131.1" port: 39517 } } peers { permanent_uuid: "9c017163d13a406bb34d69d1725dfde6" member_type: VOTER last_known_addr { host: "127.23.131.2" port: 32995 } } peers { permanent_uuid: "805dd900c0de455daca884a25c9c8473" member_type: VOTER last_known_addr { host: "127.23.131.3" port: 40371 } }
I20260709 12:16:02.109110 25421 ts_tablet_manager.cc:1434] T c3336617b7d54d6ea4f67c9f4ca85d12 P 805dd900c0de455daca884a25c9c8473: Time spent starting tablet: real 0.008s	user 0.005s	sys 0.000s
I20260709 12:16:02.110435 25421 tablet_bootstrap.cc:492] T caba651611244b2db202cd6aa70a9126 P 805dd900c0de455daca884a25c9c8473: Bootstrap starting.
W20260709 12:16:02.128388 25271 consensus_peers.cc:597] T caba651611244b2db202cd6aa70a9126 P 9c017163d13a406bb34d69d1725dfde6 -> Peer 805dd900c0de455daca884a25c9c8473 (127.23.131.3:40371): Couldn't send request to peer 805dd900c0de455daca884a25c9c8473. Error code: TABLET_NOT_RUNNING (12). Status: Illegal state: Tablet not RUNNING: BOOTSTRAPPING. This is attempt 1: this message will repeat every 5th retry.
I20260709 12:16:02.133363 25421 tablet_bootstrap.cc:654] T caba651611244b2db202cd6aa70a9126 P 805dd900c0de455daca884a25c9c8473: Neither blocks nor log segments found. Creating new log.
I20260709 12:16:02.138443 25422 tablet_bootstrap.cc:492] T ef79d8f5bcc0403d82dc6d2517e0dfc4 P 9c017163d13a406bb34d69d1725dfde6: No bootstrap required, opened a new log
I20260709 12:16:02.138872 25422 ts_tablet_manager.cc:1403] T ef79d8f5bcc0403d82dc6d2517e0dfc4 P 9c017163d13a406bb34d69d1725dfde6: Time spent bootstrapping tablet: real 0.047s	user 0.019s	sys 0.027s
I20260709 12:16:02.139896 25423 tablet_bootstrap.cc:492] T ef79d8f5bcc0403d82dc6d2517e0dfc4 P 138b7a63b5f54b12abe730b1512d9ff8: No bootstrap required, opened a new log
I20260709 12:16:02.140332 25423 ts_tablet_manager.cc:1403] T ef79d8f5bcc0403d82dc6d2517e0dfc4 P 138b7a63b5f54b12abe730b1512d9ff8: Time spent bootstrapping tablet: real 0.066s	user 0.015s	sys 0.017s
I20260709 12:16:02.141284 25422 raft_consensus.cc:359] T ef79d8f5bcc0403d82dc6d2517e0dfc4 P 9c017163d13a406bb34d69d1725dfde6 [term 0 FOLLOWER]: Replica starting. Triggering 0 pending ops. Active config: opid_index: -1 OBSOLETE_local: false peers { permanent_uuid: "138b7a63b5f54b12abe730b1512d9ff8" member_type: VOTER last_known_addr { host: "127.23.131.1" port: 39517 } } peers { permanent_uuid: "9c017163d13a406bb34d69d1725dfde6" member_type: VOTER last_known_addr { host: "127.23.131.2" port: 32995 } } peers { permanent_uuid: "805dd900c0de455daca884a25c9c8473" member_type: VOTER last_known_addr { host: "127.23.131.3" port: 40371 } }
I20260709 12:16:02.141919 25422 raft_consensus.cc:385] T ef79d8f5bcc0403d82dc6d2517e0dfc4 P 9c017163d13a406bb34d69d1725dfde6 [term 0 FOLLOWER]: Consensus starting up: Expiring failure detector timer to make a prompt election more likely
I20260709 12:16:02.142189 25422 raft_consensus.cc:740] T ef79d8f5bcc0403d82dc6d2517e0dfc4 P 9c017163d13a406bb34d69d1725dfde6 [term 0 FOLLOWER]: Becoming Follower/Learner. State: Replica: 9c017163d13a406bb34d69d1725dfde6, State: Initialized, Role: FOLLOWER
I20260709 12:16:02.142629 25423 raft_consensus.cc:359] T ef79d8f5bcc0403d82dc6d2517e0dfc4 P 138b7a63b5f54b12abe730b1512d9ff8 [term 0 FOLLOWER]: Replica starting. Triggering 0 pending ops. Active config: opid_index: -1 OBSOLETE_local: false peers { permanent_uuid: "138b7a63b5f54b12abe730b1512d9ff8" member_type: VOTER last_known_addr { host: "127.23.131.1" port: 39517 } } peers { permanent_uuid: "9c017163d13a406bb34d69d1725dfde6" member_type: VOTER last_known_addr { host: "127.23.131.2" port: 32995 } } peers { permanent_uuid: "805dd900c0de455daca884a25c9c8473" member_type: VOTER last_known_addr { host: "127.23.131.3" port: 40371 } }
I20260709 12:16:02.143018 25421 tablet_bootstrap.cc:492] T caba651611244b2db202cd6aa70a9126 P 805dd900c0de455daca884a25c9c8473: No bootstrap required, opened a new log
I20260709 12:16:02.142895 25422 consensus_queue.cc:260] T ef79d8f5bcc0403d82dc6d2517e0dfc4 P 9c017163d13a406bb34d69d1725dfde6 [NON_LEADER]: Queue going to NON_LEADER mode. State: All replicated index: 0, Majority replicated index: 0, Committed index: 0, Last appended: 0.0, Last appended by leader: 0, Current term: 0, Majority size: -1, State: 0, Mode: NON_LEADER, active raft config: opid_index: -1 OBSOLETE_local: false peers { permanent_uuid: "138b7a63b5f54b12abe730b1512d9ff8" member_type: VOTER last_known_addr { host: "127.23.131.1" port: 39517 } } peers { permanent_uuid: "9c017163d13a406bb34d69d1725dfde6" member_type: VOTER last_known_addr { host: "127.23.131.2" port: 32995 } } peers { permanent_uuid: "805dd900c0de455daca884a25c9c8473" member_type: VOTER last_known_addr { host: "127.23.131.3" port: 40371 } }
I20260709 12:16:02.143296 25423 raft_consensus.cc:385] T ef79d8f5bcc0403d82dc6d2517e0dfc4 P 138b7a63b5f54b12abe730b1512d9ff8 [term 0 FOLLOWER]: Consensus starting up: Expiring failure detector timer to make a prompt election more likely
I20260709 12:16:02.143599 25423 raft_consensus.cc:740] T ef79d8f5bcc0403d82dc6d2517e0dfc4 P 138b7a63b5f54b12abe730b1512d9ff8 [term 0 FOLLOWER]: Becoming Follower/Learner. State: Replica: 138b7a63b5f54b12abe730b1512d9ff8, State: Initialized, Role: FOLLOWER
I20260709 12:16:02.143533 25421 ts_tablet_manager.cc:1403] T caba651611244b2db202cd6aa70a9126 P 805dd900c0de455daca884a25c9c8473: Time spent bootstrapping tablet: real 0.033s	user 0.009s	sys 0.001s
I20260709 12:16:02.144273 25423 consensus_queue.cc:260] T ef79d8f5bcc0403d82dc6d2517e0dfc4 P 138b7a63b5f54b12abe730b1512d9ff8 [NON_LEADER]: Queue going to NON_LEADER mode. State: All replicated index: 0, Majority replicated index: 0, Committed index: 0, Last appended: 0.0, Last appended by leader: 0, Current term: 0, Majority size: -1, State: 0, Mode: NON_LEADER, active raft config: opid_index: -1 OBSOLETE_local: false peers { permanent_uuid: "138b7a63b5f54b12abe730b1512d9ff8" member_type: VOTER last_known_addr { host: "127.23.131.1" port: 39517 } } peers { permanent_uuid: "9c017163d13a406bb34d69d1725dfde6" member_type: VOTER last_known_addr { host: "127.23.131.2" port: 32995 } } peers { permanent_uuid: "805dd900c0de455daca884a25c9c8473" member_type: VOTER last_known_addr { host: "127.23.131.3" port: 40371 } }
I20260709 12:16:02.144861 25422 ts_tablet_manager.cc:1434] T ef79d8f5bcc0403d82dc6d2517e0dfc4 P 9c017163d13a406bb34d69d1725dfde6: Time spent starting tablet: real 0.006s	user 0.005s	sys 0.000s
I20260709 12:16:02.145826 25422 tablet_bootstrap.cc:492] T 49ba14a9b1774bb1a76d87f1a889d28c P 9c017163d13a406bb34d69d1725dfde6: Bootstrap starting.
I20260709 12:16:02.144595 25128 catalog_manager.cc:5697] T 6eca2ebb44ea4ce181b68d3b9427c7dc P 805dd900c0de455daca884a25c9c8473 reported cstate change: term changed from 0 to 1, leader changed from <none> to 805dd900c0de455daca884a25c9c8473 (127.23.131.3). New cstate: current_term: 1 leader_uuid: "805dd900c0de455daca884a25c9c8473" committed_config { opid_index: -1 OBSOLETE_local: false peers { permanent_uuid: "138b7a63b5f54b12abe730b1512d9ff8" member_type: VOTER last_known_addr { host: "127.23.131.1" port: 39517 } health_report { overall_health: UNKNOWN } } peers { permanent_uuid: "9c017163d13a406bb34d69d1725dfde6" member_type: VOTER last_known_addr { host: "127.23.131.2" port: 32995 } health_report { overall_health: UNKNOWN } } peers { permanent_uuid: "805dd900c0de455daca884a25c9c8473" member_type: VOTER last_known_addr { host: "127.23.131.3" port: 40371 } health_report { overall_health: HEALTHY } } }
I20260709 12:16:02.146394 25423 ts_tablet_manager.cc:1434] T ef79d8f5bcc0403d82dc6d2517e0dfc4 P 138b7a63b5f54b12abe730b1512d9ff8: Time spent starting tablet: real 0.006s	user 0.005s	sys 0.000s
I20260709 12:16:02.147332 25423 tablet_bootstrap.cc:492] T ed6a0bd0ee134597b986ae6ea28cfd18 P 138b7a63b5f54b12abe730b1512d9ff8: Bootstrap starting.
I20260709 12:16:02.153664 25422 tablet_bootstrap.cc:654] T 49ba14a9b1774bb1a76d87f1a889d28c P 9c017163d13a406bb34d69d1725dfde6: Neither blocks nor log segments found. Creating new log.
I20260709 12:16:02.158571 25423 tablet_bootstrap.cc:654] T ed6a0bd0ee134597b986ae6ea28cfd18 P 138b7a63b5f54b12abe730b1512d9ff8: Neither blocks nor log segments found. Creating new log.
