I20260709 12:15:00.059309 24155 consensus_queue.cc:1048] T 6490a8c8f5354058afa36806a8c896df P 1f12bb9ef2a44d06828b05a4116af9cb [LEADER]: Connected to new peer: Peer: permanent_uuid: "fc22b74e364c40f09e800f695dde3061" member_type: VOTER last_known_addr { host: "127.23.46.131" port: 34395 }, Status: LMP_MISMATCH, Last received: 0.0, Next index: 2, Last known committed idx: 1, Time since last communication: 0.000s
I20260709 12:15:00.135996 23871 raft_consensus.cc:1275] T e750f353fff243e3b6a6cf98894bec27 P 99324f7da8bf4a51acde52d438837e6e [term 2 FOLLOWER]: Refusing update from remote peer fc22b74e364c40f09e800f695dde3061: Log matching property violated. Preceding OpId in replica: term: 1 index: 1. Preceding OpId from leader: term: 2 index: 2. (index mismatch)
I20260709 12:15:00.137703 24130 consensus_queue.cc:1048] T e750f353fff243e3b6a6cf98894bec27 P fc22b74e364c40f09e800f695dde3061 [LEADER]: Connected to new peer: Peer: permanent_uuid: "99324f7da8bf4a51acde52d438837e6e" member_type: VOTER last_known_addr { host: "127.23.46.129" port: 38089 }, Status: LMP_MISMATCH, Last received: 0.0, Next index: 2, Last known committed idx: 1, Time since last communication: 0.000s
I20260709 12:15:00.145982 23948 raft_consensus.cc:1275] T e750f353fff243e3b6a6cf98894bec27 P 1f12bb9ef2a44d06828b05a4116af9cb [term 2 FOLLOWER]: Refusing update from remote peer fc22b74e364c40f09e800f695dde3061: Log matching property violated. Preceding OpId in replica: term: 1 index: 1. Preceding OpId from leader: term: 2 index: 2. (index mismatch)
I20260709 12:15:00.147727 24102 consensus_queue.cc:1048] T e750f353fff243e3b6a6cf98894bec27 P fc22b74e364c40f09e800f695dde3061 [LEADER]: Connected to new peer: Peer: permanent_uuid: "1f12bb9ef2a44d06828b05a4116af9cb" member_type: VOTER last_known_addr { host: "127.23.46.130" port: 44553 }, Status: LMP_MISMATCH, Last received: 0.0, Next index: 2, Last known committed idx: 1, Time since last communication: 0.000s
I20260709 12:15:00.192440 23871 raft_consensus.cc:1275] T b8b1a162804b4c8f97603d7d62510c47 P 99324f7da8bf4a51acde52d438837e6e [term 2 FOLLOWER]: Refusing update from remote peer 1f12bb9ef2a44d06828b05a4116af9cb: Log matching property violated. Preceding OpId in replica: term: 1 index: 1. Preceding OpId from leader: term: 2 index: 2. (index mismatch)
I20260709 12:15:00.193941 24155 consensus_queue.cc:1048] T b8b1a162804b4c8f97603d7d62510c47 P 1f12bb9ef2a44d06828b05a4116af9cb [LEADER]: Connected to new peer: Peer: permanent_uuid: "99324f7da8bf4a51acde52d438837e6e" member_type: VOTER last_known_addr { host: "127.23.46.129" port: 38089 }, Status: LMP_MISMATCH, Last received: 0.0, Next index: 2, Last known committed idx: 1, Time since last communication: 0.000s
I20260709 12:15:00.194548 24019 raft_consensus.cc:1275] T a2b3715b48804760bc99e2c1c14a99c7 P fc22b74e364c40f09e800f695dde3061 [term 2 FOLLOWER]: Refusing update from remote peer 1f12bb9ef2a44d06828b05a4116af9cb: Log matching property violated. Preceding OpId in replica: term: 1 index: 1. Preceding OpId from leader: term: 2 index: 2. (index mismatch)
I20260709 12:15:00.195905 24155 consensus_queue.cc:1048] T a2b3715b48804760bc99e2c1c14a99c7 P 1f12bb9ef2a44d06828b05a4116af9cb [LEADER]: Connected to new peer: Peer: permanent_uuid: "fc22b74e364c40f09e800f695dde3061" member_type: VOTER last_known_addr { host: "127.23.46.131" port: 34395 }, Status: LMP_MISMATCH, Last received: 0.0, Next index: 2, Last known committed idx: 1, Time since last communication: 0.000s
I20260709 12:15:00.202837 24019 raft_consensus.cc:1275] T b8b1a162804b4c8f97603d7d62510c47 P fc22b74e364c40f09e800f695dde3061 [term 2 FOLLOWER]: Refusing update from remote peer 1f12bb9ef2a44d06828b05a4116af9cb: Log matching property violated. Preceding OpId in replica: term: 1 index: 1. Preceding OpId from leader: term: 2 index: 2. (index mismatch)
I20260709 12:15:00.206430 24138 consensus_queue.cc:1048] T b8b1a162804b4c8f97603d7d62510c47 P 1f12bb9ef2a44d06828b05a4116af9cb [LEADER]: Connected to new peer: Peer: permanent_uuid: "fc22b74e364c40f09e800f695dde3061" member_type: VOTER last_known_addr { host: "127.23.46.131" port: 34395 }, Status: LMP_MISMATCH, Last received: 0.0, Next index: 2, Last known committed idx: 1, Time since last communication: 0.000s
I20260709 12:15:00.213172 23871 raft_consensus.cc:1275] T a2b3715b48804760bc99e2c1c14a99c7 P 99324f7da8bf4a51acde52d438837e6e [term 2 FOLLOWER]: Refusing update from remote peer 1f12bb9ef2a44d06828b05a4116af9cb: Log matching property violated. Preceding OpId in replica: term: 1 index: 1. Preceding OpId from leader: term: 2 index: 2. (index mismatch)
I20260709 12:15:00.215078 24138 consensus_queue.cc:1048] T a2b3715b48804760bc99e2c1c14a99c7 P 1f12bb9ef2a44d06828b05a4116af9cb [LEADER]: Connected to new peer: Peer: permanent_uuid: "99324f7da8bf4a51acde52d438837e6e" member_type: VOTER last_known_addr { host: "127.23.46.129" port: 38089 }, Status: LMP_MISMATCH, Last received: 0.0, Next index: 2, Last known committed idx: 1, Time since last communication: 0.000s
I20260709 12:15:00.222469 23948 raft_consensus.cc:1275] T 75c38339263441348c9d5580f5432edd P 1f12bb9ef2a44d06828b05a4116af9cb [term 2 FOLLOWER]: Refusing update from remote peer 99324f7da8bf4a51acde52d438837e6e: Log matching property violated. Preceding OpId in replica: term: 1 index: 1. Preceding OpId from leader: term: 2 index: 2. (index mismatch)
I20260709 12:15:00.223935 24157 consensus_queue.cc:1048] T 75c38339263441348c9d5580f5432edd P 99324f7da8bf4a51acde52d438837e6e [LEADER]: Connected to new peer: Peer: permanent_uuid: "1f12bb9ef2a44d06828b05a4116af9cb" member_type: VOTER last_known_addr { host: "127.23.46.130" port: 44553 }, Status: LMP_MISMATCH, Last received: 0.0, Next index: 2, Last known committed idx: 1, Time since last communication: 0.000s
I20260709 12:15:00.235080 24019 raft_consensus.cc:1275] T 75c38339263441348c9d5580f5432edd P fc22b74e364c40f09e800f695dde3061 [term 2 FOLLOWER]: Refusing update from remote peer 99324f7da8bf4a51acde52d438837e6e: Log matching property violated. Preceding OpId in replica: term: 1 index: 1. Preceding OpId from leader: term: 2 index: 2. (index mismatch)
I20260709 12:15:00.236444 24157 consensus_queue.cc:1048] T 75c38339263441348c9d5580f5432edd P 99324f7da8bf4a51acde52d438837e6e [LEADER]: Connected to new peer: Peer: permanent_uuid: "fc22b74e364c40f09e800f695dde3061" member_type: VOTER last_known_addr { host: "127.23.46.131" port: 34395 }, Status: LMP_MISMATCH, Last received: 0.0, Next index: 2, Last known committed idx: 1, Time since last communication: 0.000s
I20260709 12:15:00.348994 24019 raft_consensus.cc:1275] T 9bad53986fab4848bf9d64ecbc879979 P fc22b74e364c40f09e800f695dde3061 [term 2 FOLLOWER]: Refusing update from remote peer 99324f7da8bf4a51acde52d438837e6e: Log matching property violated. Preceding OpId in replica: term: 1 index: 1. Preceding OpId from leader: term: 2 index: 2. (index mismatch)
I20260709 12:15:00.350586 24092 consensus_queue.cc:1048] T 9bad53986fab4848bf9d64ecbc879979 P 99324f7da8bf4a51acde52d438837e6e [LEADER]: Connected to new peer: Peer: permanent_uuid: "fc22b74e364c40f09e800f695dde3061" member_type: VOTER last_known_addr { host: "127.23.46.131" port: 34395 }, Status: LMP_MISMATCH, Last received: 0.0, Next index: 2, Last known committed idx: 1, Time since last communication: 0.000s
I20260709 12:15:00.362530 23948 raft_consensus.cc:1275] T 9bad53986fab4848bf9d64ecbc879979 P 1f12bb9ef2a44d06828b05a4116af9cb [term 2 FOLLOWER]: Refusing update from remote peer 99324f7da8bf4a51acde52d438837e6e: Log matching property violated. Preceding OpId in replica: term: 1 index: 1. Preceding OpId from leader: term: 2 index: 2. (index mismatch)
I20260709 12:15:00.367421 24161 consensus_queue.cc:1048] T 9bad53986fab4848bf9d64ecbc879979 P 99324f7da8bf4a51acde52d438837e6e [LEADER]: Connected to new peer: Peer: permanent_uuid: "1f12bb9ef2a44d06828b05a4116af9cb" member_type: VOTER last_known_addr { host: "127.23.46.130" port: 44553 }, Status: LMP_MISMATCH, Last received: 0.0, Next index: 2, Last known committed idx: 1, Time since last communication: 0.001s
I20260709 12:15:02.519008 23738 auto_leader_rebalancer-test.cc:294] The leader distribution is 
I20260709 12:15:02.520336 23738 auto_leader_rebalancer.cc:141] leader rebalance for table test-workload
I20260709 12:15:02.539239 23871 tablet_service.cc:2072] Received LeaderStepDown RPC: tablet_id: "6a6976642a134f5a959099bab1cd8d1b"
dest_uuid: "99324f7da8bf4a51acde52d438837e6e"
mode: GRACEFUL
new_leader_uuid: "fc22b74e364c40f09e800f695dde3061"
 from {username='slave'} at 127.0.0.1:33292
I20260709 12:15:02.539913 23871 raft_consensus.cc:606] T 6a6976642a134f5a959099bab1cd8d1b P 99324f7da8bf4a51acde52d438837e6e [term 2 LEADER]: Received request to transfer leadership to TS fc22b74e364c40f09e800f695dde3061
I20260709 12:15:02.551854 23946 tablet_service.cc:2072] Received LeaderStepDown RPC: tablet_id: "b8b1a162804b4c8f97603d7d62510c47"
dest_uuid: "1f12bb9ef2a44d06828b05a4116af9cb"
mode: GRACEFUL
new_leader_uuid: "fc22b74e364c40f09e800f695dde3061"
 from {username='slave'} at 127.0.0.1:59230
I20260709 12:15:02.552475 23946 raft_consensus.cc:606] T b8b1a162804b4c8f97603d7d62510c47 P 1f12bb9ef2a44d06828b05a4116af9cb [term 2 LEADER]: Received request to transfer leadership to TS fc22b74e364c40f09e800f695dde3061
I20260709 12:15:02.553995 23738 auto_leader_rebalancer.cc:440] table: test-workload, leader rebalance finish, leader transfer count: 2
I20260709 12:15:02.554564 23738 auto_leader_rebalancer.cc:515] All tables' leader rebalancing finished this round
I20260709 12:15:02.585036 24161 raft_consensus.cc:993] T 6a6976642a134f5a959099bab1cd8d1b P 99324f7da8bf4a51acde52d438837e6e: : Instructing follower fc22b74e364c40f09e800f695dde3061 to start an election
I20260709 12:15:02.585662 24168 raft_consensus.cc:1081] T 6a6976642a134f5a959099bab1cd8d1b P 99324f7da8bf4a51acde52d438837e6e [term 2 LEADER]: Signalling peer fc22b74e364c40f09e800f695dde3061 to start an election
I20260709 12:15:02.587424 24022 tablet_service.cc:2044] Received Run Leader Election RPC: tablet_id: "6a6976642a134f5a959099bab1cd8d1b"
dest_uuid: "fc22b74e364c40f09e800f695dde3061"
 from {username='slave'} at 127.0.0.1:49036
I20260709 12:15:02.587894 24022 raft_consensus.cc:493] T 6a6976642a134f5a959099bab1cd8d1b P fc22b74e364c40f09e800f695dde3061 [term 2 FOLLOWER]: Starting forced leader election (received explicit request)
I20260709 12:15:02.588153 24022 raft_consensus.cc:3060] T 6a6976642a134f5a959099bab1cd8d1b P fc22b74e364c40f09e800f695dde3061 [term 2 FOLLOWER]: Advancing to term 3
I20260709 12:15:02.593232 24022 raft_consensus.cc:515] T 6a6976642a134f5a959099bab1cd8d1b P fc22b74e364c40f09e800f695dde3061 [term 3 FOLLOWER]: Starting forced leader election with config: opid_index: -1 OBSOLETE_local: false peers { permanent_uuid: "99324f7da8bf4a51acde52d438837e6e" member_type: VOTER last_known_addr { host: "127.23.46.129" port: 38089 } } peers { permanent_uuid: "1f12bb9ef2a44d06828b05a4116af9cb" member_type: VOTER last_known_addr { host: "127.23.46.130" port: 44553 } } peers { permanent_uuid: "fc22b74e364c40f09e800f695dde3061" member_type: VOTER last_known_addr { host: "127.23.46.131" port: 34395 } }
I20260709 12:15:02.594924 24022 leader_election.cc:290] T 6a6976642a134f5a959099bab1cd8d1b P fc22b74e364c40f09e800f695dde3061 [CANDIDATE]: Term 3 election: Requested vote from peers 99324f7da8bf4a51acde52d438837e6e (127.23.46.129:38089), 1f12bb9ef2a44d06828b05a4116af9cb (127.23.46.130:44553)
I20260709 12:15:02.595999 23871 tablet_service.cc:1917] Received RequestConsensusVote() RPC: tablet_id: "6a6976642a134f5a959099bab1cd8d1b" candidate_uuid: "fc22b74e364c40f09e800f695dde3061" candidate_term: 3 candidate_status { last_received { term: 2 index: 2 } } ignore_live_leader: true dest_uuid: "99324f7da8bf4a51acde52d438837e6e"
I20260709 12:15:02.596251 23946 tablet_service.cc:1917] Received RequestConsensusVote() RPC: tablet_id: "6a6976642a134f5a959099bab1cd8d1b" candidate_uuid: "fc22b74e364c40f09e800f695dde3061" candidate_term: 3 candidate_status { last_received { term: 2 index: 2 } } ignore_live_leader: true dest_uuid: "1f12bb9ef2a44d06828b05a4116af9cb"
I20260709 12:15:02.596652 23871 raft_consensus.cc:3055] T 6a6976642a134f5a959099bab1cd8d1b P 99324f7da8bf4a51acde52d438837e6e [term 2 LEADER]: Stepping down as leader of term 2
I20260709 12:15:02.596940 23946 raft_consensus.cc:3060] T 6a6976642a134f5a959099bab1cd8d1b P 1f12bb9ef2a44d06828b05a4116af9cb [term 2 FOLLOWER]: Advancing to term 3
I20260709 12:15:02.597021 23871 raft_consensus.cc:740] T 6a6976642a134f5a959099bab1cd8d1b P 99324f7da8bf4a51acde52d438837e6e [term 2 LEADER]: Becoming Follower/Learner. State: Replica: 99324f7da8bf4a51acde52d438837e6e, State: Running, Role: LEADER
I20260709 12:15:02.598047 23871 consensus_queue.cc:260] T 6a6976642a134f5a959099bab1cd8d1b P 99324f7da8bf4a51acde52d438837e6e [NON_LEADER]: Queue going to NON_LEADER mode. State: All replicated index: 0, Majority replicated index: 2, Committed index: 2, Last appended: 2.2, Last appended by leader: 2, Current term: 2, Majority size: -1, State: 0, Mode: NON_LEADER, active raft config: opid_index: -1 OBSOLETE_local: false peers { permanent_uuid: "99324f7da8bf4a51acde52d438837e6e" member_type: VOTER last_known_addr { host: "127.23.46.129" port: 38089 } } peers { permanent_uuid: "1f12bb9ef2a44d06828b05a4116af9cb" member_type: VOTER last_known_addr { host: "127.23.46.130" port: 44553 } } peers { permanent_uuid: "fc22b74e364c40f09e800f695dde3061" member_type: VOTER last_known_addr { host: "127.23.46.131" port: 34395 } }
I20260709 12:15:02.599457 23871 raft_consensus.cc:3060] T 6a6976642a134f5a959099bab1cd8d1b P 99324f7da8bf4a51acde52d438837e6e [term 2 FOLLOWER]: Advancing to term 3
I20260709 12:15:02.603242 23946 raft_consensus.cc:2468] T 6a6976642a134f5a959099bab1cd8d1b P 1f12bb9ef2a44d06828b05a4116af9cb [term 3 FOLLOWER]: Leader election vote request: Granting yes vote for candidate fc22b74e364c40f09e800f695dde3061 in term 3.
I20260709 12:15:02.604439 23986 leader_election.cc:304] T 6a6976642a134f5a959099bab1cd8d1b P fc22b74e364c40f09e800f695dde3061 [CANDIDATE]: Term 3 election: Election decided. Result: candidate won. Election summary: received 2 responses out of 3 voters: 2 yes votes; 0 no votes. yes voters: 1f12bb9ef2a44d06828b05a4116af9cb, fc22b74e364c40f09e800f695dde3061; no voters: 
I20260709 12:15:02.604982 23871 raft_consensus.cc:2468] T 6a6976642a134f5a959099bab1cd8d1b P 99324f7da8bf4a51acde52d438837e6e [term 3 FOLLOWER]: Leader election vote request: Granting yes vote for candidate fc22b74e364c40f09e800f695dde3061 in term 3.
I20260709 12:15:02.605235 24164 raft_consensus.cc:2804] T 6a6976642a134f5a959099bab1cd8d1b P fc22b74e364c40f09e800f695dde3061 [term 3 FOLLOWER]: Leader election won for term 3
I20260709 12:15:02.606841 24164 raft_consensus.cc:697] T 6a6976642a134f5a959099bab1cd8d1b P fc22b74e364c40f09e800f695dde3061 [term 3 LEADER]: Becoming Leader. State: Replica: fc22b74e364c40f09e800f695dde3061, State: Running, Role: LEADER
I20260709 12:15:02.607707 24164 consensus_queue.cc:237] T 6a6976642a134f5a959099bab1cd8d1b P fc22b74e364c40f09e800f695dde3061 [LEADER]: Queue going to LEADER mode. State: All replicated index: 0, Majority replicated index: 2, Committed index: 2, Last appended: 2.2, Last appended by leader: 2, Current term: 3, Majority size: 2, State: 0, Mode: LEADER, active raft config: opid_index: -1 OBSOLETE_local: false peers { permanent_uuid: "99324f7da8bf4a51acde52d438837e6e" member_type: VOTER last_known_addr { host: "127.23.46.129" port: 38089 } } peers { permanent_uuid: "1f12bb9ef2a44d06828b05a4116af9cb" member_type: VOTER last_known_addr { host: "127.23.46.130" port: 44553 } } peers { permanent_uuid: "fc22b74e364c40f09e800f695dde3061" member_type: VOTER last_known_addr { host: "127.23.46.131" port: 34395 } }
I20260709 12:15:02.617070 23770 catalog_manager.cc:5697] T 6a6976642a134f5a959099bab1cd8d1b P fc22b74e364c40f09e800f695dde3061 reported cstate change: term changed from 2 to 3, leader changed from 99324f7da8bf4a51acde52d438837e6e (127.23.46.129) to fc22b74e364c40f09e800f695dde3061 (127.23.46.131). New cstate: current_term: 3 leader_uuid: "fc22b74e364c40f09e800f695dde3061" committed_config { opid_index: -1 OBSOLETE_local: false peers { permanent_uuid: "99324f7da8bf4a51acde52d438837e6e" member_type: VOTER last_known_addr { host: "127.23.46.129" port: 38089 } health_report { overall_health: UNKNOWN } } peers { permanent_uuid: "1f12bb9ef2a44d06828b05a4116af9cb" member_type: VOTER last_known_addr { host: "127.23.46.130" port: 44553 } health_report { overall_health: UNKNOWN } } peers { permanent_uuid: "fc22b74e364c40f09e800f695dde3061" member_type: VOTER last_known_addr { host: "127.23.46.131" port: 34395 } health_report { overall_health: HEALTHY } } }
I20260709 12:15:02.693846 24175 raft_consensus.cc:993] T b8b1a162804b4c8f97603d7d62510c47 P 1f12bb9ef2a44d06828b05a4116af9cb: : Instructing follower fc22b74e364c40f09e800f695dde3061 to start an election
I20260709 12:15:02.694399 24175 raft_consensus.cc:1081] T b8b1a162804b4c8f97603d7d62510c47 P 1f12bb9ef2a44d06828b05a4116af9cb [term 2 LEADER]: Signalling peer fc22b74e364c40f09e800f695dde3061 to start an election
I20260709 12:15:02.696112 24022 tablet_service.cc:2044] Received Run Leader Election RPC: tablet_id: "b8b1a162804b4c8f97603d7d62510c47"
dest_uuid: "fc22b74e364c40f09e800f695dde3061"
 from {username='slave'} at 127.0.0.1:49052
I20260709 12:15:02.696652 24022 raft_consensus.cc:493] T b8b1a162804b4c8f97603d7d62510c47 P fc22b74e364c40f09e800f695dde3061 [term 2 FOLLOWER]: Starting forced leader election (received explicit request)
I20260709 12:15:02.696970 24022 raft_consensus.cc:3060] T b8b1a162804b4c8f97603d7d62510c47 P fc22b74e364c40f09e800f695dde3061 [term 2 FOLLOWER]: Advancing to term 3
I20260709 12:15:02.702473 24022 raft_consensus.cc:515] T b8b1a162804b4c8f97603d7d62510c47 P fc22b74e364c40f09e800f695dde3061 [term 3 FOLLOWER]: Starting forced leader election with config: opid_index: -1 OBSOLETE_local: false peers { permanent_uuid: "99324f7da8bf4a51acde52d438837e6e" member_type: VOTER last_known_addr { host: "127.23.46.129" port: 38089 } } peers { permanent_uuid: "1f12bb9ef2a44d06828b05a4116af9cb" member_type: VOTER last_known_addr { host: "127.23.46.130" port: 44553 } } peers { permanent_uuid: "fc22b74e364c40f09e800f695dde3061" member_type: VOTER last_known_addr { host: "127.23.46.131" port: 34395 } }
I20260709 12:15:02.704423 24022 leader_election.cc:290] T b8b1a162804b4c8f97603d7d62510c47 P fc22b74e364c40f09e800f695dde3061 [CANDIDATE]: Term 3 election: Requested vote from peers 99324f7da8bf4a51acde52d438837e6e (127.23.46.129:38089), 1f12bb9ef2a44d06828b05a4116af9cb (127.23.46.130:44553)
I20260709 12:15:02.705385 23871 tablet_service.cc:1917] Received RequestConsensusVote() RPC: tablet_id: "b8b1a162804b4c8f97603d7d62510c47" candidate_uuid: "fc22b74e364c40f09e800f695dde3061" candidate_term: 3 candidate_status { last_received { term: 2 index: 2 } } ignore_live_leader: true dest_uuid: "99324f7da8bf4a51acde52d438837e6e"
I20260709 12:15:02.705687 23946 tablet_service.cc:1917] Received RequestConsensusVote() RPC: tablet_id: "b8b1a162804b4c8f97603d7d62510c47" candidate_uuid: "fc22b74e364c40f09e800f695dde3061" candidate_term: 3 candidate_status { last_received { term: 2 index: 2 } } ignore_live_leader: true dest_uuid: "1f12bb9ef2a44d06828b05a4116af9cb"
I20260709 12:15:02.706003 23871 raft_consensus.cc:3060] T b8b1a162804b4c8f97603d7d62510c47 P 99324f7da8bf4a51acde52d438837e6e [term 2 FOLLOWER]: Advancing to term 3
I20260709 12:15:02.706228 23946 raft_consensus.cc:3055] T b8b1a162804b4c8f97603d7d62510c47 P 1f12bb9ef2a44d06828b05a4116af9cb [term 2 LEADER]: Stepping down as leader of term 2
I20260709 12:15:02.706568 23946 raft_consensus.cc:740] T b8b1a162804b4c8f97603d7d62510c47 P 1f12bb9ef2a44d06828b05a4116af9cb [term 2 LEADER]: Becoming Follower/Learner. State: Replica: 1f12bb9ef2a44d06828b05a4116af9cb, State: Running, Role: LEADER
I20260709 12:15:02.707243 23946 consensus_queue.cc:260] T b8b1a162804b4c8f97603d7d62510c47 P 1f12bb9ef2a44d06828b05a4116af9cb [NON_LEADER]: Queue going to NON_LEADER mode. State: All replicated index: 0, Majority replicated index: 2, Committed index: 2, Last appended: 2.2, Last appended by leader: 2, Current term: 2, Majority size: -1, State: 0, Mode: NON_LEADER, active raft config: opid_index: -1 OBSOLETE_local: false peers { permanent_uuid: "99324f7da8bf4a51acde52d438837e6e" member_type: VOTER last_known_addr { host: "127.23.46.129" port: 38089 } } peers { permanent_uuid: "1f12bb9ef2a44d06828b05a4116af9cb" member_type: VOTER last_known_addr { host: "127.23.46.130" port: 44553 } } peers { permanent_uuid: "fc22b74e364c40f09e800f695dde3061" member_type: VOTER last_known_addr { host: "127.23.46.131" port: 34395 } }
I20260709 12:15:02.708222 23946 raft_consensus.cc:3060] T b8b1a162804b4c8f97603d7d62510c47 P 1f12bb9ef2a44d06828b05a4116af9cb [term 2 FOLLOWER]: Advancing to term 3
I20260709 12:15:02.710981 23871 raft_consensus.cc:2468] T b8b1a162804b4c8f97603d7d62510c47 P 99324f7da8bf4a51acde52d438837e6e [term 3 FOLLOWER]: Leader election vote request: Granting yes vote for candidate fc22b74e364c40f09e800f695dde3061 in term 3.
I20260709 12:15:02.713901 23946 raft_consensus.cc:2468] T b8b1a162804b4c8f97603d7d62510c47 P 1f12bb9ef2a44d06828b05a4116af9cb [term 3 FOLLOWER]: Leader election vote request: Granting yes vote for candidate fc22b74e364c40f09e800f695dde3061 in term 3.
I20260709 12:15:02.714651 23986 leader_election.cc:304] T b8b1a162804b4c8f97603d7d62510c47 P fc22b74e364c40f09e800f695dde3061 [CANDIDATE]: Term 3 election: Election decided. Result: candidate won. Election summary: received 2 responses out of 3 voters: 2 yes votes; 0 no votes. yes voters: 99324f7da8bf4a51acde52d438837e6e, fc22b74e364c40f09e800f695dde3061; no voters: 
I20260709 12:15:02.715391 24164 raft_consensus.cc:2804] T b8b1a162804b4c8f97603d7d62510c47 P fc22b74e364c40f09e800f695dde3061 [term 3 FOLLOWER]: Leader election won for term 3
I20260709 12:15:02.715919 24164 raft_consensus.cc:697] T b8b1a162804b4c8f97603d7d62510c47 P fc22b74e364c40f09e800f695dde3061 [term 3 LEADER]: Becoming Leader. State: Replica: fc22b74e364c40f09e800f695dde3061, State: Running, Role: LEADER
I20260709 12:15:02.716737 24164 consensus_queue.cc:237] T b8b1a162804b4c8f97603d7d62510c47 P fc22b74e364c40f09e800f695dde3061 [LEADER]: Queue going to LEADER mode. State: All replicated index: 0, Majority replicated index: 2, Committed index: 2, Last appended: 2.2, Last appended by leader: 2, Current term: 3, Majority size: 2, State: 0, Mode: LEADER, active raft config: opid_index: -1 OBSOLETE_local: false peers { permanent_uuid: "99324f7da8bf4a51acde52d438837e6e" member_type: VOTER last_known_addr { host: "127.23.46.129" port: 38089 } } peers { permanent_uuid: "1f12bb9ef2a44d06828b05a4116af9cb" member_type: VOTER last_known_addr { host: "127.23.46.130" port: 44553 } } peers { permanent_uuid: "fc22b74e364c40f09e800f695dde3061" member_type: VOTER last_known_addr { host: "127.23.46.131" port: 34395 } }
I20260709 12:15:02.729516 23770 catalog_manager.cc:5697] T b8b1a162804b4c8f97603d7d62510c47 P fc22b74e364c40f09e800f695dde3061 reported cstate change: term changed from 2 to 3, leader changed from 1f12bb9ef2a44d06828b05a4116af9cb (127.23.46.130) to fc22b74e364c40f09e800f695dde3061 (127.23.46.131). New cstate: current_term: 3 leader_uuid: "fc22b74e364c40f09e800f695dde3061" committed_config { opid_index: -1 OBSOLETE_local: false peers { permanent_uuid: "99324f7da8bf4a51acde52d438837e6e" member_type: VOTER last_known_addr { host: "127.23.46.129" port: 38089 } health_report { overall_health: UNKNOWN } } peers { permanent_uuid: "1f12bb9ef2a44d06828b05a4116af9cb" member_type: VOTER last_known_addr { host: "127.23.46.130" port: 44553 } health_report { overall_health: UNKNOWN } } peers { permanent_uuid: "fc22b74e364c40f09e800f695dde3061" member_type: VOTER last_known_addr { host: "127.23.46.131" port: 34395 } health_report { overall_health: HEALTHY } } }
I20260709 12:15:03.100659 23871 raft_consensus.cc:1275] T 6a6976642a134f5a959099bab1cd8d1b P 99324f7da8bf4a51acde52d438837e6e [term 3 FOLLOWER]: Refusing update from remote peer fc22b74e364c40f09e800f695dde3061: Log matching property violated. Preceding OpId in replica: term: 2 index: 2. Preceding OpId from leader: term: 3 index: 3. (index mismatch)
I20260709 12:15:03.102139 24164 consensus_queue.cc:1048] T 6a6976642a134f5a959099bab1cd8d1b P fc22b74e364c40f09e800f695dde3061 [LEADER]: Connected to new peer: Peer: permanent_uuid: "99324f7da8bf4a51acde52d438837e6e" member_type: VOTER last_known_addr { host: "127.23.46.129" port: 38089 }, Status: LMP_MISMATCH, Last received: 0.0, Next index: 3, Last known committed idx: 2, Time since last communication: 0.000s
I20260709 12:15:03.113272 23946 raft_consensus.cc:1275] T 6a6976642a134f5a959099bab1cd8d1b P 1f12bb9ef2a44d06828b05a4116af9cb [term 3 FOLLOWER]: Refusing update from remote peer fc22b74e364c40f09e800f695dde3061: Log matching property violated. Preceding OpId in replica: term: 2 index: 2. Preceding OpId from leader: term: 3 index: 3. (index mismatch)
I20260709 12:15:03.115330 24164 consensus_queue.cc:1048] T 6a6976642a134f5a959099bab1cd8d1b P fc22b74e364c40f09e800f695dde3061 [LEADER]: Connected to new peer: Peer: permanent_uuid: "1f12bb9ef2a44d06828b05a4116af9cb" member_type: VOTER last_known_addr { host: "127.23.46.130" port: 44553 }, Status: LMP_MISMATCH, Last received: 0.0, Next index: 3, Last known committed idx: 2, Time since last communication: 0.000s
I20260709 12:15:03.292801 23871 raft_consensus.cc:1275] T b8b1a162804b4c8f97603d7d62510c47 P 99324f7da8bf4a51acde52d438837e6e [term 3 FOLLOWER]: Refusing update from remote peer fc22b74e364c40f09e800f695dde3061: Log matching property violated. Preceding OpId in replica: term: 2 index: 2. Preceding OpId from leader: term: 3 index: 3. (index mismatch)
I20260709 12:15:03.293404 23946 raft_consensus.cc:1275] T b8b1a162804b4c8f97603d7d62510c47 P 1f12bb9ef2a44d06828b05a4116af9cb [term 3 FOLLOWER]: Refusing update from remote peer fc22b74e364c40f09e800f695dde3061: Log matching property violated. Preceding OpId in replica: term: 2 index: 2. Preceding OpId from leader: term: 3 index: 3. (index mismatch)
I20260709 12:15:03.294193 24164 consensus_queue.cc:1048] T b8b1a162804b4c8f97603d7d62510c47 P fc22b74e364c40f09e800f695dde3061 [LEADER]: Connected to new peer: Peer: permanent_uuid: "99324f7da8bf4a51acde52d438837e6e" member_type: VOTER last_known_addr { host: "127.23.46.129" port: 38089 }, Status: LMP_MISMATCH, Last received: 0.0, Next index: 3, Last known committed idx: 2, Time since last communication: 0.000s
I20260709 12:15:03.294919 24169 consensus_queue.cc:1048] T b8b1a162804b4c8f97603d7d62510c47 P fc22b74e364c40f09e800f695dde3061 [LEADER]: Connected to new peer: Peer: permanent_uuid: "1f12bb9ef2a44d06828b05a4116af9cb" member_type: VOTER last_known_addr { host: "127.23.46.130" port: 44553 }, Status: LMP_MISMATCH, Last received: 0.0, Next index: 3, Last known committed idx: 2, Time since last communication: 0.000s
I20260709 12:15:03.555724 23738 auto_leader_rebalancer.cc:141] leader rebalance for table test-workload
I20260709 12:15:03.561312 23738 auto_leader_rebalancer.cc:440] table: test-workload, leader rebalance finish, leader transfer count: 0
I20260709 12:15:03.561826 23738 auto_leader_rebalancer.cc:515] All tables' leader rebalancing finished this round
I20260709 12:15:04.562968 23738 auto_leader_rebalancer.cc:141] leader rebalance for table test-workload
I20260709 12:15:04.568406 23738 auto_leader_rebalancer.cc:440] table: test-workload, leader rebalance finish, leader transfer count: 0
I20260709 12:15:04.568902 23738 auto_leader_rebalancer.cc:515] All tables' leader rebalancing finished this round
I20260709 12:15:05.570694 23738 auto_leader_rebalancer.cc:141] leader rebalance for table test-workload
I20260709 12:15:05.577922 23738 auto_leader_rebalancer.cc:440] table: test-workload, leader rebalance finish, leader transfer count: 0
I20260709 12:15:05.578383 23738 auto_leader_rebalancer.cc:515] All tables' leader rebalancing finished this round
I20260709 12:15:06.579562 23738 auto_leader_rebalancer.cc:141] leader rebalance for table test-workload
I20260709 12:15:06.584633 23738 auto_leader_rebalancer.cc:440] table: test-workload, leader rebalance finish, leader transfer count: 0
I20260709 12:15:06.585031 23738 auto_leader_rebalancer.cc:515] All tables' leader rebalancing finished this round
I20260709 12:15:07.586081 23738 auto_leader_rebalancer.cc:141] leader rebalance for table test-workload
I20260709 12:15:07.591302 23738 auto_leader_rebalancer.cc:440] table: test-workload, leader rebalance finish, leader transfer count: 0
I20260709 12:15:07.591800 23738 auto_leader_rebalancer.cc:515] All tables' leader rebalancing finished this round
I20260709 12:15:08.592959 23738 auto_leader_rebalancer.cc:141] leader rebalance for table test-workload
I20260709 12:15:08.598232 23738 auto_leader_rebalancer.cc:440] table: test-workload, leader rebalance finish, leader transfer count: 0
I20260709 12:15:08.598752 23738 auto_leader_rebalancer.cc:515] All tables' leader rebalancing finished this round
I20260709 12:15:09.599867 23738 auto_leader_rebalancer.cc:141] leader rebalance for table test-workload
I20260709 12:15:09.607048 23738 auto_leader_rebalancer.cc:440] table: test-workload, leader rebalance finish, leader transfer count: 0
I20260709 12:15:09.607586 23738 auto_leader_rebalancer.cc:515] All tables' leader rebalancing finished this round
I20260709 12:15:10.608603 23738 auto_leader_rebalancer.cc:141] leader rebalance for table test-workload
I20260709 12:15:10.614138 23738 auto_leader_rebalancer.cc:440] table: test-workload, leader rebalance finish, leader transfer count: 0
I20260709 12:15:10.614688 23738 auto_leader_rebalancer.cc:515] All tables' leader rebalancing finished this round
I20260709 12:15:11.615873 23738 auto_leader_rebalancer.cc:141] leader rebalance for table test-workload
I20260709 12:15:11.621690 23738 auto_leader_rebalancer.cc:440] table: test-workload, leader rebalance finish, leader transfer count: 0
I20260709 12:15:11.622185 23738 auto_leader_rebalancer.cc:515] All tables' leader rebalancing finished this round
I20260709 12:15:12.655820 23738 auto_leader_rebalancer-test.cc:313] The leader distribution is 
I20260709 12:15:12.661177 23871 tablet_service.cc:2072] Received LeaderStepDown RPC: tablet_id: "9bad53986fab4848bf9d64ecbc879979"
dest_uuid: "99324f7da8bf4a51acde52d438837e6e"
mode: GRACEFUL
new_leader_uuid: "1f12bb9ef2a44d06828b05a4116af9cb"
 from {username='slave'} at 127.0.0.1:33286
I20260709 12:15:12.661986 23871 raft_consensus.cc:606] T 9bad53986fab4848bf9d64ecbc879979 P 99324f7da8bf4a51acde52d438837e6e [term 2 LEADER]: Received request to transfer leadership to TS 1f12bb9ef2a44d06828b05a4116af9cb
I20260709 12:15:12.667781 23871 tablet_service.cc:2072] Received LeaderStepDown RPC: tablet_id: "75c38339263441348c9d5580f5432edd"
dest_uuid: "99324f7da8bf4a51acde52d438837e6e"
mode: GRACEFUL
new_leader_uuid: "1f12bb9ef2a44d06828b05a4116af9cb"
 from {username='slave'} at 127.0.0.1:33286
I20260709 12:15:12.668321 23871 raft_consensus.cc:606] T 75c38339263441348c9d5580f5432edd P 99324f7da8bf4a51acde52d438837e6e [term 2 LEADER]: Received request to transfer leadership to TS 1f12bb9ef2a44d06828b05a4116af9cb
I20260709 12:15:12.673695 24022 tablet_service.cc:2072] Received LeaderStepDown RPC: tablet_id: "6a6976642a134f5a959099bab1cd8d1b"
dest_uuid: "fc22b74e364c40f09e800f695dde3061"
mode: GRACEFUL
new_leader_uuid: "1f12bb9ef2a44d06828b05a4116af9cb"
 from {username='slave'} at 127.0.0.1:58298
I20260709 12:15:12.674235 24022 raft_consensus.cc:606] T 6a6976642a134f5a959099bab1cd8d1b P fc22b74e364c40f09e800f695dde3061 [term 3 LEADER]: Received request to transfer leadership to TS 1f12bb9ef2a44d06828b05a4116af9cb
I20260709 12:15:12.679589 23871 tablet_service.cc:2072] Received LeaderStepDown RPC: tablet_id: "30707bc31b614b7589dc5fb0bde5aa41"
dest_uuid: "99324f7da8bf4a51acde52d438837e6e"
mode: GRACEFUL
new_leader_uuid: "1f12bb9ef2a44d06828b05a4116af9cb"
 from {username='slave'} at 127.0.0.1:33286
I20260709 12:15:12.680188 23871 raft_consensus.cc:606] T 30707bc31b614b7589dc5fb0bde5aa41 P 99324f7da8bf4a51acde52d438837e6e [term 1 LEADER]: Received request to transfer leadership to TS 1f12bb9ef2a44d06828b05a4116af9cb
I20260709 12:15:12.688565 24022 tablet_service.cc:2072] Received LeaderStepDown RPC: tablet_id: "b8b1a162804b4c8f97603d7d62510c47"
dest_uuid: "fc22b74e364c40f09e800f695dde3061"
mode: GRACEFUL
new_leader_uuid: "1f12bb9ef2a44d06828b05a4116af9cb"
 from {username='slave'} at 127.0.0.1:58298
I20260709 12:15:12.689215 24022 raft_consensus.cc:606] T b8b1a162804b4c8f97603d7d62510c47 P fc22b74e364c40f09e800f695dde3061 [term 3 LEADER]: Received request to transfer leadership to TS 1f12bb9ef2a44d06828b05a4116af9cb
I20260709 12:15:12.845955 24168 raft_consensus.cc:993] T 30707bc31b614b7589dc5fb0bde5aa41 P 99324f7da8bf4a51acde52d438837e6e: : Instructing follower 1f12bb9ef2a44d06828b05a4116af9cb to start an election
I20260709 12:15:12.846760 24192 raft_consensus.cc:1081] T 30707bc31b614b7589dc5fb0bde5aa41 P 99324f7da8bf4a51acde52d438837e6e [term 1 LEADER]: Signalling peer 1f12bb9ef2a44d06828b05a4116af9cb to start an election
I20260709 12:15:12.848686 23946 tablet_service.cc:2044] Received Run Leader Election RPC: tablet_id: "30707bc31b614b7589dc5fb0bde5aa41"
dest_uuid: "1f12bb9ef2a44d06828b05a4116af9cb"
 from {username='slave'} at 127.0.0.1:36232
I20260709 12:15:12.849212 23946 raft_consensus.cc:493] T 30707bc31b614b7589dc5fb0bde5aa41 P 1f12bb9ef2a44d06828b05a4116af9cb [term 1 FOLLOWER]: Starting forced leader election (received explicit request)
I20260709 12:15:12.849586 23946 raft_consensus.cc:3060] T 30707bc31b614b7589dc5fb0bde5aa41 P 1f12bb9ef2a44d06828b05a4116af9cb [term 1 FOLLOWER]: Advancing to term 2
I20260709 12:15:12.856045 23946 raft_consensus.cc:515] T 30707bc31b614b7589dc5fb0bde5aa41 P 1f12bb9ef2a44d06828b05a4116af9cb [term 2 FOLLOWER]: Starting forced leader election with config: opid_index: -1 OBSOLETE_local: false peers { permanent_uuid: "99324f7da8bf4a51acde52d438837e6e" member_type: VOTER last_known_addr { host: "127.23.46.129" port: 38089 } } peers { permanent_uuid: "1f12bb9ef2a44d06828b05a4116af9cb" member_type: VOTER last_known_addr { host: "127.23.46.130" port: 44553 } } peers { permanent_uuid: "fc22b74e364c40f09e800f695dde3061" member_type: VOTER last_known_addr { host: "127.23.46.131" port: 34395 } }
I20260709 12:15:12.857784 23946 leader_election.cc:290] T 30707bc31b614b7589dc5fb0bde5aa41 P 1f12bb9ef2a44d06828b05a4116af9cb [CANDIDATE]: Term 2 election: Requested vote from peers 99324f7da8bf4a51acde52d438837e6e (127.23.46.129:38089), fc22b74e364c40f09e800f695dde3061 (127.23.46.131:34395)
I20260709 12:15:12.858683 23871 tablet_service.cc:1917] Received RequestConsensusVote() RPC: tablet_id: "30707bc31b614b7589dc5fb0bde5aa41" candidate_uuid: "1f12bb9ef2a44d06828b05a4116af9cb" candidate_term: 2 candidate_status { last_received { term: 1 index: 1 } } ignore_live_leader: true dest_uuid: "99324f7da8bf4a51acde52d438837e6e"
I20260709 12:15:12.858938 24022 tablet_service.cc:1917] Received RequestConsensusVote() RPC: tablet_id: "30707bc31b614b7589dc5fb0bde5aa41" candidate_uuid: "1f12bb9ef2a44d06828b05a4116af9cb" candidate_term: 2 candidate_status { last_received { term: 1 index: 1 } } ignore_live_leader: true dest_uuid: "fc22b74e364c40f09e800f695dde3061"
I20260709 12:15:12.859481 23871 raft_consensus.cc:3055] T 30707bc31b614b7589dc5fb0bde5aa41 P 99324f7da8bf4a51acde52d438837e6e [term 1 LEADER]: Stepping down as leader of term 1
I20260709 12:15:12.859550 24022 raft_consensus.cc:3060] T 30707bc31b614b7589dc5fb0bde5aa41 P fc22b74e364c40f09e800f695dde3061 [term 1 FOLLOWER]: Advancing to term 2
I20260709 12:15:12.859747 23871 raft_consensus.cc:740] T 30707bc31b614b7589dc5fb0bde5aa41 P 99324f7da8bf4a51acde52d438837e6e [term 1 LEADER]: Becoming Follower/Learner. State: Replica: 99324f7da8bf4a51acde52d438837e6e, State: Running, Role: LEADER
I20260709 12:15:12.860512 23871 consensus_queue.cc:260] T 30707bc31b614b7589dc5fb0bde5aa41 P 99324f7da8bf4a51acde52d438837e6e [NON_LEADER]: Queue going to NON_LEADER mode. State: All replicated index: 0, Majority replicated index: 1, Committed index: 1, Last appended: 1.1, Last appended by leader: 1, Current term: 1, Majority size: -1, State: 0, Mode: NON_LEADER, active raft config: opid_index: -1 OBSOLETE_local: false peers { permanent_uuid: "99324f7da8bf4a51acde52d438837e6e" member_type: VOTER last_known_addr { host: "127.23.46.129" port: 38089 } } peers { permanent_uuid: "1f12bb9ef2a44d06828b05a4116af9cb" member_type: VOTER last_known_addr { host: "127.23.46.130" port: 44553 } } peers { permanent_uuid: "fc22b74e364c40f09e800f695dde3061" member_type: VOTER last_known_addr { host: "127.23.46.131" port: 34395 } }
I20260709 12:15:12.861460 23871 raft_consensus.cc:3060] T 30707bc31b614b7589dc5fb0bde5aa41 P 99324f7da8bf4a51acde52d438837e6e [term 1 FOLLOWER]: Advancing to term 2
I20260709 12:15:12.864499 24022 raft_consensus.cc:2468] T 30707bc31b614b7589dc5fb0bde5aa41 P fc22b74e364c40f09e800f695dde3061 [term 2 FOLLOWER]: Leader election vote request: Granting yes vote for candidate 1f12bb9ef2a44d06828b05a4116af9cb in term 2.
I20260709 12:15:12.865896 23911 leader_election.cc:304] T 30707bc31b614b7589dc5fb0bde5aa41 P 1f12bb9ef2a44d06828b05a4116af9cb [CANDIDATE]: Term 2 election: Election decided. Result: candidate won. Election summary: received 2 responses out of 3 voters: 2 yes votes; 0 no votes. yes voters: 1f12bb9ef2a44d06828b05a4116af9cb, fc22b74e364c40f09e800f695dde3061; no voters: 
I20260709 12:15:12.866369 23871 raft_consensus.cc:2468] T 30707bc31b614b7589dc5fb0bde5aa41 P 99324f7da8bf4a51acde52d438837e6e [term 2 FOLLOWER]: Leader election vote request: Granting yes vote for candidate 1f12bb9ef2a44d06828b05a4116af9cb in term 2.
I20260709 12:15:12.866834 24190 raft_consensus.cc:2804] T 30707bc31b614b7589dc5fb0bde5aa41 P 1f12bb9ef2a44d06828b05a4116af9cb [term 2 FOLLOWER]: Leader election won for term 2
I20260709 12:15:12.868271 24190 raft_consensus.cc:697] T 30707bc31b614b7589dc5fb0bde5aa41 P 1f12bb9ef2a44d06828b05a4116af9cb [term 2 LEADER]: Becoming Leader. State: Replica: 1f12bb9ef2a44d06828b05a4116af9cb, State: Running, Role: LEADER
I20260709 12:15:12.869199 24190 consensus_queue.cc:237] T 30707bc31b614b7589dc5fb0bde5aa41 P 1f12bb9ef2a44d06828b05a4116af9cb [LEADER]: Queue going to LEADER mode. State: All replicated index: 0, Majority replicated index: 1, Committed index: 1, Last appended: 1.1, Last appended by leader: 1, Current term: 2, Majority size: 2, State: 0, Mode: LEADER, active raft config: opid_index: -1 OBSOLETE_local: false peers { permanent_uuid: "99324f7da8bf4a51acde52d438837e6e" member_type: VOTER last_known_addr { host: "127.23.46.129" port: 38089 } } peers { permanent_uuid: "1f12bb9ef2a44d06828b05a4116af9cb" member_type: VOTER last_known_addr { host: "127.23.46.130" port: 44553 } } peers { permanent_uuid: "fc22b74e364c40f09e800f695dde3061" member_type: VOTER last_known_addr { host: "127.23.46.131" port: 34395 } }
I20260709 12:15:12.871214 24168 raft_consensus.cc:993] T 75c38339263441348c9d5580f5432edd P 99324f7da8bf4a51acde52d438837e6e: : Instructing follower 1f12bb9ef2a44d06828b05a4116af9cb to start an election
I20260709 12:15:12.871680 24192 raft_consensus.cc:1081] T 75c38339263441348c9d5580f5432edd P 99324f7da8bf4a51acde52d438837e6e [term 2 LEADER]: Signalling peer 1f12bb9ef2a44d06828b05a4116af9cb to start an election
I20260709 12:15:12.873579 23946 tablet_service.cc:2044] Received Run Leader Election RPC: tablet_id: "75c38339263441348c9d5580f5432edd"
dest_uuid: "1f12bb9ef2a44d06828b05a4116af9cb"
 from {username='slave'} at 127.0.0.1:36232
I20260709 12:15:12.874150 23946 raft_consensus.cc:493] T 75c38339263441348c9d5580f5432edd P 1f12bb9ef2a44d06828b05a4116af9cb [term 2 FOLLOWER]: Starting forced leader election (received explicit request)
I20260709 12:15:12.874532 23946 raft_consensus.cc:3060] T 75c38339263441348c9d5580f5432edd P 1f12bb9ef2a44d06828b05a4116af9cb [term 2 FOLLOWER]: Advancing to term 3
I20260709 12:15:12.877660 23767 catalog_manager.cc:5697] T 30707bc31b614b7589dc5fb0bde5aa41 P 1f12bb9ef2a44d06828b05a4116af9cb reported cstate change: term changed from 1 to 2, leader changed from 99324f7da8bf4a51acde52d438837e6e (127.23.46.129) to 1f12bb9ef2a44d06828b05a4116af9cb (127.23.46.130). New cstate: current_term: 2 leader_uuid: "1f12bb9ef2a44d06828b05a4116af9cb" committed_config { opid_index: -1 OBSOLETE_local: false peers { permanent_uuid: "99324f7da8bf4a51acde52d438837e6e" member_type: VOTER last_known_addr { host: "127.23.46.129" port: 38089 } health_report { overall_health: UNKNOWN } } peers { permanent_uuid: "1f12bb9ef2a44d06828b05a4116af9cb" member_type: VOTER last_known_addr { host: "127.23.46.130" port: 44553 } health_report { overall_health: HEALTHY } } peers { permanent_uuid: "fc22b74e364c40f09e800f695dde3061" member_type: VOTER last_known_addr { host: "127.23.46.131" port: 34395 } health_report { overall_health: UNKNOWN } } }
I20260709 12:15:12.881188 23946 raft_consensus.cc:515] T 75c38339263441348c9d5580f5432edd P 1f12bb9ef2a44d06828b05a4116af9cb [term 3 FOLLOWER]: Starting forced leader election with config: opid_index: -1 OBSOLETE_local: false peers { permanent_uuid: "99324f7da8bf4a51acde52d438837e6e" member_type: VOTER last_known_addr { host: "127.23.46.129" port: 38089 } } peers { permanent_uuid: "1f12bb9ef2a44d06828b05a4116af9cb" member_type: VOTER last_known_addr { host: "127.23.46.130" port: 44553 } } peers { permanent_uuid: "fc22b74e364c40f09e800f695dde3061" member_type: VOTER last_known_addr { host: "127.23.46.131" port: 34395 } }
I20260709 12:15:12.883184 23946 leader_election.cc:290] T 75c38339263441348c9d5580f5432edd P 1f12bb9ef2a44d06828b05a4116af9cb [CANDIDATE]: Term 3 election: Requested vote from peers 99324f7da8bf4a51acde52d438837e6e (127.23.46.129:38089), fc22b74e364c40f09e800f695dde3061 (127.23.46.131:34395)
I20260709 12:15:12.884361 24022 tablet_service.cc:1917] Received RequestConsensusVote() RPC: tablet_id: "75c38339263441348c9d5580f5432edd" candidate_uuid: "1f12bb9ef2a44d06828b05a4116af9cb" candidate_term: 3 candidate_status { last_received { term: 2 index: 2 } } ignore_live_leader: true dest_uuid: "fc22b74e364c40f09e800f695dde3061"
I20260709 12:15:12.884476 23871 tablet_service.cc:1917] Received RequestConsensusVote() RPC: tablet_id: "75c38339263441348c9d5580f5432edd" candidate_uuid: "1f12bb9ef2a44d06828b05a4116af9cb" candidate_term: 3 candidate_status { last_received { term: 2 index: 2 } } ignore_live_leader: true dest_uuid: "99324f7da8bf4a51acde52d438837e6e"
I20260709 12:15:12.884965 24022 raft_consensus.cc:3060] T 75c38339263441348c9d5580f5432edd P fc22b74e364c40f09e800f695dde3061 [term 2 FOLLOWER]: Advancing to term 3
I20260709 12:15:12.885155 23871 raft_consensus.cc:3055] T 75c38339263441348c9d5580f5432edd P 99324f7da8bf4a51acde52d438837e6e [term 2 LEADER]: Stepping down as leader of term 2
I20260709 12:15:12.885612 23871 raft_consensus.cc:740] T 75c38339263441348c9d5580f5432edd P 99324f7da8bf4a51acde52d438837e6e [term 2 LEADER]: Becoming Follower/Learner. State: Replica: 99324f7da8bf4a51acde52d438837e6e, State: Running, Role: LEADER
I20260709 12:15:12.886658 23871 consensus_queue.cc:260] T 75c38339263441348c9d5580f5432edd P 99324f7da8bf4a51acde52d438837e6e [NON_LEADER]: Queue going to NON_LEADER mode. State: All replicated index: 0, Majority replicated index: 2, Committed index: 2, Last appended: 2.2, Last appended by leader: 2, Current term: 2, Majority size: -1, State: 0, Mode: NON_LEADER, active raft config: opid_index: -1 OBSOLETE_local: false peers { permanent_uuid: "99324f7da8bf4a51acde52d438837e6e" member_type: VOTER last_known_addr { host: "127.23.46.129" port: 38089 } } peers { permanent_uuid: "1f12bb9ef2a44d06828b05a4116af9cb" member_type: VOTER last_known_addr { host: "127.23.46.130" port: 44553 } } peers { permanent_uuid: "fc22b74e364c40f09e800f695dde3061" member_type: VOTER last_known_addr { host: "127.23.46.131" port: 34395 } }
I20260709 12:15:12.887642 23871 raft_consensus.cc:3060] T 75c38339263441348c9d5580f5432edd P 99324f7da8bf4a51acde52d438837e6e [term 2 FOLLOWER]: Advancing to term 3
I20260709 12:15:12.891775 24022 raft_consensus.cc:2468] T 75c38339263441348c9d5580f5432edd P fc22b74e364c40f09e800f695dde3061 [term 3 FOLLOWER]: Leader election vote request: Granting yes vote for candidate 1f12bb9ef2a44d06828b05a4116af9cb in term 3.
I20260709 12:15:12.893013 23911 leader_election.cc:304] T 75c38339263441348c9d5580f5432edd P 1f12bb9ef2a44d06828b05a4116af9cb [CANDIDATE]: Term 3 election: Election decided. Result: candidate won. Election summary: received 2 responses out of 3 voters: 2 yes votes; 0 no votes. yes voters: 1f12bb9ef2a44d06828b05a4116af9cb, fc22b74e364c40f09e800f695dde3061; no voters: 
I20260709 12:15:12.893592 23871 raft_consensus.cc:2468] T 75c38339263441348c9d5580f5432edd P 99324f7da8bf4a51acde52d438837e6e [term 3 FOLLOWER]: Leader election vote request: Granting yes vote for candidate 1f12bb9ef2a44d06828b05a4116af9cb in term 3.
I20260709 12:15:12.894033 24190 raft_consensus.cc:2804] T 75c38339263441348c9d5580f5432edd P 1f12bb9ef2a44d06828b05a4116af9cb [term 3 FOLLOWER]: Leader election won for term 3
I20260709 12:15:12.894551 24190 raft_consensus.cc:697] T 75c38339263441348c9d5580f5432edd P 1f12bb9ef2a44d06828b05a4116af9cb [term 3 LEADER]: Becoming Leader. State: Replica: 1f12bb9ef2a44d06828b05a4116af9cb, State: Running, Role: LEADER
I20260709 12:15:12.895463 24190 consensus_queue.cc:237] T 75c38339263441348c9d5580f5432edd P 1f12bb9ef2a44d06828b05a4116af9cb [LEADER]: Queue going to LEADER mode. State: All replicated index: 0, Majority replicated index: 2, Committed index: 2, Last appended: 2.2, Last appended by leader: 2, Current term: 3, Majority size: 2, State: 0, Mode: LEADER, active raft config: opid_index: -1 OBSOLETE_local: false peers { permanent_uuid: "99324f7da8bf4a51acde52d438837e6e" member_type: VOTER last_known_addr { host: "127.23.46.129" port: 38089 } } peers { permanent_uuid: "1f12bb9ef2a44d06828b05a4116af9cb" member_type: VOTER last_known_addr { host: "127.23.46.130" port: 44553 } } peers { permanent_uuid: "fc22b74e364c40f09e800f695dde3061" member_type: VOTER last_known_addr { host: "127.23.46.131" port: 34395 } }
I20260709 12:15:12.902875 23767 catalog_manager.cc:5697] T 75c38339263441348c9d5580f5432edd P 1f12bb9ef2a44d06828b05a4116af9cb reported cstate change: term changed from 2 to 3, leader changed from 99324f7da8bf4a51acde52d438837e6e (127.23.46.129) to 1f12bb9ef2a44d06828b05a4116af9cb (127.23.46.130). New cstate: current_term: 3 leader_uuid: "1f12bb9ef2a44d06828b05a4116af9cb" committed_config { opid_index: -1 OBSOLETE_local: false peers { permanent_uuid: "99324f7da8bf4a51acde52d438837e6e" member_type: VOTER last_known_addr { host: "127.23.46.129" port: 38089 } health_report { overall_health: UNKNOWN } } peers { permanent_uuid: "1f12bb9ef2a44d06828b05a4116af9cb" member_type: VOTER last_known_addr { host: "127.23.46.130" port: 44553 } health_report { overall_health: HEALTHY } } peers { permanent_uuid: "fc22b74e364c40f09e800f695dde3061" member_type: VOTER last_known_addr { host: "127.23.46.131" port: 34395 } health_report { overall_health: UNKNOWN } } }
I20260709 12:15:12.904762 24200 raft_consensus.cc:993] T 6a6976642a134f5a959099bab1cd8d1b P fc22b74e364c40f09e800f695dde3061: : Instructing follower 1f12bb9ef2a44d06828b05a4116af9cb to start an election
I20260709 12:15:12.905416 24164 raft_consensus.cc:1081] T 6a6976642a134f5a959099bab1cd8d1b P fc22b74e364c40f09e800f695dde3061 [term 3 LEADER]: Signalling peer 1f12bb9ef2a44d06828b05a4116af9cb to start an election
I20260709 12:15:12.906957 23946 tablet_service.cc:2044] Received Run Leader Election RPC: tablet_id: "6a6976642a134f5a959099bab1cd8d1b"
dest_uuid: "1f12bb9ef2a44d06828b05a4116af9cb"
 from {username='slave'} at 127.0.0.1:36218
I20260709 12:15:12.907411 23946 raft_consensus.cc:493] T 6a6976642a134f5a959099bab1cd8d1b P 1f12bb9ef2a44d06828b05a4116af9cb [term 3 FOLLOWER]: Starting forced leader election (received explicit request)
I20260709 12:15:12.907706 23946 raft_consensus.cc:3060] T 6a6976642a134f5a959099bab1cd8d1b P 1f12bb9ef2a44d06828b05a4116af9cb [term 3 FOLLOWER]: Advancing to term 4
I20260709 12:15:12.913661 23946 raft_consensus.cc:515] T 6a6976642a134f5a959099bab1cd8d1b P 1f12bb9ef2a44d06828b05a4116af9cb [term 4 FOLLOWER]: Starting forced leader election with config: opid_index: -1 OBSOLETE_local: false peers { permanent_uuid: "99324f7da8bf4a51acde52d438837e6e" member_type: VOTER last_known_addr { host: "127.23.46.129" port: 38089 } } peers { permanent_uuid: "1f12bb9ef2a44d06828b05a4116af9cb" member_type: VOTER last_known_addr { host: "127.23.46.130" port: 44553 } } peers { permanent_uuid: "fc22b74e364c40f09e800f695dde3061" member_type: VOTER last_known_addr { host: "127.23.46.131" port: 34395 } }
I20260709 12:15:12.915098 23946 leader_election.cc:290] T 6a6976642a134f5a959099bab1cd8d1b P 1f12bb9ef2a44d06828b05a4116af9cb [CANDIDATE]: Term 4 election: Requested vote from peers 99324f7da8bf4a51acde52d438837e6e (127.23.46.129:38089), fc22b74e364c40f09e800f695dde3061 (127.23.46.131:34395)
I20260709 12:15:12.915922 23871 tablet_service.cc:1917] Received RequestConsensusVote() RPC: tablet_id: "6a6976642a134f5a959099bab1cd8d1b" candidate_uuid: "1f12bb9ef2a44d06828b05a4116af9cb" candidate_term: 4 candidate_status { last_received { term: 3 index: 3 } } ignore_live_leader: true dest_uuid: "99324f7da8bf4a51acde52d438837e6e"
