I20260709 12:09:18.161259 14549 raft_consensus.cc:2804] T 36091607df2f46059df62d677842a031 P 65c9c1653b3346b39a0e118540e6080c [term 0 FOLLOWER]: Leader pre-election won for term 1
I20260709 12:09:18.163513 14549 raft_consensus.cc:493] T 36091607df2f46059df62d677842a031 P 65c9c1653b3346b39a0e118540e6080c [term 0 FOLLOWER]: Starting leader election (no leader contacted us within the election timeout)
I20260709 12:09:18.164011 14549 raft_consensus.cc:3060] T 36091607df2f46059df62d677842a031 P 65c9c1653b3346b39a0e118540e6080c [term 0 FOLLOWER]: Advancing to term 1
I20260709 12:09:18.164777 14186 raft_consensus.cc:2468] T 5485933837894417a3f0f89d55af1296 P 885067a0d31741bfb5c9935788e315bf [term 1 FOLLOWER]: Leader election vote request: Granting yes vote for candidate 65c9c1653b3346b39a0e118540e6080c in term 1.
I20260709 12:09:18.166392 14303 leader_election.cc:304] T 5485933837894417a3f0f89d55af1296 P 65c9c1653b3346b39a0e118540e6080c [CANDIDATE]: Term 1 election: Election decided. Result: candidate won. Election summary: received 3 responses out of 3 voters: 2 yes votes; 1 no votes. yes voters: 65c9c1653b3346b39a0e118540e6080c, 885067a0d31741bfb5c9935788e315bf; no voters: 17aab1bbf5014936aa18cc21818b26ec
I20260709 12:09:18.167541 14608 raft_consensus.cc:2804] T 5485933837894417a3f0f89d55af1296 P 65c9c1653b3346b39a0e118540e6080c [term 1 FOLLOWER]: Leader election won for term 1
I20260709 12:09:18.168210 14608 raft_consensus.cc:697] T 5485933837894417a3f0f89d55af1296 P 65c9c1653b3346b39a0e118540e6080c [term 1 LEADER]: Becoming Leader. State: Replica: 65c9c1653b3346b39a0e118540e6080c, State: Running, Role: LEADER
I20260709 12:09:18.169420 14608 consensus_queue.cc:237] T 5485933837894417a3f0f89d55af1296 P 65c9c1653b3346b39a0e118540e6080c [LEADER]: Queue going to LEADER mode. State: All replicated index: 0, Majority replicated index: 0, Committed index: 0, Last appended: 0.0, Last appended by leader: 0, Current term: 1, Majority size: 2, State: 0, Mode: LEADER, active raft config: opid_index: -1 OBSOLETE_local: false peers { permanent_uuid: "885067a0d31741bfb5c9935788e315bf" member_type: VOTER last_known_addr { host: "127.12.174.129" port: 37187 } } peers { permanent_uuid: "17aab1bbf5014936aa18cc21818b26ec" member_type: VOTER last_known_addr { host: "127.12.174.130" port: 36673 } } peers { permanent_uuid: "65c9c1653b3346b39a0e118540e6080c" member_type: VOTER last_known_addr { host: "127.12.174.131" port: 45957 } }
I20260709 12:09:18.177211 14379 raft_consensus.cc:359] T f57e398f580944f0866ea5fab71be87f P 65c9c1653b3346b39a0e118540e6080c [term 0 FOLLOWER]: Replica starting. Triggering 0 pending ops. Active config: opid_index: -1 OBSOLETE_local: false peers { permanent_uuid: "885067a0d31741bfb5c9935788e315bf" member_type: VOTER last_known_addr { host: "127.12.174.129" port: 37187 } } peers { permanent_uuid: "17aab1bbf5014936aa18cc21818b26ec" member_type: VOTER last_known_addr { host: "127.12.174.130" port: 36673 } } peers { permanent_uuid: "65c9c1653b3346b39a0e118540e6080c" member_type: VOTER last_known_addr { host: "127.12.174.131" port: 45957 } }
I20260709 12:09:18.178217 14379 raft_consensus.cc:385] T f57e398f580944f0866ea5fab71be87f P 65c9c1653b3346b39a0e118540e6080c [term 0 FOLLOWER]: Consensus starting up: Expiring failure detector timer to make a prompt election more likely
I20260709 12:09:18.178496 14379 raft_consensus.cc:740] T f57e398f580944f0866ea5fab71be87f P 65c9c1653b3346b39a0e118540e6080c [term 0 FOLLOWER]: Becoming Follower/Learner. State: Replica: 65c9c1653b3346b39a0e118540e6080c, State: Initialized, Role: FOLLOWER
I20260709 12:09:18.179370 14379 consensus_queue.cc:260] T f57e398f580944f0866ea5fab71be87f P 65c9c1653b3346b39a0e118540e6080c [NON_LEADER]: Queue going to NON_LEADER mode. State: All replicated index: 0, Majority replicated index: 0, Committed index: 0, Last appended: 0.0, Last appended by leader: 0, Current term: 0, Majority size: -1, State: 0, Mode: NON_LEADER, active raft config: opid_index: -1 OBSOLETE_local: false peers { permanent_uuid: "885067a0d31741bfb5c9935788e315bf" member_type: VOTER last_known_addr { host: "127.12.174.129" port: 37187 } } peers { permanent_uuid: "17aab1bbf5014936aa18cc21818b26ec" member_type: VOTER last_known_addr { host: "127.12.174.130" port: 36673 } } peers { permanent_uuid: "65c9c1653b3346b39a0e118540e6080c" member_type: VOTER last_known_addr { host: "127.12.174.131" port: 45957 } }
I20260709 12:09:18.177209 14381 raft_consensus.cc:359] T 1dfd3f2bd71343f789aa5733a23d4b8d P 885067a0d31741bfb5c9935788e315bf [term 0 FOLLOWER]: Replica starting. Triggering 0 pending ops. Active config: opid_index: -1 OBSOLETE_local: false peers { permanent_uuid: "885067a0d31741bfb5c9935788e315bf" member_type: VOTER last_known_addr { host: "127.12.174.129" port: 37187 } } peers { permanent_uuid: "17aab1bbf5014936aa18cc21818b26ec" member_type: VOTER last_known_addr { host: "127.12.174.130" port: 36673 } } peers { permanent_uuid: "65c9c1653b3346b39a0e118540e6080c" member_type: VOTER last_known_addr { host: "127.12.174.131" port: 45957 } }
I20260709 12:09:18.181486 14379 ts_tablet_manager.cc:1434] T f57e398f580944f0866ea5fab71be87f P 65c9c1653b3346b39a0e118540e6080c: Time spent starting tablet: real 0.065s	user 0.013s	sys 0.008s
I20260709 12:09:18.181181 14335 tablet_service.cc:1917] Received RequestConsensusVote() RPC: tablet_id: "e9b8048bcdf74441aac2cd21ac7af4da" candidate_uuid: "17aab1bbf5014936aa18cc21818b26ec" candidate_term: 1 candidate_status { last_received { term: 0 index: 0 } } ignore_live_leader: false dest_uuid: "65c9c1653b3346b39a0e118540e6080c"
I20260709 12:09:18.182090 14381 raft_consensus.cc:385] T 1dfd3f2bd71343f789aa5733a23d4b8d P 885067a0d31741bfb5c9935788e315bf [term 0 FOLLOWER]: Consensus starting up: Expiring failure detector timer to make a prompt election more likely
I20260709 12:09:18.182451 14381 raft_consensus.cc:740] T 1dfd3f2bd71343f789aa5733a23d4b8d P 885067a0d31741bfb5c9935788e315bf [term 0 FOLLOWER]: Becoming Follower/Learner. State: Replica: 885067a0d31741bfb5c9935788e315bf, State: Initialized, Role: FOLLOWER
I20260709 12:09:18.183423 14381 consensus_queue.cc:260] T 1dfd3f2bd71343f789aa5733a23d4b8d P 885067a0d31741bfb5c9935788e315bf [NON_LEADER]: Queue going to NON_LEADER mode. State: All replicated index: 0, Majority replicated index: 0, Committed index: 0, Last appended: 0.0, Last appended by leader: 0, Current term: 0, Majority size: -1, State: 0, Mode: NON_LEADER, active raft config: opid_index: -1 OBSOLETE_local: false peers { permanent_uuid: "885067a0d31741bfb5c9935788e315bf" member_type: VOTER last_known_addr { host: "127.12.174.129" port: 37187 } } peers { permanent_uuid: "17aab1bbf5014936aa18cc21818b26ec" member_type: VOTER last_known_addr { host: "127.12.174.130" port: 36673 } } peers { permanent_uuid: "65c9c1653b3346b39a0e118540e6080c" member_type: VOTER last_known_addr { host: "127.12.174.131" port: 45957 } }
I20260709 12:09:18.185938 14381 ts_tablet_manager.cc:1434] T 1dfd3f2bd71343f789aa5733a23d4b8d P 885067a0d31741bfb5c9935788e315bf: Time spent starting tablet: real 0.061s	user 0.006s	sys 0.003s
I20260709 12:09:18.187184 14381 tablet_bootstrap.cc:492] T afdbef67ffe54739bdccc3b631f66c89 P 885067a0d31741bfb5c9935788e315bf: Bootstrap starting.
I20260709 12:09:18.187384 14380 tablet_bootstrap.cc:654] T afdbef67ffe54739bdccc3b631f66c89 P 17aab1bbf5014936aa18cc21818b26ec: Neither blocks nor log segments found. Creating new log.
I20260709 12:09:18.191274 14185 raft_consensus.cc:2468] T e9b8048bcdf74441aac2cd21ac7af4da P 885067a0d31741bfb5c9935788e315bf [term 1 FOLLOWER]: Leader election vote request: Granting yes vote for candidate 17aab1bbf5014936aa18cc21818b26ec in term 1.
I20260709 12:09:18.192687 14229 leader_election.cc:304] T e9b8048bcdf74441aac2cd21ac7af4da P 17aab1bbf5014936aa18cc21818b26ec [CANDIDATE]: Term 1 election: Election decided. Result: candidate won. Election summary: received 2 responses out of 3 voters: 2 yes votes; 0 no votes. yes voters: 17aab1bbf5014936aa18cc21818b26ec, 885067a0d31741bfb5c9935788e315bf; no voters: 
I20260709 12:09:18.193647 14406 raft_consensus.cc:2804] T e9b8048bcdf74441aac2cd21ac7af4da P 17aab1bbf5014936aa18cc21818b26ec [term 1 FOLLOWER]: Leader election won for term 1
I20260709 12:09:18.194375 14406 raft_consensus.cc:697] T e9b8048bcdf74441aac2cd21ac7af4da P 17aab1bbf5014936aa18cc21818b26ec [term 1 LEADER]: Becoming Leader. State: Replica: 17aab1bbf5014936aa18cc21818b26ec, State: Running, Role: LEADER
I20260709 12:09:18.195673 14406 consensus_queue.cc:237] T e9b8048bcdf74441aac2cd21ac7af4da P 17aab1bbf5014936aa18cc21818b26ec [LEADER]: Queue going to LEADER mode. State: All replicated index: 0, Majority replicated index: 0, Committed index: 0, Last appended: 0.0, Last appended by leader: 0, Current term: 1, Majority size: 2, State: 0, Mode: LEADER, active raft config: opid_index: -1 OBSOLETE_local: false peers { permanent_uuid: "885067a0d31741bfb5c9935788e315bf" member_type: VOTER last_known_addr { host: "127.12.174.129" port: 37187 } } peers { permanent_uuid: "17aab1bbf5014936aa18cc21818b26ec" member_type: VOTER last_known_addr { host: "127.12.174.130" port: 36673 } } peers { permanent_uuid: "65c9c1653b3346b39a0e118540e6080c" member_type: VOTER last_known_addr { host: "127.12.174.131" port: 45957 } }
I20260709 12:09:18.202099 14600 raft_consensus.cc:493] T f57e398f580944f0866ea5fab71be87f P 17aab1bbf5014936aa18cc21818b26ec [term 0 FOLLOWER]: Starting pre-election (no leader contacted us within the election timeout)
I20260709 12:09:18.202913 14600 raft_consensus.cc:515] T f57e398f580944f0866ea5fab71be87f P 17aab1bbf5014936aa18cc21818b26ec [term 0 FOLLOWER]: Starting pre-election with config: opid_index: -1 OBSOLETE_local: false peers { permanent_uuid: "885067a0d31741bfb5c9935788e315bf" member_type: VOTER last_known_addr { host: "127.12.174.129" port: 37187 } } peers { permanent_uuid: "17aab1bbf5014936aa18cc21818b26ec" member_type: VOTER last_known_addr { host: "127.12.174.130" port: 36673 } } peers { permanent_uuid: "65c9c1653b3346b39a0e118540e6080c" member_type: VOTER last_known_addr { host: "127.12.174.131" port: 45957 } }
I20260709 12:09:18.206962 14379 tablet_bootstrap.cc:492] T e9b8048bcdf74441aac2cd21ac7af4da P 65c9c1653b3346b39a0e118540e6080c: Bootstrap starting.
I20260709 12:09:18.208313 14562 raft_consensus.cc:493] T 55a08950f57748dea047f3190b2c0e95 P 17aab1bbf5014936aa18cc21818b26ec [term 0 FOLLOWER]: Starting pre-election (no leader contacted us within the election timeout)
I20260709 12:09:18.209106 14185 tablet_service.cc:1917] Received RequestConsensusVote() RPC: tablet_id: "f57e398f580944f0866ea5fab71be87f" candidate_uuid: "17aab1bbf5014936aa18cc21818b26ec" candidate_term: 1 candidate_status { last_received { term: 0 index: 0 } } ignore_live_leader: false dest_uuid: "885067a0d31741bfb5c9935788e315bf" is_pre_election: true
I20260709 12:09:18.208994 14562 raft_consensus.cc:515] T 55a08950f57748dea047f3190b2c0e95 P 17aab1bbf5014936aa18cc21818b26ec [term 0 FOLLOWER]: Starting pre-election with config: opid_index: -1 OBSOLETE_local: false peers { permanent_uuid: "885067a0d31741bfb5c9935788e315bf" member_type: VOTER last_known_addr { host: "127.12.174.129" port: 37187 } } peers { permanent_uuid: "17aab1bbf5014936aa18cc21818b26ec" member_type: VOTER last_known_addr { host: "127.12.174.130" port: 36673 } } peers { permanent_uuid: "65c9c1653b3346b39a0e118540e6080c" member_type: VOTER last_known_addr { host: "127.12.174.131" port: 45957 } }
I20260709 12:09:18.210018 14185 raft_consensus.cc:2468] T f57e398f580944f0866ea5fab71be87f P 885067a0d31741bfb5c9935788e315bf [term 0 FOLLOWER]: Leader pre-election vote request: Granting yes vote for candidate 17aab1bbf5014936aa18cc21818b26ec in term 0.
I20260709 12:09:18.174206 14560 leader_election.cc:290] T e9b8048bcdf74441aac2cd21ac7af4da P 17aab1bbf5014936aa18cc21818b26ec [CANDIDATE]: Term 1 election: Requested vote from peers 885067a0d31741bfb5c9935788e315bf (127.12.174.129:37187), 65c9c1653b3346b39a0e118540e6080c (127.12.174.131:45957)
I20260709 12:09:18.218230 14600 leader_election.cc:290] T f57e398f580944f0866ea5fab71be87f P 17aab1bbf5014936aa18cc21818b26ec [CANDIDATE]: Term 1 pre-election: Requested pre-vote from peers 885067a0d31741bfb5c9935788e315bf (127.12.174.129:37187), 65c9c1653b3346b39a0e118540e6080c (127.12.174.131:45957)
I20260709 12:09:18.232635 14229 leader_election.cc:304] T f57e398f580944f0866ea5fab71be87f P 17aab1bbf5014936aa18cc21818b26ec [CANDIDATE]: Term 1 pre-election: Election decided. Result: candidate won. Election summary: received 2 responses out of 3 voters: 2 yes votes; 0 no votes. yes voters: 17aab1bbf5014936aa18cc21818b26ec, 885067a0d31741bfb5c9935788e315bf; no voters: 
I20260709 12:09:18.236130 14600 raft_consensus.cc:2804] T f57e398f580944f0866ea5fab71be87f P 17aab1bbf5014936aa18cc21818b26ec [term 0 FOLLOWER]: Leader pre-election won for term 1
I20260709 12:09:18.227509 14549 raft_consensus.cc:515] T 36091607df2f46059df62d677842a031 P 65c9c1653b3346b39a0e118540e6080c [term 1 FOLLOWER]: Starting leader election with config: opid_index: -1 OBSOLETE_local: false peers { permanent_uuid: "885067a0d31741bfb5c9935788e315bf" member_type: VOTER last_known_addr { host: "127.12.174.129" port: 37187 } } peers { permanent_uuid: "17aab1bbf5014936aa18cc21818b26ec" member_type: VOTER last_known_addr { host: "127.12.174.130" port: 36673 } } peers { permanent_uuid: "65c9c1653b3346b39a0e118540e6080c" member_type: VOTER last_known_addr { host: "127.12.174.131" port: 45957 } }
I20260709 12:09:18.248896 14600 raft_consensus.cc:493] T f57e398f580944f0866ea5fab71be87f P 17aab1bbf5014936aa18cc21818b26ec [term 0 FOLLOWER]: Starting leader election (no leader contacted us within the election timeout)
I20260709 12:09:18.249432 14185 tablet_service.cc:1917] Received RequestConsensusVote() RPC: tablet_id: "55a08950f57748dea047f3190b2c0e95" candidate_uuid: "17aab1bbf5014936aa18cc21818b26ec" candidate_term: 1 candidate_status { last_received { term: 0 index: 0 } } ignore_live_leader: false dest_uuid: "885067a0d31741bfb5c9935788e315bf" is_pre_election: true
I20260709 12:09:18.254182 14185 raft_consensus.cc:2468] T 55a08950f57748dea047f3190b2c0e95 P 885067a0d31741bfb5c9935788e315bf [term 0 FOLLOWER]: Leader pre-election vote request: Granting yes vote for candidate 17aab1bbf5014936aa18cc21818b26ec in term 0.
I20260709 12:09:18.255570 14338 tablet_service.cc:1917] Received RequestConsensusVote() RPC: tablet_id: "f57e398f580944f0866ea5fab71be87f" candidate_uuid: "17aab1bbf5014936aa18cc21818b26ec" candidate_term: 1 candidate_status { last_received { term: 0 index: 0 } } ignore_live_leader: false dest_uuid: "65c9c1653b3346b39a0e118540e6080c" is_pre_election: true
I20260709 12:09:18.256261 14338 raft_consensus.cc:2468] T f57e398f580944f0866ea5fab71be87f P 65c9c1653b3346b39a0e118540e6080c [term 0 FOLLOWER]: Leader pre-election vote request: Granting yes vote for candidate 17aab1bbf5014936aa18cc21818b26ec in term 0.
W20260709 12:09:18.256420 14230 leader_election.cc:343] T e9b8048bcdf74441aac2cd21ac7af4da P 17aab1bbf5014936aa18cc21818b26ec [CANDIDATE]: Term 1 election: Tablet error from VoteRequest() call to peer 65c9c1653b3346b39a0e118540e6080c (127.12.174.131:45957): Illegal state: must be running to vote when last-logged opid is not known
I20260709 12:09:18.259790 14229 leader_election.cc:304] T 55a08950f57748dea047f3190b2c0e95 P 17aab1bbf5014936aa18cc21818b26ec [CANDIDATE]: Term 1 pre-election: Election decided. Result: candidate won. Election summary: received 2 responses out of 3 voters: 2 yes votes; 0 no votes. yes voters: 17aab1bbf5014936aa18cc21818b26ec, 885067a0d31741bfb5c9935788e315bf; no voters: 
I20260709 12:09:18.252305 14562 leader_election.cc:290] T 55a08950f57748dea047f3190b2c0e95 P 17aab1bbf5014936aa18cc21818b26ec [CANDIDATE]: Term 1 pre-election: Requested pre-vote from peers 885067a0d31741bfb5c9935788e315bf (127.12.174.129:37187), 65c9c1653b3346b39a0e118540e6080c (127.12.174.131:45957)
I20260709 12:09:18.263996 14381 tablet_bootstrap.cc:654] T afdbef67ffe54739bdccc3b631f66c89 P 885067a0d31741bfb5c9935788e315bf: Neither blocks nor log segments found. Creating new log.
I20260709 12:09:18.267663 14557 raft_consensus.cc:2804] T 55a08950f57748dea047f3190b2c0e95 P 17aab1bbf5014936aa18cc21818b26ec [term 0 FOLLOWER]: Leader pre-election won for term 1
I20260709 12:09:18.268232 14557 raft_consensus.cc:493] T 55a08950f57748dea047f3190b2c0e95 P 17aab1bbf5014936aa18cc21818b26ec [term 0 FOLLOWER]: Starting leader election (no leader contacted us within the election timeout)
I20260709 12:09:18.267560 14088 catalog_manager.cc:5697] T 5485933837894417a3f0f89d55af1296 P 65c9c1653b3346b39a0e118540e6080c reported cstate change: term changed from 0 to 1, leader changed from <none> to 65c9c1653b3346b39a0e118540e6080c (127.12.174.131). New cstate: current_term: 1 leader_uuid: "65c9c1653b3346b39a0e118540e6080c" committed_config { opid_index: -1 OBSOLETE_local: false peers { permanent_uuid: "885067a0d31741bfb5c9935788e315bf" member_type: VOTER last_known_addr { host: "127.12.174.129" port: 37187 } health_report { overall_health: UNKNOWN } } peers { permanent_uuid: "17aab1bbf5014936aa18cc21818b26ec" member_type: VOTER last_known_addr { host: "127.12.174.130" port: 36673 } health_report { overall_health: UNKNOWN } } peers { permanent_uuid: "65c9c1653b3346b39a0e118540e6080c" member_type: VOTER last_known_addr { host: "127.12.174.131" port: 45957 } health_report { overall_health: HEALTHY } } }
I20260709 12:09:18.252401 14600 raft_consensus.cc:3060] T f57e398f580944f0866ea5fab71be87f P 17aab1bbf5014936aa18cc21818b26ec [term 0 FOLLOWER]: Advancing to term 1
I20260709 12:09:18.270262 14557 raft_consensus.cc:3060] T 55a08950f57748dea047f3190b2c0e95 P 17aab1bbf5014936aa18cc21818b26ec [term 0 FOLLOWER]: Advancing to term 1
I20260709 12:09:18.274747 14335 tablet_service.cc:1917] Received RequestConsensusVote() RPC: tablet_id: "55a08950f57748dea047f3190b2c0e95" candidate_uuid: "17aab1bbf5014936aa18cc21818b26ec" candidate_term: 1 candidate_status { last_received { term: 0 index: 0 } } ignore_live_leader: false dest_uuid: "65c9c1653b3346b39a0e118540e6080c" is_pre_election: true
I20260709 12:09:18.275491 14335 raft_consensus.cc:2468] T 55a08950f57748dea047f3190b2c0e95 P 65c9c1653b3346b39a0e118540e6080c [term 0 FOLLOWER]: Leader pre-election vote request: Granting yes vote for candidate 17aab1bbf5014936aa18cc21818b26ec in term 0.
I20260709 12:09:18.283002 14185 tablet_service.cc:1917] Received RequestConsensusVote() RPC: tablet_id: "36091607df2f46059df62d677842a031" candidate_uuid: "65c9c1653b3346b39a0e118540e6080c" candidate_term: 1 candidate_status { last_received { term: 0 index: 0 } } ignore_live_leader: false dest_uuid: "885067a0d31741bfb5c9935788e315bf"
W20260709 12:09:18.284946 14303 leader_election.cc:343] T 36091607df2f46059df62d677842a031 P 65c9c1653b3346b39a0e118540e6080c [CANDIDATE]: Term 1 election: Tablet error from VoteRequest() call to peer 885067a0d31741bfb5c9935788e315bf (127.12.174.129:37187): Illegal state: must be running to vote when last-logged opid is not known
I20260709 12:09:18.296558 14560 consensus_queue.cc:1048] T 88b5f4f19c2a4585b93b312cc1f3d17f P 17aab1bbf5014936aa18cc21818b26ec [LEADER]: Connected to new peer: Peer: permanent_uuid: "885067a0d31741bfb5c9935788e315bf" member_type: VOTER last_known_addr { host: "127.12.174.129" port: 37187 }, Status: LMP_MISMATCH, Last received: 0.0, Next index: 1, Last known committed idx: 0, Time since last communication: 0.001s
I20260709 12:09:18.296325 14087 catalog_manager.cc:5697] T e9b8048bcdf74441aac2cd21ac7af4da P 17aab1bbf5014936aa18cc21818b26ec reported cstate change: term changed from 0 to 1, leader changed from <none> to 17aab1bbf5014936aa18cc21818b26ec (127.12.174.130). New cstate: current_term: 1 leader_uuid: "17aab1bbf5014936aa18cc21818b26ec" committed_config { opid_index: -1 OBSOLETE_local: false peers { permanent_uuid: "885067a0d31741bfb5c9935788e315bf" member_type: VOTER last_known_addr { host: "127.12.174.129" port: 37187 } health_report { overall_health: UNKNOWN } } peers { permanent_uuid: "17aab1bbf5014936aa18cc21818b26ec" member_type: VOTER last_known_addr { host: "127.12.174.130" port: 36673 } health_report { overall_health: HEALTHY } } peers { permanent_uuid: "65c9c1653b3346b39a0e118540e6080c" member_type: VOTER last_known_addr { host: "127.12.174.131" port: 45957 } health_report { overall_health: UNKNOWN } } }
W20260709 12:09:18.286736 14304 consensus_peers.cc:597] T 3832505489c04d04a69e256187061921 P 65c9c1653b3346b39a0e118540e6080c -> Peer 17aab1bbf5014936aa18cc21818b26ec (127.12.174.130:36673): Couldn't send request to peer 17aab1bbf5014936aa18cc21818b26ec. Error code: TABLET_NOT_RUNNING (12). Status: Illegal state: Tablet not RUNNING: INITIALIZED. This is attempt 1: this message will repeat every 5th retry.
I20260709 12:09:18.300753 14379 tablet_bootstrap.cc:654] T e9b8048bcdf74441aac2cd21ac7af4da P 65c9c1653b3346b39a0e118540e6080c: Neither blocks nor log segments found. Creating new log.
I20260709 12:09:18.304311 14380 tablet_bootstrap.cc:492] T afdbef67ffe54739bdccc3b631f66c89 P 17aab1bbf5014936aa18cc21818b26ec: No bootstrap required, opened a new log
I20260709 12:09:18.305625 14380 ts_tablet_manager.cc:1403] T afdbef67ffe54739bdccc3b631f66c89 P 17aab1bbf5014936aa18cc21818b26ec: Time spent bootstrapping tablet: real 0.206s	user 0.010s	sys 0.013s
I20260709 12:09:18.311107 14381 tablet_bootstrap.cc:492] T afdbef67ffe54739bdccc3b631f66c89 P 885067a0d31741bfb5c9935788e315bf: No bootstrap required, opened a new log
I20260709 12:09:18.311616 14381 ts_tablet_manager.cc:1403] T afdbef67ffe54739bdccc3b631f66c89 P 885067a0d31741bfb5c9935788e315bf: Time spent bootstrapping tablet: real 0.125s	user 0.011s	sys 0.015s
I20260709 12:09:18.312778 14549 leader_election.cc:290] T 36091607df2f46059df62d677842a031 P 65c9c1653b3346b39a0e118540e6080c [CANDIDATE]: Term 1 election: Requested vote from peers 885067a0d31741bfb5c9935788e315bf (127.12.174.129:37187), 17aab1bbf5014936aa18cc21818b26ec (127.12.174.130:36673)
I20260709 12:09:18.315986 14262 tablet_service.cc:1917] Received RequestConsensusVote() RPC: tablet_id: "36091607df2f46059df62d677842a031" candidate_uuid: "65c9c1653b3346b39a0e118540e6080c" candidate_term: 1 candidate_status { last_received { term: 0 index: 0 } } ignore_live_leader: false dest_uuid: "17aab1bbf5014936aa18cc21818b26ec"
I20260709 12:09:18.316819 14262 raft_consensus.cc:3060] T 36091607df2f46059df62d677842a031 P 17aab1bbf5014936aa18cc21818b26ec [term 0 FOLLOWER]: Advancing to term 1
I20260709 12:09:18.335124 14607 raft_consensus.cc:515] T 1dfd3f2bd71343f789aa5733a23d4b8d P 65c9c1653b3346b39a0e118540e6080c [term 1 FOLLOWER]: Starting leader election with config: opid_index: -1 OBSOLETE_local: false peers { permanent_uuid: "885067a0d31741bfb5c9935788e315bf" member_type: VOTER last_known_addr { host: "127.12.174.129" port: 37187 } } peers { permanent_uuid: "17aab1bbf5014936aa18cc21818b26ec" member_type: VOTER last_known_addr { host: "127.12.174.130" port: 36673 } } peers { permanent_uuid: "65c9c1653b3346b39a0e118540e6080c" member_type: VOTER last_known_addr { host: "127.12.174.131" port: 45957 } }
I20260709 12:09:18.339110 14607 leader_election.cc:290] T 1dfd3f2bd71343f789aa5733a23d4b8d P 65c9c1653b3346b39a0e118540e6080c [CANDIDATE]: Term 1 election: Requested vote from peers 885067a0d31741bfb5c9935788e315bf (127.12.174.129:37187), 17aab1bbf5014936aa18cc21818b26ec (127.12.174.130:36673)
I20260709 12:09:18.341429 14600 raft_consensus.cc:515] T f57e398f580944f0866ea5fab71be87f P 17aab1bbf5014936aa18cc21818b26ec [term 1 FOLLOWER]: Starting leader election with config: opid_index: -1 OBSOLETE_local: false peers { permanent_uuid: "885067a0d31741bfb5c9935788e315bf" member_type: VOTER last_known_addr { host: "127.12.174.129" port: 37187 } } peers { permanent_uuid: "17aab1bbf5014936aa18cc21818b26ec" member_type: VOTER last_known_addr { host: "127.12.174.130" port: 36673 } } peers { permanent_uuid: "65c9c1653b3346b39a0e118540e6080c" member_type: VOTER last_known_addr { host: "127.12.174.131" port: 45957 } }
I20260709 12:09:18.342128 14188 tablet_service.cc:1917] Received RequestConsensusVote() RPC: tablet_id: "1dfd3f2bd71343f789aa5733a23d4b8d" candidate_uuid: "65c9c1653b3346b39a0e118540e6080c" candidate_term: 1 candidate_status { last_received { term: 0 index: 0 } } ignore_live_leader: false dest_uuid: "885067a0d31741bfb5c9935788e315bf"
I20260709 12:09:18.342850 14188 raft_consensus.cc:3060] T 1dfd3f2bd71343f789aa5733a23d4b8d P 885067a0d31741bfb5c9935788e315bf [term 0 FOLLOWER]: Advancing to term 1
I20260709 12:09:18.324764 14557 raft_consensus.cc:515] T 55a08950f57748dea047f3190b2c0e95 P 17aab1bbf5014936aa18cc21818b26ec [term 1 FOLLOWER]: Starting leader election with config: opid_index: -1 OBSOLETE_local: false peers { permanent_uuid: "885067a0d31741bfb5c9935788e315bf" member_type: VOTER last_known_addr { host: "127.12.174.129" port: 37187 } } peers { permanent_uuid: "17aab1bbf5014936aa18cc21818b26ec" member_type: VOTER last_known_addr { host: "127.12.174.130" port: 36673 } } peers { permanent_uuid: "65c9c1653b3346b39a0e118540e6080c" member_type: VOTER last_known_addr { host: "127.12.174.131" port: 45957 } }
I20260709 12:09:18.348371 14381 raft_consensus.cc:359] T afdbef67ffe54739bdccc3b631f66c89 P 885067a0d31741bfb5c9935788e315bf [term 0 FOLLOWER]: Replica starting. Triggering 0 pending ops. Active config: opid_index: -1 OBSOLETE_local: false peers { permanent_uuid: "885067a0d31741bfb5c9935788e315bf" member_type: VOTER last_known_addr { host: "127.12.174.129" port: 37187 } } peers { permanent_uuid: "17aab1bbf5014936aa18cc21818b26ec" member_type: VOTER last_known_addr { host: "127.12.174.130" port: 36673 } } peers { permanent_uuid: "65c9c1653b3346b39a0e118540e6080c" member_type: VOTER last_known_addr { host: "127.12.174.131" port: 45957 } }
I20260709 12:09:18.349215 14381 raft_consensus.cc:385] T afdbef67ffe54739bdccc3b631f66c89 P 885067a0d31741bfb5c9935788e315bf [term 0 FOLLOWER]: Consensus starting up: Expiring failure detector timer to make a prompt election more likely
I20260709 12:09:18.349551 14381 raft_consensus.cc:740] T afdbef67ffe54739bdccc3b631f66c89 P 885067a0d31741bfb5c9935788e315bf [term 0 FOLLOWER]: Becoming Follower/Learner. State: Replica: 885067a0d31741bfb5c9935788e315bf, State: Initialized, Role: FOLLOWER
I20260709 12:09:18.350382 14381 consensus_queue.cc:260] T afdbef67ffe54739bdccc3b631f66c89 P 885067a0d31741bfb5c9935788e315bf [NON_LEADER]: Queue going to NON_LEADER mode. State: All replicated index: 0, Majority replicated index: 0, Committed index: 0, Last appended: 0.0, Last appended by leader: 0, Current term: 0, Majority size: -1, State: 0, Mode: NON_LEADER, active raft config: opid_index: -1 OBSOLETE_local: false peers { permanent_uuid: "885067a0d31741bfb5c9935788e315bf" member_type: VOTER last_known_addr { host: "127.12.174.129" port: 37187 } } peers { permanent_uuid: "17aab1bbf5014936aa18cc21818b26ec" member_type: VOTER last_known_addr { host: "127.12.174.130" port: 36673 } } peers { permanent_uuid: "65c9c1653b3346b39a0e118540e6080c" member_type: VOTER last_known_addr { host: "127.12.174.131" port: 45957 } }
I20260709 12:09:18.353088 14600 leader_election.cc:290] T f57e398f580944f0866ea5fab71be87f P 17aab1bbf5014936aa18cc21818b26ec [CANDIDATE]: Term 1 election: Requested vote from peers 885067a0d31741bfb5c9935788e315bf (127.12.174.129:37187), 65c9c1653b3346b39a0e118540e6080c (127.12.174.131:45957)
I20260709 12:09:18.354720 14381 ts_tablet_manager.cc:1434] T afdbef67ffe54739bdccc3b631f66c89 P 885067a0d31741bfb5c9935788e315bf: Time spent starting tablet: real 0.043s	user 0.008s	sys 0.002s
I20260709 12:09:18.355433 14261 tablet_service.cc:1917] Received RequestConsensusVote() RPC: tablet_id: "1dfd3f2bd71343f789aa5733a23d4b8d" candidate_uuid: "65c9c1653b3346b39a0e118540e6080c" candidate_term: 1 candidate_status { last_received { term: 0 index: 0 } } ignore_live_leader: false dest_uuid: "17aab1bbf5014936aa18cc21818b26ec"
I20260709 12:09:18.356807 14261 raft_consensus.cc:3060] T 1dfd3f2bd71343f789aa5733a23d4b8d P 17aab1bbf5014936aa18cc21818b26ec [term 0 FOLLOWER]: Advancing to term 1
I20260709 12:09:18.357792 14381 tablet_bootstrap.cc:492] T fd6a20fc287b48fbb5cbf25078173b21 P 885067a0d31741bfb5c9935788e315bf: Bootstrap starting.
I20260709 12:09:18.359170 14335 tablet_service.cc:1917] Received RequestConsensusVote() RPC: tablet_id: "f57e398f580944f0866ea5fab71be87f" candidate_uuid: "17aab1bbf5014936aa18cc21818b26ec" candidate_term: 1 candidate_status { last_received { term: 0 index: 0 } } ignore_live_leader: false dest_uuid: "65c9c1653b3346b39a0e118540e6080c"
I20260709 12:09:18.359975 14335 raft_consensus.cc:3060] T f57e398f580944f0866ea5fab71be87f P 65c9c1653b3346b39a0e118540e6080c [term 0 FOLLOWER]: Advancing to term 1
I20260709 12:09:18.350562 14262 raft_consensus.cc:2468] T 36091607df2f46059df62d677842a031 P 17aab1bbf5014936aa18cc21818b26ec [term 1 FOLLOWER]: Leader election vote request: Granting yes vote for candidate 65c9c1653b3346b39a0e118540e6080c in term 1.
I20260709 12:09:18.351579 14380 raft_consensus.cc:359] T afdbef67ffe54739bdccc3b631f66c89 P 17aab1bbf5014936aa18cc21818b26ec [term 0 FOLLOWER]: Replica starting. Triggering 0 pending ops. Active config: opid_index: -1 OBSOLETE_local: false peers { permanent_uuid: "885067a0d31741bfb5c9935788e315bf" member_type: VOTER last_known_addr { host: "127.12.174.129" port: 37187 } } peers { permanent_uuid: "17aab1bbf5014936aa18cc21818b26ec" member_type: VOTER last_known_addr { host: "127.12.174.130" port: 36673 } } peers { permanent_uuid: "65c9c1653b3346b39a0e118540e6080c" member_type: VOTER last_known_addr { host: "127.12.174.131" port: 45957 } }
I20260709 12:09:18.362895 14380 raft_consensus.cc:385] T afdbef67ffe54739bdccc3b631f66c89 P 17aab1bbf5014936aa18cc21818b26ec [term 0 FOLLOWER]: Consensus starting up: Expiring failure detector timer to make a prompt election more likely
I20260709 12:09:18.363128 14380 raft_consensus.cc:740] T afdbef67ffe54739bdccc3b631f66c89 P 17aab1bbf5014936aa18cc21818b26ec [term 0 FOLLOWER]: Becoming Follower/Learner. State: Replica: 17aab1bbf5014936aa18cc21818b26ec, State: Initialized, Role: FOLLOWER
I20260709 12:09:18.365024 14557 leader_election.cc:290] T 55a08950f57748dea047f3190b2c0e95 P 17aab1bbf5014936aa18cc21818b26ec [CANDIDATE]: Term 1 election: Requested vote from peers 885067a0d31741bfb5c9935788e315bf (127.12.174.129:37187), 65c9c1653b3346b39a0e118540e6080c (127.12.174.131:45957)
I20260709 12:09:18.376467 14261 raft_consensus.cc:2468] T 1dfd3f2bd71343f789aa5733a23d4b8d P 17aab1bbf5014936aa18cc21818b26ec [term 1 FOLLOWER]: Leader election vote request: Granting yes vote for candidate 65c9c1653b3346b39a0e118540e6080c in term 1.
I20260709 12:09:18.378185 14304 leader_election.cc:304] T 36091607df2f46059df62d677842a031 P 65c9c1653b3346b39a0e118540e6080c [CANDIDATE]: Term 1 election: Election decided. Result: candidate won. Election summary: received 3 responses out of 3 voters: 2 yes votes; 1 no votes. yes voters: 17aab1bbf5014936aa18cc21818b26ec, 65c9c1653b3346b39a0e118540e6080c; no voters: 885067a0d31741bfb5c9935788e315bf
I20260709 12:09:18.379360 14185 tablet_service.cc:1917] Received RequestConsensusVote() RPC: tablet_id: "55a08950f57748dea047f3190b2c0e95" candidate_uuid: "17aab1bbf5014936aa18cc21818b26ec" candidate_term: 1 candidate_status { last_received { term: 0 index: 0 } } ignore_live_leader: false dest_uuid: "885067a0d31741bfb5c9935788e315bf"
I20260709 12:09:18.380280 14185 raft_consensus.cc:3060] T 55a08950f57748dea047f3190b2c0e95 P 885067a0d31741bfb5c9935788e315bf [term 0 FOLLOWER]: Advancing to term 1
I20260709 12:09:18.380614 14549 raft_consensus.cc:2804] T 36091607df2f46059df62d677842a031 P 65c9c1653b3346b39a0e118540e6080c [term 1 FOLLOWER]: Leader election won for term 1
I20260709 12:09:18.382072 14549 raft_consensus.cc:697] T 36091607df2f46059df62d677842a031 P 65c9c1653b3346b39a0e118540e6080c [term 1 LEADER]: Becoming Leader. State: Replica: 65c9c1653b3346b39a0e118540e6080c, State: Running, Role: LEADER
I20260709 12:09:18.383396 14549 consensus_queue.cc:237] T 36091607df2f46059df62d677842a031 P 65c9c1653b3346b39a0e118540e6080c [LEADER]: Queue going to LEADER mode. State: All replicated index: 0, Majority replicated index: 0, Committed index: 0, Last appended: 0.0, Last appended by leader: 0, Current term: 1, Majority size: 2, State: 0, Mode: LEADER, active raft config: opid_index: -1 OBSOLETE_local: false peers { permanent_uuid: "885067a0d31741bfb5c9935788e315bf" member_type: VOTER last_known_addr { host: "127.12.174.129" port: 37187 } } peers { permanent_uuid: "17aab1bbf5014936aa18cc21818b26ec" member_type: VOTER last_known_addr { host: "127.12.174.130" port: 36673 } } peers { permanent_uuid: "65c9c1653b3346b39a0e118540e6080c" member_type: VOTER last_known_addr { host: "127.12.174.131" port: 45957 } }
I20260709 12:09:18.384577 14335 raft_consensus.cc:2468] T f57e398f580944f0866ea5fab71be87f P 65c9c1653b3346b39a0e118540e6080c [term 1 FOLLOWER]: Leader election vote request: Granting yes vote for candidate 17aab1bbf5014936aa18cc21818b26ec in term 1.
I20260709 12:09:18.387603 14186 tablet_service.cc:1917] Received RequestConsensusVote() RPC: tablet_id: "f57e398f580944f0866ea5fab71be87f" candidate_uuid: "17aab1bbf5014936aa18cc21818b26ec" candidate_term: 1 candidate_status { last_received { term: 0 index: 0 } } ignore_live_leader: false dest_uuid: "885067a0d31741bfb5c9935788e315bf"
I20260709 12:09:18.388536 14186 raft_consensus.cc:3060] T f57e398f580944f0866ea5fab71be87f P 885067a0d31741bfb5c9935788e315bf [term 0 FOLLOWER]: Advancing to term 1
I20260709 12:09:18.389254 14304 leader_election.cc:304] T 1dfd3f2bd71343f789aa5733a23d4b8d P 65c9c1653b3346b39a0e118540e6080c [CANDIDATE]: Term 1 election: Election decided. Result: candidate won. Election summary: received 2 responses out of 3 voters: 2 yes votes; 0 no votes. yes voters: 17aab1bbf5014936aa18cc21818b26ec, 65c9c1653b3346b39a0e118540e6080c; no voters: 
I20260709 12:09:18.378159 14380 consensus_queue.cc:260] T afdbef67ffe54739bdccc3b631f66c89 P 17aab1bbf5014936aa18cc21818b26ec [NON_LEADER]: Queue going to NON_LEADER mode. State: All replicated index: 0, Majority replicated index: 0, Committed index: 0, Last appended: 0.0, Last appended by leader: 0, Current term: 0, Majority size: -1, State: 0, Mode: NON_LEADER, active raft config: opid_index: -1 OBSOLETE_local: false peers { permanent_uuid: "885067a0d31741bfb5c9935788e315bf" member_type: VOTER last_known_addr { host: "127.12.174.129" port: 37187 } } peers { permanent_uuid: "17aab1bbf5014936aa18cc21818b26ec" member_type: VOTER last_known_addr { host: "127.12.174.130" port: 36673 } } peers { permanent_uuid: "65c9c1653b3346b39a0e118540e6080c" member_type: VOTER last_known_addr { host: "127.12.174.131" port: 45957 } }
I20260709 12:09:18.394111 14607 raft_consensus.cc:2804] T 1dfd3f2bd71343f789aa5733a23d4b8d P 65c9c1653b3346b39a0e118540e6080c [term 1 FOLLOWER]: Leader election won for term 1
I20260709 12:09:18.394785 14607 raft_consensus.cc:697] T 1dfd3f2bd71343f789aa5733a23d4b8d P 65c9c1653b3346b39a0e118540e6080c [term 1 LEADER]: Becoming Leader. State: Replica: 65c9c1653b3346b39a0e118540e6080c, State: Running, Role: LEADER
I20260709 12:09:18.395045 14631 consensus_queue.cc:1048] T 88b5f4f19c2a4585b93b312cc1f3d17f P 17aab1bbf5014936aa18cc21818b26ec [LEADER]: Connected to new peer: Peer: permanent_uuid: "65c9c1653b3346b39a0e118540e6080c" member_type: VOTER last_known_addr { host: "127.12.174.131" port: 45957 }, Status: LMP_MISMATCH, Last received: 0.0, Next index: 1, Last known committed idx: 0, Time since last communication: 0.001s
I20260709 12:09:18.396762 14607 consensus_queue.cc:237] T 1dfd3f2bd71343f789aa5733a23d4b8d P 65c9c1653b3346b39a0e118540e6080c [LEADER]: Queue going to LEADER mode. State: All replicated index: 0, Majority replicated index: 0, Committed index: 0, Last appended: 0.0, Last appended by leader: 0, Current term: 1, Majority size: 2, State: 0, Mode: LEADER, active raft config: opid_index: -1 OBSOLETE_local: false peers { permanent_uuid: "885067a0d31741bfb5c9935788e315bf" member_type: VOTER last_known_addr { host: "127.12.174.129" port: 37187 } } peers { permanent_uuid: "17aab1bbf5014936aa18cc21818b26ec" member_type: VOTER last_known_addr { host: "127.12.174.130" port: 36673 } } peers { permanent_uuid: "65c9c1653b3346b39a0e118540e6080c" member_type: VOTER last_known_addr { host: "127.12.174.131" port: 45957 } }
I20260709 12:09:18.404282 14381 tablet_bootstrap.cc:654] T fd6a20fc287b48fbb5cbf25078173b21 P 885067a0d31741bfb5c9935788e315bf: Neither blocks nor log segments found. Creating new log.
I20260709 12:09:18.405354 14230 leader_election.cc:304] T f57e398f580944f0866ea5fab71be87f P 17aab1bbf5014936aa18cc21818b26ec [CANDIDATE]: Term 1 election: Election decided. Result: candidate won. Election summary: received 2 responses out of 3 voters: 2 yes votes; 0 no votes. yes voters: 17aab1bbf5014936aa18cc21818b26ec, 65c9c1653b3346b39a0e118540e6080c; no voters: 
I20260709 12:09:18.407907 14335 tablet_service.cc:1917] Received RequestConsensusVote() RPC: tablet_id: "55a08950f57748dea047f3190b2c0e95" candidate_uuid: "17aab1bbf5014936aa18cc21818b26ec" candidate_term: 1 candidate_status { last_received { term: 0 index: 0 } } ignore_live_leader: false dest_uuid: "65c9c1653b3346b39a0e118540e6080c"
I20260709 12:09:18.408757 14335 raft_consensus.cc:3060] T 55a08950f57748dea047f3190b2c0e95 P 65c9c1653b3346b39a0e118540e6080c [term 0 FOLLOWER]: Advancing to term 1
I20260709 12:09:18.410857 14380 ts_tablet_manager.cc:1434] T afdbef67ffe54739bdccc3b631f66c89 P 17aab1bbf5014936aa18cc21818b26ec: Time spent starting tablet: real 0.105s	user 0.004s	sys 0.004s
I20260709 12:09:18.414450 14380 tablet_bootstrap.cc:492] T 3832505489c04d04a69e256187061921 P 17aab1bbf5014936aa18cc21818b26ec: Bootstrap starting.
I20260709 12:09:18.406711 14600 raft_consensus.cc:2804] T f57e398f580944f0866ea5fab71be87f P 17aab1bbf5014936aa18cc21818b26ec [term 1 FOLLOWER]: Leader election won for term 1
I20260709 12:09:18.415788 14600 raft_consensus.cc:697] T f57e398f580944f0866ea5fab71be87f P 17aab1bbf5014936aa18cc21818b26ec [term 1 LEADER]: Becoming Leader. State: Replica: 17aab1bbf5014936aa18cc21818b26ec, State: Running, Role: LEADER
I20260709 12:09:18.417022 14600 consensus_queue.cc:237] T f57e398f580944f0866ea5fab71be87f P 17aab1bbf5014936aa18cc21818b26ec [LEADER]: Queue going to LEADER mode. State: All replicated index: 0, Majority replicated index: 0, Committed index: 0, Last appended: 0.0, Last appended by leader: 0, Current term: 1, Majority size: 2, State: 0, Mode: LEADER, active raft config: opid_index: -1 OBSOLETE_local: false peers { permanent_uuid: "885067a0d31741bfb5c9935788e315bf" member_type: VOTER last_known_addr { host: "127.12.174.129" port: 37187 } } peers { permanent_uuid: "17aab1bbf5014936aa18cc21818b26ec" member_type: VOTER last_known_addr { host: "127.12.174.130" port: 36673 } } peers { permanent_uuid: "65c9c1653b3346b39a0e118540e6080c" member_type: VOTER last_known_addr { host: "127.12.174.131" port: 45957 } }
I20260709 12:09:18.411512 14186 raft_consensus.cc:2468] T f57e398f580944f0866ea5fab71be87f P 885067a0d31741bfb5c9935788e315bf [term 1 FOLLOWER]: Leader election vote request: Granting yes vote for candidate 17aab1bbf5014936aa18cc21818b26ec in term 1.
I20260709 12:09:18.421044 14434 consensus_queue.cc:1048] T 90097151efa7426faeaea3ff87a7ea78 P 65c9c1653b3346b39a0e118540e6080c [LEADER]: Connected to new peer: Peer: permanent_uuid: "17aab1bbf5014936aa18cc21818b26ec" member_type: VOTER last_known_addr { host: "127.12.174.130" port: 36673 }, Status: LMP_MISMATCH, Last received: 0.0, Next index: 1, Last known committed idx: 0, Time since last communication: 0.001s
I20260709 12:09:18.427452 14188 raft_consensus.cc:2468] T 1dfd3f2bd71343f789aa5733a23d4b8d P 885067a0d31741bfb5c9935788e315bf [term 1 FOLLOWER]: Leader election vote request: Granting yes vote for candidate 65c9c1653b3346b39a0e118540e6080c in term 1.
I20260709 12:09:18.432845 14335 raft_consensus.cc:2468] T 55a08950f57748dea047f3190b2c0e95 P 65c9c1653b3346b39a0e118540e6080c [term 1 FOLLOWER]: Leader election vote request: Granting yes vote for candidate 17aab1bbf5014936aa18cc21818b26ec in term 1.
I20260709 12:09:18.436028 14230 leader_election.cc:304] T 55a08950f57748dea047f3190b2c0e95 P 17aab1bbf5014936aa18cc21818b26ec [CANDIDATE]: Term 1 election: Election decided. Result: candidate won. Election summary: received 2 responses out of 3 voters: 2 yes votes; 0 no votes. yes voters: 17aab1bbf5014936aa18cc21818b26ec, 65c9c1653b3346b39a0e118540e6080c; no voters: 
I20260709 12:09:18.437530 14631 raft_consensus.cc:2804] T 55a08950f57748dea047f3190b2c0e95 P 17aab1bbf5014936aa18cc21818b26ec [term 1 FOLLOWER]: Leader election won for term 1
I20260709 12:09:18.438254 14631 raft_consensus.cc:697] T 55a08950f57748dea047f3190b2c0e95 P 17aab1bbf5014936aa18cc21818b26ec [term 1 LEADER]: Becoming Leader. State: Replica: 17aab1bbf5014936aa18cc21818b26ec, State: Running, Role: LEADER
I20260709 12:09:18.440073 14381 tablet_bootstrap.cc:492] T fd6a20fc287b48fbb5cbf25078173b21 P 885067a0d31741bfb5c9935788e315bf: No bootstrap required, opened a new log
I20260709 12:09:18.439469 14631 consensus_queue.cc:237] T 55a08950f57748dea047f3190b2c0e95 P 17aab1bbf5014936aa18cc21818b26ec [LEADER]: Queue going to LEADER mode. State: All replicated index: 0, Majority replicated index: 0, Committed index: 0, Last appended: 0.0, Last appended by leader: 0, Current term: 1, Majority size: 2, State: 0, Mode: LEADER, active raft config: opid_index: -1 OBSOLETE_local: false peers { permanent_uuid: "885067a0d31741bfb5c9935788e315bf" member_type: VOTER last_known_addr { host: "127.12.174.129" port: 37187 } } peers { permanent_uuid: "17aab1bbf5014936aa18cc21818b26ec" member_type: VOTER last_known_addr { host: "127.12.174.130" port: 36673 } } peers { permanent_uuid: "65c9c1653b3346b39a0e118540e6080c" member_type: VOTER last_known_addr { host: "127.12.174.131" port: 45957 } }
I20260709 12:09:18.440593 14381 ts_tablet_manager.cc:1403] T fd6a20fc287b48fbb5cbf25078173b21 P 885067a0d31741bfb5c9935788e315bf: Time spent bootstrapping tablet: real 0.083s	user 0.006s	sys 0.015s
I20260709 12:09:18.447654 14381 raft_consensus.cc:359] T fd6a20fc287b48fbb5cbf25078173b21 P 885067a0d31741bfb5c9935788e315bf [term 0 FOLLOWER]: Replica starting. Triggering 0 pending ops. Active config: opid_index: -1 OBSOLETE_local: false peers { permanent_uuid: "885067a0d31741bfb5c9935788e315bf" member_type: VOTER last_known_addr { host: "127.12.174.129" port: 37187 } } peers { permanent_uuid: "17aab1bbf5014936aa18cc21818b26ec" member_type: VOTER last_known_addr { host: "127.12.174.130" port: 36673 } } peers { permanent_uuid: "65c9c1653b3346b39a0e118540e6080c" member_type: VOTER last_known_addr { host: "127.12.174.131" port: 45957 } }
I20260709 12:09:18.451035 14381 raft_consensus.cc:385] T fd6a20fc287b48fbb5cbf25078173b21 P 885067a0d31741bfb5c9935788e315bf [term 0 FOLLOWER]: Consensus starting up: Expiring failure detector timer to make a prompt election more likely
I20260709 12:09:18.451714 14381 raft_consensus.cc:740] T fd6a20fc287b48fbb5cbf25078173b21 P 885067a0d31741bfb5c9935788e315bf [term 0 FOLLOWER]: Becoming Follower/Learner. State: Replica: 885067a0d31741bfb5c9935788e315bf, State: Initialized, Role: FOLLOWER
I20260709 12:09:18.452529 14381 consensus_queue.cc:260] T fd6a20fc287b48fbb5cbf25078173b21 P 885067a0d31741bfb5c9935788e315bf [NON_LEADER]: Queue going to NON_LEADER mode. State: All replicated index: 0, Majority replicated index: 0, Committed index: 0, Last appended: 0.0, Last appended by leader: 0, Current term: 0, Majority size: -1, State: 0, Mode: NON_LEADER, active raft config: opid_index: -1 OBSOLETE_local: false peers { permanent_uuid: "885067a0d31741bfb5c9935788e315bf" member_type: VOTER last_known_addr { host: "127.12.174.129" port: 37187 } } peers { permanent_uuid: "17aab1bbf5014936aa18cc21818b26ec" member_type: VOTER last_known_addr { host: "127.12.174.130" port: 36673 } } peers { permanent_uuid: "65c9c1653b3346b39a0e118540e6080c" member_type: VOTER last_known_addr { host: "127.12.174.131" port: 45957 } }
I20260709 12:09:18.454949 14381 ts_tablet_manager.cc:1434] T fd6a20fc287b48fbb5cbf25078173b21 P 885067a0d31741bfb5c9935788e315bf: Time spent starting tablet: real 0.014s	user 0.004s	sys 0.005s
I20260709 12:09:18.448400 14087 catalog_manager.cc:5697] T 36091607df2f46059df62d677842a031 P 65c9c1653b3346b39a0e118540e6080c reported cstate change: term changed from 0 to 1, leader changed from <none> to 65c9c1653b3346b39a0e118540e6080c (127.12.174.131). New cstate: current_term: 1 leader_uuid: "65c9c1653b3346b39a0e118540e6080c" committed_config { opid_index: -1 OBSOLETE_local: false peers { permanent_uuid: "885067a0d31741bfb5c9935788e315bf" member_type: VOTER last_known_addr { host: "127.12.174.129" port: 37187 } health_report { overall_health: UNKNOWN } } peers { permanent_uuid: "17aab1bbf5014936aa18cc21818b26ec" member_type: VOTER last_known_addr { host: "127.12.174.130" port: 36673 } health_report { overall_health: UNKNOWN } } peers { permanent_uuid: "65c9c1653b3346b39a0e118540e6080c" member_type: VOTER last_known_addr { host: "127.12.174.131" port: 45957 } health_report { overall_health: HEALTHY } } }
I20260709 12:09:18.456082 14381 tablet_bootstrap.cc:492] T e85036847fc14bab8d6b10e9cbee3aca P 885067a0d31741bfb5c9935788e315bf: Bootstrap starting.
I20260709 12:09:18.458110 14607 consensus_queue.cc:1048] T 3832505489c04d04a69e256187061921 P 65c9c1653b3346b39a0e118540e6080c [LEADER]: Connected to new peer: Peer: permanent_uuid: "885067a0d31741bfb5c9935788e315bf" member_type: VOTER last_known_addr { host: "127.12.174.129" port: 37187 }, Status: LMP_MISMATCH, Last received: 0.0, Next index: 1, Last known committed idx: 0, Time since last communication: 0.001s
I20260709 12:09:18.478569 14557 raft_consensus.cc:493] T afdbef67ffe54739bdccc3b631f66c89 P 17aab1bbf5014936aa18cc21818b26ec [term 0 FOLLOWER]: Starting pre-election (no leader contacted us within the election timeout)
I20260709 12:09:18.479245 14557 raft_consensus.cc:515] T afdbef67ffe54739bdccc3b631f66c89 P 17aab1bbf5014936aa18cc21818b26ec [term 0 FOLLOWER]: Starting pre-election with config: opid_index: -1 OBSOLETE_local: false peers { permanent_uuid: "885067a0d31741bfb5c9935788e315bf" member_type: VOTER last_known_addr { host: "127.12.174.129" port: 37187 } } peers { permanent_uuid: "17aab1bbf5014936aa18cc21818b26ec" member_type: VOTER last_known_addr { host: "127.12.174.130" port: 36673 } } peers { permanent_uuid: "65c9c1653b3346b39a0e118540e6080c" member_type: VOTER last_known_addr { host: "127.12.174.131" port: 45957 } }
I20260709 12:09:18.481760 14627 raft_consensus.cc:493] T afdbef67ffe54739bdccc3b631f66c89 P 885067a0d31741bfb5c9935788e315bf [term 0 FOLLOWER]: Starting pre-election (no leader contacted us within the election timeout)
I20260709 12:09:18.482430 14557 leader_election.cc:290] T afdbef67ffe54739bdccc3b631f66c89 P 17aab1bbf5014936aa18cc21818b26ec [CANDIDATE]: Term 1 pre-election: Requested pre-vote from peers 885067a0d31741bfb5c9935788e315bf (127.12.174.129:37187), 65c9c1653b3346b39a0e118540e6080c (127.12.174.131:45957)
I20260709 12:09:18.482424 14627 raft_consensus.cc:515] T afdbef67ffe54739bdccc3b631f66c89 P 885067a0d31741bfb5c9935788e315bf [term 0 FOLLOWER]: Starting pre-election with config: opid_index: -1 OBSOLETE_local: false peers { permanent_uuid: "885067a0d31741bfb5c9935788e315bf" member_type: VOTER last_known_addr { host: "127.12.174.129" port: 37187 } } peers { permanent_uuid: "17aab1bbf5014936aa18cc21818b26ec" member_type: VOTER last_known_addr { host: "127.12.174.130" port: 36673 } } peers { permanent_uuid: "65c9c1653b3346b39a0e118540e6080c" member_type: VOTER last_known_addr { host: "127.12.174.131" port: 45957 } }
I20260709 12:09:18.485854 14627 leader_election.cc:290] T afdbef67ffe54739bdccc3b631f66c89 P 885067a0d31741bfb5c9935788e315bf [CANDIDATE]: Term 1 pre-election: Requested pre-vote from peers 17aab1bbf5014936aa18cc21818b26ec (127.12.174.130:36673), 65c9c1653b3346b39a0e118540e6080c (127.12.174.131:45957)
I20260709 12:09:18.487892 14335 tablet_service.cc:1917] Received RequestConsensusVote() RPC: tablet_id: "afdbef67ffe54739bdccc3b631f66c89" candidate_uuid: "17aab1bbf5014936aa18cc21818b26ec" candidate_term: 1 candidate_status { last_received { term: 0 index: 0 } } ignore_live_leader: false dest_uuid: "65c9c1653b3346b39a0e118540e6080c" is_pre_election: true
I20260709 12:09:18.489640 14188 raft_consensus.cc:3060] T fd6a20fc287b48fbb5cbf25078173b21 P 885067a0d31741bfb5c9935788e315bf [term 0 FOLLOWER]: Advancing to term 1
I20260709 12:09:18.490201 14380 tablet_bootstrap.cc:654] T 3832505489c04d04a69e256187061921 P 17aab1bbf5014936aa18cc21818b26ec: Neither blocks nor log segments found. Creating new log.
W20260709 12:09:18.491725 14230 leader_election.cc:343] T afdbef67ffe54739bdccc3b631f66c89 P 17aab1bbf5014936aa18cc21818b26ec [CANDIDATE]: Term 1 pre-election: Tablet error from VoteRequest() call to peer 65c9c1653b3346b39a0e118540e6080c (127.12.174.131:45957): Illegal state: must be running to vote when last-logged opid is not known
I20260709 12:09:18.489709 14261 tablet_service.cc:1917] Received RequestConsensusVote() RPC: tablet_id: "afdbef67ffe54739bdccc3b631f66c89" candidate_uuid: "885067a0d31741bfb5c9935788e315bf" candidate_term: 1 candidate_status { last_received { term: 0 index: 0 } } ignore_live_leader: false dest_uuid: "17aab1bbf5014936aa18cc21818b26ec" is_pre_election: true
I20260709 12:09:18.493665 14261 raft_consensus.cc:2468] T afdbef67ffe54739bdccc3b631f66c89 P 17aab1bbf5014936aa18cc21818b26ec [term 0 FOLLOWER]: Leader pre-election vote request: Granting yes vote for candidate 885067a0d31741bfb5c9935788e315bf in term 0.
