I20260709 12:14:56.509335 14561 consensus_queue.cc:237] T 1e09f00c946649d58c6bf2ca5c561d3b P 3bf6326f910244fcad972c7e3139f190 [LEADER]: Queue going to LEADER mode. State: All replicated index: 0, Majority replicated index: 0, Committed index: 0, Last appended: 0.0, Last appended by leader: 0, Current term: 1, Majority size: 2, State: 0, Mode: LEADER, active raft config: opid_index: -1 OBSOLETE_local: false peers { permanent_uuid: "ca0234c774084abea0084818b1b7f8e3" member_type: VOTER last_known_addr { host: "127.13.217.129" port: 39639 } } peers { permanent_uuid: "3bf6326f910244fcad972c7e3139f190" member_type: VOTER last_known_addr { host: "127.13.217.130" port: 43927 } } peers { permanent_uuid: "5bd35221c4fc4bd19bee16295e5985ac" member_type: VOTER last_known_addr { host: "127.13.217.131" port: 38013 } }
I20260709 12:14:56.511046 14545 raft_consensus.cc:515] T 1e09f00c946649d58c6bf2ca5c561d3b P 5bd35221c4fc4bd19bee16295e5985ac [term 1 FOLLOWER]: Starting leader election with config: opid_index: -1 OBSOLETE_local: false peers { permanent_uuid: "ca0234c774084abea0084818b1b7f8e3" member_type: VOTER last_known_addr { host: "127.13.217.129" port: 39639 } } peers { permanent_uuid: "3bf6326f910244fcad972c7e3139f190" member_type: VOTER last_known_addr { host: "127.13.217.130" port: 43927 } } peers { permanent_uuid: "5bd35221c4fc4bd19bee16295e5985ac" member_type: VOTER last_known_addr { host: "127.13.217.131" port: 38013 } }
I20260709 12:14:56.513284 14464 raft_consensus.cc:2393] T 1e09f00c946649d58c6bf2ca5c561d3b P 5bd35221c4fc4bd19bee16295e5985ac [term 1 FOLLOWER]: Leader election vote request: Denying vote to candidate 3bf6326f910244fcad972c7e3139f190 in current term 1: Already voted for candidate 5bd35221c4fc4bd19bee16295e5985ac in this term.
I20260709 12:14:56.512288 14317 tablet_service.cc:1917] Received RequestConsensusVote() RPC: tablet_id: "e6fbfe89c2a34a478c836ed86f7a37b9" candidate_uuid: "3bf6326f910244fcad972c7e3139f190" candidate_term: 1 candidate_status { last_received { term: 0 index: 0 } } ignore_live_leader: false dest_uuid: "ca0234c774084abea0084818b1b7f8e3"
I20260709 12:14:56.513757 14317 raft_consensus.cc:3060] T e6fbfe89c2a34a478c836ed86f7a37b9 P ca0234c774084abea0084818b1b7f8e3 [term 0 FOLLOWER]: Advancing to term 1
I20260709 12:14:56.518869 14511 tablet_bootstrap.cc:654] T 01bf5edeeda743c48b5a677f3d6e6866 P 3bf6326f910244fcad972c7e3139f190: Neither blocks nor log segments found. Creating new log.
I20260709 12:14:56.509776 14466 raft_consensus.cc:2468] T 01bf5edeeda743c48b5a677f3d6e6866 P 5bd35221c4fc4bd19bee16295e5985ac [term 1 FOLLOWER]: Leader election vote request: Granting yes vote for candidate ca0234c774084abea0084818b1b7f8e3 in term 1.
I20260709 12:14:56.518872 14315 tablet_service.cc:1917] Received RequestConsensusVote() RPC: tablet_id: "1e09f00c946649d58c6bf2ca5c561d3b" candidate_uuid: "5bd35221c4fc4bd19bee16295e5985ac" candidate_term: 1 candidate_status { last_received { term: 0 index: 0 } } ignore_live_leader: false dest_uuid: "ca0234c774084abea0084818b1b7f8e3"
I20260709 12:14:56.519711 14315 raft_consensus.cc:2393] T 1e09f00c946649d58c6bf2ca5c561d3b P ca0234c774084abea0084818b1b7f8e3 [term 1 FOLLOWER]: Leader election vote request: Denying vote to candidate 5bd35221c4fc4bd19bee16295e5985ac in current term 1: Already voted for candidate 3bf6326f910244fcad972c7e3139f190 in this term.
I20260709 12:14:56.520104 14282 leader_election.cc:304] T 01bf5edeeda743c48b5a677f3d6e6866 P ca0234c774084abea0084818b1b7f8e3 [CANDIDATE]: Term 1 election: Election decided. Result: candidate won. Election summary: received 3 responses out of 3 voters: 2 yes votes; 1 no votes. yes voters: 5bd35221c4fc4bd19bee16295e5985ac, ca0234c774084abea0084818b1b7f8e3; no voters: 3bf6326f910244fcad972c7e3139f190
I20260709 12:14:56.521857 14540 raft_consensus.cc:2804] T 01bf5edeeda743c48b5a677f3d6e6866 P ca0234c774084abea0084818b1b7f8e3 [term 1 FOLLOWER]: Leader election won for term 1
I20260709 12:14:56.522282 14540 raft_consensus.cc:697] T 01bf5edeeda743c48b5a677f3d6e6866 P ca0234c774084abea0084818b1b7f8e3 [term 1 LEADER]: Becoming Leader. State: Replica: ca0234c774084abea0084818b1b7f8e3, State: Running, Role: LEADER
I20260709 12:14:56.522568 14391 tablet_service.cc:1917] Received RequestConsensusVote() RPC: tablet_id: "1e09f00c946649d58c6bf2ca5c561d3b" candidate_uuid: "5bd35221c4fc4bd19bee16295e5985ac" candidate_term: 1 candidate_status { last_received { term: 0 index: 0 } } ignore_live_leader: false dest_uuid: "3bf6326f910244fcad972c7e3139f190"
I20260709 12:14:56.522450 14545 leader_election.cc:290] T 1e09f00c946649d58c6bf2ca5c561d3b P 5bd35221c4fc4bd19bee16295e5985ac [CANDIDATE]: Term 1 election: Requested vote from peers ca0234c774084abea0084818b1b7f8e3 (127.13.217.129:39639), 3bf6326f910244fcad972c7e3139f190 (127.13.217.130:43927)
I20260709 12:14:56.523049 14540 consensus_queue.cc:237] T 01bf5edeeda743c48b5a677f3d6e6866 P ca0234c774084abea0084818b1b7f8e3 [LEADER]: Queue going to LEADER mode. State: All replicated index: 0, Majority replicated index: 0, Committed index: 0, Last appended: 0.0, Last appended by leader: 0, Current term: 1, Majority size: 2, State: 0, Mode: LEADER, active raft config: opid_index: -1 OBSOLETE_local: false peers { permanent_uuid: "ca0234c774084abea0084818b1b7f8e3" member_type: VOTER last_known_addr { host: "127.13.217.129" port: 39639 } } peers { permanent_uuid: "3bf6326f910244fcad972c7e3139f190" member_type: VOTER last_known_addr { host: "127.13.217.130" port: 43927 } } peers { permanent_uuid: "5bd35221c4fc4bd19bee16295e5985ac" member_type: VOTER last_known_addr { host: "127.13.217.131" port: 38013 } }
I20260709 12:14:56.526701 14317 raft_consensus.cc:2468] T e6fbfe89c2a34a478c836ed86f7a37b9 P ca0234c774084abea0084818b1b7f8e3 [term 1 FOLLOWER]: Leader election vote request: Granting yes vote for candidate 3bf6326f910244fcad972c7e3139f190 in term 1.
I20260709 12:14:56.530184 14539 consensus_queue.cc:1048] T 6cbaf7118bad443bab416e65f801d04f P ca0234c774084abea0084818b1b7f8e3 [LEADER]: Connected to new peer: Peer: permanent_uuid: "3bf6326f910244fcad972c7e3139f190" member_type: VOTER last_known_addr { host: "127.13.217.130" port: 43927 }, Status: LMP_MISMATCH, Last received: 0.0, Next index: 1, Last known committed idx: 0, Time since last communication: 0.001s
I20260709 12:14:56.531883 14431 leader_election.cc:304] T 1e09f00c946649d58c6bf2ca5c561d3b P 5bd35221c4fc4bd19bee16295e5985ac [CANDIDATE]: Term 1 election: Election decided. Result: candidate lost. Election summary: received 3 responses out of 3 voters: 1 yes votes; 2 no votes. yes voters: 5bd35221c4fc4bd19bee16295e5985ac; no voters: 3bf6326f910244fcad972c7e3139f190, ca0234c774084abea0084818b1b7f8e3
I20260709 12:14:56.532847 14545 raft_consensus.cc:2749] T 1e09f00c946649d58c6bf2ca5c561d3b P 5bd35221c4fc4bd19bee16295e5985ac [term 1 FOLLOWER]: Leader election lost for term 1. Reason: could not achieve majority
I20260709 12:14:56.534245 14356 leader_election.cc:304] T e6fbfe89c2a34a478c836ed86f7a37b9 P 3bf6326f910244fcad972c7e3139f190 [CANDIDATE]: Term 1 election: Election decided. Result: candidate won. Election summary: received 3 responses out of 3 voters: 2 yes votes; 1 no votes. yes voters: 3bf6326f910244fcad972c7e3139f190, ca0234c774084abea0084818b1b7f8e3; no voters: 5bd35221c4fc4bd19bee16295e5985ac
I20260709 12:14:56.534991 14518 raft_consensus.cc:2804] T e6fbfe89c2a34a478c836ed86f7a37b9 P 3bf6326f910244fcad972c7e3139f190 [term 1 FOLLOWER]: Leader election won for term 1
I20260709 12:14:56.535427 14518 raft_consensus.cc:697] T e6fbfe89c2a34a478c836ed86f7a37b9 P 3bf6326f910244fcad972c7e3139f190 [term 1 LEADER]: Becoming Leader. State: Replica: 3bf6326f910244fcad972c7e3139f190, State: Running, Role: LEADER
I20260709 12:14:56.536181 14518 consensus_queue.cc:237] T e6fbfe89c2a34a478c836ed86f7a37b9 P 3bf6326f910244fcad972c7e3139f190 [LEADER]: Queue going to LEADER mode. State: All replicated index: 0, Majority replicated index: 0, Committed index: 0, Last appended: 0.0, Last appended by leader: 0, Current term: 1, Majority size: 2, State: 0, Mode: LEADER, active raft config: opid_index: -1 OBSOLETE_local: false peers { permanent_uuid: "ca0234c774084abea0084818b1b7f8e3" member_type: VOTER last_known_addr { host: "127.13.217.129" port: 39639 } } peers { permanent_uuid: "3bf6326f910244fcad972c7e3139f190" member_type: VOTER last_known_addr { host: "127.13.217.130" port: 43927 } } peers { permanent_uuid: "5bd35221c4fc4bd19bee16295e5985ac" member_type: VOTER last_known_addr { host: "127.13.217.131" port: 38013 } }
I20260709 12:14:56.535923 14214 catalog_manager.cc:5697] T 0636c79f2e8b44c78a96c539103dd138 P 5bd35221c4fc4bd19bee16295e5985ac reported cstate change: term changed from 0 to 1, leader changed from <none> to 5bd35221c4fc4bd19bee16295e5985ac (127.13.217.131). New cstate: current_term: 1 leader_uuid: "5bd35221c4fc4bd19bee16295e5985ac" committed_config { opid_index: -1 OBSOLETE_local: false peers { permanent_uuid: "ca0234c774084abea0084818b1b7f8e3" member_type: VOTER last_known_addr { host: "127.13.217.129" port: 39639 } health_report { overall_health: UNKNOWN } } peers { permanent_uuid: "3bf6326f910244fcad972c7e3139f190" member_type: VOTER last_known_addr { host: "127.13.217.130" port: 43927 } health_report { overall_health: UNKNOWN } } peers { permanent_uuid: "5bd35221c4fc4bd19bee16295e5985ac" member_type: VOTER last_known_addr { host: "127.13.217.131" port: 38013 } health_report { overall_health: HEALTHY } } }
I20260709 12:14:56.543272 14509 tablet_bootstrap.cc:492] T e6fbfe89c2a34a478c836ed86f7a37b9 P 5bd35221c4fc4bd19bee16295e5985ac: No bootstrap required, opened a new log
I20260709 12:14:56.546511 14509 ts_tablet_manager.cc:1403] T e6fbfe89c2a34a478c836ed86f7a37b9 P 5bd35221c4fc4bd19bee16295e5985ac: Time spent bootstrapping tablet: real 0.100s	user 0.009s	sys 0.026s
I20260709 12:14:56.550053 14509 raft_consensus.cc:359] T e6fbfe89c2a34a478c836ed86f7a37b9 P 5bd35221c4fc4bd19bee16295e5985ac [term 0 FOLLOWER]: Replica starting. Triggering 0 pending ops. Active config: opid_index: -1 OBSOLETE_local: false peers { permanent_uuid: "ca0234c774084abea0084818b1b7f8e3" member_type: VOTER last_known_addr { host: "127.13.217.129" port: 39639 } } peers { permanent_uuid: "3bf6326f910244fcad972c7e3139f190" member_type: VOTER last_known_addr { host: "127.13.217.130" port: 43927 } } peers { permanent_uuid: "5bd35221c4fc4bd19bee16295e5985ac" member_type: VOTER last_known_addr { host: "127.13.217.131" port: 38013 } }
I20260709 12:14:56.560792 14509 raft_consensus.cc:385] T e6fbfe89c2a34a478c836ed86f7a37b9 P 5bd35221c4fc4bd19bee16295e5985ac [term 0 FOLLOWER]: Consensus starting up: Expiring failure detector timer to make a prompt election more likely
I20260709 12:14:56.561846 14509 raft_consensus.cc:740] T e6fbfe89c2a34a478c836ed86f7a37b9 P 5bd35221c4fc4bd19bee16295e5985ac [term 0 FOLLOWER]: Becoming Follower/Learner. State: Replica: 5bd35221c4fc4bd19bee16295e5985ac, State: Initialized, Role: FOLLOWER
I20260709 12:14:56.561625 14213 catalog_manager.cc:5697] T 01bf5edeeda743c48b5a677f3d6e6866 P ca0234c774084abea0084818b1b7f8e3 reported cstate change: term changed from 0 to 1, leader changed from <none> to ca0234c774084abea0084818b1b7f8e3 (127.13.217.129). New cstate: current_term: 1 leader_uuid: "ca0234c774084abea0084818b1b7f8e3" committed_config { opid_index: -1 OBSOLETE_local: false peers { permanent_uuid: "ca0234c774084abea0084818b1b7f8e3" member_type: VOTER last_known_addr { host: "127.13.217.129" port: 39639 } health_report { overall_health: HEALTHY } } peers { permanent_uuid: "3bf6326f910244fcad972c7e3139f190" member_type: VOTER last_known_addr { host: "127.13.217.130" port: 43927 } health_report { overall_health: UNKNOWN } } peers { permanent_uuid: "5bd35221c4fc4bd19bee16295e5985ac" member_type: VOTER last_known_addr { host: "127.13.217.131" port: 38013 } health_report { overall_health: UNKNOWN } } }
I20260709 12:14:56.563239 14509 consensus_queue.cc:260] T e6fbfe89c2a34a478c836ed86f7a37b9 P 5bd35221c4fc4bd19bee16295e5985ac [NON_LEADER]: Queue going to NON_LEADER mode. State: All replicated index: 0, Majority replicated index: 0, Committed index: 0, Last appended: 0.0, Last appended by leader: 0, Current term: 0, Majority size: -1, State: 0, Mode: NON_LEADER, active raft config: opid_index: -1 OBSOLETE_local: false peers { permanent_uuid: "ca0234c774084abea0084818b1b7f8e3" member_type: VOTER last_known_addr { host: "127.13.217.129" port: 39639 } } peers { permanent_uuid: "3bf6326f910244fcad972c7e3139f190" member_type: VOTER last_known_addr { host: "127.13.217.130" port: 43927 } } peers { permanent_uuid: "5bd35221c4fc4bd19bee16295e5985ac" member_type: VOTER last_known_addr { host: "127.13.217.131" port: 38013 } }
I20260709 12:14:56.567818 14509 ts_tablet_manager.cc:1434] T e6fbfe89c2a34a478c836ed86f7a37b9 P 5bd35221c4fc4bd19bee16295e5985ac: Time spent starting tablet: real 0.020s	user 0.005s	sys 0.000s
I20260709 12:14:56.579337 14511 tablet_bootstrap.cc:492] T 01bf5edeeda743c48b5a677f3d6e6866 P 3bf6326f910244fcad972c7e3139f190: No bootstrap required, opened a new log
I20260709 12:14:56.579774 14511 ts_tablet_manager.cc:1403] T 01bf5edeeda743c48b5a677f3d6e6866 P 3bf6326f910244fcad972c7e3139f190: Time spent bootstrapping tablet: real 0.073s	user 0.016s	sys 0.001s
I20260709 12:14:56.557962 14214 catalog_manager.cc:5697] T 1e09f00c946649d58c6bf2ca5c561d3b P 3bf6326f910244fcad972c7e3139f190 reported cstate change: term changed from 0 to 1, leader changed from <none> to 3bf6326f910244fcad972c7e3139f190 (127.13.217.130). New cstate: current_term: 1 leader_uuid: "3bf6326f910244fcad972c7e3139f190" committed_config { opid_index: -1 OBSOLETE_local: false peers { permanent_uuid: "ca0234c774084abea0084818b1b7f8e3" member_type: VOTER last_known_addr { host: "127.13.217.129" port: 39639 } health_report { overall_health: UNKNOWN } } peers { permanent_uuid: "3bf6326f910244fcad972c7e3139f190" member_type: VOTER last_known_addr { host: "127.13.217.130" port: 43927 } health_report { overall_health: HEALTHY } } peers { permanent_uuid: "5bd35221c4fc4bd19bee16295e5985ac" member_type: VOTER last_known_addr { host: "127.13.217.131" port: 38013 } health_report { overall_health: UNKNOWN } } }
I20260709 12:14:56.582127 14511 raft_consensus.cc:359] T 01bf5edeeda743c48b5a677f3d6e6866 P 3bf6326f910244fcad972c7e3139f190 [term 0 FOLLOWER]: Replica starting. Triggering 0 pending ops. Active config: opid_index: -1 OBSOLETE_local: false peers { permanent_uuid: "ca0234c774084abea0084818b1b7f8e3" member_type: VOTER last_known_addr { host: "127.13.217.129" port: 39639 } } peers { permanent_uuid: "3bf6326f910244fcad972c7e3139f190" member_type: VOTER last_known_addr { host: "127.13.217.130" port: 43927 } } peers { permanent_uuid: "5bd35221c4fc4bd19bee16295e5985ac" member_type: VOTER last_known_addr { host: "127.13.217.131" port: 38013 } }
I20260709 12:14:56.582748 14511 raft_consensus.cc:385] T 01bf5edeeda743c48b5a677f3d6e6866 P 3bf6326f910244fcad972c7e3139f190 [term 0 FOLLOWER]: Consensus starting up: Expiring failure detector timer to make a prompt election more likely
I20260709 12:14:56.582999 14511 raft_consensus.cc:740] T 01bf5edeeda743c48b5a677f3d6e6866 P 3bf6326f910244fcad972c7e3139f190 [term 0 FOLLOWER]: Becoming Follower/Learner. State: Replica: 3bf6326f910244fcad972c7e3139f190, State: Initialized, Role: FOLLOWER
I20260709 12:14:56.583581 14511 consensus_queue.cc:260] T 01bf5edeeda743c48b5a677f3d6e6866 P 3bf6326f910244fcad972c7e3139f190 [NON_LEADER]: Queue going to NON_LEADER mode. State: All replicated index: 0, Majority replicated index: 0, Committed index: 0, Last appended: 0.0, Last appended by leader: 0, Current term: 0, Majority size: -1, State: 0, Mode: NON_LEADER, active raft config: opid_index: -1 OBSOLETE_local: false peers { permanent_uuid: "ca0234c774084abea0084818b1b7f8e3" member_type: VOTER last_known_addr { host: "127.13.217.129" port: 39639 } } peers { permanent_uuid: "3bf6326f910244fcad972c7e3139f190" member_type: VOTER last_known_addr { host: "127.13.217.130" port: 43927 } } peers { permanent_uuid: "5bd35221c4fc4bd19bee16295e5985ac" member_type: VOTER last_known_addr { host: "127.13.217.131" port: 38013 } }
I20260709 12:14:56.585410 14511 ts_tablet_manager.cc:1434] T 01bf5edeeda743c48b5a677f3d6e6866 P 3bf6326f910244fcad972c7e3139f190: Time spent starting tablet: real 0.005s	user 0.007s	sys 0.000s
I20260709 12:14:56.587376 14561 raft_consensus.cc:493] T 0636c79f2e8b44c78a96c539103dd138 P 3bf6326f910244fcad972c7e3139f190 [term 0 FOLLOWER]: Starting pre-election (no leader contacted us within the election timeout)
I20260709 12:14:56.587829 14561 raft_consensus.cc:515] T 0636c79f2e8b44c78a96c539103dd138 P 3bf6326f910244fcad972c7e3139f190 [term 0 FOLLOWER]: Starting pre-election with config: opid_index: -1 OBSOLETE_local: false peers { permanent_uuid: "ca0234c774084abea0084818b1b7f8e3" member_type: VOTER last_known_addr { host: "127.13.217.129" port: 39639 } } peers { permanent_uuid: "3bf6326f910244fcad972c7e3139f190" member_type: VOTER last_known_addr { host: "127.13.217.130" port: 43927 } } peers { permanent_uuid: "5bd35221c4fc4bd19bee16295e5985ac" member_type: VOTER last_known_addr { host: "127.13.217.131" port: 38013 } }
I20260709 12:14:56.590499 14561 leader_election.cc:290] T 0636c79f2e8b44c78a96c539103dd138 P 3bf6326f910244fcad972c7e3139f190 [CANDIDATE]: Term 1 pre-election: Requested pre-vote from peers ca0234c774084abea0084818b1b7f8e3 (127.13.217.129:39639), 5bd35221c4fc4bd19bee16295e5985ac (127.13.217.131:38013)
I20260709 12:14:56.591182 14466 tablet_service.cc:1917] Received RequestConsensusVote() RPC: tablet_id: "0636c79f2e8b44c78a96c539103dd138" candidate_uuid: "3bf6326f910244fcad972c7e3139f190" candidate_term: 1 candidate_status { last_received { term: 0 index: 0 } } ignore_live_leader: false dest_uuid: "5bd35221c4fc4bd19bee16295e5985ac" is_pre_election: true
I20260709 12:14:56.593003 14317 tablet_service.cc:1917] Received RequestConsensusVote() RPC: tablet_id: "0636c79f2e8b44c78a96c539103dd138" candidate_uuid: "3bf6326f910244fcad972c7e3139f190" candidate_term: 1 candidate_status { last_received { term: 0 index: 0 } } ignore_live_leader: false dest_uuid: "ca0234c774084abea0084818b1b7f8e3" is_pre_election: true
I20260709 12:14:56.593711 14317 raft_consensus.cc:2393] T 0636c79f2e8b44c78a96c539103dd138 P ca0234c774084abea0084818b1b7f8e3 [term 1 FOLLOWER]: Leader pre-election vote request: Denying vote to candidate 3bf6326f910244fcad972c7e3139f190 in current term 1: Already voted for candidate 5bd35221c4fc4bd19bee16295e5985ac in this term.
I20260709 12:14:56.594846 14356 leader_election.cc:304] T 0636c79f2e8b44c78a96c539103dd138 P 3bf6326f910244fcad972c7e3139f190 [CANDIDATE]: Term 1 pre-election: Election decided. Result: candidate lost. Election summary: received 3 responses out of 3 voters: 1 yes votes; 2 no votes. yes voters: 3bf6326f910244fcad972c7e3139f190; no voters: 5bd35221c4fc4bd19bee16295e5985ac, ca0234c774084abea0084818b1b7f8e3
I20260709 12:14:56.595556 14561 raft_consensus.cc:3060] T 0636c79f2e8b44c78a96c539103dd138 P 3bf6326f910244fcad972c7e3139f190 [term 0 FOLLOWER]: Advancing to term 1
I20260709 12:14:56.595330 14213 catalog_manager.cc:5697] T e6fbfe89c2a34a478c836ed86f7a37b9 P 3bf6326f910244fcad972c7e3139f190 reported cstate change: term changed from 0 to 1, leader changed from <none> to 3bf6326f910244fcad972c7e3139f190 (127.13.217.130). New cstate: current_term: 1 leader_uuid: "3bf6326f910244fcad972c7e3139f190" committed_config { opid_index: -1 OBSOLETE_local: false peers { permanent_uuid: "ca0234c774084abea0084818b1b7f8e3" member_type: VOTER last_known_addr { host: "127.13.217.129" port: 39639 } health_report { overall_health: UNKNOWN } } peers { permanent_uuid: "3bf6326f910244fcad972c7e3139f190" member_type: VOTER last_known_addr { host: "127.13.217.130" port: 43927 } health_report { overall_health: HEALTHY } } peers { permanent_uuid: "5bd35221c4fc4bd19bee16295e5985ac" member_type: VOTER last_known_addr { host: "127.13.217.131" port: 38013 } health_report { overall_health: UNKNOWN } } }
I20260709 12:14:56.601672 14561 raft_consensus.cc:2749] T 0636c79f2e8b44c78a96c539103dd138 P 3bf6326f910244fcad972c7e3139f190 [term 1 FOLLOWER]: Leader pre-election lost for term 1. Reason: could not achieve majority
I20260709 12:14:56.632814 14545 raft_consensus.cc:493] T 082a7cbc26354eb7892420f577810792 P 5bd35221c4fc4bd19bee16295e5985ac [term 0 FOLLOWER]: Starting pre-election (no leader contacted us within the election timeout)
I20260709 12:14:56.633213 14545 raft_consensus.cc:515] T 082a7cbc26354eb7892420f577810792 P 5bd35221c4fc4bd19bee16295e5985ac [term 0 FOLLOWER]: Starting pre-election with config: opid_index: -1 OBSOLETE_local: false peers { permanent_uuid: "ca0234c774084abea0084818b1b7f8e3" member_type: VOTER last_known_addr { host: "127.13.217.129" port: 39639 } } peers { permanent_uuid: "3bf6326f910244fcad972c7e3139f190" member_type: VOTER last_known_addr { host: "127.13.217.130" port: 43927 } } peers { permanent_uuid: "5bd35221c4fc4bd19bee16295e5985ac" member_type: VOTER last_known_addr { host: "127.13.217.131" port: 38013 } }
I20260709 12:14:56.634840 14545 leader_election.cc:290] T 082a7cbc26354eb7892420f577810792 P 5bd35221c4fc4bd19bee16295e5985ac [CANDIDATE]: Term 1 pre-election: Requested pre-vote from peers ca0234c774084abea0084818b1b7f8e3 (127.13.217.129:39639), 3bf6326f910244fcad972c7e3139f190 (127.13.217.130:43927)
I20260709 12:14:56.635903 14391 tablet_service.cc:1917] Received RequestConsensusVote() RPC: tablet_id: "082a7cbc26354eb7892420f577810792" candidate_uuid: "5bd35221c4fc4bd19bee16295e5985ac" candidate_term: 1 candidate_status { last_received { term: 0 index: 0 } } ignore_live_leader: false dest_uuid: "3bf6326f910244fcad972c7e3139f190" is_pre_election: true
I20260709 12:14:56.636168 14317 tablet_service.cc:1917] Received RequestConsensusVote() RPC: tablet_id: "082a7cbc26354eb7892420f577810792" candidate_uuid: "5bd35221c4fc4bd19bee16295e5985ac" candidate_term: 1 candidate_status { last_received { term: 0 index: 0 } } ignore_live_leader: false dest_uuid: "ca0234c774084abea0084818b1b7f8e3" is_pre_election: true
I20260709 12:14:56.636504 14391 raft_consensus.cc:2393] T 082a7cbc26354eb7892420f577810792 P 3bf6326f910244fcad972c7e3139f190 [term 1 FOLLOWER]: Leader pre-election vote request: Denying vote to candidate 5bd35221c4fc4bd19bee16295e5985ac in current term 1: Already voted for candidate ca0234c774084abea0084818b1b7f8e3 in this term.
I20260709 12:14:56.637537 14430 leader_election.cc:304] T 082a7cbc26354eb7892420f577810792 P 5bd35221c4fc4bd19bee16295e5985ac [CANDIDATE]: Term 1 pre-election: Election decided. Result: candidate lost. Election summary: received 3 responses out of 3 voters: 1 yes votes; 2 no votes. yes voters: 5bd35221c4fc4bd19bee16295e5985ac; no voters: 3bf6326f910244fcad972c7e3139f190, ca0234c774084abea0084818b1b7f8e3
I20260709 12:14:56.638259 14545 raft_consensus.cc:3060] T 082a7cbc26354eb7892420f577810792 P 5bd35221c4fc4bd19bee16295e5985ac [term 0 FOLLOWER]: Advancing to term 1
I20260709 12:14:56.642925 14545 raft_consensus.cc:2749] T 082a7cbc26354eb7892420f577810792 P 5bd35221c4fc4bd19bee16295e5985ac [term 1 FOLLOWER]: Leader pre-election lost for term 1. Reason: could not achieve majority
I20260709 12:14:56.680857 14545 consensus_queue.cc:1048] T ab2dc51412ef449285381e7705cff1e5 P 5bd35221c4fc4bd19bee16295e5985ac [LEADER]: Connected to new peer: Peer: permanent_uuid: "ca0234c774084abea0084818b1b7f8e3" member_type: VOTER last_known_addr { host: "127.13.217.129" port: 39639 }, Status: LMP_MISMATCH, Last received: 0.0, Next index: 1, Last known committed idx: 0, Time since last communication: 0.000s
I20260709 12:14:56.691691 14545 consensus_queue.cc:1048] T ab2dc51412ef449285381e7705cff1e5 P 5bd35221c4fc4bd19bee16295e5985ac [LEADER]: Connected to new peer: Peer: permanent_uuid: "3bf6326f910244fcad972c7e3139f190" member_type: VOTER last_known_addr { host: "127.13.217.130" port: 43927 }, Status: LMP_MISMATCH, Last received: 0.0, Next index: 1, Last known committed idx: 0, Time since last communication: 0.000s
I20260709 12:14:56.757308 14561 raft_consensus.cc:493] T aebee5ca0b2549f4b4af2287a6b3d97b P 3bf6326f910244fcad972c7e3139f190 [term 0 FOLLOWER]: Starting pre-election (no leader contacted us within the election timeout)
I20260709 12:14:56.757717 14561 raft_consensus.cc:515] T aebee5ca0b2549f4b4af2287a6b3d97b P 3bf6326f910244fcad972c7e3139f190 [term 0 FOLLOWER]: Starting pre-election with config: opid_index: -1 OBSOLETE_local: false peers { permanent_uuid: "ca0234c774084abea0084818b1b7f8e3" member_type: VOTER last_known_addr { host: "127.13.217.129" port: 39639 } } peers { permanent_uuid: "3bf6326f910244fcad972c7e3139f190" member_type: VOTER last_known_addr { host: "127.13.217.130" port: 43927 } } peers { permanent_uuid: "5bd35221c4fc4bd19bee16295e5985ac" member_type: VOTER last_known_addr { host: "127.13.217.131" port: 38013 } }
I20260709 12:14:56.759223 14561 leader_election.cc:290] T aebee5ca0b2549f4b4af2287a6b3d97b P 3bf6326f910244fcad972c7e3139f190 [CANDIDATE]: Term 1 pre-election: Requested pre-vote from peers ca0234c774084abea0084818b1b7f8e3 (127.13.217.129:39639), 5bd35221c4fc4bd19bee16295e5985ac (127.13.217.131:38013)
I20260709 12:14:56.760109 14317 tablet_service.cc:1917] Received RequestConsensusVote() RPC: tablet_id: "aebee5ca0b2549f4b4af2287a6b3d97b" candidate_uuid: "3bf6326f910244fcad972c7e3139f190" candidate_term: 1 candidate_status { last_received { term: 0 index: 0 } } ignore_live_leader: false dest_uuid: "ca0234c774084abea0084818b1b7f8e3" is_pre_election: true
I20260709 12:14:56.760286 14466 tablet_service.cc:1917] Received RequestConsensusVote() RPC: tablet_id: "aebee5ca0b2549f4b4af2287a6b3d97b" candidate_uuid: "3bf6326f910244fcad972c7e3139f190" candidate_term: 1 candidate_status { last_received { term: 0 index: 0 } } ignore_live_leader: false dest_uuid: "5bd35221c4fc4bd19bee16295e5985ac" is_pre_election: true
I20260709 12:14:56.760727 14317 raft_consensus.cc:2393] T aebee5ca0b2549f4b4af2287a6b3d97b P ca0234c774084abea0084818b1b7f8e3 [term 1 FOLLOWER]: Leader pre-election vote request: Denying vote to candidate 3bf6326f910244fcad972c7e3139f190 in current term 1: Already voted for candidate 5bd35221c4fc4bd19bee16295e5985ac in this term.
I20260709 12:14:56.761770 14357 leader_election.cc:304] T aebee5ca0b2549f4b4af2287a6b3d97b P 3bf6326f910244fcad972c7e3139f190 [CANDIDATE]: Term 1 pre-election: Election decided. Result: candidate lost. Election summary: received 3 responses out of 3 voters: 1 yes votes; 2 no votes. yes voters: 3bf6326f910244fcad972c7e3139f190; no voters: 5bd35221c4fc4bd19bee16295e5985ac, ca0234c774084abea0084818b1b7f8e3
I20260709 12:14:56.762360 14561 raft_consensus.cc:3060] T aebee5ca0b2549f4b4af2287a6b3d97b P 3bf6326f910244fcad972c7e3139f190 [term 0 FOLLOWER]: Advancing to term 1
I20260709 12:14:56.768596 14561 raft_consensus.cc:2749] T aebee5ca0b2549f4b4af2287a6b3d97b P 3bf6326f910244fcad972c7e3139f190 [term 1 FOLLOWER]: Leader pre-election lost for term 1. Reason: could not achieve majority
I20260709 12:14:56.782481 14545 consensus_queue.cc:1048] T aebee5ca0b2549f4b4af2287a6b3d97b P 5bd35221c4fc4bd19bee16295e5985ac [LEADER]: Connected to new peer: Peer: permanent_uuid: "ca0234c774084abea0084818b1b7f8e3" member_type: VOTER last_known_addr { host: "127.13.217.129" port: 39639 }, Status: LMP_MISMATCH, Last received: 0.0, Next index: 1, Last known committed idx: 0, Time since last communication: 0.000s
I20260709 12:14:56.794632 14545 consensus_queue.cc:1048] T aebee5ca0b2549f4b4af2287a6b3d97b P 5bd35221c4fc4bd19bee16295e5985ac [LEADER]: Connected to new peer: Peer: permanent_uuid: "3bf6326f910244fcad972c7e3139f190" member_type: VOTER last_known_addr { host: "127.13.217.130" port: 43927 }, Status: LMP_MISMATCH, Last received: 0.0, Next index: 1, Last known committed idx: 0, Time since last communication: 0.000s
I20260709 12:14:56.834916 14545 consensus_queue.cc:1048] T 0636c79f2e8b44c78a96c539103dd138 P 5bd35221c4fc4bd19bee16295e5985ac [LEADER]: Connected to new peer: Peer: permanent_uuid: "ca0234c774084abea0084818b1b7f8e3" member_type: VOTER last_known_addr { host: "127.13.217.129" port: 39639 }, Status: LMP_MISMATCH, Last received: 0.0, Next index: 1, Last known committed idx: 0, Time since last communication: 0.000s
I20260709 12:14:56.849582 14545 consensus_queue.cc:1048] T 0636c79f2e8b44c78a96c539103dd138 P 5bd35221c4fc4bd19bee16295e5985ac [LEADER]: Connected to new peer: Peer: permanent_uuid: "3bf6326f910244fcad972c7e3139f190" member_type: VOTER last_known_addr { host: "127.13.217.130" port: 43927 }, Status: LMP_MISMATCH, Last received: 0.0, Next index: 1, Last known committed idx: 0, Time since last communication: 0.000s
I20260709 12:14:56.876613 14466 tablet_service.cc:2072] Received LeaderStepDown RPC: tablet_id: "ab2dc51412ef449285381e7705cff1e5"
dest_uuid: "5bd35221c4fc4bd19bee16295e5985ac"
mode: GRACEFUL
new_leader_uuid: "ca0234c774084abea0084818b1b7f8e3"
 from {username='slave'} at 127.0.0.1:55214
I20260709 12:14:56.877198 14466 raft_consensus.cc:606] T ab2dc51412ef449285381e7705cff1e5 P 5bd35221c4fc4bd19bee16295e5985ac [term 1 LEADER]: Received request to transfer leadership to TS ca0234c774084abea0084818b1b7f8e3
I20260709 12:14:56.894529 14466 tablet_service.cc:2072] Received LeaderStepDown RPC: tablet_id: "aebee5ca0b2549f4b4af2287a6b3d97b"
dest_uuid: "5bd35221c4fc4bd19bee16295e5985ac"
mode: GRACEFUL
new_leader_uuid: "3bf6326f910244fcad972c7e3139f190"
 from {username='slave'} at 127.0.0.1:55214
I20260709 12:14:56.894960 14466 raft_consensus.cc:606] T aebee5ca0b2549f4b4af2287a6b3d97b P 5bd35221c4fc4bd19bee16295e5985ac [term 1 LEADER]: Received request to transfer leadership to TS 3bf6326f910244fcad972c7e3139f190
I20260709 12:14:56.905424 14553 raft_consensus.cc:493] T e6fbfe89c2a34a478c836ed86f7a37b9 P 5bd35221c4fc4bd19bee16295e5985ac [term 0 FOLLOWER]: Starting pre-election (no leader contacted us within the election timeout)
I20260709 12:14:56.905845 14553 raft_consensus.cc:515] T e6fbfe89c2a34a478c836ed86f7a37b9 P 5bd35221c4fc4bd19bee16295e5985ac [term 0 FOLLOWER]: Starting pre-election with config: opid_index: -1 OBSOLETE_local: false peers { permanent_uuid: "ca0234c774084abea0084818b1b7f8e3" member_type: VOTER last_known_addr { host: "127.13.217.129" port: 39639 } } peers { permanent_uuid: "3bf6326f910244fcad972c7e3139f190" member_type: VOTER last_known_addr { host: "127.13.217.130" port: 43927 } } peers { permanent_uuid: "5bd35221c4fc4bd19bee16295e5985ac" member_type: VOTER last_known_addr { host: "127.13.217.131" port: 38013 } }
I20260709 12:14:56.907459 14553 leader_election.cc:290] T e6fbfe89c2a34a478c836ed86f7a37b9 P 5bd35221c4fc4bd19bee16295e5985ac [CANDIDATE]: Term 1 pre-election: Requested pre-vote from peers ca0234c774084abea0084818b1b7f8e3 (127.13.217.129:39639), 3bf6326f910244fcad972c7e3139f190 (127.13.217.130:43927)
I20260709 12:14:56.908072 14317 tablet_service.cc:1917] Received RequestConsensusVote() RPC: tablet_id: "e6fbfe89c2a34a478c836ed86f7a37b9" candidate_uuid: "5bd35221c4fc4bd19bee16295e5985ac" candidate_term: 1 candidate_status { last_received { term: 0 index: 0 } } ignore_live_leader: false dest_uuid: "ca0234c774084abea0084818b1b7f8e3" is_pre_election: true
I20260709 12:14:56.908684 14391 tablet_service.cc:1917] Received RequestConsensusVote() RPC: tablet_id: "e6fbfe89c2a34a478c836ed86f7a37b9" candidate_uuid: "5bd35221c4fc4bd19bee16295e5985ac" candidate_term: 1 candidate_status { last_received { term: 0 index: 0 } } ignore_live_leader: false dest_uuid: "3bf6326f910244fcad972c7e3139f190" is_pre_election: true
I20260709 12:14:56.908876 14317 raft_consensus.cc:2393] T e6fbfe89c2a34a478c836ed86f7a37b9 P ca0234c774084abea0084818b1b7f8e3 [term 1 FOLLOWER]: Leader pre-election vote request: Denying vote to candidate 5bd35221c4fc4bd19bee16295e5985ac in current term 1: Already voted for candidate 3bf6326f910244fcad972c7e3139f190 in this term.
I20260709 12:14:56.910193 14431 leader_election.cc:304] T e6fbfe89c2a34a478c836ed86f7a37b9 P 5bd35221c4fc4bd19bee16295e5985ac [CANDIDATE]: Term 1 pre-election: Election decided. Result: candidate lost. Election summary: received 3 responses out of 3 voters: 1 yes votes; 2 no votes. yes voters: 5bd35221c4fc4bd19bee16295e5985ac; no voters: 3bf6326f910244fcad972c7e3139f190, ca0234c774084abea0084818b1b7f8e3
I20260709 12:14:56.910826 14553 raft_consensus.cc:3060] T e6fbfe89c2a34a478c836ed86f7a37b9 P 5bd35221c4fc4bd19bee16295e5985ac [term 0 FOLLOWER]: Advancing to term 1
I20260709 12:14:56.917416 14553 raft_consensus.cc:2749] T e6fbfe89c2a34a478c836ed86f7a37b9 P 5bd35221c4fc4bd19bee16295e5985ac [term 1 FOLLOWER]: Leader pre-election lost for term 1. Reason: could not achieve majority
I20260709 12:14:56.919262 14561 consensus_queue.cc:1048] T eca6c8cdaf6443be90af85c7b03b6899 P 3bf6326f910244fcad972c7e3139f190 [LEADER]: Connected to new peer: Peer: permanent_uuid: "5bd35221c4fc4bd19bee16295e5985ac" member_type: VOTER last_known_addr { host: "127.13.217.131" port: 38013 }, Status: LMP_MISMATCH, Last received: 0.0, Next index: 1, Last known committed idx: 0, Time since last communication: 0.000s
I20260709 12:14:56.928894 14317 raft_consensus.cc:3060] T eca6c8cdaf6443be90af85c7b03b6899 P ca0234c774084abea0084818b1b7f8e3 [term 0 FOLLOWER]: Advancing to term 1
I20260709 12:14:56.931813 14516 consensus_queue.cc:1048] T 082a7cbc26354eb7892420f577810792 P ca0234c774084abea0084818b1b7f8e3 [LEADER]: Connected to new peer: Peer: permanent_uuid: "3bf6326f910244fcad972c7e3139f190" member_type: VOTER last_known_addr { host: "127.13.217.130" port: 43927 }, Status: LMP_MISMATCH, Last received: 0.0, Next index: 1, Last known committed idx: 0, Time since last communication: 0.000s
I20260709 12:14:56.949151 14549 consensus_queue.cc:1048] T eca6c8cdaf6443be90af85c7b03b6899 P 3bf6326f910244fcad972c7e3139f190 [LEADER]: Connected to new peer: Peer: permanent_uuid: "ca0234c774084abea0084818b1b7f8e3" member_type: VOTER last_known_addr { host: "127.13.217.129" port: 39639 }, Status: LMP_MISMATCH, Last received: 0.0, Next index: 1, Last known committed idx: 0, Time since last communication: 0.001s
I20260709 12:14:56.952914 14539 consensus_queue.cc:1048] T 082a7cbc26354eb7892420f577810792 P ca0234c774084abea0084818b1b7f8e3 [LEADER]: Connected to new peer: Peer: permanent_uuid: "5bd35221c4fc4bd19bee16295e5985ac" member_type: VOTER last_known_addr { host: "127.13.217.131" port: 38013 }, Status: LMP_MISMATCH, Last received: 0.0, Next index: 1, Last known committed idx: 0, Time since last communication: 0.000s
I20260709 12:14:57.005131 14537 consensus_queue.cc:1048] T 01bf5edeeda743c48b5a677f3d6e6866 P ca0234c774084abea0084818b1b7f8e3 [LEADER]: Connected to new peer: Peer: permanent_uuid: "5bd35221c4fc4bd19bee16295e5985ac" member_type: VOTER last_known_addr { host: "127.13.217.131" port: 38013 }, Status: LMP_MISMATCH, Last received: 0.0, Next index: 1, Last known committed idx: 0, Time since last communication: 0.000s
I20260709 12:14:57.013957 14391 raft_consensus.cc:3060] T 01bf5edeeda743c48b5a677f3d6e6866 P 3bf6326f910244fcad972c7e3139f190 [term 0 FOLLOWER]: Advancing to term 1
I20260709 12:14:57.023316 14540 consensus_queue.cc:1048] T 01bf5edeeda743c48b5a677f3d6e6866 P ca0234c774084abea0084818b1b7f8e3 [LEADER]: Connected to new peer: Peer: permanent_uuid: "3bf6326f910244fcad972c7e3139f190" member_type: VOTER last_known_addr { host: "127.13.217.130" port: 43927 }, Status: LMP_MISMATCH, Last received: 0.0, Next index: 1, Last known committed idx: 0, Time since last communication: 0.000s
I20260709 12:14:57.105276 14549 consensus_queue.cc:1048] T e6fbfe89c2a34a478c836ed86f7a37b9 P 3bf6326f910244fcad972c7e3139f190 [LEADER]: Connected to new peer: Peer: permanent_uuid: "ca0234c774084abea0084818b1b7f8e3" member_type: VOTER last_known_addr { host: "127.13.217.129" port: 39639 }, Status: LMP_MISMATCH, Last received: 0.0, Next index: 1, Last known committed idx: 0, Time since last communication: 0.000s
I20260709 12:14:57.116344 14561 consensus_queue.cc:1048] T e6fbfe89c2a34a478c836ed86f7a37b9 P 3bf6326f910244fcad972c7e3139f190 [LEADER]: Connected to new peer: Peer: permanent_uuid: "5bd35221c4fc4bd19bee16295e5985ac" member_type: VOTER last_known_addr { host: "127.13.217.131" port: 38013 }, Status: LMP_MISMATCH, Last received: 0.0, Next index: 1, Last known committed idx: 0, Time since last communication: 0.000s
I20260709 12:14:57.127650 14561 consensus_queue.cc:1048] T 1e09f00c946649d58c6bf2ca5c561d3b P 3bf6326f910244fcad972c7e3139f190 [LEADER]: Connected to new peer: Peer: permanent_uuid: "5bd35221c4fc4bd19bee16295e5985ac" member_type: VOTER last_known_addr { host: "127.13.217.131" port: 38013 }, Status: LMP_MISMATCH, Last received: 0.0, Next index: 1, Last known committed idx: 0, Time since last communication: 0.000s
I20260709 12:14:57.129220 14561 consensus_queue.cc:1048] T 1e09f00c946649d58c6bf2ca5c561d3b P 3bf6326f910244fcad972c7e3139f190 [LEADER]: Connected to new peer: Peer: permanent_uuid: "ca0234c774084abea0084818b1b7f8e3" member_type: VOTER last_known_addr { host: "127.13.217.129" port: 39639 }, Status: LMP_MISMATCH, Last received: 0.0, Next index: 1, Last known committed idx: 0, Time since last communication: 0.000s
I20260709 12:14:57.252458 14545 raft_consensus.cc:993] T ab2dc51412ef449285381e7705cff1e5 P 5bd35221c4fc4bd19bee16295e5985ac: : Instructing follower ca0234c774084abea0084818b1b7f8e3 to start an election
I20260709 12:14:57.252897 14553 raft_consensus.cc:1081] T ab2dc51412ef449285381e7705cff1e5 P 5bd35221c4fc4bd19bee16295e5985ac [term 1 LEADER]: Signalling peer ca0234c774084abea0084818b1b7f8e3 to start an election
I20260709 12:14:57.254526 14317 tablet_service.cc:2044] Received Run Leader Election RPC: tablet_id: "ab2dc51412ef449285381e7705cff1e5"
dest_uuid: "ca0234c774084abea0084818b1b7f8e3"
 from {username='slave'} at 127.0.0.1:55058
I20260709 12:14:57.254998 14317 raft_consensus.cc:493] T ab2dc51412ef449285381e7705cff1e5 P ca0234c774084abea0084818b1b7f8e3 [term 1 FOLLOWER]: Starting forced leader election (received explicit request)
I20260709 12:14:57.255358 14317 raft_consensus.cc:3060] T ab2dc51412ef449285381e7705cff1e5 P ca0234c774084abea0084818b1b7f8e3 [term 1 FOLLOWER]: Advancing to term 2
I20260709 12:14:57.259642 14317 raft_consensus.cc:515] T ab2dc51412ef449285381e7705cff1e5 P ca0234c774084abea0084818b1b7f8e3 [term 2 FOLLOWER]: Starting forced leader election with config: opid_index: -1 OBSOLETE_local: false peers { permanent_uuid: "5bd35221c4fc4bd19bee16295e5985ac" member_type: VOTER last_known_addr { host: "127.13.217.131" port: 38013 } } peers { permanent_uuid: "ca0234c774084abea0084818b1b7f8e3" member_type: VOTER last_known_addr { host: "127.13.217.129" port: 39639 } } peers { permanent_uuid: "3bf6326f910244fcad972c7e3139f190" member_type: VOTER last_known_addr { host: "127.13.217.130" port: 43927 } }
I20260709 12:14:57.261111 14317 leader_election.cc:290] T ab2dc51412ef449285381e7705cff1e5 P ca0234c774084abea0084818b1b7f8e3 [CANDIDATE]: Term 2 election: Requested vote from peers 5bd35221c4fc4bd19bee16295e5985ac (127.13.217.131:38013), 3bf6326f910244fcad972c7e3139f190 (127.13.217.130:43927)
I20260709 12:14:57.261860 14464 tablet_service.cc:1917] Received RequestConsensusVote() RPC: tablet_id: "ab2dc51412ef449285381e7705cff1e5" candidate_uuid: "ca0234c774084abea0084818b1b7f8e3" candidate_term: 2 candidate_status { last_received { term: 1 index: 1 } } ignore_live_leader: true dest_uuid: "5bd35221c4fc4bd19bee16295e5985ac"
I20260709 12:14:57.262257 14391 tablet_service.cc:1917] Received RequestConsensusVote() RPC: tablet_id: "ab2dc51412ef449285381e7705cff1e5" candidate_uuid: "ca0234c774084abea0084818b1b7f8e3" candidate_term: 2 candidate_status { last_received { term: 1 index: 1 } } ignore_live_leader: true dest_uuid: "3bf6326f910244fcad972c7e3139f190"
I20260709 12:14:57.262409 14464 raft_consensus.cc:3055] T ab2dc51412ef449285381e7705cff1e5 P 5bd35221c4fc4bd19bee16295e5985ac [term 1 LEADER]: Stepping down as leader of term 1
I20260709 12:14:57.262729 14464 raft_consensus.cc:740] T ab2dc51412ef449285381e7705cff1e5 P 5bd35221c4fc4bd19bee16295e5985ac [term 1 LEADER]: Becoming Follower/Learner. State: Replica: 5bd35221c4fc4bd19bee16295e5985ac, State: Running, Role: LEADER
I20260709 12:14:57.262784 14391 raft_consensus.cc:3060] T ab2dc51412ef449285381e7705cff1e5 P 3bf6326f910244fcad972c7e3139f190 [term 1 FOLLOWER]: Advancing to term 2
I20260709 12:14:57.266848 14391 raft_consensus.cc:2468] T ab2dc51412ef449285381e7705cff1e5 P 3bf6326f910244fcad972c7e3139f190 [term 2 FOLLOWER]: Leader election vote request: Granting yes vote for candidate ca0234c774084abea0084818b1b7f8e3 in term 2.
I20260709 12:14:57.267750 14282 leader_election.cc:304] T ab2dc51412ef449285381e7705cff1e5 P ca0234c774084abea0084818b1b7f8e3 [CANDIDATE]: Term 2 election: Election decided. Result: candidate won. Election summary: received 2 responses out of 3 voters: 2 yes votes; 0 no votes. yes voters: 3bf6326f910244fcad972c7e3139f190, ca0234c774084abea0084818b1b7f8e3; no voters: 
I20260709 12:14:57.267673 14464 consensus_queue.cc:260] T ab2dc51412ef449285381e7705cff1e5 P 5bd35221c4fc4bd19bee16295e5985ac [NON_LEADER]: Queue going to NON_LEADER mode. State: All replicated index: 0, Majority replicated index: 1, Committed index: 1, Last appended: 1.1, Last appended by leader: 1, Current term: 1, Majority size: -1, State: 0, Mode: NON_LEADER, active raft config: opid_index: -1 OBSOLETE_local: false peers { permanent_uuid: "5bd35221c4fc4bd19bee16295e5985ac" member_type: VOTER last_known_addr { host: "127.13.217.131" port: 38013 } } peers { permanent_uuid: "ca0234c774084abea0084818b1b7f8e3" member_type: VOTER last_known_addr { host: "127.13.217.129" port: 39639 } } peers { permanent_uuid: "3bf6326f910244fcad972c7e3139f190" member_type: VOTER last_known_addr { host: "127.13.217.130" port: 43927 } }
I20260709 12:14:57.268409 14540 raft_consensus.cc:2804] T ab2dc51412ef449285381e7705cff1e5 P ca0234c774084abea0084818b1b7f8e3 [term 2 FOLLOWER]: Leader election won for term 2
I20260709 12:14:57.268827 14540 raft_consensus.cc:697] T ab2dc51412ef449285381e7705cff1e5 P ca0234c774084abea0084818b1b7f8e3 [term 2 LEADER]: Becoming Leader. State: Replica: ca0234c774084abea0084818b1b7f8e3, State: Running, Role: LEADER
I20260709 12:14:57.269047 14464 raft_consensus.cc:3060] T ab2dc51412ef449285381e7705cff1e5 P 5bd35221c4fc4bd19bee16295e5985ac [term 1 FOLLOWER]: Advancing to term 2
I20260709 12:14:57.269588 14540 consensus_queue.cc:237] T ab2dc51412ef449285381e7705cff1e5 P ca0234c774084abea0084818b1b7f8e3 [LEADER]: Queue going to LEADER mode. State: All replicated index: 0, Majority replicated index: 1, Committed index: 1, Last appended: 1.1, Last appended by leader: 1, Current term: 2, Majority size: 2, State: 0, Mode: LEADER, active raft config: opid_index: -1 OBSOLETE_local: false peers { permanent_uuid: "5bd35221c4fc4bd19bee16295e5985ac" member_type: VOTER last_known_addr { host: "127.13.217.131" port: 38013 } } peers { permanent_uuid: "ca0234c774084abea0084818b1b7f8e3" member_type: VOTER last_known_addr { host: "127.13.217.129" port: 39639 } } peers { permanent_uuid: "3bf6326f910244fcad972c7e3139f190" member_type: VOTER last_known_addr { host: "127.13.217.130" port: 43927 } }
I20260709 12:14:57.276119 14464 raft_consensus.cc:2468] T ab2dc51412ef449285381e7705cff1e5 P 5bd35221c4fc4bd19bee16295e5985ac [term 2 FOLLOWER]: Leader election vote request: Granting yes vote for candidate ca0234c774084abea0084818b1b7f8e3 in term 2.
I20260709 12:14:57.277238 14212 catalog_manager.cc:5697] T ab2dc51412ef449285381e7705cff1e5 P ca0234c774084abea0084818b1b7f8e3 reported cstate change: term changed from 1 to 2, leader changed from 5bd35221c4fc4bd19bee16295e5985ac (127.13.217.131) to ca0234c774084abea0084818b1b7f8e3 (127.13.217.129). New cstate: current_term: 2 leader_uuid: "ca0234c774084abea0084818b1b7f8e3" committed_config { opid_index: -1 OBSOLETE_local: false peers { permanent_uuid: "5bd35221c4fc4bd19bee16295e5985ac" member_type: VOTER last_known_addr { host: "127.13.217.131" port: 38013 } health_report { overall_health: UNKNOWN } } peers { permanent_uuid: "ca0234c774084abea0084818b1b7f8e3" member_type: VOTER last_known_addr { host: "127.13.217.129" port: 39639 } health_report { overall_health: HEALTHY } } peers { permanent_uuid: "3bf6326f910244fcad972c7e3139f190" member_type: VOTER last_known_addr { host: "127.13.217.130" port: 43927 } health_report { overall_health: UNKNOWN } } }
I20260709 12:14:57.300030 14550 raft_consensus.cc:993] T aebee5ca0b2549f4b4af2287a6b3d97b P 5bd35221c4fc4bd19bee16295e5985ac: : Instructing follower 3bf6326f910244fcad972c7e3139f190 to start an election
I20260709 12:14:57.300449 14550 raft_consensus.cc:1081] T aebee5ca0b2549f4b4af2287a6b3d97b P 5bd35221c4fc4bd19bee16295e5985ac [term 1 LEADER]: Signalling peer 3bf6326f910244fcad972c7e3139f190 to start an election
I20260709 12:14:57.301831 14391 tablet_service.cc:2044] Received Run Leader Election RPC: tablet_id: "aebee5ca0b2549f4b4af2287a6b3d97b"
dest_uuid: "3bf6326f910244fcad972c7e3139f190"
 from {username='slave'} at 127.0.0.1:39814
I20260709 12:14:57.302321 14391 raft_consensus.cc:493] T aebee5ca0b2549f4b4af2287a6b3d97b P 3bf6326f910244fcad972c7e3139f190 [term 1 FOLLOWER]: Starting forced leader election (received explicit request)
I20260709 12:14:57.302601 14391 raft_consensus.cc:3060] T aebee5ca0b2549f4b4af2287a6b3d97b P 3bf6326f910244fcad972c7e3139f190 [term 1 FOLLOWER]: Advancing to term 2
I20260709 12:14:57.307150 14391 raft_consensus.cc:515] T aebee5ca0b2549f4b4af2287a6b3d97b P 3bf6326f910244fcad972c7e3139f190 [term 2 FOLLOWER]: Starting forced leader election with config: opid_index: -1 OBSOLETE_local: false peers { permanent_uuid: "ca0234c774084abea0084818b1b7f8e3" member_type: VOTER last_known_addr { host: "127.13.217.129" port: 39639 } } peers { permanent_uuid: "3bf6326f910244fcad972c7e3139f190" member_type: VOTER last_known_addr { host: "127.13.217.130" port: 43927 } } peers { permanent_uuid: "5bd35221c4fc4bd19bee16295e5985ac" member_type: VOTER last_known_addr { host: "127.13.217.131" port: 38013 } }
I20260709 12:14:57.309106 14391 leader_election.cc:290] T aebee5ca0b2549f4b4af2287a6b3d97b P 3bf6326f910244fcad972c7e3139f190 [CANDIDATE]: Term 2 election: Requested vote from peers ca0234c774084abea0084818b1b7f8e3 (127.13.217.129:39639), 5bd35221c4fc4bd19bee16295e5985ac (127.13.217.131:38013)
I20260709 12:14:57.309401 14317 tablet_service.cc:1917] Received RequestConsensusVote() RPC: tablet_id: "aebee5ca0b2549f4b4af2287a6b3d97b" candidate_uuid: "3bf6326f910244fcad972c7e3139f190" candidate_term: 2 candidate_status { last_received { term: 1 index: 1 } } ignore_live_leader: true dest_uuid: "ca0234c774084abea0084818b1b7f8e3"
I20260709 12:14:57.309942 14317 raft_consensus.cc:3060] T aebee5ca0b2549f4b4af2287a6b3d97b P ca0234c774084abea0084818b1b7f8e3 [term 1 FOLLOWER]: Advancing to term 2
I20260709 12:14:57.313002 14464 tablet_service.cc:1917] Received RequestConsensusVote() RPC: tablet_id: "aebee5ca0b2549f4b4af2287a6b3d97b" candidate_uuid: "3bf6326f910244fcad972c7e3139f190" candidate_term: 2 candidate_status { last_received { term: 1 index: 1 } } ignore_live_leader: true dest_uuid: "5bd35221c4fc4bd19bee16295e5985ac"
I20260709 12:14:57.313503 14464 raft_consensus.cc:3055] T aebee5ca0b2549f4b4af2287a6b3d97b P 5bd35221c4fc4bd19bee16295e5985ac [term 1 LEADER]: Stepping down as leader of term 1
I20260709 12:14:57.313750 14464 raft_consensus.cc:740] T aebee5ca0b2549f4b4af2287a6b3d97b P 5bd35221c4fc4bd19bee16295e5985ac [term 1 LEADER]: Becoming Follower/Learner. State: Replica: 5bd35221c4fc4bd19bee16295e5985ac, State: Running, Role: LEADER
I20260709 12:14:57.314520 14464 consensus_queue.cc:260] T aebee5ca0b2549f4b4af2287a6b3d97b P 5bd35221c4fc4bd19bee16295e5985ac [NON_LEADER]: Queue going to NON_LEADER mode. State: All replicated index: 0, Majority replicated index: 1, Committed index: 1, Last appended: 1.1, Last appended by leader: 1, Current term: 1, Majority size: -1, State: 0, Mode: NON_LEADER, active raft config: opid_index: -1 OBSOLETE_local: false peers { permanent_uuid: "ca0234c774084abea0084818b1b7f8e3" member_type: VOTER last_known_addr { host: "127.13.217.129" port: 39639 } } peers { permanent_uuid: "3bf6326f910244fcad972c7e3139f190" member_type: VOTER last_known_addr { host: "127.13.217.130" port: 43927 } } peers { permanent_uuid: "5bd35221c4fc4bd19bee16295e5985ac" member_type: VOTER last_known_addr { host: "127.13.217.131" port: 38013 } }
I20260709 12:14:57.315763 14464 raft_consensus.cc:3060] T aebee5ca0b2549f4b4af2287a6b3d97b P 5bd35221c4fc4bd19bee16295e5985ac [term 1 FOLLOWER]: Advancing to term 2
I20260709 12:14:57.317202 14317 raft_consensus.cc:2468] T aebee5ca0b2549f4b4af2287a6b3d97b P ca0234c774084abea0084818b1b7f8e3 [term 2 FOLLOWER]: Leader election vote request: Granting yes vote for candidate 3bf6326f910244fcad972c7e3139f190 in term 2.
I20260709 12:14:57.318593 14356 leader_election.cc:304] T aebee5ca0b2549f4b4af2287a6b3d97b P 3bf6326f910244fcad972c7e3139f190 [CANDIDATE]: Term 2 election: Election decided. Result: candidate won. Election summary: received 2 responses out of 3 voters: 2 yes votes; 0 no votes. yes voters: 3bf6326f910244fcad972c7e3139f190, ca0234c774084abea0084818b1b7f8e3; no voters: 
I20260709 12:14:57.319339 14561 raft_consensus.cc:2804] T aebee5ca0b2549f4b4af2287a6b3d97b P 3bf6326f910244fcad972c7e3139f190 [term 2 FOLLOWER]: Leader election won for term 2
I20260709 12:14:57.319806 14561 raft_consensus.cc:697] T aebee5ca0b2549f4b4af2287a6b3d97b P 3bf6326f910244fcad972c7e3139f190 [term 2 LEADER]: Becoming Leader. State: Replica: 3bf6326f910244fcad972c7e3139f190, State: Running, Role: LEADER
