I20260709 12:15:41.916764 20267 tablet_service.cc:1917] Received RequestConsensusVote() RPC: tablet_id: "4110e8e8bdd84ccc9d9d63ac3adc8a2a" candidate_uuid: "d7a99fbbb5ad418985006dd5c85affc3" candidate_term: 1 candidate_status { last_received { term: 0 index: 0 } } ignore_live_leader: false dest_uuid: "201fc5765c4345438aeb8a6f67b39cc0" is_pre_election: true
I20260709 12:15:41.917400 20267 raft_consensus.cc:2468] T 4110e8e8bdd84ccc9d9d63ac3adc8a2a P 201fc5765c4345438aeb8a6f67b39cc0 [term 0 FOLLOWER]: Leader pre-election vote request: Granting yes vote for candidate d7a99fbbb5ad418985006dd5c85affc3 in term 0.
I20260709 12:15:41.918118 20193 tablet_service.cc:1917] Received RequestConsensusVote() RPC: tablet_id: "4110e8e8bdd84ccc9d9d63ac3adc8a2a" candidate_uuid: "d7a99fbbb5ad418985006dd5c85affc3" candidate_term: 1 candidate_status { last_received { term: 0 index: 0 } } ignore_live_leader: false dest_uuid: "2a7a4ba0d4d04c7f87687d5095fce414" is_pre_election: true
I20260709 12:15:41.920140 20193 raft_consensus.cc:2468] T 4110e8e8bdd84ccc9d9d63ac3adc8a2a P 2a7a4ba0d4d04c7f87687d5095fce414 [term 0 FOLLOWER]: Leader pre-election vote request: Granting yes vote for candidate d7a99fbbb5ad418985006dd5c85affc3 in term 0.
I20260709 12:15:41.922392 20445 raft_consensus.cc:515] T 9b1491243c62489299ffc6cb9d0a799c P 201fc5765c4345438aeb8a6f67b39cc0 [term 1 FOLLOWER]: Starting leader election with config: opid_index: -1 OBSOLETE_local: false peers { permanent_uuid: "2a7a4ba0d4d04c7f87687d5095fce414" member_type: VOTER last_known_addr { host: "127.18.153.193" port: 34701 } } peers { permanent_uuid: "201fc5765c4345438aeb8a6f67b39cc0" member_type: VOTER last_known_addr { host: "127.18.153.194" port: 36307 } } peers { permanent_uuid: "d7a99fbbb5ad418985006dd5c85affc3" member_type: VOTER last_known_addr { host: "127.18.153.195" port: 39287 } }
I20260709 12:15:41.919498 20308 leader_election.cc:304] T 4110e8e8bdd84ccc9d9d63ac3adc8a2a P d7a99fbbb5ad418985006dd5c85affc3 [CANDIDATE]: Term 1 pre-election: Election decided. Result: candidate won. Election summary: received 2 responses out of 3 voters: 2 yes votes; 0 no votes. yes voters: 201fc5765c4345438aeb8a6f67b39cc0, d7a99fbbb5ad418985006dd5c85affc3; no voters: 
I20260709 12:15:41.924306 20445 leader_election.cc:290] T 9b1491243c62489299ffc6cb9d0a799c P 201fc5765c4345438aeb8a6f67b39cc0 [CANDIDATE]: Term 1 election: Requested vote from peers 2a7a4ba0d4d04c7f87687d5095fce414 (127.18.153.193:34701), d7a99fbbb5ad418985006dd5c85affc3 (127.18.153.195:39287)
I20260709 12:15:41.927413 20344 tablet_service.cc:1917] Received RequestConsensusVote() RPC: tablet_id: "9b1491243c62489299ffc6cb9d0a799c" candidate_uuid: "201fc5765c4345438aeb8a6f67b39cc0" candidate_term: 1 candidate_status { last_received { term: 0 index: 0 } } ignore_live_leader: false dest_uuid: "d7a99fbbb5ad418985006dd5c85affc3"
W20260709 12:15:41.931232 20235 leader_election.cc:343] T 9b1491243c62489299ffc6cb9d0a799c P 201fc5765c4345438aeb8a6f67b39cc0 [CANDIDATE]: Term 1 election: Tablet error from VoteRequest() call to peer d7a99fbbb5ad418985006dd5c85affc3 (127.18.153.195:39287): Illegal state: must be running to vote when last-logged opid is not known
I20260709 12:15:41.932201 20419 raft_consensus.cc:2804] T 4110e8e8bdd84ccc9d9d63ac3adc8a2a P d7a99fbbb5ad418985006dd5c85affc3 [term 0 FOLLOWER]: Leader pre-election won for term 1
I20260709 12:15:41.934002 20419 raft_consensus.cc:493] T 4110e8e8bdd84ccc9d9d63ac3adc8a2a P d7a99fbbb5ad418985006dd5c85affc3 [term 0 FOLLOWER]: Starting leader election (no leader contacted us within the election timeout)
I20260709 12:15:41.934428 20419 raft_consensus.cc:3060] T 4110e8e8bdd84ccc9d9d63ac3adc8a2a P d7a99fbbb5ad418985006dd5c85affc3 [term 0 FOLLOWER]: Advancing to term 1
I20260709 12:15:41.935039 20193 tablet_service.cc:1917] Received RequestConsensusVote() RPC: tablet_id: "9b1491243c62489299ffc6cb9d0a799c" candidate_uuid: "201fc5765c4345438aeb8a6f67b39cc0" candidate_term: 1 candidate_status { last_received { term: 0 index: 0 } } ignore_live_leader: false dest_uuid: "2a7a4ba0d4d04c7f87687d5095fce414"
I20260709 12:15:41.941670 20193 raft_consensus.cc:3060] T 9b1491243c62489299ffc6cb9d0a799c P 2a7a4ba0d4d04c7f87687d5095fce414 [term 0 FOLLOWER]: Advancing to term 1
I20260709 12:15:41.948962 20193 raft_consensus.cc:2468] T 9b1491243c62489299ffc6cb9d0a799c P 2a7a4ba0d4d04c7f87687d5095fce414 [term 1 FOLLOWER]: Leader election vote request: Granting yes vote for candidate 201fc5765c4345438aeb8a6f67b39cc0 in term 1.
I20260709 12:15:41.950094 20309 leader_election.cc:304] T 6fab677dc9394388a35c38f396403ead P d7a99fbbb5ad418985006dd5c85affc3 [CANDIDATE]: Term 1 election: Election decided. Result: candidate won. Election summary: received 2 responses out of 3 voters: 2 yes votes; 0 no votes. yes voters: 2a7a4ba0d4d04c7f87687d5095fce414, d7a99fbbb5ad418985006dd5c85affc3; no voters: 
I20260709 12:15:41.950765 20519 raft_consensus.cc:493] T 7a6a88e8bbed445eb8a0e058e47a68e6 P d7a99fbbb5ad418985006dd5c85affc3 [term 0 FOLLOWER]: Starting pre-election (no leader contacted us within the election timeout)
W20260709 12:15:41.958009 20142 auto_rebalancer.cc:288] Could not retrieve cluster info: Service unavailable: Tablet not running
I20260709 12:15:41.954704 20387 tablet_bootstrap.cc:492] T 7f4f1c3469094e52ad1fb0588179e119 P 2a7a4ba0d4d04c7f87687d5095fce414: No bootstrap required, opened a new log
I20260709 12:15:41.958539 20416 raft_consensus.cc:2804] T 6fab677dc9394388a35c38f396403ead P d7a99fbbb5ad418985006dd5c85affc3 [term 1 FOLLOWER]: Leader election won for term 1
I20260709 12:15:41.955475 20385 tablet_bootstrap.cc:492] T 3c81a49fd91440eaa496f27dcc700f7b P d7a99fbbb5ad418985006dd5c85affc3: No bootstrap required, opened a new log
I20260709 12:15:41.955178 20386 tablet_bootstrap.cc:654] T ca6c12b511694eb0a48bc360a05e4481 P 201fc5765c4345438aeb8a6f67b39cc0: Neither blocks nor log segments found. Creating new log.
I20260709 12:15:41.915753 20517 leader_election.cc:290] T 6fab677dc9394388a35c38f396403ead P d7a99fbbb5ad418985006dd5c85affc3 [CANDIDATE]: Term 1 election: Requested vote from peers 2a7a4ba0d4d04c7f87687d5095fce414 (127.18.153.193:34701), 201fc5765c4345438aeb8a6f67b39cc0 (127.18.153.194:36307)
I20260709 12:15:41.958316 20519 raft_consensus.cc:515] T 7a6a88e8bbed445eb8a0e058e47a68e6 P d7a99fbbb5ad418985006dd5c85affc3 [term 0 FOLLOWER]: Starting pre-election with config: opid_index: -1 OBSOLETE_local: false peers { permanent_uuid: "2a7a4ba0d4d04c7f87687d5095fce414" member_type: VOTER last_known_addr { host: "127.18.153.193" port: 34701 } } peers { permanent_uuid: "201fc5765c4345438aeb8a6f67b39cc0" member_type: VOTER last_known_addr { host: "127.18.153.194" port: 36307 } } peers { permanent_uuid: "d7a99fbbb5ad418985006dd5c85affc3" member_type: VOTER last_known_addr { host: "127.18.153.195" port: 39287 } }
I20260709 12:15:41.958981 20387 ts_tablet_manager.cc:1403] T 7f4f1c3469094e52ad1fb0588179e119 P 2a7a4ba0d4d04c7f87687d5095fce414: Time spent bootstrapping tablet: real 0.132s	user 0.027s	sys 0.099s
I20260709 12:15:41.958894 20235 leader_election.cc:304] T 9b1491243c62489299ffc6cb9d0a799c P 201fc5765c4345438aeb8a6f67b39cc0 [CANDIDATE]: Term 1 election: Election decided. Result: candidate won. Election summary: received 3 responses out of 3 voters: 2 yes votes; 1 no votes. yes voters: 201fc5765c4345438aeb8a6f67b39cc0, 2a7a4ba0d4d04c7f87687d5095fce414; no voters: d7a99fbbb5ad418985006dd5c85affc3
I20260709 12:15:41.959050 20416 raft_consensus.cc:697] T 6fab677dc9394388a35c38f396403ead P d7a99fbbb5ad418985006dd5c85affc3 [term 1 LEADER]: Becoming Leader. State: Replica: d7a99fbbb5ad418985006dd5c85affc3, State: Running, Role: LEADER
I20260709 12:15:41.959178 20385 ts_tablet_manager.cc:1403] T 3c81a49fd91440eaa496f27dcc700f7b P d7a99fbbb5ad418985006dd5c85affc3: Time spent bootstrapping tablet: real 0.133s	user 0.057s	sys 0.072s
I20260709 12:15:41.960276 20445 raft_consensus.cc:2804] T 9b1491243c62489299ffc6cb9d0a799c P 201fc5765c4345438aeb8a6f67b39cc0 [term 1 FOLLOWER]: Leader election won for term 1
I20260709 12:15:41.961623 20445 raft_consensus.cc:697] T 9b1491243c62489299ffc6cb9d0a799c P 201fc5765c4345438aeb8a6f67b39cc0 [term 1 LEADER]: Becoming Leader. State: Replica: 201fc5765c4345438aeb8a6f67b39cc0, State: Running, Role: LEADER
I20260709 12:15:41.957695 20269 raft_consensus.cc:2468] T 6fab677dc9394388a35c38f396403ead P 201fc5765c4345438aeb8a6f67b39cc0 [term 1 FOLLOWER]: Leader election vote request: Granting yes vote for candidate d7a99fbbb5ad418985006dd5c85affc3 in term 1.
I20260709 12:15:41.962083 20387 raft_consensus.cc:359] T 7f4f1c3469094e52ad1fb0588179e119 P 2a7a4ba0d4d04c7f87687d5095fce414 [term 0 FOLLOWER]: Replica starting. Triggering 0 pending ops. Active config: opid_index: -1 OBSOLETE_local: false peers { permanent_uuid: "2a7a4ba0d4d04c7f87687d5095fce414" member_type: VOTER last_known_addr { host: "127.18.153.193" port: 34701 } } peers { permanent_uuid: "201fc5765c4345438aeb8a6f67b39cc0" member_type: VOTER last_known_addr { host: "127.18.153.194" port: 36307 } } peers { permanent_uuid: "d7a99fbbb5ad418985006dd5c85affc3" member_type: VOTER last_known_addr { host: "127.18.153.195" port: 39287 } }
I20260709 12:15:41.962697 20387 raft_consensus.cc:385] T 7f4f1c3469094e52ad1fb0588179e119 P 2a7a4ba0d4d04c7f87687d5095fce414 [term 0 FOLLOWER]: Consensus starting up: Expiring failure detector timer to make a prompt election more likely
I20260709 12:15:41.962383 20445 consensus_queue.cc:237] T 9b1491243c62489299ffc6cb9d0a799c P 201fc5765c4345438aeb8a6f67b39cc0 [LEADER]: Queue going to LEADER mode. State: All replicated index: 0, Majority replicated index: 0, Committed index: 0, Last appended: 0.0, Last appended by leader: 0, Current term: 1, Majority size: 2, State: 0, Mode: LEADER, active raft config: opid_index: -1 OBSOLETE_local: false peers { permanent_uuid: "2a7a4ba0d4d04c7f87687d5095fce414" member_type: VOTER last_known_addr { host: "127.18.153.193" port: 34701 } } peers { permanent_uuid: "201fc5765c4345438aeb8a6f67b39cc0" member_type: VOTER last_known_addr { host: "127.18.153.194" port: 36307 } } peers { permanent_uuid: "d7a99fbbb5ad418985006dd5c85affc3" member_type: VOTER last_known_addr { host: "127.18.153.195" port: 39287 } }
I20260709 12:15:41.962982 20387 raft_consensus.cc:740] T 7f4f1c3469094e52ad1fb0588179e119 P 2a7a4ba0d4d04c7f87687d5095fce414 [term 0 FOLLOWER]: Becoming Follower/Learner. State: Replica: 2a7a4ba0d4d04c7f87687d5095fce414, State: Initialized, Role: FOLLOWER
I20260709 12:15:41.963706 20193 tablet_service.cc:1917] Received RequestConsensusVote() RPC: tablet_id: "7a6a88e8bbed445eb8a0e058e47a68e6" candidate_uuid: "d7a99fbbb5ad418985006dd5c85affc3" candidate_term: 1 candidate_status { last_received { term: 0 index: 0 } } ignore_live_leader: false dest_uuid: "2a7a4ba0d4d04c7f87687d5095fce414" is_pre_election: true
I20260709 12:15:41.963807 20387 consensus_queue.cc:260] T 7f4f1c3469094e52ad1fb0588179e119 P 2a7a4ba0d4d04c7f87687d5095fce414 [NON_LEADER]: Queue going to NON_LEADER mode. State: All replicated index: 0, Majority replicated index: 0, Committed index: 0, Last appended: 0.0, Last appended by leader: 0, Current term: 0, Majority size: -1, State: 0, Mode: NON_LEADER, active raft config: opid_index: -1 OBSOLETE_local: false peers { permanent_uuid: "2a7a4ba0d4d04c7f87687d5095fce414" member_type: VOTER last_known_addr { host: "127.18.153.193" port: 34701 } } peers { permanent_uuid: "201fc5765c4345438aeb8a6f67b39cc0" member_type: VOTER last_known_addr { host: "127.18.153.194" port: 36307 } } peers { permanent_uuid: "d7a99fbbb5ad418985006dd5c85affc3" member_type: VOTER last_known_addr { host: "127.18.153.195" port: 39287 } }
I20260709 12:15:41.964325 20193 raft_consensus.cc:2468] T 7a6a88e8bbed445eb8a0e058e47a68e6 P 2a7a4ba0d4d04c7f87687d5095fce414 [term 0 FOLLOWER]: Leader pre-election vote request: Granting yes vote for candidate d7a99fbbb5ad418985006dd5c85affc3 in term 0.
I20260709 12:15:41.964358 20385 raft_consensus.cc:359] T 3c81a49fd91440eaa496f27dcc700f7b P d7a99fbbb5ad418985006dd5c85affc3 [term 0 FOLLOWER]: Replica starting. Triggering 0 pending ops. Active config: opid_index: -1 OBSOLETE_local: false peers { permanent_uuid: "2a7a4ba0d4d04c7f87687d5095fce414" member_type: VOTER last_known_addr { host: "127.18.153.193" port: 34701 } } peers { permanent_uuid: "201fc5765c4345438aeb8a6f67b39cc0" member_type: VOTER last_known_addr { host: "127.18.153.194" port: 36307 } } peers { permanent_uuid: "d7a99fbbb5ad418985006dd5c85affc3" member_type: VOTER last_known_addr { host: "127.18.153.195" port: 39287 } }
I20260709 12:15:41.965183 20385 raft_consensus.cc:385] T 3c81a49fd91440eaa496f27dcc700f7b P d7a99fbbb5ad418985006dd5c85affc3 [term 0 FOLLOWER]: Consensus starting up: Expiring failure detector timer to make a prompt election more likely
I20260709 12:15:41.965426 20309 leader_election.cc:304] T 7a6a88e8bbed445eb8a0e058e47a68e6 P d7a99fbbb5ad418985006dd5c85affc3 [CANDIDATE]: Term 1 pre-election: Election decided. Result: candidate won. Election summary: received 2 responses out of 3 voters: 2 yes votes; 0 no votes. yes voters: 2a7a4ba0d4d04c7f87687d5095fce414, d7a99fbbb5ad418985006dd5c85affc3; no voters: 
I20260709 12:15:41.965569 20385 raft_consensus.cc:740] T 3c81a49fd91440eaa496f27dcc700f7b P d7a99fbbb5ad418985006dd5c85affc3 [term 0 FOLLOWER]: Becoming Follower/Learner. State: Replica: d7a99fbbb5ad418985006dd5c85affc3, State: Initialized, Role: FOLLOWER
I20260709 12:15:41.966398 20385 consensus_queue.cc:260] T 3c81a49fd91440eaa496f27dcc700f7b P d7a99fbbb5ad418985006dd5c85affc3 [NON_LEADER]: Queue going to NON_LEADER mode. State: All replicated index: 0, Majority replicated index: 0, Committed index: 0, Last appended: 0.0, Last appended by leader: 0, Current term: 0, Majority size: -1, State: 0, Mode: NON_LEADER, active raft config: opid_index: -1 OBSOLETE_local: false peers { permanent_uuid: "2a7a4ba0d4d04c7f87687d5095fce414" member_type: VOTER last_known_addr { host: "127.18.153.193" port: 34701 } } peers { permanent_uuid: "201fc5765c4345438aeb8a6f67b39cc0" member_type: VOTER last_known_addr { host: "127.18.153.194" port: 36307 } } peers { permanent_uuid: "d7a99fbbb5ad418985006dd5c85affc3" member_type: VOTER last_known_addr { host: "127.18.153.195" port: 39287 } }
I20260709 12:15:41.967308 20448 raft_consensus.cc:493] T ac537b6ba49249d2a86251ca5452e07f P 201fc5765c4345438aeb8a6f67b39cc0 [term 0 FOLLOWER]: Starting pre-election (no leader contacted us within the election timeout)
I20260709 12:15:41.967551 20437 raft_consensus.cc:2804] T 7a6a88e8bbed445eb8a0e058e47a68e6 P d7a99fbbb5ad418985006dd5c85affc3 [term 0 FOLLOWER]: Leader pre-election won for term 1
I20260709 12:15:41.967957 20437 raft_consensus.cc:493] T 7a6a88e8bbed445eb8a0e058e47a68e6 P d7a99fbbb5ad418985006dd5c85affc3 [term 0 FOLLOWER]: Starting leader election (no leader contacted us within the election timeout)
I20260709 12:15:41.967730 20448 raft_consensus.cc:515] T ac537b6ba49249d2a86251ca5452e07f P 201fc5765c4345438aeb8a6f67b39cc0 [term 0 FOLLOWER]: Starting pre-election with config: opid_index: -1 OBSOLETE_local: false peers { permanent_uuid: "2a7a4ba0d4d04c7f87687d5095fce414" member_type: VOTER last_known_addr { host: "127.18.153.193" port: 34701 } } peers { permanent_uuid: "201fc5765c4345438aeb8a6f67b39cc0" member_type: VOTER last_known_addr { host: "127.18.153.194" port: 36307 } } peers { permanent_uuid: "d7a99fbbb5ad418985006dd5c85affc3" member_type: VOTER last_known_addr { host: "127.18.153.195" port: 39287 } }
I20260709 12:15:41.968310 20437 raft_consensus.cc:3060] T 7a6a88e8bbed445eb8a0e058e47a68e6 P d7a99fbbb5ad418985006dd5c85affc3 [term 0 FOLLOWER]: Advancing to term 1
I20260709 12:15:41.968922 20385 ts_tablet_manager.cc:1434] T 3c81a49fd91440eaa496f27dcc700f7b P d7a99fbbb5ad418985006dd5c85affc3: Time spent starting tablet: real 0.007s	user 0.006s	sys 0.000s
I20260709 12:15:41.969661 20448 leader_election.cc:290] T ac537b6ba49249d2a86251ca5452e07f P 201fc5765c4345438aeb8a6f67b39cc0 [CANDIDATE]: Term 1 pre-election: Requested pre-vote from peers 2a7a4ba0d4d04c7f87687d5095fce414 (127.18.153.193:34701), d7a99fbbb5ad418985006dd5c85affc3 (127.18.153.195:39287)
I20260709 12:15:41.969848 20385 tablet_bootstrap.cc:492] T 83fc18e6148a4fdfa13ef888b4c508ed P d7a99fbbb5ad418985006dd5c85affc3: Bootstrap starting.
I20260709 12:15:41.971659 20521 raft_consensus.cc:493] T 7f4f1c3469094e52ad1fb0588179e119 P 2a7a4ba0d4d04c7f87687d5095fce414 [term 0 FOLLOWER]: Starting pre-election (no leader contacted us within the election timeout)
I20260709 12:15:41.972138 20521 raft_consensus.cc:515] T 7f4f1c3469094e52ad1fb0588179e119 P 2a7a4ba0d4d04c7f87687d5095fce414 [term 0 FOLLOWER]: Starting pre-election with config: opid_index: -1 OBSOLETE_local: false peers { permanent_uuid: "2a7a4ba0d4d04c7f87687d5095fce414" member_type: VOTER last_known_addr { host: "127.18.153.193" port: 34701 } } peers { permanent_uuid: "201fc5765c4345438aeb8a6f67b39cc0" member_type: VOTER last_known_addr { host: "127.18.153.194" port: 36307 } } peers { permanent_uuid: "d7a99fbbb5ad418985006dd5c85affc3" member_type: VOTER last_known_addr { host: "127.18.153.195" port: 39287 } }
I20260709 12:15:41.972419 20343 tablet_service.cc:1917] Received RequestConsensusVote() RPC: tablet_id: "ac537b6ba49249d2a86251ca5452e07f" candidate_uuid: "201fc5765c4345438aeb8a6f67b39cc0" candidate_term: 1 candidate_status { last_received { term: 0 index: 0 } } ignore_live_leader: false dest_uuid: "d7a99fbbb5ad418985006dd5c85affc3" is_pre_election: true
I20260709 12:15:41.960565 20419 raft_consensus.cc:515] T 4110e8e8bdd84ccc9d9d63ac3adc8a2a P d7a99fbbb5ad418985006dd5c85affc3 [term 1 FOLLOWER]: Starting leader election with config: opid_index: -1 OBSOLETE_local: false peers { permanent_uuid: "2a7a4ba0d4d04c7f87687d5095fce414" member_type: VOTER last_known_addr { host: "127.18.153.193" port: 34701 } } peers { permanent_uuid: "201fc5765c4345438aeb8a6f67b39cc0" member_type: VOTER last_known_addr { host: "127.18.153.194" port: 36307 } } peers { permanent_uuid: "d7a99fbbb5ad418985006dd5c85affc3" member_type: VOTER last_known_addr { host: "127.18.153.195" port: 39287 } }
I20260709 12:15:41.975039 20437 raft_consensus.cc:515] T 7a6a88e8bbed445eb8a0e058e47a68e6 P d7a99fbbb5ad418985006dd5c85affc3 [term 1 FOLLOWER]: Starting leader election with config: opid_index: -1 OBSOLETE_local: false peers { permanent_uuid: "2a7a4ba0d4d04c7f87687d5095fce414" member_type: VOTER last_known_addr { host: "127.18.153.193" port: 34701 } } peers { permanent_uuid: "201fc5765c4345438aeb8a6f67b39cc0" member_type: VOTER last_known_addr { host: "127.18.153.194" port: 36307 } } peers { permanent_uuid: "d7a99fbbb5ad418985006dd5c85affc3" member_type: VOTER last_known_addr { host: "127.18.153.195" port: 39287 } }
I20260709 12:15:41.976536 20194 tablet_service.cc:1917] Received RequestConsensusVote() RPC: tablet_id: "4110e8e8bdd84ccc9d9d63ac3adc8a2a" candidate_uuid: "d7a99fbbb5ad418985006dd5c85affc3" candidate_term: 1 candidate_status { last_received { term: 0 index: 0 } } ignore_live_leader: false dest_uuid: "2a7a4ba0d4d04c7f87687d5095fce414"
I20260709 12:15:41.977103 20194 raft_consensus.cc:3060] T 4110e8e8bdd84ccc9d9d63ac3adc8a2a P 2a7a4ba0d4d04c7f87687d5095fce414 [term 0 FOLLOWER]: Advancing to term 1
I20260709 12:15:41.960763 20519 leader_election.cc:290] T 7a6a88e8bbed445eb8a0e058e47a68e6 P d7a99fbbb5ad418985006dd5c85affc3 [CANDIDATE]: Term 1 pre-election: Requested pre-vote from peers 2a7a4ba0d4d04c7f87687d5095fce414 (127.18.153.193:34701), 201fc5765c4345438aeb8a6f67b39cc0 (127.18.153.194:36307)
I20260709 12:15:41.977767 20267 tablet_service.cc:1917] Received RequestConsensusVote() RPC: tablet_id: "7a6a88e8bbed445eb8a0e058e47a68e6" candidate_uuid: "d7a99fbbb5ad418985006dd5c85affc3" candidate_term: 1 candidate_status { last_received { term: 0 index: 0 } } ignore_live_leader: false dest_uuid: "201fc5765c4345438aeb8a6f67b39cc0"
I20260709 12:15:41.978153 20269 tablet_service.cc:1917] Received RequestConsensusVote() RPC: tablet_id: "7a6a88e8bbed445eb8a0e058e47a68e6" candidate_uuid: "d7a99fbbb5ad418985006dd5c85affc3" candidate_term: 1 candidate_status { last_received { term: 0 index: 0 } } ignore_live_leader: false dest_uuid: "201fc5765c4345438aeb8a6f67b39cc0" is_pre_election: true
I20260709 12:15:41.960947 20416 consensus_queue.cc:237] T 6fab677dc9394388a35c38f396403ead P d7a99fbbb5ad418985006dd5c85affc3 [LEADER]: Queue going to LEADER mode. State: All replicated index: 0, Majority replicated index: 0, Committed index: 0, Last appended: 0.0, Last appended by leader: 0, Current term: 1, Majority size: 2, State: 0, Mode: LEADER, active raft config: opid_index: -1 OBSOLETE_local: false peers { permanent_uuid: "2a7a4ba0d4d04c7f87687d5095fce414" member_type: VOTER last_known_addr { host: "127.18.153.193" port: 34701 } } peers { permanent_uuid: "201fc5765c4345438aeb8a6f67b39cc0" member_type: VOTER last_known_addr { host: "127.18.153.194" port: 36307 } } peers { permanent_uuid: "d7a99fbbb5ad418985006dd5c85affc3" member_type: VOTER last_known_addr { host: "127.18.153.195" port: 39287 } }
I20260709 12:15:41.978322 20267 raft_consensus.cc:3060] T 7a6a88e8bbed445eb8a0e058e47a68e6 P 201fc5765c4345438aeb8a6f67b39cc0 [term 0 FOLLOWER]: Advancing to term 1
I20260709 12:15:41.979739 20343 raft_consensus.cc:2468] T ac537b6ba49249d2a86251ca5452e07f P d7a99fbbb5ad418985006dd5c85affc3 [term 0 FOLLOWER]: Leader pre-election vote request: Granting yes vote for candidate 201fc5765c4345438aeb8a6f67b39cc0 in term 0.
I20260709 12:15:41.980973 20521 leader_election.cc:290] T 7f4f1c3469094e52ad1fb0588179e119 P 2a7a4ba0d4d04c7f87687d5095fce414 [CANDIDATE]: Term 1 pre-election: Requested pre-vote from peers 201fc5765c4345438aeb8a6f67b39cc0 (127.18.153.194:36307), d7a99fbbb5ad418985006dd5c85affc3 (127.18.153.195:39287)
I20260709 12:15:41.981989 20195 tablet_service.cc:1917] Received RequestConsensusVote() RPC: tablet_id: "7a6a88e8bbed445eb8a0e058e47a68e6" candidate_uuid: "d7a99fbbb5ad418985006dd5c85affc3" candidate_term: 1 candidate_status { last_received { term: 0 index: 0 } } ignore_live_leader: false dest_uuid: "2a7a4ba0d4d04c7f87687d5095fce414"
I20260709 12:15:41.982532 20195 raft_consensus.cc:3060] T 7a6a88e8bbed445eb8a0e058e47a68e6 P 2a7a4ba0d4d04c7f87687d5095fce414 [term 0 FOLLOWER]: Advancing to term 1
I20260709 12:15:41.982733 20385 tablet_bootstrap.cc:654] T 83fc18e6148a4fdfa13ef888b4c508ed P d7a99fbbb5ad418985006dd5c85affc3: Neither blocks nor log segments found. Creating new log.
I20260709 12:15:41.977440 20193 tablet_service.cc:1917] Received RequestConsensusVote() RPC: tablet_id: "ac537b6ba49249d2a86251ca5452e07f" candidate_uuid: "201fc5765c4345438aeb8a6f67b39cc0" candidate_term: 1 candidate_status { last_received { term: 0 index: 0 } } ignore_live_leader: false dest_uuid: "2a7a4ba0d4d04c7f87687d5095fce414" is_pre_election: true
I20260709 12:15:41.988924 20193 raft_consensus.cc:2468] T ac537b6ba49249d2a86251ca5452e07f P 2a7a4ba0d4d04c7f87687d5095fce414 [term 0 FOLLOWER]: Leader pre-election vote request: Granting yes vote for candidate 201fc5765c4345438aeb8a6f67b39cc0 in term 0.
I20260709 12:15:41.976886 20437 leader_election.cc:290] T 7a6a88e8bbed445eb8a0e058e47a68e6 P d7a99fbbb5ad418985006dd5c85affc3 [CANDIDATE]: Term 1 election: Requested vote from peers 2a7a4ba0d4d04c7f87687d5095fce414 (127.18.153.193:34701), 201fc5765c4345438aeb8a6f67b39cc0 (127.18.153.194:36307)
I20260709 12:15:41.994838 20269 tablet_service.cc:1917] Received RequestConsensusVote() RPC: tablet_id: "7f4f1c3469094e52ad1fb0588179e119" candidate_uuid: "2a7a4ba0d4d04c7f87687d5095fce414" candidate_term: 1 candidate_status { last_received { term: 0 index: 0 } } ignore_live_leader: false dest_uuid: "201fc5765c4345438aeb8a6f67b39cc0" is_pre_election: true
I20260709 12:15:41.996702 20387 ts_tablet_manager.cc:1434] T 7f4f1c3469094e52ad1fb0588179e119 P 2a7a4ba0d4d04c7f87687d5095fce414: Time spent starting tablet: real 0.037s	user 0.006s	sys 0.000s
I20260709 12:15:41.997653 20387 tablet_bootstrap.cc:492] T 83fc18e6148a4fdfa13ef888b4c508ed P 2a7a4ba0d4d04c7f87687d5095fce414: Bootstrap starting.
I20260709 12:15:41.997965 20582 raft_consensus.cc:493] T a38d73e12173491ca8f8d60bb60bc6fa P 201fc5765c4345438aeb8a6f67b39cc0 [term 0 FOLLOWER]: Starting pre-election (no leader contacted us within the election timeout)
I20260709 12:15:42.006565 20343 tablet_service.cc:1917] Received RequestConsensusVote() RPC: tablet_id: "7f4f1c3469094e52ad1fb0588179e119" candidate_uuid: "2a7a4ba0d4d04c7f87687d5095fce414" candidate_term: 1 candidate_status { last_received { term: 0 index: 0 } } ignore_live_leader: false dest_uuid: "d7a99fbbb5ad418985006dd5c85affc3" is_pre_election: true
I20260709 12:15:42.007129 20343 raft_consensus.cc:2468] T 7f4f1c3469094e52ad1fb0588179e119 P d7a99fbbb5ad418985006dd5c85affc3 [term 0 FOLLOWER]: Leader pre-election vote request: Granting yes vote for candidate 2a7a4ba0d4d04c7f87687d5095fce414 in term 0.
I20260709 12:15:42.008414 20194 raft_consensus.cc:2468] T 4110e8e8bdd84ccc9d9d63ac3adc8a2a P 2a7a4ba0d4d04c7f87687d5095fce414 [term 1 FOLLOWER]: Leader election vote request: Granting yes vote for candidate d7a99fbbb5ad418985006dd5c85affc3 in term 1.
I20260709 12:15:42.009579 20309 leader_election.cc:304] T 4110e8e8bdd84ccc9d9d63ac3adc8a2a P d7a99fbbb5ad418985006dd5c85affc3 [CANDIDATE]: Term 1 election: Election decided. Result: candidate won. Election summary: received 2 responses out of 3 voters: 2 yes votes; 0 no votes. yes voters: 2a7a4ba0d4d04c7f87687d5095fce414, d7a99fbbb5ad418985006dd5c85affc3; no voters: 
I20260709 12:15:42.009796 20160 leader_election.cc:304] T 7f4f1c3469094e52ad1fb0588179e119 P 2a7a4ba0d4d04c7f87687d5095fce414 [CANDIDATE]: Term 1 pre-election: Election decided. Result: candidate won. Election summary: received 2 responses out of 3 voters: 2 yes votes; 0 no votes. yes voters: 2a7a4ba0d4d04c7f87687d5095fce414, d7a99fbbb5ad418985006dd5c85affc3; no voters: 
I20260709 12:15:42.010372 20437 raft_consensus.cc:2804] T 4110e8e8bdd84ccc9d9d63ac3adc8a2a P d7a99fbbb5ad418985006dd5c85affc3 [term 1 FOLLOWER]: Leader election won for term 1
I20260709 12:15:42.010520 20521 raft_consensus.cc:2804] T 7f4f1c3469094e52ad1fb0588179e119 P 2a7a4ba0d4d04c7f87687d5095fce414 [term 0 FOLLOWER]: Leader pre-election won for term 1
I20260709 12:15:42.010883 20521 raft_consensus.cc:493] T 7f4f1c3469094e52ad1fb0588179e119 P 2a7a4ba0d4d04c7f87687d5095fce414 [term 0 FOLLOWER]: Starting leader election (no leader contacted us within the election timeout)
I20260709 12:15:42.011572 20521 raft_consensus.cc:3060] T 7f4f1c3469094e52ad1fb0588179e119 P 2a7a4ba0d4d04c7f87687d5095fce414 [term 0 FOLLOWER]: Advancing to term 1
I20260709 12:15:42.011965 20267 raft_consensus.cc:2468] T 7a6a88e8bbed445eb8a0e058e47a68e6 P 201fc5765c4345438aeb8a6f67b39cc0 [term 1 FOLLOWER]: Leader election vote request: Granting yes vote for candidate d7a99fbbb5ad418985006dd5c85affc3 in term 1.
I20260709 12:15:42.013274 20308 leader_election.cc:304] T 7a6a88e8bbed445eb8a0e058e47a68e6 P d7a99fbbb5ad418985006dd5c85affc3 [CANDIDATE]: Term 1 election: Election decided. Result: candidate won. Election summary: received 2 responses out of 3 voters: 2 yes votes; 0 no votes. yes voters: 201fc5765c4345438aeb8a6f67b39cc0, d7a99fbbb5ad418985006dd5c85affc3; no voters: 
I20260709 12:15:42.013572 20093 catalog_manager.cc:5697] T 9b1491243c62489299ffc6cb9d0a799c P 201fc5765c4345438aeb8a6f67b39cc0 reported cstate change: term changed from 0 to 1, leader changed from <none> to 201fc5765c4345438aeb8a6f67b39cc0 (127.18.153.194). New cstate: current_term: 1 leader_uuid: "201fc5765c4345438aeb8a6f67b39cc0" committed_config { opid_index: -1 OBSOLETE_local: false peers { permanent_uuid: "2a7a4ba0d4d04c7f87687d5095fce414" member_type: VOTER last_known_addr { host: "127.18.153.193" port: 34701 } health_report { overall_health: UNKNOWN } } peers { permanent_uuid: "201fc5765c4345438aeb8a6f67b39cc0" member_type: VOTER last_known_addr { host: "127.18.153.194" port: 36307 } health_report { overall_health: HEALTHY } } peers { permanent_uuid: "d7a99fbbb5ad418985006dd5c85affc3" member_type: VOTER last_known_addr { host: "127.18.153.195" port: 39287 } health_report { overall_health: UNKNOWN } } }
I20260709 12:15:42.014987 20195 raft_consensus.cc:2468] T 7a6a88e8bbed445eb8a0e058e47a68e6 P 2a7a4ba0d4d04c7f87687d5095fce414 [term 1 FOLLOWER]: Leader election vote request: Granting yes vote for candidate d7a99fbbb5ad418985006dd5c85affc3 in term 1.
I20260709 12:15:42.010839 20437 raft_consensus.cc:697] T 4110e8e8bdd84ccc9d9d63ac3adc8a2a P d7a99fbbb5ad418985006dd5c85affc3 [term 1 LEADER]: Becoming Leader. State: Replica: d7a99fbbb5ad418985006dd5c85affc3, State: Running, Role: LEADER
I20260709 12:15:42.004496 20582 raft_consensus.cc:515] T a38d73e12173491ca8f8d60bb60bc6fa P 201fc5765c4345438aeb8a6f67b39cc0 [term 0 FOLLOWER]: Starting pre-election with config: opid_index: -1 OBSOLETE_local: false peers { permanent_uuid: "2a7a4ba0d4d04c7f87687d5095fce414" member_type: VOTER last_known_addr { host: "127.18.153.193" port: 34701 } } peers { permanent_uuid: "201fc5765c4345438aeb8a6f67b39cc0" member_type: VOTER last_known_addr { host: "127.18.153.194" port: 36307 } } peers { permanent_uuid: "d7a99fbbb5ad418985006dd5c85affc3" member_type: VOTER last_known_addr { host: "127.18.153.195" port: 39287 } }
I20260709 12:15:42.017839 20416 raft_consensus.cc:2804] T 7a6a88e8bbed445eb8a0e058e47a68e6 P d7a99fbbb5ad418985006dd5c85affc3 [term 1 FOLLOWER]: Leader election won for term 1
I20260709 12:15:42.018540 20416 raft_consensus.cc:697] T 7a6a88e8bbed445eb8a0e058e47a68e6 P d7a99fbbb5ad418985006dd5c85affc3 [term 1 LEADER]: Becoming Leader. State: Replica: d7a99fbbb5ad418985006dd5c85affc3, State: Running, Role: LEADER
I20260709 12:15:42.019194 20582 leader_election.cc:290] T a38d73e12173491ca8f8d60bb60bc6fa P 201fc5765c4345438aeb8a6f67b39cc0 [CANDIDATE]: Term 1 pre-election: Requested pre-vote from peers 2a7a4ba0d4d04c7f87687d5095fce414 (127.18.153.193:34701), d7a99fbbb5ad418985006dd5c85affc3 (127.18.153.195:39287)
I20260709 12:15:42.019642 20419 leader_election.cc:290] T 4110e8e8bdd84ccc9d9d63ac3adc8a2a P d7a99fbbb5ad418985006dd5c85affc3 [CANDIDATE]: Term 1 election: Requested vote from peers 2a7a4ba0d4d04c7f87687d5095fce414 (127.18.153.193:34701), 201fc5765c4345438aeb8a6f67b39cc0 (127.18.153.194:36307)
I20260709 12:15:42.020313 20521 raft_consensus.cc:515] T 7f4f1c3469094e52ad1fb0588179e119 P 2a7a4ba0d4d04c7f87687d5095fce414 [term 1 FOLLOWER]: Starting leader election with config: opid_index: -1 OBSOLETE_local: false peers { permanent_uuid: "2a7a4ba0d4d04c7f87687d5095fce414" member_type: VOTER last_known_addr { host: "127.18.153.193" port: 34701 } } peers { permanent_uuid: "201fc5765c4345438aeb8a6f67b39cc0" member_type: VOTER last_known_addr { host: "127.18.153.194" port: 36307 } } peers { permanent_uuid: "d7a99fbbb5ad418985006dd5c85affc3" member_type: VOTER last_known_addr { host: "127.18.153.195" port: 39287 } }
I20260709 12:15:42.005059 20235 leader_election.cc:304] T ac537b6ba49249d2a86251ca5452e07f P 201fc5765c4345438aeb8a6f67b39cc0 [CANDIDATE]: Term 1 pre-election: Election decided. Result: candidate won. Election summary: received 2 responses out of 3 voters: 2 yes votes; 0 no votes. yes voters: 201fc5765c4345438aeb8a6f67b39cc0, d7a99fbbb5ad418985006dd5c85affc3; no voters: 
I20260709 12:15:42.019285 20416 consensus_queue.cc:237] T 7a6a88e8bbed445eb8a0e058e47a68e6 P d7a99fbbb5ad418985006dd5c85affc3 [LEADER]: Queue going to LEADER mode. State: All replicated index: 0, Majority replicated index: 0, Committed index: 0, Last appended: 0.0, Last appended by leader: 0, Current term: 1, Majority size: 2, State: 0, Mode: LEADER, active raft config: opid_index: -1 OBSOLETE_local: false peers { permanent_uuid: "2a7a4ba0d4d04c7f87687d5095fce414" member_type: VOTER last_known_addr { host: "127.18.153.193" port: 34701 } } peers { permanent_uuid: "201fc5765c4345438aeb8a6f67b39cc0" member_type: VOTER last_known_addr { host: "127.18.153.194" port: 36307 } } peers { permanent_uuid: "d7a99fbbb5ad418985006dd5c85affc3" member_type: VOTER last_known_addr { host: "127.18.153.195" port: 39287 } }
I20260709 12:15:42.017076 20437 consensus_queue.cc:237] T 4110e8e8bdd84ccc9d9d63ac3adc8a2a P d7a99fbbb5ad418985006dd5c85affc3 [LEADER]: Queue going to LEADER mode. State: All replicated index: 0, Majority replicated index: 0, Committed index: 0, Last appended: 0.0, Last appended by leader: 0, Current term: 1, Majority size: 2, State: 0, Mode: LEADER, active raft config: opid_index: -1 OBSOLETE_local: false peers { permanent_uuid: "2a7a4ba0d4d04c7f87687d5095fce414" member_type: VOTER last_known_addr { host: "127.18.153.193" port: 34701 } } peers { permanent_uuid: "201fc5765c4345438aeb8a6f67b39cc0" member_type: VOTER last_known_addr { host: "127.18.153.194" port: 36307 } } peers { permanent_uuid: "d7a99fbbb5ad418985006dd5c85affc3" member_type: VOTER last_known_addr { host: "127.18.153.195" port: 39287 } }
W20260709 12:15:42.025065 20159 leader_election.cc:343] T 7f4f1c3469094e52ad1fb0588179e119 P 2a7a4ba0d4d04c7f87687d5095fce414 [CANDIDATE]: Term 1 pre-election: Tablet error from VoteRequest() call to peer 201fc5765c4345438aeb8a6f67b39cc0 (127.18.153.194:36307): Illegal state: must be running to vote when last-logged opid is not known
I20260709 12:15:42.026584 20195 tablet_service.cc:1917] Received RequestConsensusVote() RPC: tablet_id: "a38d73e12173491ca8f8d60bb60bc6fa" candidate_uuid: "201fc5765c4345438aeb8a6f67b39cc0" candidate_term: 1 candidate_status { last_received { term: 0 index: 0 } } ignore_live_leader: false dest_uuid: "2a7a4ba0d4d04c7f87687d5095fce414" is_pre_election: true
I20260709 12:15:42.027518 20267 tablet_service.cc:1917] Received RequestConsensusVote() RPC: tablet_id: "4110e8e8bdd84ccc9d9d63ac3adc8a2a" candidate_uuid: "d7a99fbbb5ad418985006dd5c85affc3" candidate_term: 1 candidate_status { last_received { term: 0 index: 0 } } ignore_live_leader: false dest_uuid: "201fc5765c4345438aeb8a6f67b39cc0"
I20260709 12:15:42.028050 20267 raft_consensus.cc:3060] T 4110e8e8bdd84ccc9d9d63ac3adc8a2a P 201fc5765c4345438aeb8a6f67b39cc0 [term 0 FOLLOWER]: Advancing to term 1
I20260709 12:15:42.034168 20343 tablet_service.cc:1917] Received RequestConsensusVote() RPC: tablet_id: "a38d73e12173491ca8f8d60bb60bc6fa" candidate_uuid: "201fc5765c4345438aeb8a6f67b39cc0" candidate_term: 1 candidate_status { last_received { term: 0 index: 0 } } ignore_live_leader: false dest_uuid: "d7a99fbbb5ad418985006dd5c85affc3" is_pre_election: true
I20260709 12:15:42.034359 20092 catalog_manager.cc:5697] T 6fab677dc9394388a35c38f396403ead P d7a99fbbb5ad418985006dd5c85affc3 reported cstate change: term changed from 0 to 1, leader changed from <none> to d7a99fbbb5ad418985006dd5c85affc3 (127.18.153.195). New cstate: current_term: 1 leader_uuid: "d7a99fbbb5ad418985006dd5c85affc3" committed_config { opid_index: -1 OBSOLETE_local: false peers { permanent_uuid: "2a7a4ba0d4d04c7f87687d5095fce414" member_type: VOTER last_known_addr { host: "127.18.153.193" port: 34701 } health_report { overall_health: UNKNOWN } } peers { permanent_uuid: "201fc5765c4345438aeb8a6f67b39cc0" member_type: VOTER last_known_addr { host: "127.18.153.194" port: 36307 } health_report { overall_health: UNKNOWN } } peers { permanent_uuid: "d7a99fbbb5ad418985006dd5c85affc3" member_type: VOTER last_known_addr { host: "127.18.153.195" port: 39287 } health_report { overall_health: HEALTHY } } }
I20260709 12:15:42.035511 20521 leader_election.cc:290] T 7f4f1c3469094e52ad1fb0588179e119 P 2a7a4ba0d4d04c7f87687d5095fce414 [CANDIDATE]: Term 1 election: Requested vote from peers 201fc5765c4345438aeb8a6f67b39cc0 (127.18.153.194:36307), d7a99fbbb5ad418985006dd5c85affc3 (127.18.153.195:39287)
W20260709 12:15:42.034839 20235 leader_election.cc:343] T a38d73e12173491ca8f8d60bb60bc6fa P 201fc5765c4345438aeb8a6f67b39cc0 [CANDIDATE]: Term 1 pre-election: Tablet error from VoteRequest() call to peer 2a7a4ba0d4d04c7f87687d5095fce414 (127.18.153.193:34701): Illegal state: must be running to vote when last-logged opid is not known
W20260709 12:15:42.038067 20235 leader_election.cc:343] T a38d73e12173491ca8f8d60bb60bc6fa P 201fc5765c4345438aeb8a6f67b39cc0 [CANDIDATE]: Term 1 pre-election: Tablet error from VoteRequest() call to peer d7a99fbbb5ad418985006dd5c85affc3 (127.18.153.195:39287): Illegal state: must be running to vote when last-logged opid is not known
I20260709 12:15:42.040596 20343 tablet_service.cc:1917] Received RequestConsensusVote() RPC: tablet_id: "7f4f1c3469094e52ad1fb0588179e119" candidate_uuid: "2a7a4ba0d4d04c7f87687d5095fce414" candidate_term: 1 candidate_status { last_received { term: 0 index: 0 } } ignore_live_leader: false dest_uuid: "d7a99fbbb5ad418985006dd5c85affc3"
I20260709 12:15:42.041100 20343 raft_consensus.cc:3060] T 7f4f1c3469094e52ad1fb0588179e119 P d7a99fbbb5ad418985006dd5c85affc3 [term 0 FOLLOWER]: Advancing to term 1
I20260709 12:15:42.039813 20235 leader_election.cc:304] T a38d73e12173491ca8f8d60bb60bc6fa P 201fc5765c4345438aeb8a6f67b39cc0 [CANDIDATE]: Term 1 pre-election: Election decided. Result: candidate lost. Election summary: received 3 responses out of 3 voters: 1 yes votes; 2 no votes. yes voters: 201fc5765c4345438aeb8a6f67b39cc0; no voters: 2a7a4ba0d4d04c7f87687d5095fce414, d7a99fbbb5ad418985006dd5c85affc3
I20260709 12:15:42.045297 20445 raft_consensus.cc:2749] T a38d73e12173491ca8f8d60bb60bc6fa P 201fc5765c4345438aeb8a6f67b39cc0 [term 0 FOLLOWER]: Leader pre-election lost for term 1. Reason: could not achieve majority
I20260709 12:15:42.045779 20269 tablet_service.cc:1917] Received RequestConsensusVote() RPC: tablet_id: "7f4f1c3469094e52ad1fb0588179e119" candidate_uuid: "2a7a4ba0d4d04c7f87687d5095fce414" candidate_term: 1 candidate_status { last_received { term: 0 index: 0 } } ignore_live_leader: false dest_uuid: "201fc5765c4345438aeb8a6f67b39cc0"
W20260709 12:15:42.047576 20159 leader_election.cc:343] T 7f4f1c3469094e52ad1fb0588179e119 P 2a7a4ba0d4d04c7f87687d5095fce414 [CANDIDATE]: Term 1 election: Tablet error from VoteRequest() call to peer 201fc5765c4345438aeb8a6f67b39cc0 (127.18.153.194:36307): Illegal state: must be running to vote when last-logged opid is not known
I20260709 12:15:42.050073 20343 raft_consensus.cc:2468] T 7f4f1c3469094e52ad1fb0588179e119 P d7a99fbbb5ad418985006dd5c85affc3 [term 1 FOLLOWER]: Leader election vote request: Granting yes vote for candidate 2a7a4ba0d4d04c7f87687d5095fce414 in term 1.
I20260709 12:15:42.022590 20582 raft_consensus.cc:2804] T ac537b6ba49249d2a86251ca5452e07f P 201fc5765c4345438aeb8a6f67b39cc0 [term 0 FOLLOWER]: Leader pre-election won for term 1
I20260709 12:15:42.050997 20160 leader_election.cc:304] T 7f4f1c3469094e52ad1fb0588179e119 P 2a7a4ba0d4d04c7f87687d5095fce414 [CANDIDATE]: Term 1 election: Election decided. Result: candidate won. Election summary: received 3 responses out of 3 voters: 2 yes votes; 1 no votes. yes voters: 2a7a4ba0d4d04c7f87687d5095fce414, d7a99fbbb5ad418985006dd5c85affc3; no voters: 201fc5765c4345438aeb8a6f67b39cc0
I20260709 12:15:42.052304 20582 raft_consensus.cc:493] T ac537b6ba49249d2a86251ca5452e07f P 201fc5765c4345438aeb8a6f67b39cc0 [term 0 FOLLOWER]: Starting leader election (no leader contacted us within the election timeout)
I20260709 12:15:42.052772 20582 raft_consensus.cc:3060] T ac537b6ba49249d2a86251ca5452e07f P 201fc5765c4345438aeb8a6f67b39cc0 [term 0 FOLLOWER]: Advancing to term 1
I20260709 12:15:42.052915 20521 raft_consensus.cc:2804] T 7f4f1c3469094e52ad1fb0588179e119 P 2a7a4ba0d4d04c7f87687d5095fce414 [term 1 FOLLOWER]: Leader election won for term 1
I20260709 12:15:42.053896 20387 tablet_bootstrap.cc:654] T 83fc18e6148a4fdfa13ef888b4c508ed P 2a7a4ba0d4d04c7f87687d5095fce414: Neither blocks nor log segments found. Creating new log.
I20260709 12:15:42.054186 20521 raft_consensus.cc:697] T 7f4f1c3469094e52ad1fb0588179e119 P 2a7a4ba0d4d04c7f87687d5095fce414 [term 1 LEADER]: Becoming Leader. State: Replica: 2a7a4ba0d4d04c7f87687d5095fce414, State: Running, Role: LEADER
I20260709 12:15:42.056044 20521 consensus_queue.cc:237] T 7f4f1c3469094e52ad1fb0588179e119 P 2a7a4ba0d4d04c7f87687d5095fce414 [LEADER]: Queue going to LEADER mode. State: All replicated index: 0, Majority replicated index: 0, Committed index: 0, Last appended: 0.0, Last appended by leader: 0, Current term: 1, Majority size: 2, State: 0, Mode: LEADER, active raft config: opid_index: -1 OBSOLETE_local: false peers { permanent_uuid: "2a7a4ba0d4d04c7f87687d5095fce414" member_type: VOTER last_known_addr { host: "127.18.153.193" port: 34701 } } peers { permanent_uuid: "201fc5765c4345438aeb8a6f67b39cc0" member_type: VOTER last_known_addr { host: "127.18.153.194" port: 36307 } } peers { permanent_uuid: "d7a99fbbb5ad418985006dd5c85affc3" member_type: VOTER last_known_addr { host: "127.18.153.195" port: 39287 } }
I20260709 12:15:42.056631 20386 tablet_bootstrap.cc:492] T ca6c12b511694eb0a48bc360a05e4481 P 201fc5765c4345438aeb8a6f67b39cc0: No bootstrap required, opened a new log
I20260709 12:15:42.057080 20386 ts_tablet_manager.cc:1403] T ca6c12b511694eb0a48bc360a05e4481 P 201fc5765c4345438aeb8a6f67b39cc0: Time spent bootstrapping tablet: real 0.165s	user 0.009s	sys 0.004s
I20260709 12:15:42.058244 20267 raft_consensus.cc:2468] T 4110e8e8bdd84ccc9d9d63ac3adc8a2a P 201fc5765c4345438aeb8a6f67b39cc0 [term 1 FOLLOWER]: Leader election vote request: Granting yes vote for candidate d7a99fbbb5ad418985006dd5c85affc3 in term 1.
I20260709 12:15:42.060660 20385 tablet_bootstrap.cc:492] T 83fc18e6148a4fdfa13ef888b4c508ed P d7a99fbbb5ad418985006dd5c85affc3: No bootstrap required, opened a new log
I20260709 12:15:42.061055 20385 ts_tablet_manager.cc:1403] T 83fc18e6148a4fdfa13ef888b4c508ed P d7a99fbbb5ad418985006dd5c85affc3: Time spent bootstrapping tablet: real 0.091s	user 0.018s	sys 0.017s
I20260709 12:15:42.063354 20386 raft_consensus.cc:359] T ca6c12b511694eb0a48bc360a05e4481 P 201fc5765c4345438aeb8a6f67b39cc0 [term 0 FOLLOWER]: Replica starting. Triggering 0 pending ops. Active config: opid_index: -1 OBSOLETE_local: false peers { permanent_uuid: "2a7a4ba0d4d04c7f87687d5095fce414" member_type: VOTER last_known_addr { host: "127.18.153.193" port: 34701 } } peers { permanent_uuid: "201fc5765c4345438aeb8a6f67b39cc0" member_type: VOTER last_known_addr { host: "127.18.153.194" port: 36307 } } peers { permanent_uuid: "d7a99fbbb5ad418985006dd5c85affc3" member_type: VOTER last_known_addr { host: "127.18.153.195" port: 39287 } }
I20260709 12:15:42.066412 20474 raft_consensus.cc:493] T 0311f63214d345bdbe46c8881c78c671 P 2a7a4ba0d4d04c7f87687d5095fce414 [term 0 FOLLOWER]: Starting pre-election (no leader contacted us within the election timeout)
I20260709 12:15:42.066234 20385 raft_consensus.cc:359] T 83fc18e6148a4fdfa13ef888b4c508ed P d7a99fbbb5ad418985006dd5c85affc3 [term 0 FOLLOWER]: Replica starting. Triggering 0 pending ops. Active config: opid_index: -1 OBSOLETE_local: false peers { permanent_uuid: "2a7a4ba0d4d04c7f87687d5095fce414" member_type: VOTER last_known_addr { host: "127.18.153.193" port: 34701 } } peers { permanent_uuid: "201fc5765c4345438aeb8a6f67b39cc0" member_type: VOTER last_known_addr { host: "127.18.153.194" port: 36307 } } peers { permanent_uuid: "d7a99fbbb5ad418985006dd5c85affc3" member_type: VOTER last_known_addr { host: "127.18.153.195" port: 39287 } }
I20260709 12:15:42.067306 20386 raft_consensus.cc:385] T ca6c12b511694eb0a48bc360a05e4481 P 201fc5765c4345438aeb8a6f67b39cc0 [term 0 FOLLOWER]: Consensus starting up: Expiring failure detector timer to make a prompt election more likely
I20260709 12:15:42.068200 20385 raft_consensus.cc:385] T 83fc18e6148a4fdfa13ef888b4c508ed P d7a99fbbb5ad418985006dd5c85affc3 [term 0 FOLLOWER]: Consensus starting up: Expiring failure detector timer to make a prompt election more likely
I20260709 12:15:42.068482 20386 raft_consensus.cc:740] T ca6c12b511694eb0a48bc360a05e4481 P 201fc5765c4345438aeb8a6f67b39cc0 [term 0 FOLLOWER]: Becoming Follower/Learner. State: Replica: 201fc5765c4345438aeb8a6f67b39cc0, State: Initialized, Role: FOLLOWER
I20260709 12:15:42.068496 20385 raft_consensus.cc:740] T 83fc18e6148a4fdfa13ef888b4c508ed P d7a99fbbb5ad418985006dd5c85affc3 [term 0 FOLLOWER]: Becoming Follower/Learner. State: Replica: d7a99fbbb5ad418985006dd5c85affc3, State: Initialized, Role: FOLLOWER
I20260709 12:15:42.068204 20474 raft_consensus.cc:515] T 0311f63214d345bdbe46c8881c78c671 P 2a7a4ba0d4d04c7f87687d5095fce414 [term 0 FOLLOWER]: Starting pre-election with config: opid_index: -1 OBSOLETE_local: false peers { permanent_uuid: "2a7a4ba0d4d04c7f87687d5095fce414" member_type: VOTER last_known_addr { host: "127.18.153.193" port: 34701 } } peers { permanent_uuid: "201fc5765c4345438aeb8a6f67b39cc0" member_type: VOTER last_known_addr { host: "127.18.153.194" port: 36307 } } peers { permanent_uuid: "d7a99fbbb5ad418985006dd5c85affc3" member_type: VOTER last_known_addr { host: "127.18.153.195" port: 39287 } }
I20260709 12:15:42.069478 20386 consensus_queue.cc:260] T ca6c12b511694eb0a48bc360a05e4481 P 201fc5765c4345438aeb8a6f67b39cc0 [NON_LEADER]: Queue going to NON_LEADER mode. State: All replicated index: 0, Majority replicated index: 0, Committed index: 0, Last appended: 0.0, Last appended by leader: 0, Current term: 0, Majority size: -1, State: 0, Mode: NON_LEADER, active raft config: opid_index: -1 OBSOLETE_local: false peers { permanent_uuid: "2a7a4ba0d4d04c7f87687d5095fce414" member_type: VOTER last_known_addr { host: "127.18.153.193" port: 34701 } } peers { permanent_uuid: "201fc5765c4345438aeb8a6f67b39cc0" member_type: VOTER last_known_addr { host: "127.18.153.194" port: 36307 } } peers { permanent_uuid: "d7a99fbbb5ad418985006dd5c85affc3" member_type: VOTER last_known_addr { host: "127.18.153.195" port: 39287 } }
I20260709 12:15:42.070859 20474 leader_election.cc:290] T 0311f63214d345bdbe46c8881c78c671 P 2a7a4ba0d4d04c7f87687d5095fce414 [CANDIDATE]: Term 1 pre-election: Requested pre-vote from peers 201fc5765c4345438aeb8a6f67b39cc0 (127.18.153.194:36307), d7a99fbbb5ad418985006dd5c85affc3 (127.18.153.195:39287)
I20260709 12:15:42.069532 20385 consensus_queue.cc:260] T 83fc18e6148a4fdfa13ef888b4c508ed P d7a99fbbb5ad418985006dd5c85affc3 [NON_LEADER]: Queue going to NON_LEADER mode. State: All replicated index: 0, Majority replicated index: 0, Committed index: 0, Last appended: 0.0, Last appended by leader: 0, Current term: 0, Majority size: -1, State: 0, Mode: NON_LEADER, active raft config: opid_index: -1 OBSOLETE_local: false peers { permanent_uuid: "2a7a4ba0d4d04c7f87687d5095fce414" member_type: VOTER last_known_addr { host: "127.18.153.193" port: 34701 } } peers { permanent_uuid: "201fc5765c4345438aeb8a6f67b39cc0" member_type: VOTER last_known_addr { host: "127.18.153.194" port: 36307 } } peers { permanent_uuid: "d7a99fbbb5ad418985006dd5c85affc3" member_type: VOTER last_known_addr { host: "127.18.153.195" port: 39287 } }
I20260709 12:15:42.072778 20385 ts_tablet_manager.cc:1434] T 83fc18e6148a4fdfa13ef888b4c508ed P d7a99fbbb5ad418985006dd5c85affc3: Time spent starting tablet: real 0.011s	user 0.002s	sys 0.003s
I20260709 12:15:42.073637 20385 tablet_bootstrap.cc:492] T 78acb8f837e042eda8661b537c25b8a0 P d7a99fbbb5ad418985006dd5c85affc3: Bootstrap starting.
I20260709 12:15:42.074239 20343 tablet_service.cc:1917] Received RequestConsensusVote() RPC: tablet_id: "0311f63214d345bdbe46c8881c78c671" candidate_uuid: "2a7a4ba0d4d04c7f87687d5095fce414" candidate_term: 1 candidate_status { last_received { term: 0 index: 0 } } ignore_live_leader: false dest_uuid: "d7a99fbbb5ad418985006dd5c85affc3" is_pre_election: true
I20260709 12:15:42.075114 20386 ts_tablet_manager.cc:1434] T ca6c12b511694eb0a48bc360a05e4481 P 201fc5765c4345438aeb8a6f67b39cc0: Time spent starting tablet: real 0.018s	user 0.007s	sys 0.000s
I20260709 12:15:42.075997 20386 tablet_bootstrap.cc:492] T 4035c3b9759e4009876413f7f75c4d2a P 201fc5765c4345438aeb8a6f67b39cc0: Bootstrap starting.
I20260709 12:15:42.084106 20386 tablet_bootstrap.cc:654] T 4035c3b9759e4009876413f7f75c4d2a P 201fc5765c4345438aeb8a6f67b39cc0: Neither blocks nor log segments found. Creating new log.
I20260709 12:15:42.087990 20267 tablet_service.cc:1917] Received RequestConsensusVote() RPC: tablet_id: "0311f63214d345bdbe46c8881c78c671" candidate_uuid: "2a7a4ba0d4d04c7f87687d5095fce414" candidate_term: 1 candidate_status { last_received { term: 0 index: 0 } } ignore_live_leader: false dest_uuid: "201fc5765c4345438aeb8a6f67b39cc0" is_pre_election: true
I20260709 12:15:42.088805 20267 raft_consensus.cc:2393] T 0311f63214d345bdbe46c8881c78c671 P 201fc5765c4345438aeb8a6f67b39cc0 [term 1 FOLLOWER]: Leader pre-election vote request: Denying vote to candidate 2a7a4ba0d4d04c7f87687d5095fce414 in current term 1: Already voted for candidate d7a99fbbb5ad418985006dd5c85affc3 in this term.
I20260709 12:15:42.089242 20093 catalog_manager.cc:5697] T 4110e8e8bdd84ccc9d9d63ac3adc8a2a P d7a99fbbb5ad418985006dd5c85affc3 reported cstate change: term changed from 0 to 1, leader changed from <none> to d7a99fbbb5ad418985006dd5c85affc3 (127.18.153.195). New cstate: current_term: 1 leader_uuid: "d7a99fbbb5ad418985006dd5c85affc3" committed_config { opid_index: -1 OBSOLETE_local: false peers { permanent_uuid: "2a7a4ba0d4d04c7f87687d5095fce414" member_type: VOTER last_known_addr { host: "127.18.153.193" port: 34701 } health_report { overall_health: UNKNOWN } } peers { permanent_uuid: "201fc5765c4345438aeb8a6f67b39cc0" member_type: VOTER last_known_addr { host: "127.18.153.194" port: 36307 } health_report { overall_health: UNKNOWN } } peers { permanent_uuid: "d7a99fbbb5ad418985006dd5c85affc3" member_type: VOTER last_known_addr { host: "127.18.153.195" port: 39287 } health_report { overall_health: HEALTHY } } }
I20260709 12:15:42.091797 20385 tablet_bootstrap.cc:654] T 78acb8f837e042eda8661b537c25b8a0 P d7a99fbbb5ad418985006dd5c85affc3: Neither blocks nor log segments found. Creating new log.
