I20260709 12:15:18.352355 22418 consensus_queue.cc:237] T aab6451db9f24beabaa40f7248b0d641 P 9e0e98ec0fea410aaaf54841da8ed970 [LEADER]: Queue going to LEADER mode. State: All replicated index: 0, Majority replicated index: 2, Committed index: 2, Last appended: 2.2, Last appended by leader: 2, Current term: 3, Majority size: 2, State: 0, Mode: LEADER, active raft config: opid_index: -1 OBSOLETE_local: false peers { permanent_uuid: "bfa9e0ddd6e9475d9d0385dd1599f740" member_type: VOTER last_known_addr { host: "127.20.234.193" port: 40081 } } peers { permanent_uuid: "9e0e98ec0fea410aaaf54841da8ed970" member_type: VOTER last_known_addr { host: "127.20.234.194" port: 34039 } } peers { permanent_uuid: "ef810e01be35476a8f08d663a0836b1c" member_type: VOTER last_known_addr { host: "127.20.234.195" port: 34081 } }
I20260709 12:15:18.359230 21970 catalog_manager.cc:5697] T aab6451db9f24beabaa40f7248b0d641 P 9e0e98ec0fea410aaaf54841da8ed970 reported cstate change: term changed from 2 to 3, leader changed from bfa9e0ddd6e9475d9d0385dd1599f740 (127.20.234.193) to 9e0e98ec0fea410aaaf54841da8ed970 (127.20.234.194). New cstate: current_term: 3 leader_uuid: "9e0e98ec0fea410aaaf54841da8ed970" committed_config { opid_index: -1 OBSOLETE_local: false peers { permanent_uuid: "bfa9e0ddd6e9475d9d0385dd1599f740" member_type: VOTER last_known_addr { host: "127.20.234.193" port: 40081 } health_report { overall_health: UNKNOWN } } peers { permanent_uuid: "9e0e98ec0fea410aaaf54841da8ed970" member_type: VOTER last_known_addr { host: "127.20.234.194" port: 34039 } health_report { overall_health: HEALTHY } } peers { permanent_uuid: "ef810e01be35476a8f08d663a0836b1c" member_type: VOTER last_known_addr { host: "127.20.234.195" port: 34081 } health_report { overall_health: UNKNOWN } } }
I20260709 12:15:18.424292 22417 raft_consensus.cc:993] T dcce93e1f66c4b949ab35e28b39c14eb P bfa9e0ddd6e9475d9d0385dd1599f740: : Instructing follower ef810e01be35476a8f08d663a0836b1c to start an election
I20260709 12:15:18.424813 22400 raft_consensus.cc:1081] T dcce93e1f66c4b949ab35e28b39c14eb P bfa9e0ddd6e9475d9d0385dd1599f740 [term 2 LEADER]: Signalling peer ef810e01be35476a8f08d663a0836b1c to start an election
I20260709 12:15:18.426285 22218 tablet_service.cc:2044] Received Run Leader Election RPC: tablet_id: "dcce93e1f66c4b949ab35e28b39c14eb"
dest_uuid: "ef810e01be35476a8f08d663a0836b1c"
 from {username='slave'} at 127.0.0.1:33356
I20260709 12:15:18.426890 22218 raft_consensus.cc:493] T dcce93e1f66c4b949ab35e28b39c14eb P ef810e01be35476a8f08d663a0836b1c [term 2 FOLLOWER]: Starting forced leader election (received explicit request)
I20260709 12:15:18.427230 22218 raft_consensus.cc:3060] T dcce93e1f66c4b949ab35e28b39c14eb P ef810e01be35476a8f08d663a0836b1c [term 2 FOLLOWER]: Advancing to term 3
I20260709 12:15:18.429780 22417 raft_consensus.cc:993] T 9e0a794827fa4952b1cd90db0983bbf3 P bfa9e0ddd6e9475d9d0385dd1599f740: : Instructing follower ef810e01be35476a8f08d663a0836b1c to start an election
I20260709 12:15:18.430246 22400 raft_consensus.cc:1081] T 9e0a794827fa4952b1cd90db0983bbf3 P bfa9e0ddd6e9475d9d0385dd1599f740 [term 3 LEADER]: Signalling peer ef810e01be35476a8f08d663a0836b1c to start an election
I20260709 12:15:18.431815 22220 tablet_service.cc:2044] Received Run Leader Election RPC: tablet_id: "9e0a794827fa4952b1cd90db0983bbf3"
dest_uuid: "ef810e01be35476a8f08d663a0836b1c"
 from {username='slave'} at 127.0.0.1:33356
I20260709 12:15:18.432242 22220 raft_consensus.cc:493] T 9e0a794827fa4952b1cd90db0983bbf3 P ef810e01be35476a8f08d663a0836b1c [term 3 FOLLOWER]: Starting forced leader election (received explicit request)
I20260709 12:15:18.432510 22220 raft_consensus.cc:3060] T 9e0a794827fa4952b1cd90db0983bbf3 P ef810e01be35476a8f08d663a0836b1c [term 3 FOLLOWER]: Advancing to term 4
I20260709 12:15:18.433218 22218 raft_consensus.cc:515] T dcce93e1f66c4b949ab35e28b39c14eb P ef810e01be35476a8f08d663a0836b1c [term 3 FOLLOWER]: Starting forced leader election with config: opid_index: -1 OBSOLETE_local: false peers { permanent_uuid: "bfa9e0ddd6e9475d9d0385dd1599f740" member_type: VOTER last_known_addr { host: "127.20.234.193" port: 40081 } } peers { permanent_uuid: "9e0e98ec0fea410aaaf54841da8ed970" member_type: VOTER last_known_addr { host: "127.20.234.194" port: 34039 } } peers { permanent_uuid: "ef810e01be35476a8f08d663a0836b1c" member_type: VOTER last_known_addr { host: "127.20.234.195" port: 34081 } }
I20260709 12:15:18.435315 22218 leader_election.cc:290] T dcce93e1f66c4b949ab35e28b39c14eb P ef810e01be35476a8f08d663a0836b1c [CANDIDATE]: Term 3 election: Requested vote from peers bfa9e0ddd6e9475d9d0385dd1599f740 (127.20.234.193:40081), 9e0e98ec0fea410aaaf54841da8ed970 (127.20.234.194:34039)
I20260709 12:15:18.435966 22070 tablet_service.cc:1917] Received RequestConsensusVote() RPC: tablet_id: "dcce93e1f66c4b949ab35e28b39c14eb" candidate_uuid: "ef810e01be35476a8f08d663a0836b1c" candidate_term: 3 candidate_status { last_received { term: 2 index: 2 } } ignore_live_leader: true dest_uuid: "bfa9e0ddd6e9475d9d0385dd1599f740"
I20260709 12:15:18.436219 22147 tablet_service.cc:1917] Received RequestConsensusVote() RPC: tablet_id: "dcce93e1f66c4b949ab35e28b39c14eb" candidate_uuid: "ef810e01be35476a8f08d663a0836b1c" candidate_term: 3 candidate_status { last_received { term: 2 index: 2 } } ignore_live_leader: true dest_uuid: "9e0e98ec0fea410aaaf54841da8ed970"
I20260709 12:15:18.436528 22070 raft_consensus.cc:3055] T dcce93e1f66c4b949ab35e28b39c14eb P bfa9e0ddd6e9475d9d0385dd1599f740 [term 2 LEADER]: Stepping down as leader of term 2
I20260709 12:15:18.436775 22147 raft_consensus.cc:3060] T dcce93e1f66c4b949ab35e28b39c14eb P 9e0e98ec0fea410aaaf54841da8ed970 [term 2 FOLLOWER]: Advancing to term 3
I20260709 12:15:18.436869 22070 raft_consensus.cc:740] T dcce93e1f66c4b949ab35e28b39c14eb P bfa9e0ddd6e9475d9d0385dd1599f740 [term 2 LEADER]: Becoming Follower/Learner. State: Replica: bfa9e0ddd6e9475d9d0385dd1599f740, State: Running, Role: LEADER
I20260709 12:15:18.437749 22070 consensus_queue.cc:260] T dcce93e1f66c4b949ab35e28b39c14eb P bfa9e0ddd6e9475d9d0385dd1599f740 [NON_LEADER]: Queue going to NON_LEADER mode. State: All replicated index: 0, Majority replicated index: 2, Committed index: 2, Last appended: 2.2, Last appended by leader: 2, Current term: 2, Majority size: -1, State: 0, Mode: NON_LEADER, active raft config: opid_index: -1 OBSOLETE_local: false peers { permanent_uuid: "bfa9e0ddd6e9475d9d0385dd1599f740" member_type: VOTER last_known_addr { host: "127.20.234.193" port: 40081 } } peers { permanent_uuid: "9e0e98ec0fea410aaaf54841da8ed970" member_type: VOTER last_known_addr { host: "127.20.234.194" port: 34039 } } peers { permanent_uuid: "ef810e01be35476a8f08d663a0836b1c" member_type: VOTER last_known_addr { host: "127.20.234.195" port: 34081 } }
I20260709 12:15:18.438192 22220 raft_consensus.cc:515] T 9e0a794827fa4952b1cd90db0983bbf3 P ef810e01be35476a8f08d663a0836b1c [term 4 FOLLOWER]: Starting forced leader election with config: opid_index: -1 OBSOLETE_local: false peers { permanent_uuid: "bfa9e0ddd6e9475d9d0385dd1599f740" member_type: VOTER last_known_addr { host: "127.20.234.193" port: 40081 } } peers { permanent_uuid: "9e0e98ec0fea410aaaf54841da8ed970" member_type: VOTER last_known_addr { host: "127.20.234.194" port: 34039 } } peers { permanent_uuid: "ef810e01be35476a8f08d663a0836b1c" member_type: VOTER last_known_addr { host: "127.20.234.195" port: 34081 } }
I20260709 12:15:18.438990 22070 raft_consensus.cc:3060] T dcce93e1f66c4b949ab35e28b39c14eb P bfa9e0ddd6e9475d9d0385dd1599f740 [term 2 FOLLOWER]: Advancing to term 3
I20260709 12:15:18.440403 22220 leader_election.cc:290] T 9e0a794827fa4952b1cd90db0983bbf3 P ef810e01be35476a8f08d663a0836b1c [CANDIDATE]: Term 4 election: Requested vote from peers bfa9e0ddd6e9475d9d0385dd1599f740 (127.20.234.193:40081), 9e0e98ec0fea410aaaf54841da8ed970 (127.20.234.194:34039)
I20260709 12:15:18.440887 22071 tablet_service.cc:1917] Received RequestConsensusVote() RPC: tablet_id: "9e0a794827fa4952b1cd90db0983bbf3" candidate_uuid: "ef810e01be35476a8f08d663a0836b1c" candidate_term: 4 candidate_status { last_received { term: 3 index: 3 } } ignore_live_leader: true dest_uuid: "bfa9e0ddd6e9475d9d0385dd1599f740"
I20260709 12:15:18.441529 22071 raft_consensus.cc:3055] T 9e0a794827fa4952b1cd90db0983bbf3 P bfa9e0ddd6e9475d9d0385dd1599f740 [term 3 LEADER]: Stepping down as leader of term 3
I20260709 12:15:18.441836 22071 raft_consensus.cc:740] T 9e0a794827fa4952b1cd90db0983bbf3 P bfa9e0ddd6e9475d9d0385dd1599f740 [term 3 LEADER]: Becoming Follower/Learner. State: Replica: bfa9e0ddd6e9475d9d0385dd1599f740, State: Running, Role: LEADER
I20260709 12:15:18.442389 22071 consensus_queue.cc:260] T 9e0a794827fa4952b1cd90db0983bbf3 P bfa9e0ddd6e9475d9d0385dd1599f740 [NON_LEADER]: Queue going to NON_LEADER mode. State: All replicated index: 0, Majority replicated index: 3, Committed index: 3, Last appended: 3.3, Last appended by leader: 3, Current term: 3, Majority size: -1, State: 0, Mode: NON_LEADER, active raft config: opid_index: -1 OBSOLETE_local: false peers { permanent_uuid: "bfa9e0ddd6e9475d9d0385dd1599f740" member_type: VOTER last_known_addr { host: "127.20.234.193" port: 40081 } } peers { permanent_uuid: "9e0e98ec0fea410aaaf54841da8ed970" member_type: VOTER last_known_addr { host: "127.20.234.194" port: 34039 } } peers { permanent_uuid: "ef810e01be35476a8f08d663a0836b1c" member_type: VOTER last_known_addr { host: "127.20.234.195" port: 34081 } }
I20260709 12:15:18.443159 22071 raft_consensus.cc:3060] T 9e0a794827fa4952b1cd90db0983bbf3 P bfa9e0ddd6e9475d9d0385dd1599f740 [term 3 FOLLOWER]: Advancing to term 4
I20260709 12:15:18.444499 22070 raft_consensus.cc:2468] T dcce93e1f66c4b949ab35e28b39c14eb P bfa9e0ddd6e9475d9d0385dd1599f740 [term 3 FOLLOWER]: Leader election vote request: Granting yes vote for candidate ef810e01be35476a8f08d663a0836b1c in term 3.
I20260709 12:15:18.440887 22145 tablet_service.cc:1917] Received RequestConsensusVote() RPC: tablet_id: "9e0a794827fa4952b1cd90db0983bbf3" candidate_uuid: "ef810e01be35476a8f08d663a0836b1c" candidate_term: 4 candidate_status { last_received { term: 3 index: 3 } } ignore_live_leader: true dest_uuid: "9e0e98ec0fea410aaaf54841da8ed970"
I20260709 12:15:18.445572 22187 leader_election.cc:304] T dcce93e1f66c4b949ab35e28b39c14eb P ef810e01be35476a8f08d663a0836b1c [CANDIDATE]: Term 3 election: Election decided. Result: candidate won. Election summary: received 2 responses out of 3 voters: 2 yes votes; 0 no votes. yes voters: bfa9e0ddd6e9475d9d0385dd1599f740, ef810e01be35476a8f08d663a0836b1c; no voters: 
I20260709 12:15:18.445996 22145 raft_consensus.cc:3060] T 9e0a794827fa4952b1cd90db0983bbf3 P 9e0e98ec0fea410aaaf54841da8ed970 [term 3 FOLLOWER]: Advancing to term 4
I20260709 12:15:18.446393 22397 raft_consensus.cc:2804] T dcce93e1f66c4b949ab35e28b39c14eb P ef810e01be35476a8f08d663a0836b1c [term 3 FOLLOWER]: Leader election won for term 3
I20260709 12:15:18.447943 22071 raft_consensus.cc:2468] T 9e0a794827fa4952b1cd90db0983bbf3 P bfa9e0ddd6e9475d9d0385dd1599f740 [term 4 FOLLOWER]: Leader election vote request: Granting yes vote for candidate ef810e01be35476a8f08d663a0836b1c in term 4.
I20260709 12:15:18.449365 22187 leader_election.cc:304] T 9e0a794827fa4952b1cd90db0983bbf3 P ef810e01be35476a8f08d663a0836b1c [CANDIDATE]: Term 4 election: Election decided. Result: candidate won. Election summary: received 2 responses out of 3 voters: 2 yes votes; 0 no votes. yes voters: bfa9e0ddd6e9475d9d0385dd1599f740, ef810e01be35476a8f08d663a0836b1c; no voters: 
I20260709 12:15:18.449297 22397 raft_consensus.cc:697] T dcce93e1f66c4b949ab35e28b39c14eb P ef810e01be35476a8f08d663a0836b1c [term 3 LEADER]: Becoming Leader. State: Replica: ef810e01be35476a8f08d663a0836b1c, State: Running, Role: LEADER
I20260709 12:15:18.450398 22426 raft_consensus.cc:2804] T 9e0a794827fa4952b1cd90db0983bbf3 P ef810e01be35476a8f08d663a0836b1c [term 4 FOLLOWER]: Leader election won for term 4
I20260709 12:15:18.450887 22397 consensus_queue.cc:237] T dcce93e1f66c4b949ab35e28b39c14eb P ef810e01be35476a8f08d663a0836b1c [LEADER]: Queue going to LEADER mode. State: All replicated index: 0, Majority replicated index: 2, Committed index: 2, Last appended: 2.2, Last appended by leader: 2, Current term: 3, Majority size: 2, State: 0, Mode: LEADER, active raft config: opid_index: -1 OBSOLETE_local: false peers { permanent_uuid: "bfa9e0ddd6e9475d9d0385dd1599f740" member_type: VOTER last_known_addr { host: "127.20.234.193" port: 40081 } } peers { permanent_uuid: "9e0e98ec0fea410aaaf54841da8ed970" member_type: VOTER last_known_addr { host: "127.20.234.194" port: 34039 } } peers { permanent_uuid: "ef810e01be35476a8f08d663a0836b1c" member_type: VOTER last_known_addr { host: "127.20.234.195" port: 34081 } }
I20260709 12:15:18.451452 22145 raft_consensus.cc:2468] T 9e0a794827fa4952b1cd90db0983bbf3 P 9e0e98ec0fea410aaaf54841da8ed970 [term 4 FOLLOWER]: Leader election vote request: Granting yes vote for candidate ef810e01be35476a8f08d663a0836b1c in term 4.
I20260709 12:15:18.452791 22147 raft_consensus.cc:2468] T dcce93e1f66c4b949ab35e28b39c14eb P 9e0e98ec0fea410aaaf54841da8ed970 [term 3 FOLLOWER]: Leader election vote request: Granting yes vote for candidate ef810e01be35476a8f08d663a0836b1c in term 3.
I20260709 12:15:18.454311 22426 raft_consensus.cc:697] T 9e0a794827fa4952b1cd90db0983bbf3 P ef810e01be35476a8f08d663a0836b1c [term 4 LEADER]: Becoming Leader. State: Replica: ef810e01be35476a8f08d663a0836b1c, State: Running, Role: LEADER
I20260709 12:15:18.455307 22426 consensus_queue.cc:237] T 9e0a794827fa4952b1cd90db0983bbf3 P ef810e01be35476a8f08d663a0836b1c [LEADER]: Queue going to LEADER mode. State: All replicated index: 0, Majority replicated index: 3, Committed index: 3, Last appended: 3.3, Last appended by leader: 3, Current term: 4, Majority size: 2, State: 0, Mode: LEADER, active raft config: opid_index: -1 OBSOLETE_local: false peers { permanent_uuid: "bfa9e0ddd6e9475d9d0385dd1599f740" member_type: VOTER last_known_addr { host: "127.20.234.193" port: 40081 } } peers { permanent_uuid: "9e0e98ec0fea410aaaf54841da8ed970" member_type: VOTER last_known_addr { host: "127.20.234.194" port: 34039 } } peers { permanent_uuid: "ef810e01be35476a8f08d663a0836b1c" member_type: VOTER last_known_addr { host: "127.20.234.195" port: 34081 } }
I20260709 12:15:18.459041 21970 catalog_manager.cc:5697] T dcce93e1f66c4b949ab35e28b39c14eb P ef810e01be35476a8f08d663a0836b1c reported cstate change: term changed from 2 to 3, leader changed from bfa9e0ddd6e9475d9d0385dd1599f740 (127.20.234.193) to ef810e01be35476a8f08d663a0836b1c (127.20.234.195). New cstate: current_term: 3 leader_uuid: "ef810e01be35476a8f08d663a0836b1c" committed_config { opid_index: -1 OBSOLETE_local: false peers { permanent_uuid: "bfa9e0ddd6e9475d9d0385dd1599f740" member_type: VOTER last_known_addr { host: "127.20.234.193" port: 40081 } health_report { overall_health: UNKNOWN } } peers { permanent_uuid: "9e0e98ec0fea410aaaf54841da8ed970" member_type: VOTER last_known_addr { host: "127.20.234.194" port: 34039 } health_report { overall_health: UNKNOWN } } peers { permanent_uuid: "ef810e01be35476a8f08d663a0836b1c" member_type: VOTER last_known_addr { host: "127.20.234.195" port: 34081 } health_report { overall_health: HEALTHY } } }
I20260709 12:15:18.469255 21970 catalog_manager.cc:5697] T 9e0a794827fa4952b1cd90db0983bbf3 P ef810e01be35476a8f08d663a0836b1c reported cstate change: term changed from 3 to 4, leader changed from bfa9e0ddd6e9475d9d0385dd1599f740 (127.20.234.193) to ef810e01be35476a8f08d663a0836b1c (127.20.234.195). New cstate: current_term: 4 leader_uuid: "ef810e01be35476a8f08d663a0836b1c" committed_config { opid_index: -1 OBSOLETE_local: false peers { permanent_uuid: "bfa9e0ddd6e9475d9d0385dd1599f740" member_type: VOTER last_known_addr { host: "127.20.234.193" port: 40081 } health_report { overall_health: UNKNOWN } } peers { permanent_uuid: "9e0e98ec0fea410aaaf54841da8ed970" member_type: VOTER last_known_addr { host: "127.20.234.194" port: 34039 } health_report { overall_health: UNKNOWN } } peers { permanent_uuid: "ef810e01be35476a8f08d663a0836b1c" member_type: VOTER last_known_addr { host: "127.20.234.195" port: 34081 } health_report { overall_health: HEALTHY } } }
I20260709 12:15:18.934000 22071 raft_consensus.cc:1275] T aab6451db9f24beabaa40f7248b0d641 P bfa9e0ddd6e9475d9d0385dd1599f740 [term 3 FOLLOWER]: Refusing update from remote peer 9e0e98ec0fea410aaaf54841da8ed970: Log matching property violated. Preceding OpId in replica: term: 2 index: 2. Preceding OpId from leader: term: 3 index: 3. (index mismatch)
I20260709 12:15:18.935664 22070 raft_consensus.cc:1275] T 47791f2b81b74a468b9e06f2bd6fe45b P bfa9e0ddd6e9475d9d0385dd1599f740 [term 2 FOLLOWER]: Refusing update from remote peer 9e0e98ec0fea410aaaf54841da8ed970: Log matching property violated. Preceding OpId in replica: term: 1 index: 1. Preceding OpId from leader: term: 2 index: 2. (index mismatch)
I20260709 12:15:18.936228 22431 consensus_queue.cc:1048] T aab6451db9f24beabaa40f7248b0d641 P 9e0e98ec0fea410aaaf54841da8ed970 [LEADER]: Connected to new peer: Peer: permanent_uuid: "bfa9e0ddd6e9475d9d0385dd1599f740" member_type: VOTER last_known_addr { host: "127.20.234.193" port: 40081 }, Status: LMP_MISMATCH, Last received: 0.0, Next index: 3, Last known committed idx: 2, Time since last communication: 0.001s
I20260709 12:15:18.979851 22218 raft_consensus.cc:1275] T 47791f2b81b74a468b9e06f2bd6fe45b P ef810e01be35476a8f08d663a0836b1c [term 2 FOLLOWER]: Refusing update from remote peer 9e0e98ec0fea410aaaf54841da8ed970: Log matching property violated. Preceding OpId in replica: term: 1 index: 1. Preceding OpId from leader: term: 2 index: 2. (index mismatch)
I20260709 12:15:18.980804 22431 consensus_queue.cc:1048] T 47791f2b81b74a468b9e06f2bd6fe45b P 9e0e98ec0fea410aaaf54841da8ed970 [LEADER]: Connected to new peer: Peer: permanent_uuid: "bfa9e0ddd6e9475d9d0385dd1599f740" member_type: VOTER last_known_addr { host: "127.20.234.193" port: 40081 }, Status: LMP_MISMATCH, Last received: 0.0, Next index: 2, Last known committed idx: 1, Time since last communication: 0.000s
I20260709 12:15:18.982020 22418 consensus_queue.cc:1048] T 47791f2b81b74a468b9e06f2bd6fe45b P 9e0e98ec0fea410aaaf54841da8ed970 [LEADER]: Connected to new peer: Peer: permanent_uuid: "ef810e01be35476a8f08d663a0836b1c" member_type: VOTER last_known_addr { host: "127.20.234.195" port: 34081 }, Status: LMP_MISMATCH, Last received: 0.0, Next index: 2, Last known committed idx: 1, Time since last communication: 0.001s
I20260709 12:15:19.131536 21419 auto_leader_rebalancer.cc:141] leader rebalance for table test-workload
I20260709 12:15:19.168089 22220 raft_consensus.cc:1275] T aab6451db9f24beabaa40f7248b0d641 P ef810e01be35476a8f08d663a0836b1c [term 3 FOLLOWER]: Refusing update from remote peer 9e0e98ec0fea410aaaf54841da8ed970: Log matching property violated. Preceding OpId in replica: term: 2 index: 2. Preceding OpId from leader: term: 3 index: 3. (index mismatch)
I20260709 12:15:19.168807 22072 raft_consensus.cc:1275] T 9e0a794827fa4952b1cd90db0983bbf3 P bfa9e0ddd6e9475d9d0385dd1599f740 [term 4 FOLLOWER]: Refusing update from remote peer ef810e01be35476a8f08d663a0836b1c: Log matching property violated. Preceding OpId in replica: term: 3 index: 3. Preceding OpId from leader: term: 4 index: 4. (index mismatch)
I20260709 12:15:19.170933 22071 raft_consensus.cc:1275] T dcce93e1f66c4b949ab35e28b39c14eb P bfa9e0ddd6e9475d9d0385dd1599f740 [term 3 FOLLOWER]: Refusing update from remote peer ef810e01be35476a8f08d663a0836b1c: Log matching property violated. Preceding OpId in replica: term: 2 index: 2. Preceding OpId from leader: term: 3 index: 3. (index mismatch)
I20260709 12:15:19.176493 22146 raft_consensus.cc:1275] T dcce93e1f66c4b949ab35e28b39c14eb P 9e0e98ec0fea410aaaf54841da8ed970 [term 3 FOLLOWER]: Refusing update from remote peer ef810e01be35476a8f08d663a0836b1c: Log matching property violated. Preceding OpId in replica: term: 2 index: 2. Preceding OpId from leader: term: 3 index: 3. (index mismatch)
I20260709 12:15:19.178289 22436 consensus_queue.cc:1048] T dcce93e1f66c4b949ab35e28b39c14eb P ef810e01be35476a8f08d663a0836b1c [LEADER]: Connected to new peer: Peer: permanent_uuid: "bfa9e0ddd6e9475d9d0385dd1599f740" member_type: VOTER last_known_addr { host: "127.20.234.193" port: 40081 }, Status: LMP_MISMATCH, Last received: 0.0, Next index: 3, Last known committed idx: 2, Time since last communication: 0.001s
I20260709 12:15:19.179243 22419 consensus_queue.cc:1048] T aab6451db9f24beabaa40f7248b0d641 P 9e0e98ec0fea410aaaf54841da8ed970 [LEADER]: Connected to new peer: Peer: permanent_uuid: "ef810e01be35476a8f08d663a0836b1c" member_type: VOTER last_known_addr { host: "127.20.234.195" port: 34081 }, Status: LMP_MISMATCH, Last received: 0.0, Next index: 3, Last known committed idx: 2, Time since last communication: 0.001s
I20260709 12:15:19.176956 22397 consensus_queue.cc:1048] T 9e0a794827fa4952b1cd90db0983bbf3 P ef810e01be35476a8f08d663a0836b1c [LEADER]: Connected to new peer: Peer: permanent_uuid: "bfa9e0ddd6e9475d9d0385dd1599f740" member_type: VOTER last_known_addr { host: "127.20.234.193" port: 40081 }, Status: LMP_MISMATCH, Last received: 0.0, Next index: 4, Last known committed idx: 3, Time since last communication: 0.004s
I20260709 12:15:19.192121 22397 consensus_queue.cc:1048] T dcce93e1f66c4b949ab35e28b39c14eb P ef810e01be35476a8f08d663a0836b1c [LEADER]: Connected to new peer: Peer: permanent_uuid: "9e0e98ec0fea410aaaf54841da8ed970" member_type: VOTER last_known_addr { host: "127.20.234.194" port: 34039 }, Status: LMP_MISMATCH, Last received: 0.0, Next index: 3, Last known committed idx: 2, Time since last communication: 0.001s
I20260709 12:15:19.209226 21419 auto_leader_rebalancer.cc:440] table: test-workload, leader rebalance finish, leader transfer count: 0
I20260709 12:15:19.210332 21419 auto_leader_rebalancer.cc:515] All tables' leader rebalancing finished this round
W20260709 12:15:19.291994 22420 log.cc:927] Time spent T 47791f2b81b74a468b9e06f2bd6fe45b P 9e0e98ec0fea410aaaf54841da8ed970: Append to log took a long time: real 0.057s	user 0.000s	sys 0.000s
I20260709 12:15:19.292665 22147 raft_consensus.cc:1275] T 9e0a794827fa4952b1cd90db0983bbf3 P 9e0e98ec0fea410aaaf54841da8ed970 [term 4 FOLLOWER]: Refusing update from remote peer ef810e01be35476a8f08d663a0836b1c: Log matching property violated. Preceding OpId in replica: term: 3 index: 3. Preceding OpId from leader: term: 4 index: 4. (index mismatch)
W20260709 12:15:19.292994 22429 log.cc:927] Time spent T 9e0a794827fa4952b1cd90db0983bbf3 P ef810e01be35476a8f08d663a0836b1c: Append to log took a long time: real 0.075s	user 0.000s	sys 0.000s
I20260709 12:15:19.340437 22434 consensus_queue.cc:1048] T 9e0a794827fa4952b1cd90db0983bbf3 P ef810e01be35476a8f08d663a0836b1c [LEADER]: Connected to new peer: Peer: permanent_uuid: "9e0e98ec0fea410aaaf54841da8ed970" member_type: VOTER last_known_addr { host: "127.20.234.194" port: 34039 }, Status: LMP_MISMATCH, Last received: 0.0, Next index: 4, Last known committed idx: 3, Time since last communication: 0.002s
W20260709 12:15:19.334318 22037 outbound_call.cc:321] RPC callback for RPC call kudu.consensus.ConsensusService.UpdateConsensus -> {remote=127.20.234.194:34039, user_credentials={real_user=slave}} blocked reactor thread for 102128us
W20260709 12:15:19.357537 22112 outbound_call.cc:321] RPC callback for RPC call kudu.consensus.ConsensusService.UpdateConsensus -> {remote=127.20.234.195:34081, user_credentials={real_user=slave}} blocked reactor thread for 102823us
W20260709 12:15:19.754215 22093 debug-util.cc:398] Leaking SignalData structure 0x7b0800149c20 after lost signal to thread 21422
W20260709 12:15:19.755051 22093 debug-util.cc:398] Leaking SignalData structure 0x7b0800194540 after lost signal to thread 22004
W20260709 12:15:19.755976 22093 debug-util.cc:398] Leaking SignalData structure 0x7b08001a7680 after lost signal to thread 22096
W20260709 12:15:19.756724 22093 debug-util.cc:398] Leaking SignalData structure 0x7b08000abbe0 after lost signal to thread 22171
W20260709 12:15:19.757453 22093 debug-util.cc:398] Leaking SignalData structure 0x7b08001daf80 after lost signal to thread 22245
I20260709 12:15:20.222564 21419 auto_leader_rebalancer.cc:141] leader rebalance for table test-workload
I20260709 12:15:20.231542 21419 auto_leader_rebalancer.cc:440] table: test-workload, leader rebalance finish, leader transfer count: 0
I20260709 12:15:20.232101 21419 auto_leader_rebalancer.cc:515] All tables' leader rebalancing finished this round
I20260709 12:15:21.233243 21419 auto_leader_rebalancer.cc:141] leader rebalance for table test-workload
I20260709 12:15:21.242079 21419 auto_leader_rebalancer.cc:440] table: test-workload, leader rebalance finish, leader transfer count: 0
I20260709 12:15:21.242621 21419 auto_leader_rebalancer.cc:515] All tables' leader rebalancing finished this round
I20260709 12:15:22.243515 21419 auto_leader_rebalancer.cc:141] leader rebalance for table test-workload
I20260709 12:15:22.249606 21419 auto_leader_rebalancer.cc:440] table: test-workload, leader rebalance finish, leader transfer count: 0
I20260709 12:15:22.250082 21419 auto_leader_rebalancer.cc:515] All tables' leader rebalancing finished this round
I20260709 12:15:23.250967 21419 auto_leader_rebalancer.cc:141] leader rebalance for table test-workload
I20260709 12:15:23.256258 21419 auto_leader_rebalancer.cc:440] table: test-workload, leader rebalance finish, leader transfer count: 0
I20260709 12:15:23.256695 21419 auto_leader_rebalancer.cc:515] All tables' leader rebalancing finished this round
I20260709 12:15:24.257609 21419 auto_leader_rebalancer.cc:141] leader rebalance for table test-workload
I20260709 12:15:24.262851 21419 auto_leader_rebalancer.cc:440] table: test-workload, leader rebalance finish, leader transfer count: 0
I20260709 12:15:24.263276 21419 auto_leader_rebalancer.cc:515] All tables' leader rebalancing finished this round
I20260709 12:15:25.264295 21419 auto_leader_rebalancer.cc:141] leader rebalance for table test-workload
I20260709 12:15:25.269416 21419 auto_leader_rebalancer.cc:440] table: test-workload, leader rebalance finish, leader transfer count: 0
I20260709 12:15:25.269858 21419 auto_leader_rebalancer.cc:515] All tables' leader rebalancing finished this round
I20260709 12:15:26.270768 21419 auto_leader_rebalancer.cc:141] leader rebalance for table test-workload
I20260709 12:15:26.276613 21419 auto_leader_rebalancer.cc:440] table: test-workload, leader rebalance finish, leader transfer count: 0
I20260709 12:15:26.277017 21419 auto_leader_rebalancer.cc:515] All tables' leader rebalancing finished this round
I20260709 12:15:27.277913 21419 auto_leader_rebalancer.cc:141] leader rebalance for table test-workload
I20260709 12:15:27.283419 21419 auto_leader_rebalancer.cc:440] table: test-workload, leader rebalance finish, leader transfer count: 0
I20260709 12:15:27.283835 21419 auto_leader_rebalancer.cc:515] All tables' leader rebalancing finished this round
I20260709 12:15:28.313832 21419 auto_leader_rebalancer-test.cc:410] The leader distribution is 
I20260709 12:15:28.314318 21419 tablet_server.cc:179] TabletServer@127.20.234.193:0 shutting down...
I20260709 12:15:28.337423 21419 ts_tablet_manager.cc:1507] Shutting down tablet manager...
I20260709 12:15:28.338186 21419 tablet_replica.cc:333] T a5f255cc2c214988b78fa2f79d476dfd P bfa9e0ddd6e9475d9d0385dd1599f740: stopping tablet replica
I20260709 12:15:28.338953 21419 raft_consensus.cc:2243] T a5f255cc2c214988b78fa2f79d476dfd P bfa9e0ddd6e9475d9d0385dd1599f740 [term 2 FOLLOWER]: Raft consensus shutting down.
I20260709 12:15:28.339553 21419 raft_consensus.cc:2272] T a5f255cc2c214988b78fa2f79d476dfd P bfa9e0ddd6e9475d9d0385dd1599f740 [term 2 FOLLOWER]: Raft consensus is shut down!
I20260709 12:15:28.341558 21419 tablet_replica.cc:333] T 47791f2b81b74a468b9e06f2bd6fe45b P bfa9e0ddd6e9475d9d0385dd1599f740: stopping tablet replica
I20260709 12:15:28.342084 21419 raft_consensus.cc:2243] T 47791f2b81b74a468b9e06f2bd6fe45b P bfa9e0ddd6e9475d9d0385dd1599f740 [term 2 FOLLOWER]: Raft consensus shutting down.
I20260709 12:15:28.342510 21419 raft_consensus.cc:2272] T 47791f2b81b74a468b9e06f2bd6fe45b P bfa9e0ddd6e9475d9d0385dd1599f740 [term 2 FOLLOWER]: Raft consensus is shut down!
I20260709 12:15:28.344115 21419 tablet_replica.cc:333] T 5c987026bcc7457f97c9e93ccfc93570 P bfa9e0ddd6e9475d9d0385dd1599f740: stopping tablet replica
I20260709 12:15:28.344609 21419 raft_consensus.cc:2243] T 5c987026bcc7457f97c9e93ccfc93570 P bfa9e0ddd6e9475d9d0385dd1599f740 [term 4 LEADER]: Raft consensus shutting down.
I20260709 12:15:28.345371 21419 raft_consensus.cc:2272] T 5c987026bcc7457f97c9e93ccfc93570 P bfa9e0ddd6e9475d9d0385dd1599f740 [term 4 FOLLOWER]: Raft consensus is shut down!
I20260709 12:15:28.347110 21419 tablet_replica.cc:333] T dcce93e1f66c4b949ab35e28b39c14eb P bfa9e0ddd6e9475d9d0385dd1599f740: stopping tablet replica
I20260709 12:15:28.347608 21419 raft_consensus.cc:2243] T dcce93e1f66c4b949ab35e28b39c14eb P bfa9e0ddd6e9475d9d0385dd1599f740 [term 3 FOLLOWER]: Raft consensus shutting down.
I20260709 12:15:28.347997 21419 raft_consensus.cc:2272] T dcce93e1f66c4b949ab35e28b39c14eb P bfa9e0ddd6e9475d9d0385dd1599f740 [term 3 FOLLOWER]: Raft consensus is shut down!
I20260709 12:15:28.349548 21419 tablet_replica.cc:333] T 76bf67bf734e40a399ce10b56024578a P bfa9e0ddd6e9475d9d0385dd1599f740: stopping tablet replica
I20260709 12:15:28.350041 21419 raft_consensus.cc:2243] T 76bf67bf734e40a399ce10b56024578a P bfa9e0ddd6e9475d9d0385dd1599f740 [term 3 LEADER]: Raft consensus shutting down.
I20260709 12:15:28.350746 21419 raft_consensus.cc:2272] T 76bf67bf734e40a399ce10b56024578a P bfa9e0ddd6e9475d9d0385dd1599f740 [term 3 FOLLOWER]: Raft consensus is shut down!
I20260709 12:15:28.352324 21419 tablet_replica.cc:333] T aab6451db9f24beabaa40f7248b0d641 P bfa9e0ddd6e9475d9d0385dd1599f740: stopping tablet replica
I20260709 12:15:28.352792 21419 raft_consensus.cc:2243] T aab6451db9f24beabaa40f7248b0d641 P bfa9e0ddd6e9475d9d0385dd1599f740 [term 3 FOLLOWER]: Raft consensus shutting down.
I20260709 12:15:28.353204 21419 raft_consensus.cc:2272] T aab6451db9f24beabaa40f7248b0d641 P bfa9e0ddd6e9475d9d0385dd1599f740 [term 3 FOLLOWER]: Raft consensus is shut down!
I20260709 12:15:28.354707 21419 tablet_replica.cc:333] T 9b18906e0e4946d091268811c869f217 P bfa9e0ddd6e9475d9d0385dd1599f740: stopping tablet replica
I20260709 12:15:28.355207 21419 raft_consensus.cc:2243] T 9b18906e0e4946d091268811c869f217 P bfa9e0ddd6e9475d9d0385dd1599f740 [term 2 LEADER]: Raft consensus shutting down.
I20260709 12:15:28.355904 21419 raft_consensus.cc:2272] T 9b18906e0e4946d091268811c869f217 P bfa9e0ddd6e9475d9d0385dd1599f740 [term 2 FOLLOWER]: Raft consensus is shut down!
I20260709 12:15:28.357648 21419 tablet_replica.cc:333] T 4d886da2982346d881d2e83de041e575 P bfa9e0ddd6e9475d9d0385dd1599f740: stopping tablet replica
I20260709 12:15:28.358165 21419 raft_consensus.cc:2243] T 4d886da2982346d881d2e83de041e575 P bfa9e0ddd6e9475d9d0385dd1599f740 [term 3 LEADER]: Raft consensus shutting down.
I20260709 12:15:28.358801 21419 raft_consensus.cc:2272] T 4d886da2982346d881d2e83de041e575 P bfa9e0ddd6e9475d9d0385dd1599f740 [term 3 FOLLOWER]: Raft consensus is shut down!
I20260709 12:15:28.360526 21419 tablet_replica.cc:333] T a404cba2dff342d593b3e4e5a4d9f3f0 P bfa9e0ddd6e9475d9d0385dd1599f740: stopping tablet replica
I20260709 12:15:28.360970 21419 raft_consensus.cc:2243] T a404cba2dff342d593b3e4e5a4d9f3f0 P bfa9e0ddd6e9475d9d0385dd1599f740 [term 2 FOLLOWER]: Raft consensus shutting down.
I20260709 12:15:28.361377 21419 raft_consensus.cc:2272] T a404cba2dff342d593b3e4e5a4d9f3f0 P bfa9e0ddd6e9475d9d0385dd1599f740 [term 2 FOLLOWER]: Raft consensus is shut down!
I20260709 12:15:28.362985 21419 tablet_replica.cc:333] T 9e0a794827fa4952b1cd90db0983bbf3 P bfa9e0ddd6e9475d9d0385dd1599f740: stopping tablet replica
I20260709 12:15:28.363420 21419 raft_consensus.cc:2243] T 9e0a794827fa4952b1cd90db0983bbf3 P bfa9e0ddd6e9475d9d0385dd1599f740 [term 4 FOLLOWER]: Raft consensus shutting down.
I20260709 12:15:28.363840 21419 raft_consensus.cc:2272] T 9e0a794827fa4952b1cd90db0983bbf3 P bfa9e0ddd6e9475d9d0385dd1599f740 [term 4 FOLLOWER]: Raft consensus is shut down!
W20260709 12:15:28.404840 22113 proxy.cc:239] Call had error, refreshing address and retrying: Network error: Client connection negotiation failed: client connection to 127.20.234.193:40081: connect: Connection refused (error 111) [suppressed 2 similar messages]
W20260709 12:15:28.408322 22113 consensus_peers.cc:597] T 47791f2b81b74a468b9e06f2bd6fe45b P 9e0e98ec0fea410aaaf54841da8ed970 -> Peer bfa9e0ddd6e9475d9d0385dd1599f740 (127.20.234.193:40081): Couldn't send request to peer bfa9e0ddd6e9475d9d0385dd1599f740. Status: Network error: Client connection negotiation failed: client connection to 127.20.234.193:40081: connect: Connection refused (error 111). This is attempt 1: this message will repeat every 5th retry.
I20260709 12:15:28.412585 21419 tablet_server.cc:196] TabletServer@127.20.234.193:0 shutdown complete.
I20260709 12:15:28.432284 21419 tablet_server.cc:179] TabletServer@127.20.234.194:0 shutting down...
I20260709 12:15:28.460184 21419 ts_tablet_manager.cc:1507] Shutting down tablet manager...
I20260709 12:15:28.460856 21419 tablet_replica.cc:333] T a5f255cc2c214988b78fa2f79d476dfd P 9e0e98ec0fea410aaaf54841da8ed970: stopping tablet replica
I20260709 12:15:28.461493 21419 raft_consensus.cc:2243] T a5f255cc2c214988b78fa2f79d476dfd P 9e0e98ec0fea410aaaf54841da8ed970 [term 2 FOLLOWER]: Raft consensus shutting down.
I20260709 12:15:28.462030 21419 raft_consensus.cc:2272] T a5f255cc2c214988b78fa2f79d476dfd P 9e0e98ec0fea410aaaf54841da8ed970 [term 2 FOLLOWER]: Raft consensus is shut down!
I20260709 12:15:28.463810 21419 tablet_replica.cc:333] T aab6451db9f24beabaa40f7248b0d641 P 9e0e98ec0fea410aaaf54841da8ed970: stopping tablet replica
I20260709 12:15:28.464319 21419 raft_consensus.cc:2243] T aab6451db9f24beabaa40f7248b0d641 P 9e0e98ec0fea410aaaf54841da8ed970 [term 3 LEADER]: Raft consensus shutting down.
I20260709 12:15:28.464972 21419 raft_consensus.cc:2272] T aab6451db9f24beabaa40f7248b0d641 P 9e0e98ec0fea410aaaf54841da8ed970 [term 3 FOLLOWER]: Raft consensus is shut down!
I20260709 12:15:28.466588 21419 tablet_replica.cc:333] T a404cba2dff342d593b3e4e5a4d9f3f0 P 9e0e98ec0fea410aaaf54841da8ed970: stopping tablet replica
I20260709 12:15:28.467062 21419 raft_consensus.cc:2243] T a404cba2dff342d593b3e4e5a4d9f3f0 P 9e0e98ec0fea410aaaf54841da8ed970 [term 2 LEADER]: Raft consensus shutting down.
I20260709 12:15:28.467670 21419 raft_consensus.cc:2272] T a404cba2dff342d593b3e4e5a4d9f3f0 P 9e0e98ec0fea410aaaf54841da8ed970 [term 2 FOLLOWER]: Raft consensus is shut down!
I20260709 12:15:28.469149 21419 tablet_replica.cc:333] T 9e0a794827fa4952b1cd90db0983bbf3 P 9e0e98ec0fea410aaaf54841da8ed970: stopping tablet replica
I20260709 12:15:28.469569 21419 raft_consensus.cc:2243] T 9e0a794827fa4952b1cd90db0983bbf3 P 9e0e98ec0fea410aaaf54841da8ed970 [term 4 FOLLOWER]: Raft consensus shutting down.
I20260709 12:15:28.469997 21419 raft_consensus.cc:2272] T 9e0a794827fa4952b1cd90db0983bbf3 P 9e0e98ec0fea410aaaf54841da8ed970 [term 4 FOLLOWER]: Raft consensus is shut down!
I20260709 12:15:28.471513 21419 tablet_replica.cc:333] T 76bf67bf734e40a399ce10b56024578a P 9e0e98ec0fea410aaaf54841da8ed970: stopping tablet replica
I20260709 12:15:28.472007 21419 raft_consensus.cc:2243] T 76bf67bf734e40a399ce10b56024578a P 9e0e98ec0fea410aaaf54841da8ed970 [term 3 FOLLOWER]: Raft consensus shutting down.
I20260709 12:15:28.472410 21419 raft_consensus.cc:2272] T 76bf67bf734e40a399ce10b56024578a P 9e0e98ec0fea410aaaf54841da8ed970 [term 3 FOLLOWER]: Raft consensus is shut down!
I20260709 12:15:28.474002 21419 tablet_replica.cc:333] T dcce93e1f66c4b949ab35e28b39c14eb P 9e0e98ec0fea410aaaf54841da8ed970: stopping tablet replica
I20260709 12:15:28.474485 21419 raft_consensus.cc:2243] T dcce93e1f66c4b949ab35e28b39c14eb P 9e0e98ec0fea410aaaf54841da8ed970 [term 3 FOLLOWER]: Raft consensus shutting down.
I20260709 12:15:28.474869 21419 raft_consensus.cc:2272] T dcce93e1f66c4b949ab35e28b39c14eb P 9e0e98ec0fea410aaaf54841da8ed970 [term 3 FOLLOWER]: Raft consensus is shut down!
I20260709 12:15:28.476302 21419 tablet_replica.cc:333] T 4d886da2982346d881d2e83de041e575 P 9e0e98ec0fea410aaaf54841da8ed970: stopping tablet replica
I20260709 12:15:28.476756 21419 raft_consensus.cc:2243] T 4d886da2982346d881d2e83de041e575 P 9e0e98ec0fea410aaaf54841da8ed970 [term 3 FOLLOWER]: Raft consensus shutting down.
I20260709 12:15:28.477133 21419 raft_consensus.cc:2272] T 4d886da2982346d881d2e83de041e575 P 9e0e98ec0fea410aaaf54841da8ed970 [term 3 FOLLOWER]: Raft consensus is shut down!
I20260709 12:15:28.478694 21419 tablet_replica.cc:333] T 9b18906e0e4946d091268811c869f217 P 9e0e98ec0fea410aaaf54841da8ed970: stopping tablet replica
I20260709 12:15:28.479161 21419 raft_consensus.cc:2243] T 9b18906e0e4946d091268811c869f217 P 9e0e98ec0fea410aaaf54841da8ed970 [term 2 FOLLOWER]: Raft consensus shutting down.
I20260709 12:15:28.479521 21419 raft_consensus.cc:2272] T 9b18906e0e4946d091268811c869f217 P 9e0e98ec0fea410aaaf54841da8ed970 [term 2 FOLLOWER]: Raft consensus is shut down!
I20260709 12:15:28.481151 21419 tablet_replica.cc:333] T 47791f2b81b74a468b9e06f2bd6fe45b P 9e0e98ec0fea410aaaf54841da8ed970: stopping tablet replica
I20260709 12:15:28.481594 21419 raft_consensus.cc:2243] T 47791f2b81b74a468b9e06f2bd6fe45b P 9e0e98ec0fea410aaaf54841da8ed970 [term 2 LEADER]: Raft consensus shutting down.
I20260709 12:15:28.482317 21419 raft_consensus.cc:2272] T 47791f2b81b74a468b9e06f2bd6fe45b P 9e0e98ec0fea410aaaf54841da8ed970 [term 2 FOLLOWER]: Raft consensus is shut down!
I20260709 12:15:28.483851 21419 tablet_replica.cc:333] T 5c987026bcc7457f97c9e93ccfc93570 P 9e0e98ec0fea410aaaf54841da8ed970: stopping tablet replica
I20260709 12:15:28.484326 21419 raft_consensus.cc:2243] T 5c987026bcc7457f97c9e93ccfc93570 P 9e0e98ec0fea410aaaf54841da8ed970 [term 4 FOLLOWER]: Raft consensus shutting down.
I20260709 12:15:28.484843 21419 raft_consensus.cc:2272] T 5c987026bcc7457f97c9e93ccfc93570 P 9e0e98ec0fea410aaaf54841da8ed970 [term 4 FOLLOWER]: Raft consensus is shut down!
W20260709 12:15:28.491286 22187 consensus_peers.cc:597] T a5f255cc2c214988b78fa2f79d476dfd P ef810e01be35476a8f08d663a0836b1c -> Peer bfa9e0ddd6e9475d9d0385dd1599f740 (127.20.234.193:40081): Couldn't send request to peer bfa9e0ddd6e9475d9d0385dd1599f740. Status: Network error: Client connection negotiation failed: client connection to 127.20.234.193:40081: connect: Connection refused (error 111). This is attempt 1: this message will repeat every 5th retry.
I20260709 12:15:28.537900 21419 tablet_server.cc:196] TabletServer@127.20.234.194:0 shutdown complete.
W20260709 12:15:28.549997 22186 consensus_peers.cc:597] T a5f255cc2c214988b78fa2f79d476dfd P ef810e01be35476a8f08d663a0836b1c -> Peer 9e0e98ec0fea410aaaf54841da8ed970 (127.20.234.194:34039): Couldn't send request to peer 9e0e98ec0fea410aaaf54841da8ed970. Status: Network error: Client connection negotiation failed: client connection to 127.20.234.194:34039: connect: Connection refused (error 111). This is attempt 1: this message will repeat every 5th retry.
I20260709 12:15:28.565901 21419 tablet_server.cc:179] TabletServer@127.20.234.195:0 shutting down...
I20260709 12:15:28.599809 21419 ts_tablet_manager.cc:1507] Shutting down tablet manager...
I20260709 12:15:28.600541 21419 tablet_replica.cc:333] T a5f255cc2c214988b78fa2f79d476dfd P ef810e01be35476a8f08d663a0836b1c: stopping tablet replica
I20260709 12:15:28.601413 21419 raft_consensus.cc:2243] T a5f255cc2c214988b78fa2f79d476dfd P ef810e01be35476a8f08d663a0836b1c [term 2 LEADER]: Raft consensus shutting down.
I20260709 12:15:28.602433 21419 raft_consensus.cc:2272] T a5f255cc2c214988b78fa2f79d476dfd P ef810e01be35476a8f08d663a0836b1c [term 2 FOLLOWER]: Raft consensus is shut down!
W20260709 12:15:28.604490 22186 consensus_peers.cc:597] T dcce93e1f66c4b949ab35e28b39c14eb P ef810e01be35476a8f08d663a0836b1c -> Peer 9e0e98ec0fea410aaaf54841da8ed970 (127.20.234.194:34039): Couldn't send request to peer 9e0e98ec0fea410aaaf54841da8ed970. Status: Network error: Client connection negotiation failed: client connection to 127.20.234.194:34039: connect: Connection refused (error 111). This is attempt 1: this message will repeat every 5th retry.
I20260709 12:15:28.604954 21419 tablet_replica.cc:333] T aab6451db9f24beabaa40f7248b0d641 P ef810e01be35476a8f08d663a0836b1c: stopping tablet replica
I20260709 12:15:28.605507 21419 raft_consensus.cc:2243] T aab6451db9f24beabaa40f7248b0d641 P ef810e01be35476a8f08d663a0836b1c [term 3 FOLLOWER]: Raft consensus shutting down.
I20260709 12:15:28.606001 21419 raft_consensus.cc:2272] T aab6451db9f24beabaa40f7248b0d641 P ef810e01be35476a8f08d663a0836b1c [term 3 FOLLOWER]: Raft consensus is shut down!
I20260709 12:15:28.607944 21419 tablet_replica.cc:333] T a404cba2dff342d593b3e4e5a4d9f3f0 P ef810e01be35476a8f08d663a0836b1c: stopping tablet replica
I20260709 12:15:28.608399 21419 raft_consensus.cc:2243] T a404cba2dff342d593b3e4e5a4d9f3f0 P ef810e01be35476a8f08d663a0836b1c [term 2 FOLLOWER]: Raft consensus shutting down.
I20260709 12:15:28.608786 21419 raft_consensus.cc:2272] T a404cba2dff342d593b3e4e5a4d9f3f0 P ef810e01be35476a8f08d663a0836b1c [term 2 FOLLOWER]: Raft consensus is shut down!
I20260709 12:15:28.610409 21419 tablet_replica.cc:333] T 9e0a794827fa4952b1cd90db0983bbf3 P ef810e01be35476a8f08d663a0836b1c: stopping tablet replica
I20260709 12:15:28.610828 21419 raft_consensus.cc:2243] T 9e0a794827fa4952b1cd90db0983bbf3 P ef810e01be35476a8f08d663a0836b1c [term 4 LEADER]: Raft consensus shutting down.
I20260709 12:15:28.611449 21419 raft_consensus.cc:2272] T 9e0a794827fa4952b1cd90db0983bbf3 P ef810e01be35476a8f08d663a0836b1c [term 4 FOLLOWER]: Raft consensus is shut down!
I20260709 12:15:28.612962 21419 tablet_replica.cc:333] T dcce93e1f66c4b949ab35e28b39c14eb P ef810e01be35476a8f08d663a0836b1c: stopping tablet replica
I20260709 12:15:28.613408 21419 raft_consensus.cc:2243] T dcce93e1f66c4b949ab35e28b39c14eb P ef810e01be35476a8f08d663a0836b1c [term 3 LEADER]: Raft consensus shutting down.
I20260709 12:15:28.614110 21419 raft_consensus.cc:2272] T dcce93e1f66c4b949ab35e28b39c14eb P ef810e01be35476a8f08d663a0836b1c [term 3 FOLLOWER]: Raft consensus is shut down!
I20260709 12:15:28.615901 21419 tablet_replica.cc:333] T 76bf67bf734e40a399ce10b56024578a P ef810e01be35476a8f08d663a0836b1c: stopping tablet replica
I20260709 12:15:28.616369 21419 raft_consensus.cc:2243] T 76bf67bf734e40a399ce10b56024578a P ef810e01be35476a8f08d663a0836b1c [term 3 FOLLOWER]: Raft consensus shutting down.
I20260709 12:15:28.616716 21419 raft_consensus.cc:2272] T 76bf67bf734e40a399ce10b56024578a P ef810e01be35476a8f08d663a0836b1c [term 3 FOLLOWER]: Raft consensus is shut down!
I20260709 12:15:28.618362 21419 tablet_replica.cc:333] T 5c987026bcc7457f97c9e93ccfc93570 P ef810e01be35476a8f08d663a0836b1c: stopping tablet replica
I20260709 12:15:28.618788 21419 raft_consensus.cc:2243] T 5c987026bcc7457f97c9e93ccfc93570 P ef810e01be35476a8f08d663a0836b1c [term 4 FOLLOWER]: Raft consensus shutting down.
I20260709 12:15:28.619123 21419 raft_consensus.cc:2272] T 5c987026bcc7457f97c9e93ccfc93570 P ef810e01be35476a8f08d663a0836b1c [term 4 FOLLOWER]: Raft consensus is shut down!
I20260709 12:15:28.620646 21419 tablet_replica.cc:333] T 47791f2b81b74a468b9e06f2bd6fe45b P ef810e01be35476a8f08d663a0836b1c: stopping tablet replica
I20260709 12:15:28.621052 21419 raft_consensus.cc:2243] T 47791f2b81b74a468b9e06f2bd6fe45b P ef810e01be35476a8f08d663a0836b1c [term 2 FOLLOWER]: Raft consensus shutting down.
I20260709 12:15:28.621354 21419 raft_consensus.cc:2272] T 47791f2b81b74a468b9e06f2bd6fe45b P ef810e01be35476a8f08d663a0836b1c [term 2 FOLLOWER]: Raft consensus is shut down!
I20260709 12:15:28.622831 21419 tablet_replica.cc:333] T 4d886da2982346d881d2e83de041e575 P ef810e01be35476a8f08d663a0836b1c: stopping tablet replica
I20260709 12:15:28.623282 21419 raft_consensus.cc:2243] T 4d886da2982346d881d2e83de041e575 P ef810e01be35476a8f08d663a0836b1c [term 3 FOLLOWER]: Raft consensus shutting down.
I20260709 12:15:28.623594 21419 raft_consensus.cc:2272] T 4d886da2982346d881d2e83de041e575 P ef810e01be35476a8f08d663a0836b1c [term 3 FOLLOWER]: Raft consensus is shut down!
I20260709 12:15:28.625047 21419 tablet_replica.cc:333] T 9b18906e0e4946d091268811c869f217 P ef810e01be35476a8f08d663a0836b1c: stopping tablet replica
I20260709 12:15:28.625437 21419 raft_consensus.cc:2243] T 9b18906e0e4946d091268811c869f217 P ef810e01be35476a8f08d663a0836b1c [term 2 FOLLOWER]: Raft consensus shutting down.
I20260709 12:15:28.625836 21419 raft_consensus.cc:2272] T 9b18906e0e4946d091268811c869f217 P ef810e01be35476a8f08d663a0836b1c [term 2 FOLLOWER]: Raft consensus is shut down!
I20260709 12:15:28.654027 21419 tablet_server.cc:196] TabletServer@127.20.234.195:0 shutdown complete.
I20260709 12:15:28.672317 21419 master.cc:562] Master@127.20.234.254:46459 shutting down...
I20260709 12:15:28.692488 21419 raft_consensus.cc:2243] T 00000000000000000000000000000000 P da028bf274a6462d8ebcfe425b26deac [term 1 LEADER]: Raft consensus shutting down.
I20260709 12:15:28.693059 21419 raft_consensus.cc:2272] T 00000000000000000000000000000000 P da028bf274a6462d8ebcfe425b26deac [term 1 FOLLOWER]: Raft consensus is shut down!
I20260709 12:15:28.693395 21419 tablet_replica.cc:333] T 00000000000000000000000000000000 P da028bf274a6462d8ebcfe425b26deac: stopping tablet replica
I20260709 12:15:28.715623 21419 master.cc:584] Master@127.20.234.254:46459 shutdown complete.
9e0e98ec0fea410aaaf54841da8ed970  4
bfa9e0ddd6e9475d9d0385dd1599f740  5
ef810e01be35476a8f08d663a0836b1c  1
9e0e98ec0fea410aaaf54841da8ed970  4
bfa9e0ddd6e9475d9d0385dd1599f740  3
ef810e01be35476a8f08d663a0836b1c  3
9e0e98ec0fea410aaaf54841da8ed970  1
bfa9e0ddd6e9475d9d0385dd1599f740  8
ef810e01be35476a8f08d663a0836b1c  1
9e0e98ec0fea410aaaf54841da8ed970  3
bfa9e0ddd6e9475d9d0385dd1599f740  4
ef810e01be35476a8f08d663a0836b1c  3
[       OK ] LeaderRebalancerTest.FunctionalTestForNotDivided (29456 ms)
[ RUN      ] LeaderRebalancerTest.AddTserver
I20260709 12:15:28.764145 21419 internal_mini_cluster.cc:156] Creating distributed mini masters. Addrs: 127.20.234.254:39763
I20260709 12:15:28.765321 21419 file_cache.cc:504] Constructed file cache file cache with capacity 419430
W20260709 12:15:28.771485 22467 instance_detector.cc:116] could not retrieve Azure instance metadata: Network error: curl error: HTTP response code said error: The requested URL returned error: 404
W20260709 12:15:28.771596 22466 instance_detector.cc:116] could not retrieve AWS instance metadata: Network error: curl error: HTTP response code said error: The requested URL returned error: 404
W20260709 12:15:28.772346 22469 instance_detector.cc:116] could not retrieve OpenStack instance metadata: Network error: curl error: HTTP response code said error: The requested URL returned error: 404
I20260709 12:15:28.773664 21419 server_base.cc:1061] running on GCE node
I20260709 12:15:28.774708 21419 hybrid_clock.cc:584] initializing the hybrid clock with 'system_unsync' time source
W20260709 12:15:28.774943 21419 system_unsync_time.cc:38] NTP support is disabled. Clock error bounds will not be accurate. This configuration is not suitable for distributed clusters.
I20260709 12:15:28.775173 21419 hybrid_clock.cc:648] HybridClock initialized: now 1783599328775153 us; error 0 us; skew 500 ppm
I20260709 12:15:28.775756 21419 server_base.cc:861] Flag tcmalloc_max_total_thread_cache_bytes is not working since tcmalloc is not enabled.
I20260709 12:15:28.778376 21419 webserver.cc:533] Webserver started at http://127.20.234.254:35377/ using document root <none> and password file <none>
I20260709 12:15:28.778913 21419 fs_manager.cc:362] Metadata directory not provided
I20260709 12:15:28.779134 21419 fs_manager.cc:368] Using write-ahead log directory (fs_wal_dir) as metadata directory
I20260709 12:15:28.779431 21419 server_base.cc:909] This appears to be a new deployment of Kudu; creating new FS layout
I20260709 12:15:28.780805 21419 fs_manager.cc:1068] Generated new instance metadata in path /tmp/dist-test-taskIQC10K/test-tmp/auto_leader_rebalancer-test.0.LeaderRebalancerTest.AddTserver.1783599268336077-21419-0/minicluster-data/master-0-root/instance:
uuid: "1e1841b77ee846138526d75363e3af60"
format_stamp: "Formatted at 2026-07-09 12:15:28 on dist-test-slave-vf4z"
I20260709 12:15:28.785625 21419 fs_manager.cc:696] Time spent creating directory manager: real 0.004s	user 0.001s	sys 0.006s
I20260709 12:15:28.789525 22474 log_block_manager.cc:4127] Time spent loading block containers with low live blocks: real 0.000s	user 0.000s	sys 0.000s
I20260709 12:15:28.790397 21419 fs_manager.cc:730] Time spent opening block manager: real 0.003s	user 0.003s	sys 0.000s
I20260709 12:15:28.790639 21419 fs_manager.cc:647] Opened local filesystem: /tmp/dist-test-taskIQC10K/test-tmp/auto_leader_rebalancer-test.0.LeaderRebalancerTest.AddTserver.1783599268336077-21419-0/minicluster-data/master-0-root
uuid: "1e1841b77ee846138526d75363e3af60"
format_stamp: "Formatted at 2026-07-09 12:15:28 on dist-test-slave-vf4z"
I20260709 12:15:28.790869 21419 fs_report.cc:389] FS layout report
--------------------
wal directory: /tmp/dist-test-taskIQC10K/test-tmp/auto_leader_rebalancer-test.0.LeaderRebalancerTest.AddTserver.1783599268336077-21419-0/minicluster-data/master-0-root
metadata directory: /tmp/dist-test-taskIQC10K/test-tmp/auto_leader_rebalancer-test.0.LeaderRebalancerTest.AddTserver.1783599268336077-21419-0/minicluster-data/master-0-root
