[==========] Running 8 tests from 2 test suites.
[----------] Global test environment set-up.
[----------] 6 tests from LeaderRebalancerTest
[ RUN      ] LeaderRebalancerTest.FunctionalTestForDivided
WARNING: Logging before InitGoogleLogging() is written to STDERR
I20260709 12:08:12.789151  2940 internal_mini_cluster.cc:156] Creating distributed mini masters. Addrs: 127.2.223.62:44737
I20260709 12:08:12.790917  2940 env_posix.cc:2285] Not raising this process' open files per process limit of 1048576; it is already as high as it can go
I20260709 12:08:12.791983  2940 file_cache.cc:504] Constructed file cache file cache with capacity 419430
W20260709 12:08:12.812458  2946 instance_detector.cc:116] could not retrieve AWS instance metadata: Network error: curl error: HTTP response code said error: The requested URL returned error: 404
W20260709 12:08:12.812501  2947 instance_detector.cc:116] could not retrieve Azure instance metadata: Network error: curl error: HTTP response code said error: The requested URL returned error: 404
I20260709 12:08:12.813163  2940 server_base.cc:1061] running on GCE node
W20260709 12:08:12.812487  2949 instance_detector.cc:116] could not retrieve OpenStack instance metadata: Network error: curl error: HTTP response code said error: The requested URL returned error: 404
I20260709 12:08:14.125260  2940 hybrid_clock.cc:584] initializing the hybrid clock with 'system_unsync' time source
W20260709 12:08:14.125670  2940 system_unsync_time.cc:38] NTP support is disabled. Clock error bounds will not be accurate. This configuration is not suitable for distributed clusters.
I20260709 12:08:14.125900  2940 hybrid_clock.cc:648] HybridClock initialized: now 1783598894125867 us; error 0 us; skew 500 ppm
I20260709 12:08:14.126771  2940 server_base.cc:861] Flag tcmalloc_max_total_thread_cache_bytes is not working since tcmalloc is not enabled.
I20260709 12:08:14.133798  2940 webserver.cc:533] Webserver started at http://127.2.223.62:39491/ using document root <none> and password file <none>
I20260709 12:08:14.134727  2940 fs_manager.cc:362] Metadata directory not provided
I20260709 12:08:14.134989  2940 fs_manager.cc:368] Using write-ahead log directory (fs_wal_dir) as metadata directory
I20260709 12:08:14.135456  2940 server_base.cc:909] This appears to be a new deployment of Kudu; creating new FS layout
I20260709 12:08:14.141460  2940 fs_manager.cc:1068] Generated new instance metadata in path /tmp/dist-test-taskt6MsQV/test-tmp/auto_leader_rebalancer-test.0.LeaderRebalancerTest.FunctionalTestForDivided.1783598892595896-2940-0/minicluster-data/master-0-root/instance:
uuid: "65bab442fec8476aa7b89e2cea5d68d2"
format_stamp: "Formatted at 2026-07-09 12:08:14 on dist-test-slave-0cmf"
I20260709 12:08:14.149792  2940 fs_manager.cc:696] Time spent creating directory manager: real 0.007s	user 0.007s	sys 0.001s
I20260709 12:08:14.155369  2955 log_block_manager.cc:4127] Time spent loading block containers with low live blocks: real 0.000s	user 0.000s	sys 0.000s
I20260709 12:08:14.156751  2940 fs_manager.cc:730] Time spent opening block manager: real 0.004s	user 0.002s	sys 0.003s
I20260709 12:08:14.157188  2940 fs_manager.cc:647] Opened local filesystem: /tmp/dist-test-taskt6MsQV/test-tmp/auto_leader_rebalancer-test.0.LeaderRebalancerTest.FunctionalTestForDivided.1783598892595896-2940-0/minicluster-data/master-0-root
uuid: "65bab442fec8476aa7b89e2cea5d68d2"
format_stamp: "Formatted at 2026-07-09 12:08:14 on dist-test-slave-0cmf"
I20260709 12:08:14.157651  2940 fs_report.cc:389] FS layout report
--------------------
wal directory: /tmp/dist-test-taskt6MsQV/test-tmp/auto_leader_rebalancer-test.0.LeaderRebalancerTest.FunctionalTestForDivided.1783598892595896-2940-0/minicluster-data/master-0-root
metadata directory: /tmp/dist-test-taskt6MsQV/test-tmp/auto_leader_rebalancer-test.0.LeaderRebalancerTest.FunctionalTestForDivided.1783598892595896-2940-0/minicluster-data/master-0-root
1 data directories: /tmp/dist-test-taskt6MsQV/test-tmp/auto_leader_rebalancer-test.0.LeaderRebalancerTest.FunctionalTestForDivided.1783598892595896-2940-0/minicluster-data/master-0-root/data
Total live blocks: 0
Total live bytes: 0
Total live bytes (after alignment): 0
Total number of LBM containers: 0 (0 full)
Did not check for missing blocks
Did not check for orphaned blocks
Total full LBM containers with extra space: 0 (0 repaired)
Total full LBM container extra space in bytes: 0 (0 repaired)
Total incomplete LBM containers: 0 (0 repaired)
Total LBM partial records: 0 (0 repaired)
Total corrupted LBM metadata records in RocksDB: 0 (0 repaired)
I20260709 12:08:14.236923  2940 rpc_server.cc:225] running with OpenSSL 1.1.1  11 Sep 2018
I20260709 12:08:14.238559  2940 env_posix.cc:2285] Not raising this process' running threads per effective uid limit of 18446744073709551615; it is already as high as it can go
I20260709 12:08:14.239045  2940 kserver.cc:163] Server-wide thread pool size limit: 3276
I20260709 12:08:14.317847  2940 rpc_server.cc:307] RPC server started. Bound to: 127.2.223.62:44737
I20260709 12:08:14.317919  3006 acceptor_pool.cc:272] collecting diagnostics on the listening RPC socket 127.2.223.62:44737 every 8 connection(s)
I20260709 12:08:14.326013  3007 data_dirs.cc:400] Could only allocate 1 dirs of requested 3 for tablet 00000000000000000000000000000000. 1 dirs total, 0 dirs full, 0 dirs failed
I20260709 12:08:14.349395  3007 tablet_bootstrap.cc:492] T 00000000000000000000000000000000 P 65bab442fec8476aa7b89e2cea5d68d2: Bootstrap starting.
I20260709 12:08:14.355506  3007 tablet_bootstrap.cc:654] T 00000000000000000000000000000000 P 65bab442fec8476aa7b89e2cea5d68d2: Neither blocks nor log segments found. Creating new log.
I20260709 12:08:14.357527  3007 log.cc:826] T 00000000000000000000000000000000 P 65bab442fec8476aa7b89e2cea5d68d2: Log is configured to *not* fsync() on all Append() calls
I20260709 12:08:14.362777  3007 tablet_bootstrap.cc:492] T 00000000000000000000000000000000 P 65bab442fec8476aa7b89e2cea5d68d2: No bootstrap required, opened a new log
I20260709 12:08:14.384227  3007 raft_consensus.cc:359] T 00000000000000000000000000000000 P 65bab442fec8476aa7b89e2cea5d68d2 [term 0 FOLLOWER]: Replica starting. Triggering 0 pending ops. Active config: opid_index: -1 OBSOLETE_local: true peers { permanent_uuid: "65bab442fec8476aa7b89e2cea5d68d2" member_type: VOTER }
I20260709 12:08:14.384833  3007 raft_consensus.cc:385] T 00000000000000000000000000000000 P 65bab442fec8476aa7b89e2cea5d68d2 [term 0 FOLLOWER]: Consensus starting up: Expiring failure detector timer to make a prompt election more likely
I20260709 12:08:14.385118  3007 raft_consensus.cc:740] T 00000000000000000000000000000000 P 65bab442fec8476aa7b89e2cea5d68d2 [term 0 FOLLOWER]: Becoming Follower/Learner. State: Replica: 65bab442fec8476aa7b89e2cea5d68d2, State: Initialized, Role: FOLLOWER
I20260709 12:08:14.386149  3007 consensus_queue.cc:260] T 00000000000000000000000000000000 P 65bab442fec8476aa7b89e2cea5d68d2 [NON_LEADER]: Queue going to NON_LEADER mode. State: All replicated index: 0, Majority replicated index: 0, Committed index: 0, Last appended: 0.0, Last appended by leader: 0, Current term: 0, Majority size: -1, State: 0, Mode: NON_LEADER, active raft config: opid_index: -1 OBSOLETE_local: true peers { permanent_uuid: "65bab442fec8476aa7b89e2cea5d68d2" member_type: VOTER }
I20260709 12:08:14.386615  3007 raft_consensus.cc:399] T 00000000000000000000000000000000 P 65bab442fec8476aa7b89e2cea5d68d2 [term 0 FOLLOWER]: Only one voter in the Raft config. Triggering election immediately
I20260709 12:08:14.386966  3007 raft_consensus.cc:493] T 00000000000000000000000000000000 P 65bab442fec8476aa7b89e2cea5d68d2 [term 0 FOLLOWER]: Starting leader election (initial election of a single-replica configuration)
I20260709 12:08:14.387327  3007 raft_consensus.cc:3060] T 00000000000000000000000000000000 P 65bab442fec8476aa7b89e2cea5d68d2 [term 0 FOLLOWER]: Advancing to term 1
I20260709 12:08:14.391636  3007 raft_consensus.cc:515] T 00000000000000000000000000000000 P 65bab442fec8476aa7b89e2cea5d68d2 [term 1 FOLLOWER]: Starting leader election with config: opid_index: -1 OBSOLETE_local: true peers { permanent_uuid: "65bab442fec8476aa7b89e2cea5d68d2" member_type: VOTER }
I20260709 12:08:14.392457  3007 leader_election.cc:304] T 00000000000000000000000000000000 P 65bab442fec8476aa7b89e2cea5d68d2 [CANDIDATE]: Term 1 election: Election decided. Result: candidate won. Election summary: received 1 responses out of 1 voters: 1 yes votes; 0 no votes. yes voters: 65bab442fec8476aa7b89e2cea5d68d2; no voters: 
I20260709 12:08:14.394253  3007 leader_election.cc:290] T 00000000000000000000000000000000 P 65bab442fec8476aa7b89e2cea5d68d2 [CANDIDATE]: Term 1 election: Requested vote from peers 
I20260709 12:08:14.394678  3010 raft_consensus.cc:2804] T 00000000000000000000000000000000 P 65bab442fec8476aa7b89e2cea5d68d2 [term 1 FOLLOWER]: Leader election won for term 1
I20260709 12:08:14.397924  3010 raft_consensus.cc:697] T 00000000000000000000000000000000 P 65bab442fec8476aa7b89e2cea5d68d2 [term 1 LEADER]: Becoming Leader. State: Replica: 65bab442fec8476aa7b89e2cea5d68d2, State: Running, Role: LEADER
I20260709 12:08:14.398881  3010 consensus_queue.cc:237] T 00000000000000000000000000000000 P 65bab442fec8476aa7b89e2cea5d68d2 [LEADER]: Queue going to LEADER mode. State: All replicated index: 0, Majority replicated index: 0, Committed index: 0, Last appended: 0.0, Last appended by leader: 0, Current term: 1, Majority size: 1, State: 0, Mode: LEADER, active raft config: opid_index: -1 OBSOLETE_local: true peers { permanent_uuid: "65bab442fec8476aa7b89e2cea5d68d2" member_type: VOTER }
I20260709 12:08:14.400234  3007 sys_catalog.cc:565] T 00000000000000000000000000000000 P 65bab442fec8476aa7b89e2cea5d68d2 [sys.catalog]: configured and running, proceeding with master startup.
I20260709 12:08:14.415442  3011 sys_catalog.cc:455] T 00000000000000000000000000000000 P 65bab442fec8476aa7b89e2cea5d68d2 [sys.catalog]: SysCatalogTable state changed. Reason: RaftConsensus started. Latest consensus state: current_term: 1 leader_uuid: "65bab442fec8476aa7b89e2cea5d68d2" committed_config { opid_index: -1 OBSOLETE_local: true peers { permanent_uuid: "65bab442fec8476aa7b89e2cea5d68d2" member_type: VOTER } }
I20260709 12:08:14.416188  3011 sys_catalog.cc:458] T 00000000000000000000000000000000 P 65bab442fec8476aa7b89e2cea5d68d2 [sys.catalog]: This master's current role is: LEADER
I20260709 12:08:14.417183  3012 sys_catalog.cc:455] T 00000000000000000000000000000000 P 65bab442fec8476aa7b89e2cea5d68d2 [sys.catalog]: SysCatalogTable state changed. Reason: New leader 65bab442fec8476aa7b89e2cea5d68d2. Latest consensus state: current_term: 1 leader_uuid: "65bab442fec8476aa7b89e2cea5d68d2" committed_config { opid_index: -1 OBSOLETE_local: true peers { permanent_uuid: "65bab442fec8476aa7b89e2cea5d68d2" member_type: VOTER } }
I20260709 12:08:14.417958  3012 sys_catalog.cc:458] T 00000000000000000000000000000000 P 65bab442fec8476aa7b89e2cea5d68d2 [sys.catalog]: This master's current role is: LEADER
I20260709 12:08:14.420532  3019 catalog_manager.cc:1511] Loading table and tablet metadata into memory...
I20260709 12:08:14.435662  3019 catalog_manager.cc:1520] Initializing Kudu cluster ID...
I20260709 12:08:14.438843  2940 internal_mini_cluster.cc:184] Waiting to initialize catalog manager on master 0
I20260709 12:08:14.458509  3019 catalog_manager.cc:1383] Generated new cluster ID: 5c5fe66f07d34a1ca9508a534ba6044a
I20260709 12:08:14.458844  3019 catalog_manager.cc:1531] Initializing Kudu internal certificate authority...
I20260709 12:08:14.478843  3019 catalog_manager.cc:1406] Generated new certificate authority record
I20260709 12:08:14.480476  3019 catalog_manager.cc:1540] Loading token signing keys...
I20260709 12:08:14.498099  3019 catalog_manager.cc:6070] T 00000000000000000000000000000000 P 65bab442fec8476aa7b89e2cea5d68d2: Generated new TSK 0
I20260709 12:08:14.499315  3019 catalog_manager.cc:1550] Initializing in-progress tserver states...
I20260709 12:08:14.506672  2940 file_cache.cc:504] Constructed file cache file cache with capacity 419430
W20260709 12:08:14.517802  3029 instance_detector.cc:116] could not retrieve AWS instance metadata: Network error: curl error: HTTP response code said error: The requested URL returned error: 404
W20260709 12:08:14.520033  3030 instance_detector.cc:116] could not retrieve Azure instance metadata: Network error: curl error: HTTP response code said error: The requested URL returned error: 404
I20260709 12:08:14.522320  2940 server_base.cc:1061] running on GCE node
W20260709 12:08:14.523468  3032 instance_detector.cc:116] could not retrieve OpenStack instance metadata: Network error: curl error: HTTP response code said error: The requested URL returned error: 404
I20260709 12:08:14.524464  2940 hybrid_clock.cc:584] initializing the hybrid clock with 'system_unsync' time source
W20260709 12:08:14.524690  2940 system_unsync_time.cc:38] NTP support is disabled. Clock error bounds will not be accurate. This configuration is not suitable for distributed clusters.
I20260709 12:08:14.524909  2940 hybrid_clock.cc:648] HybridClock initialized: now 1783598894524877 us; error 0 us; skew 500 ppm
I20260709 12:08:14.525779  2940 server_base.cc:861] Flag tcmalloc_max_total_thread_cache_bytes is not working since tcmalloc is not enabled.
I20260709 12:08:14.531787  2940 webserver.cc:533] Webserver started at http://127.2.223.1:40809/ using document root <none> and password file <none>
I20260709 12:08:14.532435  2940 fs_manager.cc:362] Metadata directory not provided
I20260709 12:08:14.532646  2940 fs_manager.cc:368] Using write-ahead log directory (fs_wal_dir) as metadata directory
I20260709 12:08:14.532968  2940 server_base.cc:909] This appears to be a new deployment of Kudu; creating new FS layout
I20260709 12:08:14.534269  2940 fs_manager.cc:1068] Generated new instance metadata in path /tmp/dist-test-taskt6MsQV/test-tmp/auto_leader_rebalancer-test.0.LeaderRebalancerTest.FunctionalTestForDivided.1783598892595896-2940-0/minicluster-data/ts-0-root/instance:
uuid: "dc46c6187b43405aaaa5df6c087bbc2d"
format_stamp: "Formatted at 2026-07-09 12:08:14 on dist-test-slave-0cmf"
I20260709 12:08:14.540549  2940 fs_manager.cc:696] Time spent creating directory manager: real 0.006s	user 0.003s	sys 0.003s
I20260709 12:08:14.545930  3037 log_block_manager.cc:4127] Time spent loading block containers with low live blocks: real 0.000s	user 0.000s	sys 0.000s
I20260709 12:08:14.547096  2940 fs_manager.cc:730] Time spent opening block manager: real 0.004s	user 0.003s	sys 0.000s
I20260709 12:08:14.547760  2940 fs_manager.cc:647] Opened local filesystem: /tmp/dist-test-taskt6MsQV/test-tmp/auto_leader_rebalancer-test.0.LeaderRebalancerTest.FunctionalTestForDivided.1783598892595896-2940-0/minicluster-data/ts-0-root
uuid: "dc46c6187b43405aaaa5df6c087bbc2d"
format_stamp: "Formatted at 2026-07-09 12:08:14 on dist-test-slave-0cmf"
I20260709 12:08:14.548595  2940 fs_report.cc:389] FS layout report
--------------------
wal directory: /tmp/dist-test-taskt6MsQV/test-tmp/auto_leader_rebalancer-test.0.LeaderRebalancerTest.FunctionalTestForDivided.1783598892595896-2940-0/minicluster-data/ts-0-root
metadata directory: /tmp/dist-test-taskt6MsQV/test-tmp/auto_leader_rebalancer-test.0.LeaderRebalancerTest.FunctionalTestForDivided.1783598892595896-2940-0/minicluster-data/ts-0-root
1 data directories: /tmp/dist-test-taskt6MsQV/test-tmp/auto_leader_rebalancer-test.0.LeaderRebalancerTest.FunctionalTestForDivided.1783598892595896-2940-0/minicluster-data/ts-0-root/data
Total live blocks: 0
Total live bytes: 0
Total live bytes (after alignment): 0
Total number of LBM containers: 0 (0 full)
Did not check for missing blocks
Did not check for orphaned blocks
Total full LBM containers with extra space: 0 (0 repaired)
Total full LBM container extra space in bytes: 0 (0 repaired)
Total incomplete LBM containers: 0 (0 repaired)
Total LBM partial records: 0 (0 repaired)
Total corrupted LBM metadata records in RocksDB: 0 (0 repaired)
I20260709 12:08:14.576723  2940 rpc_server.cc:225] running with OpenSSL 1.1.1  11 Sep 2018
I20260709 12:08:14.578738  2940 kserver.cc:163] Server-wide thread pool size limit: 3276
I20260709 12:08:14.581405  2940 txn_system_client.cc:432] TxnSystemClient initialization is disabled...
I20260709 12:08:14.586679  2940 ts_tablet_manager.cc:585] Loaded tablet metadata (0 total tablets, 0 live tablets)
I20260709 12:08:14.587350  2940 ts_tablet_manager.cc:531] Time spent load tablet metadata: real 0.001s	user 0.000s	sys 0.000s
I20260709 12:08:14.587826  2940 ts_tablet_manager.cc:616] Registered 0 tablets
I20260709 12:08:14.588048  2940 ts_tablet_manager.cc:595] Time spent register tablets: real 0.000s	user 0.000s	sys 0.000s
I20260709 12:08:14.691882  2940 rpc_server.cc:307] RPC server started. Bound to: 127.2.223.1:34349
I20260709 12:08:14.692019  3099 acceptor_pool.cc:272] collecting diagnostics on the listening RPC socket 127.2.223.1:34349 every 8 connection(s)
I20260709 12:08:14.700366  2940 file_cache.cc:504] Constructed file cache file cache with capacity 419430
W20260709 12:08:14.718711  3105 instance_detector.cc:116] could not retrieve Azure instance metadata: Network error: curl error: HTTP response code said error: The requested URL returned error: 404
W20260709 12:08:14.719586  3104 instance_detector.cc:116] could not retrieve AWS instance metadata: Network error: curl error: HTTP response code said error: The requested URL returned error: 404
I20260709 12:08:14.728598  2940 server_base.cc:1061] running on GCE node
W20260709 12:08:14.730070  3107 instance_detector.cc:116] could not retrieve OpenStack instance metadata: Network error: curl error: HTTP response code said error: The requested URL returned error: 404
I20260709 12:08:14.731366  2940 hybrid_clock.cc:584] initializing the hybrid clock with 'system_unsync' time source
W20260709 12:08:14.731606  2940 system_unsync_time.cc:38] NTP support is disabled. Clock error bounds will not be accurate. This configuration is not suitable for distributed clusters.
I20260709 12:08:14.731803  2940 hybrid_clock.cc:648] HybridClock initialized: now 1783598894731783 us; error 0 us; skew 500 ppm
I20260709 12:08:14.732705  2940 server_base.cc:861] Flag tcmalloc_max_total_thread_cache_bytes is not working since tcmalloc is not enabled.
I20260709 12:08:14.736865  2940 webserver.cc:533] Webserver started at http://127.2.223.2:44885/ using document root <none> and password file <none>
I20260709 12:08:14.737540  2940 fs_manager.cc:362] Metadata directory not provided
I20260709 12:08:14.737727  3100 heartbeater.cc:344] Connected to a master server at 127.2.223.62:44737
I20260709 12:08:14.737821  2940 fs_manager.cc:368] Using write-ahead log directory (fs_wal_dir) as metadata directory
I20260709 12:08:14.738196  2940 server_base.cc:909] This appears to be a new deployment of Kudu; creating new FS layout
I20260709 12:08:14.738242  3100 heartbeater.cc:461] Registering TS with master...
I20260709 12:08:14.739362  2940 fs_manager.cc:1068] Generated new instance metadata in path /tmp/dist-test-taskt6MsQV/test-tmp/auto_leader_rebalancer-test.0.LeaderRebalancerTest.FunctionalTestForDivided.1783598892595896-2940-0/minicluster-data/ts-1-root/instance:
uuid: "89f28043fd3e4c63a0d698ab0a843c8b"
format_stamp: "Formatted at 2026-07-09 12:08:14 on dist-test-slave-0cmf"
I20260709 12:08:14.739445  3100 heartbeater.cc:507] Master 127.2.223.62:44737 requested a full tablet report, sending...
I20260709 12:08:14.743023  2972 ts_manager.cc:194] Registered new tserver with Master: dc46c6187b43405aaaa5df6c087bbc2d (127.2.223.1:34349)
I20260709 12:08:14.745816  2940 fs_manager.cc:696] Time spent creating directory manager: real 0.006s	user 0.002s	sys 0.005s
I20260709 12:08:14.746974  2972 master_service.cc:502] Signed X509 certificate for tserver {username='slave'} at 127.0.0.1:45856
I20260709 12:08:14.751578  3112 log_block_manager.cc:4127] Time spent loading block containers with low live blocks: real 0.000s	user 0.000s	sys 0.000s
I20260709 12:08:14.752594  2940 fs_manager.cc:730] Time spent opening block manager: real 0.005s	user 0.005s	sys 0.000s
I20260709 12:08:14.752911  2940 fs_manager.cc:647] Opened local filesystem: /tmp/dist-test-taskt6MsQV/test-tmp/auto_leader_rebalancer-test.0.LeaderRebalancerTest.FunctionalTestForDivided.1783598892595896-2940-0/minicluster-data/ts-1-root
uuid: "89f28043fd3e4c63a0d698ab0a843c8b"
format_stamp: "Formatted at 2026-07-09 12:08:14 on dist-test-slave-0cmf"
I20260709 12:08:14.753219  2940 fs_report.cc:389] FS layout report
--------------------
wal directory: /tmp/dist-test-taskt6MsQV/test-tmp/auto_leader_rebalancer-test.0.LeaderRebalancerTest.FunctionalTestForDivided.1783598892595896-2940-0/minicluster-data/ts-1-root
metadata directory: /tmp/dist-test-taskt6MsQV/test-tmp/auto_leader_rebalancer-test.0.LeaderRebalancerTest.FunctionalTestForDivided.1783598892595896-2940-0/minicluster-data/ts-1-root
1 data directories: /tmp/dist-test-taskt6MsQV/test-tmp/auto_leader_rebalancer-test.0.LeaderRebalancerTest.FunctionalTestForDivided.1783598892595896-2940-0/minicluster-data/ts-1-root/data
Total live blocks: 0
Total live bytes: 0
Total live bytes (after alignment): 0
Total number of LBM containers: 0 (0 full)
Did not check for missing blocks
Did not check for orphaned blocks
Total full LBM containers with extra space: 0 (0 repaired)
Total full LBM container extra space in bytes: 0 (0 repaired)
Total incomplete LBM containers: 0 (0 repaired)
Total LBM partial records: 0 (0 repaired)
Total corrupted LBM metadata records in RocksDB: 0 (0 repaired)
I20260709 12:08:14.767735  2940 rpc_server.cc:225] running with OpenSSL 1.1.1  11 Sep 2018
I20260709 12:08:14.769059  2940 kserver.cc:163] Server-wide thread pool size limit: 3276
I20260709 12:08:14.771883  2940 txn_system_client.cc:432] TxnSystemClient initialization is disabled...
I20260709 12:08:14.775838  2940 ts_tablet_manager.cc:585] Loaded tablet metadata (0 total tablets, 0 live tablets)
I20260709 12:08:14.776062  2940 ts_tablet_manager.cc:531] Time spent load tablet metadata: real 0.000s	user 0.000s	sys 0.000s
I20260709 12:08:14.776405  2940 ts_tablet_manager.cc:616] Registered 0 tablets
I20260709 12:08:14.776580  2940 ts_tablet_manager.cc:595] Time spent register tablets: real 0.000s	user 0.000s	sys 0.000s
I20260709 12:08:14.891886  2940 rpc_server.cc:307] RPC server started. Bound to: 127.2.223.2:34475
I20260709 12:08:14.892331  3174 acceptor_pool.cc:272] collecting diagnostics on the listening RPC socket 127.2.223.2:34475 every 8 connection(s)
I20260709 12:08:14.900628  2940 file_cache.cc:504] Constructed file cache file cache with capacity 419430
W20260709 12:08:14.911753  3178 instance_detector.cc:116] could not retrieve AWS instance metadata: Network error: curl error: HTTP response code said error: The requested URL returned error: 404
W20260709 12:08:14.914753  3179 instance_detector.cc:116] could not retrieve Azure instance metadata: Network error: curl error: HTTP response code said error: The requested URL returned error: 404
I20260709 12:08:14.918597  3175 heartbeater.cc:344] Connected to a master server at 127.2.223.62:44737
I20260709 12:08:14.919090  3175 heartbeater.cc:461] Registering TS with master...
I20260709 12:08:14.920257  3175 heartbeater.cc:507] Master 127.2.223.62:44737 requested a full tablet report, sending...
I20260709 12:08:14.923626  2972 ts_manager.cc:194] Registered new tserver with Master: 89f28043fd3e4c63a0d698ab0a843c8b (127.2.223.2:34475)
W20260709 12:08:14.924422  3181 instance_detector.cc:116] could not retrieve OpenStack instance metadata: Network error: curl error: HTTP response code said error: The requested URL returned error: 404
I20260709 12:08:14.925083  2940 server_base.cc:1061] running on GCE node
I20260709 12:08:14.925879  2972 master_service.cc:502] Signed X509 certificate for tserver {username='slave'} at 127.0.0.1:45868
I20260709 12:08:14.926410  2940 hybrid_clock.cc:584] initializing the hybrid clock with 'system_unsync' time source
W20260709 12:08:14.926702  2940 system_unsync_time.cc:38] NTP support is disabled. Clock error bounds will not be accurate. This configuration is not suitable for distributed clusters.
I20260709 12:08:14.926929  2940 hybrid_clock.cc:648] HybridClock initialized: now 1783598894926906 us; error 0 us; skew 500 ppm
I20260709 12:08:14.927665  2940 server_base.cc:861] Flag tcmalloc_max_total_thread_cache_bytes is not working since tcmalloc is not enabled.
I20260709 12:08:14.930876  2940 webserver.cc:533] Webserver started at http://127.2.223.3:41139/ using document root <none> and password file <none>
I20260709 12:08:14.931424  2940 fs_manager.cc:362] Metadata directory not provided
I20260709 12:08:14.931638  2940 fs_manager.cc:368] Using write-ahead log directory (fs_wal_dir) as metadata directory
I20260709 12:08:14.931958  2940 server_base.cc:909] This appears to be a new deployment of Kudu; creating new FS layout
I20260709 12:08:14.933194  2940 fs_manager.cc:1068] Generated new instance metadata in path /tmp/dist-test-taskt6MsQV/test-tmp/auto_leader_rebalancer-test.0.LeaderRebalancerTest.FunctionalTestForDivided.1783598892595896-2940-0/minicluster-data/ts-2-root/instance:
uuid: "441c4e779dd5400ba5fde5163fc255a0"
format_stamp: "Formatted at 2026-07-09 12:08:14 on dist-test-slave-0cmf"
I20260709 12:08:14.938376  2940 fs_manager.cc:696] Time spent creating directory manager: real 0.005s	user 0.002s	sys 0.001s
I20260709 12:08:14.942628  3186 log_block_manager.cc:4127] Time spent loading block containers with low live blocks: real 0.000s	user 0.000s	sys 0.000s
I20260709 12:08:14.943583  2940 fs_manager.cc:730] Time spent opening block manager: real 0.003s	user 0.004s	sys 0.000s
I20260709 12:08:14.943913  2940 fs_manager.cc:647] Opened local filesystem: /tmp/dist-test-taskt6MsQV/test-tmp/auto_leader_rebalancer-test.0.LeaderRebalancerTest.FunctionalTestForDivided.1783598892595896-2940-0/minicluster-data/ts-2-root
uuid: "441c4e779dd5400ba5fde5163fc255a0"
format_stamp: "Formatted at 2026-07-09 12:08:14 on dist-test-slave-0cmf"
I20260709 12:08:14.944300  2940 fs_report.cc:389] FS layout report
--------------------
wal directory: /tmp/dist-test-taskt6MsQV/test-tmp/auto_leader_rebalancer-test.0.LeaderRebalancerTest.FunctionalTestForDivided.1783598892595896-2940-0/minicluster-data/ts-2-root
metadata directory: /tmp/dist-test-taskt6MsQV/test-tmp/auto_leader_rebalancer-test.0.LeaderRebalancerTest.FunctionalTestForDivided.1783598892595896-2940-0/minicluster-data/ts-2-root
1 data directories: /tmp/dist-test-taskt6MsQV/test-tmp/auto_leader_rebalancer-test.0.LeaderRebalancerTest.FunctionalTestForDivided.1783598892595896-2940-0/minicluster-data/ts-2-root/data
Total live blocks: 0
Total live bytes: 0
Total live bytes (after alignment): 0
Total number of LBM containers: 0 (0 full)
Did not check for missing blocks
Did not check for orphaned blocks
Total full LBM containers with extra space: 0 (0 repaired)
Total full LBM container extra space in bytes: 0 (0 repaired)
Total incomplete LBM containers: 0 (0 repaired)
Total LBM partial records: 0 (0 repaired)
Total corrupted LBM metadata records in RocksDB: 0 (0 repaired)
I20260709 12:08:14.965245  2940 rpc_server.cc:225] running with OpenSSL 1.1.1  11 Sep 2018
I20260709 12:08:14.966584  2940 kserver.cc:163] Server-wide thread pool size limit: 3276
I20260709 12:08:14.968391  2940 txn_system_client.cc:432] TxnSystemClient initialization is disabled...
I20260709 12:08:14.971925  2940 ts_tablet_manager.cc:585] Loaded tablet metadata (0 total tablets, 0 live tablets)
I20260709 12:08:14.972105  2940 ts_tablet_manager.cc:531] Time spent load tablet metadata: real 0.000s	user 0.000s	sys 0.000s
I20260709 12:08:14.972421  2940 ts_tablet_manager.cc:616] Registered 0 tablets
I20260709 12:08:14.972584  2940 ts_tablet_manager.cc:595] Time spent register tablets: real 0.000s	user 0.000s	sys 0.000s
I20260709 12:08:15.080384  2940 rpc_server.cc:307] RPC server started. Bound to: 127.2.223.3:33007
I20260709 12:08:15.080497  3248 acceptor_pool.cc:272] collecting diagnostics on the listening RPC socket 127.2.223.3:33007 every 8 connection(s)
I20260709 12:08:15.103112  3249 heartbeater.cc:344] Connected to a master server at 127.2.223.62:44737
I20260709 12:08:15.103555  3249 heartbeater.cc:461] Registering TS with master...
I20260709 12:08:15.104519  3249 heartbeater.cc:507] Master 127.2.223.62:44737 requested a full tablet report, sending...
I20260709 12:08:15.106940  2972 ts_manager.cc:194] Registered new tserver with Master: 441c4e779dd5400ba5fde5163fc255a0 (127.2.223.3:33007)
I20260709 12:08:15.107491  2940 internal_mini_cluster.cc:371] 3 TS(s) registered with all masters after 0.020594542s
I20260709 12:08:15.108999  2972 master_service.cc:502] Signed X509 certificate for tserver {username='slave'} at 127.0.0.1:45882
I20260709 12:08:15.169124  2972 catalog_manager.cc:2283] Servicing CreateTable request from {username='slave'} at 127.0.0.1:45886:
name: "test-workload"
schema {
  columns {
    name: "key"
    type: INT32
    is_key: true
    is_nullable: false
    encoding: AUTO_ENCODING
    compression: DEFAULT_COMPRESSION
    cfile_block_size: 0
    immutable: false
  }
  columns {
    name: "int_val"
    type: INT32
    is_key: false
    is_nullable: false
    encoding: AUTO_ENCODING
    compression: DEFAULT_COMPRESSION
    cfile_block_size: 0
    immutable: false
  }
  columns {
    name: "string_val"
    type: STRING
    is_key: false
    is_nullable: true
    encoding: AUTO_ENCODING
    compression: DEFAULT_COMPRESSION
    cfile_block_size: 0
    immutable: false
  }
}
num_replicas: 3
split_rows_range_bounds {
  rows: "\004\001\000\216\3438\016\004\001\000\034\307q\034\004\001\000\252\252\252*\004\001\0008\216\3438\004\001\000\306q\034G\004\001\000TUUU\004\001\000\3428\216c\004\001\000p\034\307q""\004\001\000\216\3438\016\004\001\000\034\307q\034\004\001\000\252\252\252*\004\001\0008\216\3438\004\001\000\306q\034G\004\001\000TUUU\004\001\000\3428\216c\004\001\000p\034\307q"
  indirect_data: """"
}
partition_schema {
  range_schema {
    columns {
      name: "key"
    }
  }
}
W20260709 12:08:15.173128  2972 catalog_manager.cc:7077] The number of live tablet servers is not enough to re-replicate a tablet replica of the newly created table test-workload in case of a server failure: 4 tablet servers would be needed, 3 are available. Consider bringing up more tablet servers.
I20260709 12:08:15.296734  3212 tablet_service.cc:1511] Processing CreateTablet for tablet 2a30e760cfa74dfd9c01080f67f8ea8f (DEFAULT_TABLE table=test-workload [id=82f8d37ff4c543e497b4df212751459c]), partition=RANGE (key) PARTITION 477218588 <= VALUES < 715827882
I20260709 12:08:15.296239  3213 tablet_service.cc:1511] Processing CreateTablet for tablet 2f5cbdca07584544ae655b1b90d5b4dc (DEFAULT_TABLE table=test-workload [id=82f8d37ff4c543e497b4df212751459c]), partition=RANGE (key) PARTITION 238609294 <= VALUES < 477218588
I20260709 12:08:15.299405  3214 tablet_service.cc:1511] Processing CreateTablet for tablet eaf3ff0f0d784cea9ece5007587618b1 (DEFAULT_TABLE table=test-workload [id=82f8d37ff4c543e497b4df212751459c]), partition=RANGE (key) PARTITION VALUES < 238609294
I20260709 12:08:15.305677  3211 tablet_service.cc:1511] Processing CreateTablet for tablet b96f3f29cd8a4cc691275a5403c78a2b (DEFAULT_TABLE table=test-workload [id=82f8d37ff4c543e497b4df212751459c]), partition=RANGE (key) PARTITION 715827882 <= VALUES < 954437176
I20260709 12:08:15.308950  3212 data_dirs.cc:400] Could only allocate 1 dirs of requested 3 for tablet 2a30e760cfa74dfd9c01080f67f8ea8f. 1 dirs total, 0 dirs full, 0 dirs failed
I20260709 12:08:15.308456  3210 tablet_service.cc:1511] Processing CreateTablet for tablet 0f630d906c90419da11b214063cd4bd2 (DEFAULT_TABLE table=test-workload [id=82f8d37ff4c543e497b4df212751459c]), partition=RANGE (key) PARTITION 954437176 <= VALUES < 1193046470
I20260709 12:08:15.312675  3213 data_dirs.cc:400] Could only allocate 1 dirs of requested 3 for tablet 2f5cbdca07584544ae655b1b90d5b4dc. 1 dirs total, 0 dirs full, 0 dirs failed
I20260709 12:08:15.314692  3214 data_dirs.cc:400] Could only allocate 1 dirs of requested 3 for tablet eaf3ff0f0d784cea9ece5007587618b1. 1 dirs total, 0 dirs full, 0 dirs failed
I20260709 12:08:15.315789  3211 data_dirs.cc:400] Could only allocate 1 dirs of requested 3 for tablet b96f3f29cd8a4cc691275a5403c78a2b. 1 dirs total, 0 dirs full, 0 dirs failed
I20260709 12:08:15.316730  3210 data_dirs.cc:400] Could only allocate 1 dirs of requested 3 for tablet 0f630d906c90419da11b214063cd4bd2. 1 dirs total, 0 dirs full, 0 dirs failed
I20260709 12:08:15.329563  3209 tablet_service.cc:1511] Processing CreateTablet for tablet 6795e7e345974031b8d29ba877faf532 (DEFAULT_TABLE table=test-workload [id=82f8d37ff4c543e497b4df212751459c]), partition=RANGE (key) PARTITION 1193046470 <= VALUES < 1431655764
I20260709 12:08:15.332283  3209 data_dirs.cc:400] Could only allocate 1 dirs of requested 3 for tablet 6795e7e345974031b8d29ba877faf532. 1 dirs total, 0 dirs full, 0 dirs failed
I20260709 12:08:15.349707  3139 tablet_service.cc:1511] Processing CreateTablet for tablet 2f5cbdca07584544ae655b1b90d5b4dc (DEFAULT_TABLE table=test-workload [id=82f8d37ff4c543e497b4df212751459c]), partition=RANGE (key) PARTITION 238609294 <= VALUES < 477218588
I20260709 12:08:15.359126  3140 tablet_service.cc:1511] Processing CreateTablet for tablet eaf3ff0f0d784cea9ece5007587618b1 (DEFAULT_TABLE table=test-workload [id=82f8d37ff4c543e497b4df212751459c]), partition=RANGE (key) PARTITION VALUES < 238609294
I20260709 12:08:15.350344  3138 tablet_service.cc:1511] Processing CreateTablet for tablet 2a30e760cfa74dfd9c01080f67f8ea8f (DEFAULT_TABLE table=test-workload [id=82f8d37ff4c543e497b4df212751459c]), partition=RANGE (key) PARTITION 477218588 <= VALUES < 715827882
I20260709 12:08:15.360421  3064 tablet_service.cc:1511] Processing CreateTablet for tablet 2f5cbdca07584544ae655b1b90d5b4dc (DEFAULT_TABLE table=test-workload [id=82f8d37ff4c543e497b4df212751459c]), partition=RANGE (key) PARTITION 238609294 <= VALUES < 477218588
I20260709 12:08:15.368145  3136 tablet_service.cc:1511] Processing CreateTablet for tablet 0f630d906c90419da11b214063cd4bd2 (DEFAULT_TABLE table=test-workload [id=82f8d37ff4c543e497b4df212751459c]), partition=RANGE (key) PARTITION 954437176 <= VALUES < 1193046470
I20260709 12:08:15.365006  3137 tablet_service.cc:1511] Processing CreateTablet for tablet b96f3f29cd8a4cc691275a5403c78a2b (DEFAULT_TABLE table=test-workload [id=82f8d37ff4c543e497b4df212751459c]), partition=RANGE (key) PARTITION 715827882 <= VALUES < 954437176
I20260709 12:08:15.373921  3139 data_dirs.cc:400] Could only allocate 1 dirs of requested 3 for tablet 2f5cbdca07584544ae655b1b90d5b4dc. 1 dirs total, 0 dirs full, 0 dirs failed
I20260709 12:08:15.378710  3063 tablet_service.cc:1511] Processing CreateTablet for tablet 2a30e760cfa74dfd9c01080f67f8ea8f (DEFAULT_TABLE table=test-workload [id=82f8d37ff4c543e497b4df212751459c]), partition=RANGE (key) PARTITION 477218588 <= VALUES < 715827882
I20260709 12:08:15.360472  3065 tablet_service.cc:1511] Processing CreateTablet for tablet eaf3ff0f0d784cea9ece5007587618b1 (DEFAULT_TABLE table=test-workload [id=82f8d37ff4c543e497b4df212751459c]), partition=RANGE (key) PARTITION VALUES < 238609294
I20260709 12:08:15.381451  3140 data_dirs.cc:400] Could only allocate 1 dirs of requested 3 for tablet eaf3ff0f0d784cea9ece5007587618b1. 1 dirs total, 0 dirs full, 0 dirs failed
I20260709 12:08:15.371632  3135 tablet_service.cc:1511] Processing CreateTablet for tablet 6795e7e345974031b8d29ba877faf532 (DEFAULT_TABLE table=test-workload [id=82f8d37ff4c543e497b4df212751459c]), partition=RANGE (key) PARTITION 1193046470 <= VALUES < 1431655764
I20260709 12:08:15.384891  3134 tablet_service.cc:1511] Processing CreateTablet for tablet e7f13130aa654c29993c8a16c58ba577 (DEFAULT_TABLE table=test-workload [id=82f8d37ff4c543e497b4df212751459c]), partition=RANGE (key) PARTITION 1431655764 <= VALUES < 1670265058
I20260709 12:08:15.385905  3064 data_dirs.cc:400] Could only allocate 1 dirs of requested 3 for tablet 2f5cbdca07584544ae655b1b90d5b4dc. 1 dirs total, 0 dirs full, 0 dirs failed
I20260709 12:08:15.390554  3208 tablet_service.cc:1511] Processing CreateTablet for tablet e7f13130aa654c29993c8a16c58ba577 (DEFAULT_TABLE table=test-workload [id=82f8d37ff4c543e497b4df212751459c]), partition=RANGE (key) PARTITION 1431655764 <= VALUES < 1670265058
I20260709 12:08:15.397516  3138 data_dirs.cc:400] Could only allocate 1 dirs of requested 3 for tablet 2a30e760cfa74dfd9c01080f67f8ea8f. 1 dirs total, 0 dirs full, 0 dirs failed
I20260709 12:08:15.396938  3060 tablet_service.cc:1511] Processing CreateTablet for tablet 6795e7e345974031b8d29ba877faf532 (DEFAULT_TABLE table=test-workload [id=82f8d37ff4c543e497b4df212751459c]), partition=RANGE (key) PARTITION 1193046470 <= VALUES < 1431655764
I20260709 12:08:15.399597  3065 data_dirs.cc:400] Could only allocate 1 dirs of requested 3 for tablet eaf3ff0f0d784cea9ece5007587618b1. 1 dirs total, 0 dirs full, 0 dirs failed
I20260709 12:08:15.398994  3061 tablet_service.cc:1511] Processing CreateTablet for tablet 0f630d906c90419da11b214063cd4bd2 (DEFAULT_TABLE table=test-workload [id=82f8d37ff4c543e497b4df212751459c]), partition=RANGE (key) PARTITION 954437176 <= VALUES < 1193046470
I20260709 12:08:15.386476  3062 tablet_service.cc:1511] Processing CreateTablet for tablet b96f3f29cd8a4cc691275a5403c78a2b (DEFAULT_TABLE table=test-workload [id=82f8d37ff4c543e497b4df212751459c]), partition=RANGE (key) PARTITION 715827882 <= VALUES < 954437176
I20260709 12:08:15.406265  3136 data_dirs.cc:400] Could only allocate 1 dirs of requested 3 for tablet 0f630d906c90419da11b214063cd4bd2. 1 dirs total, 0 dirs full, 0 dirs failed
I20260709 12:08:15.408455  3135 data_dirs.cc:400] Could only allocate 1 dirs of requested 3 for tablet 6795e7e345974031b8d29ba877faf532. 1 dirs total, 0 dirs full, 0 dirs failed
I20260709 12:08:15.409910  3059 tablet_service.cc:1511] Processing CreateTablet for tablet e7f13130aa654c29993c8a16c58ba577 (DEFAULT_TABLE table=test-workload [id=82f8d37ff4c543e497b4df212751459c]), partition=RANGE (key) PARTITION 1431655764 <= VALUES < 1670265058
I20260709 12:08:15.406337  3058 tablet_service.cc:1511] Processing CreateTablet for tablet ad86c6d1f02e4eb1ae6d15a09a6803ab (DEFAULT_TABLE table=test-workload [id=82f8d37ff4c543e497b4df212751459c]), partition=RANGE (key) PARTITION 1670265058 <= VALUES < 1908874352
I20260709 12:08:15.415987  3208 data_dirs.cc:400] Could only allocate 1 dirs of requested 3 for tablet e7f13130aa654c29993c8a16c58ba577. 1 dirs total, 0 dirs full, 0 dirs failed
W20260709 12:08:15.431634  3020 auto_rebalancer.cc:288] Could not retrieve cluster info: Service unavailable: Tablet not running
I20260709 12:08:15.428002  3060 data_dirs.cc:400] Could only allocate 1 dirs of requested 3 for tablet 6795e7e345974031b8d29ba877faf532. 1 dirs total, 0 dirs full, 0 dirs failed
I20260709 12:08:15.433712  3058 data_dirs.cc:400] Could only allocate 1 dirs of requested 3 for tablet ad86c6d1f02e4eb1ae6d15a09a6803ab. 1 dirs total, 0 dirs full, 0 dirs failed
I20260709 12:08:15.429623  3134 data_dirs.cc:400] Could only allocate 1 dirs of requested 3 for tablet e7f13130aa654c29993c8a16c58ba577. 1 dirs total, 0 dirs full, 0 dirs failed
I20260709 12:08:15.440232  3062 data_dirs.cc:400] Could only allocate 1 dirs of requested 3 for tablet b96f3f29cd8a4cc691275a5403c78a2b. 1 dirs total, 0 dirs full, 0 dirs failed
I20260709 12:08:15.442863  3059 data_dirs.cc:400] Could only allocate 1 dirs of requested 3 for tablet e7f13130aa654c29993c8a16c58ba577. 1 dirs total, 0 dirs full, 0 dirs failed
I20260709 12:08:15.460320  3061 data_dirs.cc:400] Could only allocate 1 dirs of requested 3 for tablet 0f630d906c90419da11b214063cd4bd2. 1 dirs total, 0 dirs full, 0 dirs failed
I20260709 12:08:15.457087  3133 tablet_service.cc:1511] Processing CreateTablet for tablet ad86c6d1f02e4eb1ae6d15a09a6803ab (DEFAULT_TABLE table=test-workload [id=82f8d37ff4c543e497b4df212751459c]), partition=RANGE (key) PARTITION 1670265058 <= VALUES < 1908874352
I20260709 12:08:15.463701  3063 data_dirs.cc:400] Could only allocate 1 dirs of requested 3 for tablet 2a30e760cfa74dfd9c01080f67f8ea8f. 1 dirs total, 0 dirs full, 0 dirs failed
I20260709 12:08:15.463863  3133 data_dirs.cc:400] Could only allocate 1 dirs of requested 3 for tablet ad86c6d1f02e4eb1ae6d15a09a6803ab. 1 dirs total, 0 dirs full, 0 dirs failed
I20260709 12:08:15.474321  3137 data_dirs.cc:400] Could only allocate 1 dirs of requested 3 for tablet b96f3f29cd8a4cc691275a5403c78a2b. 1 dirs total, 0 dirs full, 0 dirs failed
I20260709 12:08:15.538914  3212 tablet_service.cc:1511] Processing CreateTablet for tablet ad86c6d1f02e4eb1ae6d15a09a6803ab (DEFAULT_TABLE table=test-workload [id=82f8d37ff4c543e497b4df212751459c]), partition=RANGE (key) PARTITION 1670265058 <= VALUES < 1908874352
I20260709 12:08:15.540275  3212 data_dirs.cc:400] Could only allocate 1 dirs of requested 3 for tablet ad86c6d1f02e4eb1ae6d15a09a6803ab. 1 dirs total, 0 dirs full, 0 dirs failed
I20260709 12:08:15.564845  3057 tablet_service.cc:1511] Processing CreateTablet for tablet ce693d6025dc4b199f1f8370d7052720 (DEFAULT_TABLE table=test-workload [id=82f8d37ff4c543e497b4df212751459c]), partition=RANGE (key) PARTITION 1908874352 <= VALUES
I20260709 12:08:15.570219  3057 data_dirs.cc:400] Could only allocate 1 dirs of requested 3 for tablet ce693d6025dc4b199f1f8370d7052720. 1 dirs total, 0 dirs full, 0 dirs failed
I20260709 12:08:15.579957  3132 tablet_service.cc:1511] Processing CreateTablet for tablet ce693d6025dc4b199f1f8370d7052720 (DEFAULT_TABLE table=test-workload [id=82f8d37ff4c543e497b4df212751459c]), partition=RANGE (key) PARTITION 1908874352 <= VALUES
I20260709 12:08:15.586526  3267 tablet_bootstrap.cc:492] T 2a30e760cfa74dfd9c01080f67f8ea8f P 441c4e779dd5400ba5fde5163fc255a0: Bootstrap starting.
I20260709 12:08:15.596159  3210 tablet_service.cc:1511] Processing CreateTablet for tablet ce693d6025dc4b199f1f8370d7052720 (DEFAULT_TABLE table=test-workload [id=82f8d37ff4c543e497b4df212751459c]), partition=RANGE (key) PARTITION 1908874352 <= VALUES
I20260709 12:08:15.602010  3132 data_dirs.cc:400] Could only allocate 1 dirs of requested 3 for tablet ce693d6025dc4b199f1f8370d7052720. 1 dirs total, 0 dirs full, 0 dirs failed
I20260709 12:08:15.629914  3210 data_dirs.cc:400] Could only allocate 1 dirs of requested 3 for tablet ce693d6025dc4b199f1f8370d7052720. 1 dirs total, 0 dirs full, 0 dirs failed
I20260709 12:08:15.639278  3268 tablet_bootstrap.cc:492] T 2f5cbdca07584544ae655b1b90d5b4dc P 89f28043fd3e4c63a0d698ab0a843c8b: Bootstrap starting.
I20260709 12:08:15.700863  3269 tablet_bootstrap.cc:492] T b96f3f29cd8a4cc691275a5403c78a2b P dc46c6187b43405aaaa5df6c087bbc2d: Bootstrap starting.
I20260709 12:08:15.712527  3267 tablet_bootstrap.cc:654] T 2a30e760cfa74dfd9c01080f67f8ea8f P 441c4e779dd5400ba5fde5163fc255a0: Neither blocks nor log segments found. Creating new log.
I20260709 12:08:15.722819  3268 tablet_bootstrap.cc:654] T 2f5cbdca07584544ae655b1b90d5b4dc P 89f28043fd3e4c63a0d698ab0a843c8b: Neither blocks nor log segments found. Creating new log.
I20260709 12:08:15.732203  3269 tablet_bootstrap.cc:654] T b96f3f29cd8a4cc691275a5403c78a2b P dc46c6187b43405aaaa5df6c087bbc2d: Neither blocks nor log segments found. Creating new log.
I20260709 12:08:15.741014  3268 tablet_bootstrap.cc:492] T 2f5cbdca07584544ae655b1b90d5b4dc P 89f28043fd3e4c63a0d698ab0a843c8b: No bootstrap required, opened a new log
I20260709 12:08:15.741670  3269 tablet_bootstrap.cc:492] T b96f3f29cd8a4cc691275a5403c78a2b P dc46c6187b43405aaaa5df6c087bbc2d: No bootstrap required, opened a new log
I20260709 12:08:15.742027  3268 ts_tablet_manager.cc:1403] T 2f5cbdca07584544ae655b1b90d5b4dc P 89f28043fd3e4c63a0d698ab0a843c8b: Time spent bootstrapping tablet: real 0.117s	user 0.015s	sys 0.005s
I20260709 12:08:15.742175  3269 ts_tablet_manager.cc:1403] T b96f3f29cd8a4cc691275a5403c78a2b P dc46c6187b43405aaaa5df6c087bbc2d: Time spent bootstrapping tablet: real 0.042s	user 0.016s	sys 0.000s
I20260709 12:08:15.744767  3268 raft_consensus.cc:359] T 2f5cbdca07584544ae655b1b90d5b4dc P 89f28043fd3e4c63a0d698ab0a843c8b [term 0 FOLLOWER]: Replica starting. Triggering 0 pending ops. Active config: opid_index: -1 OBSOLETE_local: false peers { permanent_uuid: "dc46c6187b43405aaaa5df6c087bbc2d" member_type: VOTER last_known_addr { host: "127.2.223.1" port: 34349 } } peers { permanent_uuid: "89f28043fd3e4c63a0d698ab0a843c8b" member_type: VOTER last_known_addr { host: "127.2.223.2" port: 34475 } } peers { permanent_uuid: "441c4e779dd5400ba5fde5163fc255a0" member_type: VOTER last_known_addr { host: "127.2.223.3" port: 33007 } }
I20260709 12:08:15.745399  3268 raft_consensus.cc:385] T 2f5cbdca07584544ae655b1b90d5b4dc P 89f28043fd3e4c63a0d698ab0a843c8b [term 0 FOLLOWER]: Consensus starting up: Expiring failure detector timer to make a prompt election more likely
I20260709 12:08:15.745857  3268 raft_consensus.cc:740] T 2f5cbdca07584544ae655b1b90d5b4dc P 89f28043fd3e4c63a0d698ab0a843c8b [term 0 FOLLOWER]: Becoming Follower/Learner. State: Replica: 89f28043fd3e4c63a0d698ab0a843c8b, State: Initialized, Role: FOLLOWER
I20260709 12:08:15.745479  3269 raft_consensus.cc:359] T b96f3f29cd8a4cc691275a5403c78a2b P dc46c6187b43405aaaa5df6c087bbc2d [term 0 FOLLOWER]: Replica starting. Triggering 0 pending ops. Active config: opid_index: -1 OBSOLETE_local: false peers { permanent_uuid: "dc46c6187b43405aaaa5df6c087bbc2d" member_type: VOTER last_known_addr { host: "127.2.223.1" port: 34349 } } peers { permanent_uuid: "89f28043fd3e4c63a0d698ab0a843c8b" member_type: VOTER last_known_addr { host: "127.2.223.2" port: 34475 } } peers { permanent_uuid: "441c4e779dd5400ba5fde5163fc255a0" member_type: VOTER last_known_addr { host: "127.2.223.3" port: 33007 } }
I20260709 12:08:15.746479  3269 raft_consensus.cc:385] T b96f3f29cd8a4cc691275a5403c78a2b P dc46c6187b43405aaaa5df6c087bbc2d [term 0 FOLLOWER]: Consensus starting up: Expiring failure detector timer to make a prompt election more likely
I20260709 12:08:15.746796  3269 raft_consensus.cc:740] T b96f3f29cd8a4cc691275a5403c78a2b P dc46c6187b43405aaaa5df6c087bbc2d [term 0 FOLLOWER]: Becoming Follower/Learner. State: Replica: dc46c6187b43405aaaa5df6c087bbc2d, State: Initialized, Role: FOLLOWER
I20260709 12:08:15.746837  3268 consensus_queue.cc:260] T 2f5cbdca07584544ae655b1b90d5b4dc P 89f28043fd3e4c63a0d698ab0a843c8b [NON_LEADER]: Queue going to NON_LEADER mode. State: All replicated index: 0, Majority replicated index: 0, Committed index: 0, Last appended: 0.0, Last appended by leader: 0, Current term: 0, Majority size: -1, State: 0, Mode: NON_LEADER, active raft config: opid_index: -1 OBSOLETE_local: false peers { permanent_uuid: "dc46c6187b43405aaaa5df6c087bbc2d" member_type: VOTER last_known_addr { host: "127.2.223.1" port: 34349 } } peers { permanent_uuid: "89f28043fd3e4c63a0d698ab0a843c8b" member_type: VOTER last_known_addr { host: "127.2.223.2" port: 34475 } } peers { permanent_uuid: "441c4e779dd5400ba5fde5163fc255a0" member_type: VOTER last_known_addr { host: "127.2.223.3" port: 33007 } }
I20260709 12:08:15.748332  3267 tablet_bootstrap.cc:492] T 2a30e760cfa74dfd9c01080f67f8ea8f P 441c4e779dd5400ba5fde5163fc255a0: No bootstrap required, opened a new log
I20260709 12:08:15.747699  3269 consensus_queue.cc:260] T b96f3f29cd8a4cc691275a5403c78a2b P dc46c6187b43405aaaa5df6c087bbc2d [NON_LEADER]: Queue going to NON_LEADER mode. State: All replicated index: 0, Majority replicated index: 0, Committed index: 0, Last appended: 0.0, Last appended by leader: 0, Current term: 0, Majority size: -1, State: 0, Mode: NON_LEADER, active raft config: opid_index: -1 OBSOLETE_local: false peers { permanent_uuid: "dc46c6187b43405aaaa5df6c087bbc2d" member_type: VOTER last_known_addr { host: "127.2.223.1" port: 34349 } } peers { permanent_uuid: "89f28043fd3e4c63a0d698ab0a843c8b" member_type: VOTER last_known_addr { host: "127.2.223.2" port: 34475 } } peers { permanent_uuid: "441c4e779dd5400ba5fde5163fc255a0" member_type: VOTER last_known_addr { host: "127.2.223.3" port: 33007 } }
I20260709 12:08:15.749078  3267 ts_tablet_manager.cc:1403] T 2a30e760cfa74dfd9c01080f67f8ea8f P 441c4e779dd5400ba5fde5163fc255a0: Time spent bootstrapping tablet: real 0.198s	user 0.014s	sys 0.016s
I20260709 12:08:15.750906  3100 heartbeater.cc:499] Master 127.2.223.62:44737 was elected leader, sending a full tablet report...
I20260709 12:08:15.754667  3269 ts_tablet_manager.cc:1434] T b96f3f29cd8a4cc691275a5403c78a2b P dc46c6187b43405aaaa5df6c087bbc2d: Time spent starting tablet: real 0.012s	user 0.003s	sys 0.008s
I20260709 12:08:15.756536  3269 tablet_bootstrap.cc:492] T 2a30e760cfa74dfd9c01080f67f8ea8f P dc46c6187b43405aaaa5df6c087bbc2d: Bootstrap starting.
I20260709 12:08:15.761143  3267 raft_consensus.cc:359] T 2a30e760cfa74dfd9c01080f67f8ea8f P 441c4e779dd5400ba5fde5163fc255a0 [term 0 FOLLOWER]: Replica starting. Triggering 0 pending ops. Active config: opid_index: -1 OBSOLETE_local: false peers { permanent_uuid: "dc46c6187b43405aaaa5df6c087bbc2d" member_type: VOTER last_known_addr { host: "127.2.223.1" port: 34349 } } peers { permanent_uuid: "89f28043fd3e4c63a0d698ab0a843c8b" member_type: VOTER last_known_addr { host: "127.2.223.2" port: 34475 } } peers { permanent_uuid: "441c4e779dd5400ba5fde5163fc255a0" member_type: VOTER last_known_addr { host: "127.2.223.3" port: 33007 } }
I20260709 12:08:15.762614  3267 raft_consensus.cc:385] T 2a30e760cfa74dfd9c01080f67f8ea8f P 441c4e779dd5400ba5fde5163fc255a0 [term 0 FOLLOWER]: Consensus starting up: Expiring failure detector timer to make a prompt election more likely
