I20260709 12:15:05.596448 16514 raft_consensus.cc:2804] T 1dce0e0e934d467aaae637af4e3ce6c4 P df90799eb01346038e5ee9f7f2a88824 [term 0 FOLLOWER]: Leader pre-election won for term 1
I20260709 12:15:05.596765 16514 raft_consensus.cc:493] T 1dce0e0e934d467aaae637af4e3ce6c4 P df90799eb01346038e5ee9f7f2a88824 [term 0 FOLLOWER]: Starting leader election (no leader contacted us within the election timeout)
I20260709 12:15:05.593292 16343 raft_consensus.cc:2468] T a5892cc70e914c9a81bdca3ec783f532 P df90799eb01346038e5ee9f7f2a88824 [term 1 FOLLOWER]: Leader election vote request: Granting yes vote for candidate 81d07963cdfe446b921c90fae1d9fc9e in term 1.
I20260709 12:15:05.597113 16514 raft_consensus.cc:3060] T 1dce0e0e934d467aaae637af4e3ce6c4 P df90799eb01346038e5ee9f7f2a88824 [term 0 FOLLOWER]: Advancing to term 1
I20260709 12:15:05.597978 16580 leader_election.cc:290] T a5892cc70e914c9a81bdca3ec783f532 P 81d07963cdfe446b921c90fae1d9fc9e [CANDIDATE]: Term 1 election: Requested vote from peers 023a8164a2084544aa27c7b921def3f4 (127.14.194.129:43893), df90799eb01346038e5ee9f7f2a88824 (127.14.194.130:42361)
I20260709 12:15:05.597936 16382 leader_election.cc:304] T a5892cc70e914c9a81bdca3ec783f532 P 81d07963cdfe446b921c90fae1d9fc9e [CANDIDATE]: Term 1 election: Election decided. Result: candidate won. Election summary: received 3 responses out of 3 voters: 2 yes votes; 1 no votes. yes voters: 81d07963cdfe446b921c90fae1d9fc9e, df90799eb01346038e5ee9f7f2a88824; no voters: 023a8164a2084544aa27c7b921def3f4
I20260709 12:15:05.606798 16514 raft_consensus.cc:515] T 1dce0e0e934d467aaae637af4e3ce6c4 P df90799eb01346038e5ee9f7f2a88824 [term 1 FOLLOWER]: Starting leader election with config: opid_index: -1 OBSOLETE_local: false peers { permanent_uuid: "023a8164a2084544aa27c7b921def3f4" member_type: VOTER last_known_addr { host: "127.14.194.129" port: 43893 } } peers { permanent_uuid: "df90799eb01346038e5ee9f7f2a88824" member_type: VOTER last_known_addr { host: "127.14.194.130" port: 42361 } } peers { permanent_uuid: "81d07963cdfe446b921c90fae1d9fc9e" member_type: VOTER last_known_addr { host: "127.14.194.131" port: 34799 } }
I20260709 12:15:05.608441 16269 raft_consensus.cc:3060] T 34afa6008bc14d9aaf7c07d966ca147f P 023a8164a2084544aa27c7b921def3f4 [term 0 FOLLOWER]: Advancing to term 1
I20260709 12:15:05.609359 16270 tablet_service.cc:1917] Received RequestConsensusVote() RPC: tablet_id: "1dce0e0e934d467aaae637af4e3ce6c4" candidate_uuid: "df90799eb01346038e5ee9f7f2a88824" candidate_term: 1 candidate_status { last_received { term: 0 index: 0 } } ignore_live_leader: false dest_uuid: "023a8164a2084544aa27c7b921def3f4"
I20260709 12:15:05.609869 16270 raft_consensus.cc:3060] T 1dce0e0e934d467aaae637af4e3ce6c4 P 023a8164a2084544aa27c7b921def3f4 [term 0 FOLLOWER]: Advancing to term 1
I20260709 12:15:05.616364 16562 consensus_queue.cc:1048] T 34afa6008bc14d9aaf7c07d966ca147f P df90799eb01346038e5ee9f7f2a88824 [LEADER]: Connected to new peer: Peer: permanent_uuid: "023a8164a2084544aa27c7b921def3f4" member_type: VOTER last_known_addr { host: "127.14.194.129" port: 43893 }, Status: LMP_MISMATCH, Last received: 0.0, Next index: 1, Last known committed idx: 0, Time since last communication: 0.000s
I20260709 12:15:05.622334 16535 raft_consensus.cc:2804] T a5892cc70e914c9a81bdca3ec783f532 P 81d07963cdfe446b921c90fae1d9fc9e [term 1 FOLLOWER]: Leader election won for term 1
I20260709 12:15:05.623615 16459 tablet_bootstrap.cc:654] T 866b84b8152e49a6acfdd56e05fc9565 P 81d07963cdfe446b921c90fae1d9fc9e: Neither blocks nor log segments found. Creating new log.
I20260709 12:15:05.627888 16460 tablet_bootstrap.cc:492] T 05463ba6525d42398a3e195f5a8cd652 P 023a8164a2084544aa27c7b921def3f4: No bootstrap required, opened a new log
I20260709 12:15:05.628329 16460 ts_tablet_manager.cc:1403] T 05463ba6525d42398a3e195f5a8cd652 P 023a8164a2084544aa27c7b921def3f4: Time spent bootstrapping tablet: real 0.091s	user 0.021s	sys 0.053s
I20260709 12:15:05.630816 16460 raft_consensus.cc:359] T 05463ba6525d42398a3e195f5a8cd652 P 023a8164a2084544aa27c7b921def3f4 [term 0 FOLLOWER]: Replica starting. Triggering 0 pending ops. Active config: opid_index: -1 OBSOLETE_local: false peers { permanent_uuid: "023a8164a2084544aa27c7b921def3f4" member_type: VOTER last_known_addr { host: "127.14.194.129" port: 43893 } } peers { permanent_uuid: "df90799eb01346038e5ee9f7f2a88824" member_type: VOTER last_known_addr { host: "127.14.194.130" port: 42361 } } peers { permanent_uuid: "81d07963cdfe446b921c90fae1d9fc9e" member_type: VOTER last_known_addr { host: "127.14.194.131" port: 34799 } }
I20260709 12:15:05.631479 16460 raft_consensus.cc:385] T 05463ba6525d42398a3e195f5a8cd652 P 023a8164a2084544aa27c7b921def3f4 [term 0 FOLLOWER]: Consensus starting up: Expiring failure detector timer to make a prompt election more likely
I20260709 12:15:05.631613 16270 raft_consensus.cc:2468] T 1dce0e0e934d467aaae637af4e3ce6c4 P 023a8164a2084544aa27c7b921def3f4 [term 1 FOLLOWER]: Leader election vote request: Granting yes vote for candidate df90799eb01346038e5ee9f7f2a88824 in term 1.
I20260709 12:15:05.631764 16460 raft_consensus.cc:740] T 05463ba6525d42398a3e195f5a8cd652 P 023a8164a2084544aa27c7b921def3f4 [term 0 FOLLOWER]: Becoming Follower/Learner. State: Replica: 023a8164a2084544aa27c7b921def3f4, State: Initialized, Role: FOLLOWER
I20260709 12:15:05.632637 16460 consensus_queue.cc:260] T 05463ba6525d42398a3e195f5a8cd652 P 023a8164a2084544aa27c7b921def3f4 [NON_LEADER]: Queue going to NON_LEADER mode. State: All replicated index: 0, Majority replicated index: 0, Committed index: 0, Last appended: 0.0, Last appended by leader: 0, Current term: 0, Majority size: -1, State: 0, Mode: NON_LEADER, active raft config: opid_index: -1 OBSOLETE_local: false peers { permanent_uuid: "023a8164a2084544aa27c7b921def3f4" member_type: VOTER last_known_addr { host: "127.14.194.129" port: 43893 } } peers { permanent_uuid: "df90799eb01346038e5ee9f7f2a88824" member_type: VOTER last_known_addr { host: "127.14.194.130" port: 42361 } } peers { permanent_uuid: "81d07963cdfe446b921c90fae1d9fc9e" member_type: VOTER last_known_addr { host: "127.14.194.131" port: 34799 } }
I20260709 12:15:05.632880 16309 leader_election.cc:304] T 1dce0e0e934d467aaae637af4e3ce6c4 P df90799eb01346038e5ee9f7f2a88824 [CANDIDATE]: Term 1 election: Election decided. Result: candidate won. Election summary: received 2 responses out of 3 voters: 2 yes votes; 0 no votes. yes voters: 023a8164a2084544aa27c7b921def3f4, df90799eb01346038e5ee9f7f2a88824; no voters: 
I20260709 12:15:05.633782 16562 raft_consensus.cc:2804] T 1dce0e0e934d467aaae637af4e3ce6c4 P df90799eb01346038e5ee9f7f2a88824 [term 1 FOLLOWER]: Leader election won for term 1
I20260709 12:15:05.634207 16562 raft_consensus.cc:697] T 1dce0e0e934d467aaae637af4e3ce6c4 P df90799eb01346038e5ee9f7f2a88824 [term 1 LEADER]: Becoming Leader. State: Replica: df90799eb01346038e5ee9f7f2a88824, State: Running, Role: LEADER
I20260709 12:15:05.634907 16460 ts_tablet_manager.cc:1434] T 05463ba6525d42398a3e195f5a8cd652 P 023a8164a2084544aa27c7b921def3f4: Time spent starting tablet: real 0.006s	user 0.007s	sys 0.000s
I20260709 12:15:05.635819 16460 tablet_bootstrap.cc:492] T a6f404eb204f45938d18f529a43080bb P 023a8164a2084544aa27c7b921def3f4: Bootstrap starting.
I20260709 12:15:05.634954 16562 consensus_queue.cc:237] T 1dce0e0e934d467aaae637af4e3ce6c4 P df90799eb01346038e5ee9f7f2a88824 [LEADER]: Queue going to LEADER mode. State: All replicated index: 0, Majority replicated index: 0, Committed index: 0, Last appended: 0.0, Last appended by leader: 0, Current term: 1, Majority size: 2, State: 0, Mode: LEADER, active raft config: opid_index: -1 OBSOLETE_local: false peers { permanent_uuid: "023a8164a2084544aa27c7b921def3f4" member_type: VOTER last_known_addr { host: "127.14.194.129" port: 43893 } } peers { permanent_uuid: "df90799eb01346038e5ee9f7f2a88824" member_type: VOTER last_known_addr { host: "127.14.194.130" port: 42361 } } peers { permanent_uuid: "81d07963cdfe446b921c90fae1d9fc9e" member_type: VOTER last_known_addr { host: "127.14.194.131" port: 34799 } }
I20260709 12:15:05.641996 16460 tablet_bootstrap.cc:654] T a6f404eb204f45938d18f529a43080bb P 023a8164a2084544aa27c7b921def3f4: Neither blocks nor log segments found. Creating new log.
I20260709 12:15:05.645099 16165 catalog_manager.cc:5697] T a98a6e67d33147698be070b2588b89ff P 81d07963cdfe446b921c90fae1d9fc9e reported cstate change: term changed from 0 to 1, leader changed from <none> to 81d07963cdfe446b921c90fae1d9fc9e (127.14.194.131). New cstate: current_term: 1 leader_uuid: "81d07963cdfe446b921c90fae1d9fc9e" committed_config { opid_index: -1 OBSOLETE_local: false peers { permanent_uuid: "023a8164a2084544aa27c7b921def3f4" member_type: VOTER last_known_addr { host: "127.14.194.129" port: 43893 } health_report { overall_health: UNKNOWN } } peers { permanent_uuid: "df90799eb01346038e5ee9f7f2a88824" member_type: VOTER last_known_addr { host: "127.14.194.130" port: 42361 } health_report { overall_health: UNKNOWN } } peers { permanent_uuid: "81d07963cdfe446b921c90fae1d9fc9e" member_type: VOTER last_known_addr { host: "127.14.194.131" port: 34799 } health_report { overall_health: HEALTHY } } }
I20260709 12:15:05.650231 16514 leader_election.cc:290] T 1dce0e0e934d467aaae637af4e3ce6c4 P df90799eb01346038e5ee9f7f2a88824 [CANDIDATE]: Term 1 election: Requested vote from peers 023a8164a2084544aa27c7b921def3f4 (127.14.194.129:43893), 81d07963cdfe446b921c90fae1d9fc9e (127.14.194.131:34799)
I20260709 12:15:05.651383 16417 tablet_service.cc:1917] Received RequestConsensusVote() RPC: tablet_id: "1dce0e0e934d467aaae637af4e3ce6c4" candidate_uuid: "df90799eb01346038e5ee9f7f2a88824" candidate_term: 1 candidate_status { last_received { term: 0 index: 0 } } ignore_live_leader: false dest_uuid: "81d07963cdfe446b921c90fae1d9fc9e"
I20260709 12:15:05.651911 16417 raft_consensus.cc:3060] T 1dce0e0e934d467aaae637af4e3ce6c4 P 81d07963cdfe446b921c90fae1d9fc9e [term 0 FOLLOWER]: Advancing to term 1
I20260709 12:15:05.655834 16166 catalog_manager.cc:5697] T 1dce0e0e934d467aaae637af4e3ce6c4 P df90799eb01346038e5ee9f7f2a88824 reported cstate change: term changed from 0 to 1, leader changed from <none> to df90799eb01346038e5ee9f7f2a88824 (127.14.194.130). New cstate: current_term: 1 leader_uuid: "df90799eb01346038e5ee9f7f2a88824" committed_config { opid_index: -1 OBSOLETE_local: false peers { permanent_uuid: "023a8164a2084544aa27c7b921def3f4" member_type: VOTER last_known_addr { host: "127.14.194.129" port: 43893 } health_report { overall_health: UNKNOWN } } peers { permanent_uuid: "df90799eb01346038e5ee9f7f2a88824" member_type: VOTER last_known_addr { host: "127.14.194.130" port: 42361 } health_report { overall_health: HEALTHY } } peers { permanent_uuid: "81d07963cdfe446b921c90fae1d9fc9e" member_type: VOTER last_known_addr { host: "127.14.194.131" port: 34799 } health_report { overall_health: UNKNOWN } } }
I20260709 12:15:05.662411 16460 tablet_bootstrap.cc:492] T a6f404eb204f45938d18f529a43080bb P 023a8164a2084544aa27c7b921def3f4: No bootstrap required, opened a new log
I20260709 12:15:05.662864 16460 ts_tablet_manager.cc:1403] T a6f404eb204f45938d18f529a43080bb P 023a8164a2084544aa27c7b921def3f4: Time spent bootstrapping tablet: real 0.027s	user 0.008s	sys 0.017s
I20260709 12:15:05.664131 16417 raft_consensus.cc:2468] T 1dce0e0e934d467aaae637af4e3ce6c4 P 81d07963cdfe446b921c90fae1d9fc9e [term 1 FOLLOWER]: Leader election vote request: Granting yes vote for candidate df90799eb01346038e5ee9f7f2a88824 in term 1.
I20260709 12:15:05.666992 16463 ts_tablet_manager.cc:1434] T 1958ffa990ce47a29106608f263fe0a3 P df90799eb01346038e5ee9f7f2a88824: Time spent starting tablet: real 0.086s	user 0.005s	sys 0.000s
I20260709 12:15:05.667835 16463 tablet_bootstrap.cc:492] T 9c9ac8e692c54bb1b8274c609fc99115 P df90799eb01346038e5ee9f7f2a88824: Bootstrap starting.
I20260709 12:15:05.668258 16570 consensus_queue.cc:1048] T 76a1aebcedf240db8609bc8072fca40d P 023a8164a2084544aa27c7b921def3f4 [LEADER]: Connected to new peer: Peer: permanent_uuid: "df90799eb01346038e5ee9f7f2a88824" member_type: VOTER last_known_addr { host: "127.14.194.130" port: 42361 }, Status: LMP_MISMATCH, Last received: 0.0, Next index: 1, Last known committed idx: 0, Time since last communication: 0.000s
I20260709 12:15:05.668910 16535 raft_consensus.cc:697] T a5892cc70e914c9a81bdca3ec783f532 P 81d07963cdfe446b921c90fae1d9fc9e [term 1 LEADER]: Becoming Leader. State: Replica: 81d07963cdfe446b921c90fae1d9fc9e, State: Running, Role: LEADER
I20260709 12:15:05.669656 16460 raft_consensus.cc:359] T a6f404eb204f45938d18f529a43080bb P 023a8164a2084544aa27c7b921def3f4 [term 0 FOLLOWER]: Replica starting. Triggering 0 pending ops. Active config: opid_index: -1 OBSOLETE_local: false peers { permanent_uuid: "023a8164a2084544aa27c7b921def3f4" member_type: VOTER last_known_addr { host: "127.14.194.129" port: 43893 } } peers { permanent_uuid: "df90799eb01346038e5ee9f7f2a88824" member_type: VOTER last_known_addr { host: "127.14.194.130" port: 42361 } } peers { permanent_uuid: "81d07963cdfe446b921c90fae1d9fc9e" member_type: VOTER last_known_addr { host: "127.14.194.131" port: 34799 } }
I20260709 12:15:05.679600 16460 raft_consensus.cc:385] T a6f404eb204f45938d18f529a43080bb P 023a8164a2084544aa27c7b921def3f4 [term 0 FOLLOWER]: Consensus starting up: Expiring failure detector timer to make a prompt election more likely
I20260709 12:15:05.679877 16460 raft_consensus.cc:740] T a6f404eb204f45938d18f529a43080bb P 023a8164a2084544aa27c7b921def3f4 [term 0 FOLLOWER]: Becoming Follower/Learner. State: Replica: 023a8164a2084544aa27c7b921def3f4, State: Initialized, Role: FOLLOWER
I20260709 12:15:05.679960 16535 consensus_queue.cc:237] T a5892cc70e914c9a81bdca3ec783f532 P 81d07963cdfe446b921c90fae1d9fc9e [LEADER]: Queue going to LEADER mode. State: All replicated index: 0, Majority replicated index: 0, Committed index: 0, Last appended: 0.0, Last appended by leader: 0, Current term: 1, Majority size: 2, State: 0, Mode: LEADER, active raft config: opid_index: -1 OBSOLETE_local: false peers { permanent_uuid: "023a8164a2084544aa27c7b921def3f4" member_type: VOTER last_known_addr { host: "127.14.194.129" port: 43893 } } peers { permanent_uuid: "df90799eb01346038e5ee9f7f2a88824" member_type: VOTER last_known_addr { host: "127.14.194.130" port: 42361 } } peers { permanent_uuid: "81d07963cdfe446b921c90fae1d9fc9e" member_type: VOTER last_known_addr { host: "127.14.194.131" port: 34799 } }
I20260709 12:15:05.680611 16460 consensus_queue.cc:260] T a6f404eb204f45938d18f529a43080bb P 023a8164a2084544aa27c7b921def3f4 [NON_LEADER]: Queue going to NON_LEADER mode. State: All replicated index: 0, Majority replicated index: 0, Committed index: 0, Last appended: 0.0, Last appended by leader: 0, Current term: 0, Majority size: -1, State: 0, Mode: NON_LEADER, active raft config: opid_index: -1 OBSOLETE_local: false peers { permanent_uuid: "023a8164a2084544aa27c7b921def3f4" member_type: VOTER last_known_addr { host: "127.14.194.129" port: 43893 } } peers { permanent_uuid: "df90799eb01346038e5ee9f7f2a88824" member_type: VOTER last_known_addr { host: "127.14.194.130" port: 42361 } } peers { permanent_uuid: "81d07963cdfe446b921c90fae1d9fc9e" member_type: VOTER last_known_addr { host: "127.14.194.131" port: 34799 } }
I20260709 12:15:05.671707 16459 tablet_bootstrap.cc:492] T 866b84b8152e49a6acfdd56e05fc9565 P 81d07963cdfe446b921c90fae1d9fc9e: No bootstrap required, opened a new log
I20260709 12:15:05.682611 16459 ts_tablet_manager.cc:1403] T 866b84b8152e49a6acfdd56e05fc9565 P 81d07963cdfe446b921c90fae1d9fc9e: Time spent bootstrapping tablet: real 0.115s	user 0.016s	sys 0.003s
I20260709 12:15:05.683665 16460 ts_tablet_manager.cc:1434] T a6f404eb204f45938d18f529a43080bb P 023a8164a2084544aa27c7b921def3f4: Time spent starting tablet: real 0.021s	user 0.007s	sys 0.000s
I20260709 12:15:05.684607 16463 tablet_bootstrap.cc:654] T 9c9ac8e692c54bb1b8274c609fc99115 P df90799eb01346038e5ee9f7f2a88824: Neither blocks nor log segments found. Creating new log.
I20260709 12:15:05.691952 16460 tablet_bootstrap.cc:492] T 5bfcbc16c2e8438da0459f65c9631864 P 023a8164a2084544aa27c7b921def3f4: Bootstrap starting.
I20260709 12:15:05.702489 16459 raft_consensus.cc:359] T 866b84b8152e49a6acfdd56e05fc9565 P 81d07963cdfe446b921c90fae1d9fc9e [term 0 FOLLOWER]: Replica starting. Triggering 0 pending ops. Active config: opid_index: -1 OBSOLETE_local: false peers { permanent_uuid: "023a8164a2084544aa27c7b921def3f4" member_type: VOTER last_known_addr { host: "127.14.194.129" port: 43893 } } peers { permanent_uuid: "df90799eb01346038e5ee9f7f2a88824" member_type: VOTER last_known_addr { host: "127.14.194.130" port: 42361 } } peers { permanent_uuid: "81d07963cdfe446b921c90fae1d9fc9e" member_type: VOTER last_known_addr { host: "127.14.194.131" port: 34799 } }
I20260709 12:15:05.703136 16459 raft_consensus.cc:385] T 866b84b8152e49a6acfdd56e05fc9565 P 81d07963cdfe446b921c90fae1d9fc9e [term 0 FOLLOWER]: Consensus starting up: Expiring failure detector timer to make a prompt election more likely
I20260709 12:15:05.703403 16459 raft_consensus.cc:740] T 866b84b8152e49a6acfdd56e05fc9565 P 81d07963cdfe446b921c90fae1d9fc9e [term 0 FOLLOWER]: Becoming Follower/Learner. State: Replica: 81d07963cdfe446b921c90fae1d9fc9e, State: Initialized, Role: FOLLOWER
I20260709 12:15:05.722534 16459 consensus_queue.cc:260] T 866b84b8152e49a6acfdd56e05fc9565 P 81d07963cdfe446b921c90fae1d9fc9e [NON_LEADER]: Queue going to NON_LEADER mode. State: All replicated index: 0, Majority replicated index: 0, Committed index: 0, Last appended: 0.0, Last appended by leader: 0, Current term: 0, Majority size: -1, State: 0, Mode: NON_LEADER, active raft config: opid_index: -1 OBSOLETE_local: false peers { permanent_uuid: "023a8164a2084544aa27c7b921def3f4" member_type: VOTER last_known_addr { host: "127.14.194.129" port: 43893 } } peers { permanent_uuid: "df90799eb01346038e5ee9f7f2a88824" member_type: VOTER last_known_addr { host: "127.14.194.130" port: 42361 } } peers { permanent_uuid: "81d07963cdfe446b921c90fae1d9fc9e" member_type: VOTER last_known_addr { host: "127.14.194.131" port: 34799 } }
I20260709 12:15:05.726460 16460 tablet_bootstrap.cc:654] T 5bfcbc16c2e8438da0459f65c9631864 P 023a8164a2084544aa27c7b921def3f4: Neither blocks nor log segments found. Creating new log.
I20260709 12:15:05.731081 16459 ts_tablet_manager.cc:1434] T 866b84b8152e49a6acfdd56e05fc9565 P 81d07963cdfe446b921c90fae1d9fc9e: Time spent starting tablet: real 0.034s	user 0.012s	sys 0.008s
I20260709 12:15:05.732913 16459 tablet_bootstrap.cc:492] T a6f404eb204f45938d18f529a43080bb P 81d07963cdfe446b921c90fae1d9fc9e: Bootstrap starting.
I20260709 12:15:05.732590 16166 catalog_manager.cc:5697] T a5892cc70e914c9a81bdca3ec783f532 P 81d07963cdfe446b921c90fae1d9fc9e reported cstate change: term changed from 0 to 1, leader changed from <none> to 81d07963cdfe446b921c90fae1d9fc9e (127.14.194.131). New cstate: current_term: 1 leader_uuid: "81d07963cdfe446b921c90fae1d9fc9e" committed_config { opid_index: -1 OBSOLETE_local: false peers { permanent_uuid: "023a8164a2084544aa27c7b921def3f4" member_type: VOTER last_known_addr { host: "127.14.194.129" port: 43893 } health_report { overall_health: UNKNOWN } } peers { permanent_uuid: "df90799eb01346038e5ee9f7f2a88824" member_type: VOTER last_known_addr { host: "127.14.194.130" port: 42361 } health_report { overall_health: UNKNOWN } } peers { permanent_uuid: "81d07963cdfe446b921c90fae1d9fc9e" member_type: VOTER last_known_addr { host: "127.14.194.131" port: 34799 } health_report { overall_health: HEALTHY } } }
I20260709 12:15:05.736059 16463 tablet_bootstrap.cc:492] T 9c9ac8e692c54bb1b8274c609fc99115 P df90799eb01346038e5ee9f7f2a88824: No bootstrap required, opened a new log
I20260709 12:15:05.736861 16463 ts_tablet_manager.cc:1403] T 9c9ac8e692c54bb1b8274c609fc99115 P df90799eb01346038e5ee9f7f2a88824: Time spent bootstrapping tablet: real 0.069s	user 0.013s	sys 0.013s
I20260709 12:15:05.739220 16459 tablet_bootstrap.cc:654] T a6f404eb204f45938d18f529a43080bb P 81d07963cdfe446b921c90fae1d9fc9e: Neither blocks nor log segments found. Creating new log.
I20260709 12:15:05.739230 16463 raft_consensus.cc:359] T 9c9ac8e692c54bb1b8274c609fc99115 P df90799eb01346038e5ee9f7f2a88824 [term 0 FOLLOWER]: Replica starting. Triggering 0 pending ops. Active config: opid_index: -1 OBSOLETE_local: false peers { permanent_uuid: "023a8164a2084544aa27c7b921def3f4" member_type: VOTER last_known_addr { host: "127.14.194.129" port: 43893 } } peers { permanent_uuid: "df90799eb01346038e5ee9f7f2a88824" member_type: VOTER last_known_addr { host: "127.14.194.130" port: 42361 } } peers { permanent_uuid: "81d07963cdfe446b921c90fae1d9fc9e" member_type: VOTER last_known_addr { host: "127.14.194.131" port: 34799 } }
I20260709 12:15:05.740118 16463 raft_consensus.cc:385] T 9c9ac8e692c54bb1b8274c609fc99115 P df90799eb01346038e5ee9f7f2a88824 [term 0 FOLLOWER]: Consensus starting up: Expiring failure detector timer to make a prompt election more likely
I20260709 12:15:05.740429 16463 raft_consensus.cc:740] T 9c9ac8e692c54bb1b8274c609fc99115 P df90799eb01346038e5ee9f7f2a88824 [term 0 FOLLOWER]: Becoming Follower/Learner. State: Replica: df90799eb01346038e5ee9f7f2a88824, State: Initialized, Role: FOLLOWER
I20260709 12:15:05.741168 16463 consensus_queue.cc:260] T 9c9ac8e692c54bb1b8274c609fc99115 P df90799eb01346038e5ee9f7f2a88824 [NON_LEADER]: Queue going to NON_LEADER mode. State: All replicated index: 0, Majority replicated index: 0, Committed index: 0, Last appended: 0.0, Last appended by leader: 0, Current term: 0, Majority size: -1, State: 0, Mode: NON_LEADER, active raft config: opid_index: -1 OBSOLETE_local: false peers { permanent_uuid: "023a8164a2084544aa27c7b921def3f4" member_type: VOTER last_known_addr { host: "127.14.194.129" port: 43893 } } peers { permanent_uuid: "df90799eb01346038e5ee9f7f2a88824" member_type: VOTER last_known_addr { host: "127.14.194.130" port: 42361 } } peers { permanent_uuid: "81d07963cdfe446b921c90fae1d9fc9e" member_type: VOTER last_known_addr { host: "127.14.194.131" port: 34799 } }
I20260709 12:15:05.755512 16510 consensus_queue.cc:1048] T d53b40a58ec847b79edc1d97d104bdda P df90799eb01346038e5ee9f7f2a88824 [LEADER]: Connected to new peer: Peer: permanent_uuid: "023a8164a2084544aa27c7b921def3f4" member_type: VOTER last_known_addr { host: "127.14.194.129" port: 43893 }, Status: LMP_MISMATCH, Last received: 0.0, Next index: 1, Last known committed idx: 0, Time since last communication: 0.000s
I20260709 12:15:05.758703 16463 ts_tablet_manager.cc:1434] T 9c9ac8e692c54bb1b8274c609fc99115 P df90799eb01346038e5ee9f7f2a88824: Time spent starting tablet: real 0.022s	user 0.005s	sys 0.000s
I20260709 12:15:05.759335 16460 tablet_bootstrap.cc:492] T 5bfcbc16c2e8438da0459f65c9631864 P 023a8164a2084544aa27c7b921def3f4: No bootstrap required, opened a new log
I20260709 12:15:05.759506 16463 tablet_bootstrap.cc:492] T 5ff4a6dbef6d4c8d8eceea356e9ded98 P df90799eb01346038e5ee9f7f2a88824: Bootstrap starting.
I20260709 12:15:05.759759 16460 ts_tablet_manager.cc:1403] T 5bfcbc16c2e8438da0459f65c9631864 P 023a8164a2084544aa27c7b921def3f4: Time spent bootstrapping tablet: real 0.068s	user 0.016s	sys 0.016s
I20260709 12:15:05.762609 16460 raft_consensus.cc:359] T 5bfcbc16c2e8438da0459f65c9631864 P 023a8164a2084544aa27c7b921def3f4 [term 0 FOLLOWER]: Replica starting. Triggering 0 pending ops. Active config: opid_index: -1 OBSOLETE_local: false peers { permanent_uuid: "023a8164a2084544aa27c7b921def3f4" member_type: VOTER last_known_addr { host: "127.14.194.129" port: 43893 } } peers { permanent_uuid: "df90799eb01346038e5ee9f7f2a88824" member_type: VOTER last_known_addr { host: "127.14.194.130" port: 42361 } } peers { permanent_uuid: "81d07963cdfe446b921c90fae1d9fc9e" member_type: VOTER last_known_addr { host: "127.14.194.131" port: 34799 } }
I20260709 12:15:05.763229 16460 raft_consensus.cc:385] T 5bfcbc16c2e8438da0459f65c9631864 P 023a8164a2084544aa27c7b921def3f4 [term 0 FOLLOWER]: Consensus starting up: Expiring failure detector timer to make a prompt election more likely
I20260709 12:15:05.763492 16460 raft_consensus.cc:740] T 5bfcbc16c2e8438da0459f65c9631864 P 023a8164a2084544aa27c7b921def3f4 [term 0 FOLLOWER]: Becoming Follower/Learner. State: Replica: 023a8164a2084544aa27c7b921def3f4, State: Initialized, Role: FOLLOWER
I20260709 12:15:05.764176 16460 consensus_queue.cc:260] T 5bfcbc16c2e8438da0459f65c9631864 P 023a8164a2084544aa27c7b921def3f4 [NON_LEADER]: Queue going to NON_LEADER mode. State: All replicated index: 0, Majority replicated index: 0, Committed index: 0, Last appended: 0.0, Last appended by leader: 0, Current term: 0, Majority size: -1, State: 0, Mode: NON_LEADER, active raft config: opid_index: -1 OBSOLETE_local: false peers { permanent_uuid: "023a8164a2084544aa27c7b921def3f4" member_type: VOTER last_known_addr { host: "127.14.194.129" port: 43893 } } peers { permanent_uuid: "df90799eb01346038e5ee9f7f2a88824" member_type: VOTER last_known_addr { host: "127.14.194.130" port: 42361 } } peers { permanent_uuid: "81d07963cdfe446b921c90fae1d9fc9e" member_type: VOTER last_known_addr { host: "127.14.194.131" port: 34799 } }
I20260709 12:15:05.764683 16463 tablet_bootstrap.cc:654] T 5ff4a6dbef6d4c8d8eceea356e9ded98 P df90799eb01346038e5ee9f7f2a88824: Neither blocks nor log segments found. Creating new log.
I20260709 12:15:05.766433 16460 ts_tablet_manager.cc:1434] T 5bfcbc16c2e8438da0459f65c9631864 P 023a8164a2084544aa27c7b921def3f4: Time spent starting tablet: real 0.006s	user 0.005s	sys 0.000s
I20260709 12:15:05.767259 16460 tablet_bootstrap.cc:492] T 9c9ac8e692c54bb1b8274c609fc99115 P 023a8164a2084544aa27c7b921def3f4: Bootstrap starting.
I20260709 12:15:05.768235 16459 tablet_bootstrap.cc:492] T a6f404eb204f45938d18f529a43080bb P 81d07963cdfe446b921c90fae1d9fc9e: No bootstrap required, opened a new log
I20260709 12:15:05.768613 16459 ts_tablet_manager.cc:1403] T a6f404eb204f45938d18f529a43080bb P 81d07963cdfe446b921c90fae1d9fc9e: Time spent bootstrapping tablet: real 0.036s	user 0.014s	sys 0.011s
I20260709 12:15:05.770996 16459 raft_consensus.cc:359] T a6f404eb204f45938d18f529a43080bb P 81d07963cdfe446b921c90fae1d9fc9e [term 0 FOLLOWER]: Replica starting. Triggering 0 pending ops. Active config: opid_index: -1 OBSOLETE_local: false peers { permanent_uuid: "023a8164a2084544aa27c7b921def3f4" member_type: VOTER last_known_addr { host: "127.14.194.129" port: 43893 } } peers { permanent_uuid: "df90799eb01346038e5ee9f7f2a88824" member_type: VOTER last_known_addr { host: "127.14.194.130" port: 42361 } } peers { permanent_uuid: "81d07963cdfe446b921c90fae1d9fc9e" member_type: VOTER last_known_addr { host: "127.14.194.131" port: 34799 } }
I20260709 12:15:05.771571 16459 raft_consensus.cc:385] T a6f404eb204f45938d18f529a43080bb P 81d07963cdfe446b921c90fae1d9fc9e [term 0 FOLLOWER]: Consensus starting up: Expiring failure detector timer to make a prompt election more likely
I20260709 12:15:05.771807 16459 raft_consensus.cc:740] T a6f404eb204f45938d18f529a43080bb P 81d07963cdfe446b921c90fae1d9fc9e [term 0 FOLLOWER]: Becoming Follower/Learner. State: Replica: 81d07963cdfe446b921c90fae1d9fc9e, State: Initialized, Role: FOLLOWER
I20260709 12:15:05.772414 16460 tablet_bootstrap.cc:654] T 9c9ac8e692c54bb1b8274c609fc99115 P 023a8164a2084544aa27c7b921def3f4: Neither blocks nor log segments found. Creating new log.
I20260709 12:15:05.783005 16460 tablet_bootstrap.cc:492] T 9c9ac8e692c54bb1b8274c609fc99115 P 023a8164a2084544aa27c7b921def3f4: No bootstrap required, opened a new log
I20260709 12:15:05.783622 16460 ts_tablet_manager.cc:1403] T 9c9ac8e692c54bb1b8274c609fc99115 P 023a8164a2084544aa27c7b921def3f4: Time spent bootstrapping tablet: real 0.017s	user 0.013s	sys 0.003s
I20260709 12:15:05.772392 16459 consensus_queue.cc:260] T a6f404eb204f45938d18f529a43080bb P 81d07963cdfe446b921c90fae1d9fc9e [NON_LEADER]: Queue going to NON_LEADER mode. State: All replicated index: 0, Majority replicated index: 0, Committed index: 0, Last appended: 0.0, Last appended by leader: 0, Current term: 0, Majority size: -1, State: 0, Mode: NON_LEADER, active raft config: opid_index: -1 OBSOLETE_local: false peers { permanent_uuid: "023a8164a2084544aa27c7b921def3f4" member_type: VOTER last_known_addr { host: "127.14.194.129" port: 43893 } } peers { permanent_uuid: "df90799eb01346038e5ee9f7f2a88824" member_type: VOTER last_known_addr { host: "127.14.194.130" port: 42361 } } peers { permanent_uuid: "81d07963cdfe446b921c90fae1d9fc9e" member_type: VOTER last_known_addr { host: "127.14.194.131" port: 34799 } }
I20260709 12:15:05.785497 16463 tablet_bootstrap.cc:492] T 5ff4a6dbef6d4c8d8eceea356e9ded98 P df90799eb01346038e5ee9f7f2a88824: No bootstrap required, opened a new log
I20260709 12:15:05.785934 16463 ts_tablet_manager.cc:1403] T 5ff4a6dbef6d4c8d8eceea356e9ded98 P df90799eb01346038e5ee9f7f2a88824: Time spent bootstrapping tablet: real 0.027s	user 0.021s	sys 0.004s
I20260709 12:15:05.785995 16459 ts_tablet_manager.cc:1434] T a6f404eb204f45938d18f529a43080bb P 81d07963cdfe446b921c90fae1d9fc9e: Time spent starting tablet: real 0.017s	user 0.004s	sys 0.000s
I20260709 12:15:05.787628 16460 raft_consensus.cc:359] T 9c9ac8e692c54bb1b8274c609fc99115 P 023a8164a2084544aa27c7b921def3f4 [term 0 FOLLOWER]: Replica starting. Triggering 0 pending ops. Active config: opid_index: -1 OBSOLETE_local: false peers { permanent_uuid: "023a8164a2084544aa27c7b921def3f4" member_type: VOTER last_known_addr { host: "127.14.194.129" port: 43893 } } peers { permanent_uuid: "df90799eb01346038e5ee9f7f2a88824" member_type: VOTER last_known_addr { host: "127.14.194.130" port: 42361 } } peers { permanent_uuid: "81d07963cdfe446b921c90fae1d9fc9e" member_type: VOTER last_known_addr { host: "127.14.194.131" port: 34799 } }
I20260709 12:15:05.788261 16460 raft_consensus.cc:385] T 9c9ac8e692c54bb1b8274c609fc99115 P 023a8164a2084544aa27c7b921def3f4 [term 0 FOLLOWER]: Consensus starting up: Expiring failure detector timer to make a prompt election more likely
I20260709 12:15:05.788506 16460 raft_consensus.cc:740] T 9c9ac8e692c54bb1b8274c609fc99115 P 023a8164a2084544aa27c7b921def3f4 [term 0 FOLLOWER]: Becoming Follower/Learner. State: Replica: 023a8164a2084544aa27c7b921def3f4, State: Initialized, Role: FOLLOWER
I20260709 12:15:05.789089 16460 consensus_queue.cc:260] T 9c9ac8e692c54bb1b8274c609fc99115 P 023a8164a2084544aa27c7b921def3f4 [NON_LEADER]: Queue going to NON_LEADER mode. State: All replicated index: 0, Majority replicated index: 0, Committed index: 0, Last appended: 0.0, Last appended by leader: 0, Current term: 0, Majority size: -1, State: 0, Mode: NON_LEADER, active raft config: opid_index: -1 OBSOLETE_local: false peers { permanent_uuid: "023a8164a2084544aa27c7b921def3f4" member_type: VOTER last_known_addr { host: "127.14.194.129" port: 43893 } } peers { permanent_uuid: "df90799eb01346038e5ee9f7f2a88824" member_type: VOTER last_known_addr { host: "127.14.194.130" port: 42361 } } peers { permanent_uuid: "81d07963cdfe446b921c90fae1d9fc9e" member_type: VOTER last_known_addr { host: "127.14.194.131" port: 34799 } }
I20260709 12:15:05.790933 16460 ts_tablet_manager.cc:1434] T 9c9ac8e692c54bb1b8274c609fc99115 P 023a8164a2084544aa27c7b921def3f4: Time spent starting tablet: real 0.007s	user 0.004s	sys 0.000s
I20260709 12:15:05.791679 16460 tablet_bootstrap.cc:492] T a5892cc70e914c9a81bdca3ec783f532 P 023a8164a2084544aa27c7b921def3f4: Bootstrap starting.
I20260709 12:15:05.793118 16463 raft_consensus.cc:359] T 5ff4a6dbef6d4c8d8eceea356e9ded98 P df90799eb01346038e5ee9f7f2a88824 [term 0 FOLLOWER]: Replica starting. Triggering 0 pending ops. Active config: opid_index: -1 OBSOLETE_local: false peers { permanent_uuid: "023a8164a2084544aa27c7b921def3f4" member_type: VOTER last_known_addr { host: "127.14.194.129" port: 43893 } } peers { permanent_uuid: "df90799eb01346038e5ee9f7f2a88824" member_type: VOTER last_known_addr { host: "127.14.194.130" port: 42361 } } peers { permanent_uuid: "81d07963cdfe446b921c90fae1d9fc9e" member_type: VOTER last_known_addr { host: "127.14.194.131" port: 34799 } }
I20260709 12:15:05.793697 16463 raft_consensus.cc:385] T 5ff4a6dbef6d4c8d8eceea356e9ded98 P df90799eb01346038e5ee9f7f2a88824 [term 0 FOLLOWER]: Consensus starting up: Expiring failure detector timer to make a prompt election more likely
I20260709 12:15:05.793949 16463 raft_consensus.cc:740] T 5ff4a6dbef6d4c8d8eceea356e9ded98 P df90799eb01346038e5ee9f7f2a88824 [term 0 FOLLOWER]: Becoming Follower/Learner. State: Replica: df90799eb01346038e5ee9f7f2a88824, State: Initialized, Role: FOLLOWER
I20260709 12:15:05.794492 16463 consensus_queue.cc:260] T 5ff4a6dbef6d4c8d8eceea356e9ded98 P df90799eb01346038e5ee9f7f2a88824 [NON_LEADER]: Queue going to NON_LEADER mode. State: All replicated index: 0, Majority replicated index: 0, Committed index: 0, Last appended: 0.0, Last appended by leader: 0, Current term: 0, Majority size: -1, State: 0, Mode: NON_LEADER, active raft config: opid_index: -1 OBSOLETE_local: false peers { permanent_uuid: "023a8164a2084544aa27c7b921def3f4" member_type: VOTER last_known_addr { host: "127.14.194.129" port: 43893 } } peers { permanent_uuid: "df90799eb01346038e5ee9f7f2a88824" member_type: VOTER last_known_addr { host: "127.14.194.130" port: 42361 } } peers { permanent_uuid: "81d07963cdfe446b921c90fae1d9fc9e" member_type: VOTER last_known_addr { host: "127.14.194.131" port: 34799 } }
I20260709 12:15:05.796581 16463 ts_tablet_manager.cc:1434] T 5ff4a6dbef6d4c8d8eceea356e9ded98 P df90799eb01346038e5ee9f7f2a88824: Time spent starting tablet: real 0.010s	user 0.004s	sys 0.000s
I20260709 12:15:05.797459 16463 tablet_bootstrap.cc:492] T ff716f9953044f38a800abea9bca9696 P df90799eb01346038e5ee9f7f2a88824: Bootstrap starting.
I20260709 12:15:05.797506 16459 tablet_bootstrap.cc:492] T 924c417139bc48ecaa0f476886dfdc37 P 81d07963cdfe446b921c90fae1d9fc9e: Bootstrap starting.
W20260709 12:15:05.800714 16311 consensus_peers.cc:597] T d53b40a58ec847b79edc1d97d104bdda P df90799eb01346038e5ee9f7f2a88824 -> Peer 81d07963cdfe446b921c90fae1d9fc9e (127.14.194.131:34799): Couldn't send request to peer 81d07963cdfe446b921c90fae1d9fc9e. Error code: TABLET_NOT_RUNNING (12). Status: Illegal state: Tablet not RUNNING: INITIALIZED. This is attempt 1: this message will repeat every 5th retry.
I20260709 12:15:05.803751 16459 tablet_bootstrap.cc:654] T 924c417139bc48ecaa0f476886dfdc37 P 81d07963cdfe446b921c90fae1d9fc9e: Neither blocks nor log segments found. Creating new log.
I20260709 12:15:05.804023 16463 tablet_bootstrap.cc:654] T ff716f9953044f38a800abea9bca9696 P df90799eb01346038e5ee9f7f2a88824: Neither blocks nor log segments found. Creating new log.
I20260709 12:15:05.806088 16460 tablet_bootstrap.cc:654] T a5892cc70e914c9a81bdca3ec783f532 P 023a8164a2084544aa27c7b921def3f4: Neither blocks nor log segments found. Creating new log.
I20260709 12:15:05.813495 16460 tablet_bootstrap.cc:492] T a5892cc70e914c9a81bdca3ec783f532 P 023a8164a2084544aa27c7b921def3f4: No bootstrap required, opened a new log
I20260709 12:15:05.813882 16460 ts_tablet_manager.cc:1403] T a5892cc70e914c9a81bdca3ec783f532 P 023a8164a2084544aa27c7b921def3f4: Time spent bootstrapping tablet: real 0.022s	user 0.010s	sys 0.000s
I20260709 12:15:05.816267 16460 raft_consensus.cc:359] T a5892cc70e914c9a81bdca3ec783f532 P 023a8164a2084544aa27c7b921def3f4 [term 0 FOLLOWER]: Replica starting. Triggering 0 pending ops. Active config: opid_index: -1 OBSOLETE_local: false peers { permanent_uuid: "023a8164a2084544aa27c7b921def3f4" member_type: VOTER last_known_addr { host: "127.14.194.129" port: 43893 } } peers { permanent_uuid: "df90799eb01346038e5ee9f7f2a88824" member_type: VOTER last_known_addr { host: "127.14.194.130" port: 42361 } } peers { permanent_uuid: "81d07963cdfe446b921c90fae1d9fc9e" member_type: VOTER last_known_addr { host: "127.14.194.131" port: 34799 } }
I20260709 12:15:05.817113 16460 raft_consensus.cc:385] T a5892cc70e914c9a81bdca3ec783f532 P 023a8164a2084544aa27c7b921def3f4 [term 0 FOLLOWER]: Consensus starting up: Expiring failure detector timer to make a prompt election more likely
I20260709 12:15:05.817366 16460 raft_consensus.cc:740] T a5892cc70e914c9a81bdca3ec783f532 P 023a8164a2084544aa27c7b921def3f4 [term 0 FOLLOWER]: Becoming Follower/Learner. State: Replica: 023a8164a2084544aa27c7b921def3f4, State: Initialized, Role: FOLLOWER
I20260709 12:15:05.818349 16459 tablet_bootstrap.cc:492] T 924c417139bc48ecaa0f476886dfdc37 P 81d07963cdfe446b921c90fae1d9fc9e: No bootstrap required, opened a new log
I20260709 12:15:05.818735 16459 ts_tablet_manager.cc:1403] T 924c417139bc48ecaa0f476886dfdc37 P 81d07963cdfe446b921c90fae1d9fc9e: Time spent bootstrapping tablet: real 0.021s	user 0.004s	sys 0.011s
I20260709 12:15:05.817996 16460 consensus_queue.cc:260] T a5892cc70e914c9a81bdca3ec783f532 P 023a8164a2084544aa27c7b921def3f4 [NON_LEADER]: Queue going to NON_LEADER mode. State: All replicated index: 0, Majority replicated index: 0, Committed index: 0, Last appended: 0.0, Last appended by leader: 0, Current term: 0, Majority size: -1, State: 0, Mode: NON_LEADER, active raft config: opid_index: -1 OBSOLETE_local: false peers { permanent_uuid: "023a8164a2084544aa27c7b921def3f4" member_type: VOTER last_known_addr { host: "127.14.194.129" port: 43893 } } peers { permanent_uuid: "df90799eb01346038e5ee9f7f2a88824" member_type: VOTER last_known_addr { host: "127.14.194.130" port: 42361 } } peers { permanent_uuid: "81d07963cdfe446b921c90fae1d9fc9e" member_type: VOTER last_known_addr { host: "127.14.194.131" port: 34799 } }
I20260709 12:15:05.818782 16463 tablet_bootstrap.cc:492] T ff716f9953044f38a800abea9bca9696 P df90799eb01346038e5ee9f7f2a88824: No bootstrap required, opened a new log
I20260709 12:15:05.819219 16463 ts_tablet_manager.cc:1403] T ff716f9953044f38a800abea9bca9696 P df90799eb01346038e5ee9f7f2a88824: Time spent bootstrapping tablet: real 0.022s	user 0.012s	sys 0.004s
I20260709 12:15:05.820741 16459 raft_consensus.cc:359] T 924c417139bc48ecaa0f476886dfdc37 P 81d07963cdfe446b921c90fae1d9fc9e [term 0 FOLLOWER]: Replica starting. Triggering 0 pending ops. Active config: opid_index: -1 OBSOLETE_local: false peers { permanent_uuid: "023a8164a2084544aa27c7b921def3f4" member_type: VOTER last_known_addr { host: "127.14.194.129" port: 43893 } } peers { permanent_uuid: "df90799eb01346038e5ee9f7f2a88824" member_type: VOTER last_known_addr { host: "127.14.194.130" port: 42361 } } peers { permanent_uuid: "81d07963cdfe446b921c90fae1d9fc9e" member_type: VOTER last_known_addr { host: "127.14.194.131" port: 34799 } }
I20260709 12:15:05.821372 16459 raft_consensus.cc:385] T 924c417139bc48ecaa0f476886dfdc37 P 81d07963cdfe446b921c90fae1d9fc9e [term 0 FOLLOWER]: Consensus starting up: Expiring failure detector timer to make a prompt election more likely
I20260709 12:15:05.821666 16459 raft_consensus.cc:740] T 924c417139bc48ecaa0f476886dfdc37 P 81d07963cdfe446b921c90fae1d9fc9e [term 0 FOLLOWER]: Becoming Follower/Learner. State: Replica: 81d07963cdfe446b921c90fae1d9fc9e, State: Initialized, Role: FOLLOWER
I20260709 12:15:05.821388 16463 raft_consensus.cc:359] T ff716f9953044f38a800abea9bca9696 P df90799eb01346038e5ee9f7f2a88824 [term 0 FOLLOWER]: Replica starting. Triggering 0 pending ops. Active config: opid_index: -1 OBSOLETE_local: false peers { permanent_uuid: "023a8164a2084544aa27c7b921def3f4" member_type: VOTER last_known_addr { host: "127.14.194.129" port: 43893 } } peers { permanent_uuid: "df90799eb01346038e5ee9f7f2a88824" member_type: VOTER last_known_addr { host: "127.14.194.130" port: 42361 } } peers { permanent_uuid: "81d07963cdfe446b921c90fae1d9fc9e" member_type: VOTER last_known_addr { host: "127.14.194.131" port: 34799 } }
I20260709 12:15:05.822283 16463 raft_consensus.cc:385] T ff716f9953044f38a800abea9bca9696 P df90799eb01346038e5ee9f7f2a88824 [term 0 FOLLOWER]: Consensus starting up: Expiring failure detector timer to make a prompt election more likely
I20260709 12:15:05.822597 16463 raft_consensus.cc:740] T ff716f9953044f38a800abea9bca9696 P df90799eb01346038e5ee9f7f2a88824 [term 0 FOLLOWER]: Becoming Follower/Learner. State: Replica: df90799eb01346038e5ee9f7f2a88824, State: Initialized, Role: FOLLOWER
I20260709 12:15:05.822389 16459 consensus_queue.cc:260] T 924c417139bc48ecaa0f476886dfdc37 P 81d07963cdfe446b921c90fae1d9fc9e [NON_LEADER]: Queue going to NON_LEADER mode. State: All replicated index: 0, Majority replicated index: 0, Committed index: 0, Last appended: 0.0, Last appended by leader: 0, Current term: 0, Majority size: -1, State: 0, Mode: NON_LEADER, active raft config: opid_index: -1 OBSOLETE_local: false peers { permanent_uuid: "023a8164a2084544aa27c7b921def3f4" member_type: VOTER last_known_addr { host: "127.14.194.129" port: 43893 } } peers { permanent_uuid: "df90799eb01346038e5ee9f7f2a88824" member_type: VOTER last_known_addr { host: "127.14.194.130" port: 42361 } } peers { permanent_uuid: "81d07963cdfe446b921c90fae1d9fc9e" member_type: VOTER last_known_addr { host: "127.14.194.131" port: 34799 } }
I20260709 12:15:05.822851 16460 ts_tablet_manager.cc:1434] T a5892cc70e914c9a81bdca3ec783f532 P 023a8164a2084544aa27c7b921def3f4: Time spent starting tablet: real 0.009s	user 0.005s	sys 0.001s
I20260709 12:15:05.823736 16460 tablet_bootstrap.cc:492] T a98a6e67d33147698be070b2588b89ff P 023a8164a2084544aa27c7b921def3f4: Bootstrap starting.
I20260709 12:15:05.823485 16463 consensus_queue.cc:260] T ff716f9953044f38a800abea9bca9696 P df90799eb01346038e5ee9f7f2a88824 [NON_LEADER]: Queue going to NON_LEADER mode. State: All replicated index: 0, Majority replicated index: 0, Committed index: 0, Last appended: 0.0, Last appended by leader: 0, Current term: 0, Majority size: -1, State: 0, Mode: NON_LEADER, active raft config: opid_index: -1 OBSOLETE_local: false peers { permanent_uuid: "023a8164a2084544aa27c7b921def3f4" member_type: VOTER last_known_addr { host: "127.14.194.129" port: 43893 } } peers { permanent_uuid: "df90799eb01346038e5ee9f7f2a88824" member_type: VOTER last_known_addr { host: "127.14.194.130" port: 42361 } } peers { permanent_uuid: "81d07963cdfe446b921c90fae1d9fc9e" member_type: VOTER last_known_addr { host: "127.14.194.131" port: 34799 } }
I20260709 12:15:05.827677 16459 ts_tablet_manager.cc:1434] T 924c417139bc48ecaa0f476886dfdc37 P 81d07963cdfe446b921c90fae1d9fc9e: Time spent starting tablet: real 0.009s	user 0.004s	sys 0.000s
I20260709 12:15:05.828503 16459 tablet_bootstrap.cc:492] T 1958ffa990ce47a29106608f263fe0a3 P 81d07963cdfe446b921c90fae1d9fc9e: Bootstrap starting.
I20260709 12:15:05.829885 16463 ts_tablet_manager.cc:1434] T ff716f9953044f38a800abea9bca9696 P df90799eb01346038e5ee9f7f2a88824: Time spent starting tablet: real 0.010s	user 0.005s	sys 0.001s
I20260709 12:15:05.829622 16500 consensus_queue.cc:1048] T ef20edb3b5d54ea1bdc5e55376cf5dba P 023a8164a2084544aa27c7b921def3f4 [LEADER]: Connected to new peer: Peer: permanent_uuid: "81d07963cdfe446b921c90fae1d9fc9e" member_type: VOTER last_known_addr { host: "127.14.194.131" port: 34799 }, Status: LMP_MISMATCH, Last received: 0.0, Next index: 1, Last known committed idx: 0, Time since last communication: 0.000s
I20260709 12:15:05.830778 16463 tablet_bootstrap.cc:492] T 866b84b8152e49a6acfdd56e05fc9565 P df90799eb01346038e5ee9f7f2a88824: Bootstrap starting.
I20260709 12:15:05.841735 16460 tablet_bootstrap.cc:654] T a98a6e67d33147698be070b2588b89ff P 023a8164a2084544aa27c7b921def3f4: Neither blocks nor log segments found. Creating new log.
I20260709 12:15:05.847671 16463 tablet_bootstrap.cc:654] T 866b84b8152e49a6acfdd56e05fc9565 P df90799eb01346038e5ee9f7f2a88824: Neither blocks nor log segments found. Creating new log.
I20260709 12:15:05.848676 16515 consensus_queue.cc:1048] T 7ec26c795c6746d4a2c08c55297a7919 P df90799eb01346038e5ee9f7f2a88824 [LEADER]: Connected to new peer: Peer: permanent_uuid: "023a8164a2084544aa27c7b921def3f4" member_type: VOTER last_known_addr { host: "127.14.194.129" port: 43893 }, Status: LMP_MISMATCH, Last received: 0.0, Next index: 1, Last known committed idx: 0, Time since last communication: 0.000s
I20260709 12:15:05.849701 16459 tablet_bootstrap.cc:654] T 1958ffa990ce47a29106608f263fe0a3 P 81d07963cdfe446b921c90fae1d9fc9e: Neither blocks nor log segments found. Creating new log.
I20260709 12:15:05.859746 16460 tablet_bootstrap.cc:492] T a98a6e67d33147698be070b2588b89ff P 023a8164a2084544aa27c7b921def3f4: No bootstrap required, opened a new log
I20260709 12:15:05.860122 16460 ts_tablet_manager.cc:1403] T a98a6e67d33147698be070b2588b89ff P 023a8164a2084544aa27c7b921def3f4: Time spent bootstrapping tablet: real 0.037s	user 0.009s	sys 0.001s
I20260709 12:15:05.861896 16515 raft_consensus.cc:493] T ff716f9953044f38a800abea9bca9696 P df90799eb01346038e5ee9f7f2a88824 [term 0 FOLLOWER]: Starting pre-election (no leader contacted us within the election timeout)
I20260709 12:15:05.862373 16515 raft_consensus.cc:515] T ff716f9953044f38a800abea9bca9696 P df90799eb01346038e5ee9f7f2a88824 [term 0 FOLLOWER]: Starting pre-election with config: opid_index: -1 OBSOLETE_local: false peers { permanent_uuid: "023a8164a2084544aa27c7b921def3f4" member_type: VOTER last_known_addr { host: "127.14.194.129" port: 43893 } } peers { permanent_uuid: "df90799eb01346038e5ee9f7f2a88824" member_type: VOTER last_known_addr { host: "127.14.194.130" port: 42361 } } peers { permanent_uuid: "81d07963cdfe446b921c90fae1d9fc9e" member_type: VOTER last_known_addr { host: "127.14.194.131" port: 34799 } }
I20260709 12:15:05.863626 16478 raft_consensus.cc:493] T 9c9ac8e692c54bb1b8274c609fc99115 P 023a8164a2084544aa27c7b921def3f4 [term 0 FOLLOWER]: Starting pre-election (no leader contacted us within the election timeout)
I20260709 12:15:05.862412 16460 raft_consensus.cc:359] T a98a6e67d33147698be070b2588b89ff P 023a8164a2084544aa27c7b921def3f4 [term 0 FOLLOWER]: Replica starting. Triggering 0 pending ops. Active config: opid_index: -1 OBSOLETE_local: false peers { permanent_uuid: "023a8164a2084544aa27c7b921def3f4" member_type: VOTER last_known_addr { host: "127.14.194.129" port: 43893 } } peers { permanent_uuid: "df90799eb01346038e5ee9f7f2a88824" member_type: VOTER last_known_addr { host: "127.14.194.130" port: 42361 } } peers { permanent_uuid: "81d07963cdfe446b921c90fae1d9fc9e" member_type: VOTER last_known_addr { host: "127.14.194.131" port: 34799 } }
I20260709 12:15:05.864053 16460 raft_consensus.cc:385] T a98a6e67d33147698be070b2588b89ff P 023a8164a2084544aa27c7b921def3f4 [term 0 FOLLOWER]: Consensus starting up: Expiring failure detector timer to make a prompt election more likely
I20260709 12:15:05.864317 16460 raft_consensus.cc:740] T a98a6e67d33147698be070b2588b89ff P 023a8164a2084544aa27c7b921def3f4 [term 0 FOLLOWER]: Becoming Follower/Learner. State: Replica: 023a8164a2084544aa27c7b921def3f4, State: Initialized, Role: FOLLOWER
I20260709 12:15:05.864524 16515 leader_election.cc:290] T ff716f9953044f38a800abea9bca9696 P df90799eb01346038e5ee9f7f2a88824 [CANDIDATE]: Term 1 pre-election: Requested pre-vote from peers 023a8164a2084544aa27c7b921def3f4 (127.14.194.129:43893), 81d07963cdfe446b921c90fae1d9fc9e (127.14.194.131:34799)
I20260709 12:15:05.864946 16460 consensus_queue.cc:260] T a98a6e67d33147698be070b2588b89ff P 023a8164a2084544aa27c7b921def3f4 [NON_LEADER]: Queue going to NON_LEADER mode. State: All replicated index: 0, Majority replicated index: 0, Committed index: 0, Last appended: 0.0, Last appended by leader: 0, Current term: 0, Majority size: -1, State: 0, Mode: NON_LEADER, active raft config: opid_index: -1 OBSOLETE_local: false peers { permanent_uuid: "023a8164a2084544aa27c7b921def3f4" member_type: VOTER last_known_addr { host: "127.14.194.129" port: 43893 } } peers { permanent_uuid: "df90799eb01346038e5ee9f7f2a88824" member_type: VOTER last_known_addr { host: "127.14.194.130" port: 42361 } } peers { permanent_uuid: "81d07963cdfe446b921c90fae1d9fc9e" member_type: VOTER last_known_addr { host: "127.14.194.131" port: 34799 } }
I20260709 12:15:05.866360 16267 tablet_service.cc:1917] Received RequestConsensusVote() RPC: tablet_id: "ff716f9953044f38a800abea9bca9696" candidate_uuid: "df90799eb01346038e5ee9f7f2a88824" candidate_term: 1 candidate_status { last_received { term: 0 index: 0 } } ignore_live_leader: false dest_uuid: "023a8164a2084544aa27c7b921def3f4" is_pre_election: true
I20260709 12:15:05.866822 16460 ts_tablet_manager.cc:1434] T a98a6e67d33147698be070b2588b89ff P 023a8164a2084544aa27c7b921def3f4: Time spent starting tablet: real 0.006s	user 0.005s	sys 0.000s
I20260709 12:15:05.868016 16460 tablet_bootstrap.cc:492] T 92b740d13ff449bdb031542d77a4f6b9 P 023a8164a2084544aa27c7b921def3f4: Bootstrap starting.
W20260709 12:15:05.868623 16309 leader_election.cc:343] T ff716f9953044f38a800abea9bca9696 P df90799eb01346038e5ee9f7f2a88824 [CANDIDATE]: Term 1 pre-election: Tablet error from VoteRequest() call to peer 023a8164a2084544aa27c7b921def3f4 (127.14.194.129:43893): Illegal state: must be running to vote when last-logged opid is not known
I20260709 12:15:05.869650 16415 tablet_service.cc:1917] Received RequestConsensusVote() RPC: tablet_id: "ff716f9953044f38a800abea9bca9696" candidate_uuid: "df90799eb01346038e5ee9f7f2a88824" candidate_term: 1 candidate_status { last_received { term: 0 index: 0 } } ignore_live_leader: false dest_uuid: "81d07963cdfe446b921c90fae1d9fc9e" is_pre_election: true
W20260709 12:15:05.871133 16311 leader_election.cc:343] T ff716f9953044f38a800abea9bca9696 P df90799eb01346038e5ee9f7f2a88824 [CANDIDATE]: Term 1 pre-election: Tablet error from VoteRequest() call to peer 81d07963cdfe446b921c90fae1d9fc9e (127.14.194.131:34799): Illegal state: must be running to vote when last-logged opid is not known
