I20260709 12:14:09.112555 27612 tablet_bootstrap.cc:492] T f68e5d9508514524b3747bc14534465f P 22583a2de268449493c5c58c37f18869: No bootstrap required, opened a new log
I20260709 12:14:09.112980 27612 ts_tablet_manager.cc:1403] T f68e5d9508514524b3747bc14534465f P 22583a2de268449493c5c58c37f18869: Time spent bootstrapping tablet: real 0.044s	user 0.026s	sys 0.016s
I20260709 12:14:09.112982 27613 ts_tablet_manager.cc:1434] T 63de48ceed5b4c2cbb5e997649019bb1 P 816d39f1bb4540c9856125b4ac700edd: Time spent starting tablet: real 0.007s	user 0.005s	sys 0.003s
I20260709 12:14:09.114117 27613 tablet_bootstrap.cc:492] T a193d355befa4b2496aa4de278e02f94 P 816d39f1bb4540c9856125b4ac700edd: Bootstrap starting.
I20260709 12:14:09.116035 27611 ts_tablet_manager.cc:1434] T f68e5d9508514524b3747bc14534465f P a8606026537b4c869d76772374e46253: Time spent starting tablet: real 0.009s	user 0.007s	sys 0.000s
I20260709 12:14:09.115974 27612 raft_consensus.cc:359] T f68e5d9508514524b3747bc14534465f P 22583a2de268449493c5c58c37f18869 [term 0 FOLLOWER]: Replica starting. Triggering 0 pending ops. Active config: opid_index: -1 OBSOLETE_local: false peers { permanent_uuid: "a8606026537b4c869d76772374e46253" member_type: VOTER last_known_addr { host: "127.26.26.1" port: 33267 } } peers { permanent_uuid: "22583a2de268449493c5c58c37f18869" member_type: VOTER last_known_addr { host: "127.26.26.2" port: 37659 } } peers { permanent_uuid: "816d39f1bb4540c9856125b4ac700edd" member_type: VOTER last_known_addr { host: "127.26.26.3" port: 45097 } }
I20260709 12:14:09.116762 27612 raft_consensus.cc:385] T f68e5d9508514524b3747bc14534465f P 22583a2de268449493c5c58c37f18869 [term 0 FOLLOWER]: Consensus starting up: Expiring failure detector timer to make a prompt election more likely
I20260709 12:14:09.117033 27611 tablet_bootstrap.cc:492] T 63de48ceed5b4c2cbb5e997649019bb1 P a8606026537b4c869d76772374e46253: Bootstrap starting.
I20260709 12:14:09.117063 27612 raft_consensus.cc:740] T f68e5d9508514524b3747bc14534465f P 22583a2de268449493c5c58c37f18869 [term 0 FOLLOWER]: Becoming Follower/Learner. State: Replica: 22583a2de268449493c5c58c37f18869, State: Initialized, Role: FOLLOWER
I20260709 12:14:09.118104 27612 consensus_queue.cc:260] T f68e5d9508514524b3747bc14534465f P 22583a2de268449493c5c58c37f18869 [NON_LEADER]: Queue going to NON_LEADER mode. State: All replicated index: 0, Majority replicated index: 0, Committed index: 0, Last appended: 0.0, Last appended by leader: 0, Current term: 0, Majority size: -1, State: 0, Mode: NON_LEADER, active raft config: opid_index: -1 OBSOLETE_local: false peers { permanent_uuid: "a8606026537b4c869d76772374e46253" member_type: VOTER last_known_addr { host: "127.26.26.1" port: 33267 } } peers { permanent_uuid: "22583a2de268449493c5c58c37f18869" member_type: VOTER last_known_addr { host: "127.26.26.2" port: 37659 } } peers { permanent_uuid: "816d39f1bb4540c9856125b4ac700edd" member_type: VOTER last_known_addr { host: "127.26.26.3" port: 45097 } }
I20260709 12:14:09.121039 27613 tablet_bootstrap.cc:654] T a193d355befa4b2496aa4de278e02f94 P 816d39f1bb4540c9856125b4ac700edd: Neither blocks nor log segments found. Creating new log.
I20260709 12:14:09.122730 27612 ts_tablet_manager.cc:1434] T f68e5d9508514524b3747bc14534465f P 22583a2de268449493c5c58c37f18869: Time spent starting tablet: real 0.009s	user 0.007s	sys 0.000s
I20260709 12:14:09.123844 27611 tablet_bootstrap.cc:654] T 63de48ceed5b4c2cbb5e997649019bb1 P a8606026537b4c869d76772374e46253: Neither blocks nor log segments found. Creating new log.
I20260709 12:14:09.124377 27612 tablet_bootstrap.cc:492] T ec1d5ea23b604707827ece2b8e605cb6 P 22583a2de268449493c5c58c37f18869: Bootstrap starting.
I20260709 12:14:09.130553 27612 tablet_bootstrap.cc:654] T ec1d5ea23b604707827ece2b8e605cb6 P 22583a2de268449493c5c58c37f18869: Neither blocks nor log segments found. Creating new log.
I20260709 12:14:09.132730 27620 raft_consensus.cc:493] T e02610e5c4e0485a81f13b32347aaac2 P a8606026537b4c869d76772374e46253 [term 0 FOLLOWER]: Starting pre-election (no leader contacted us within the election timeout)
I20260709 12:14:09.133306 27613 tablet_bootstrap.cc:492] T a193d355befa4b2496aa4de278e02f94 P 816d39f1bb4540c9856125b4ac700edd: No bootstrap required, opened a new log
I20260709 12:14:09.133203 27620 raft_consensus.cc:515] T e02610e5c4e0485a81f13b32347aaac2 P a8606026537b4c869d76772374e46253 [term 0 FOLLOWER]: Starting pre-election with config: opid_index: -1 OBSOLETE_local: false peers { permanent_uuid: "a8606026537b4c869d76772374e46253" member_type: VOTER last_known_addr { host: "127.26.26.1" port: 33267 } } peers { permanent_uuid: "22583a2de268449493c5c58c37f18869" member_type: VOTER last_known_addr { host: "127.26.26.2" port: 37659 } } peers { permanent_uuid: "816d39f1bb4540c9856125b4ac700edd" member_type: VOTER last_known_addr { host: "127.26.26.3" port: 45097 } }
I20260709 12:14:09.133937 27613 ts_tablet_manager.cc:1403] T a193d355befa4b2496aa4de278e02f94 P 816d39f1bb4540c9856125b4ac700edd: Time spent bootstrapping tablet: real 0.020s	user 0.015s	sys 0.001s
I20260709 12:14:09.137729 27613 raft_consensus.cc:359] T a193d355befa4b2496aa4de278e02f94 P 816d39f1bb4540c9856125b4ac700edd [term 0 FOLLOWER]: Replica starting. Triggering 0 pending ops. Active config: opid_index: -1 OBSOLETE_local: false peers { permanent_uuid: "a8606026537b4c869d76772374e46253" member_type: VOTER last_known_addr { host: "127.26.26.1" port: 33267 } } peers { permanent_uuid: "22583a2de268449493c5c58c37f18869" member_type: VOTER last_known_addr { host: "127.26.26.2" port: 37659 } } peers { permanent_uuid: "816d39f1bb4540c9856125b4ac700edd" member_type: VOTER last_known_addr { host: "127.26.26.3" port: 45097 } }
I20260709 12:14:09.138622 27613 raft_consensus.cc:385] T a193d355befa4b2496aa4de278e02f94 P 816d39f1bb4540c9856125b4ac700edd [term 0 FOLLOWER]: Consensus starting up: Expiring failure detector timer to make a prompt election more likely
I20260709 12:14:09.138981 27613 raft_consensus.cc:740] T a193d355befa4b2496aa4de278e02f94 P 816d39f1bb4540c9856125b4ac700edd [term 0 FOLLOWER]: Becoming Follower/Learner. State: Replica: 816d39f1bb4540c9856125b4ac700edd, State: Initialized, Role: FOLLOWER
I20260709 12:14:09.141142 27613 consensus_queue.cc:260] T a193d355befa4b2496aa4de278e02f94 P 816d39f1bb4540c9856125b4ac700edd [NON_LEADER]: Queue going to NON_LEADER mode. State: All replicated index: 0, Majority replicated index: 0, Committed index: 0, Last appended: 0.0, Last appended by leader: 0, Current term: 0, Majority size: -1, State: 0, Mode: NON_LEADER, active raft config: opid_index: -1 OBSOLETE_local: false peers { permanent_uuid: "a8606026537b4c869d76772374e46253" member_type: VOTER last_known_addr { host: "127.26.26.1" port: 33267 } } peers { permanent_uuid: "22583a2de268449493c5c58c37f18869" member_type: VOTER last_known_addr { host: "127.26.26.2" port: 37659 } } peers { permanent_uuid: "816d39f1bb4540c9856125b4ac700edd" member_type: VOTER last_known_addr { host: "127.26.26.3" port: 45097 } }
I20260709 12:14:09.141673 27612 tablet_bootstrap.cc:492] T ec1d5ea23b604707827ece2b8e605cb6 P 22583a2de268449493c5c58c37f18869: No bootstrap required, opened a new log
I20260709 12:14:09.142084 27611 tablet_bootstrap.cc:492] T 63de48ceed5b4c2cbb5e997649019bb1 P a8606026537b4c869d76772374e46253: No bootstrap required, opened a new log
I20260709 12:14:09.142102 27612 ts_tablet_manager.cc:1403] T ec1d5ea23b604707827ece2b8e605cb6 P 22583a2de268449493c5c58c37f18869: Time spent bootstrapping tablet: real 0.018s	user 0.008s	sys 0.007s
I20260709 12:14:09.142591 27611 ts_tablet_manager.cc:1403] T 63de48ceed5b4c2cbb5e997649019bb1 P a8606026537b4c869d76772374e46253: Time spent bootstrapping tablet: real 0.026s	user 0.016s	sys 0.007s
I20260709 12:14:09.143543 27613 ts_tablet_manager.cc:1434] T a193d355befa4b2496aa4de278e02f94 P 816d39f1bb4540c9856125b4ac700edd: Time spent starting tablet: real 0.009s	user 0.009s	sys 0.001s
I20260709 12:14:09.144431 27613 tablet_bootstrap.cc:492] T 07f4aef53f3441e78d50a7c823e3d42b P 816d39f1bb4540c9856125b4ac700edd: Bootstrap starting.
I20260709 12:14:09.144678 27612 raft_consensus.cc:359] T ec1d5ea23b604707827ece2b8e605cb6 P 22583a2de268449493c5c58c37f18869 [term 0 FOLLOWER]: Replica starting. Triggering 0 pending ops. Active config: opid_index: -1 OBSOLETE_local: false peers { permanent_uuid: "a8606026537b4c869d76772374e46253" member_type: VOTER last_known_addr { host: "127.26.26.1" port: 33267 } } peers { permanent_uuid: "22583a2de268449493c5c58c37f18869" member_type: VOTER last_known_addr { host: "127.26.26.2" port: 37659 } } peers { permanent_uuid: "816d39f1bb4540c9856125b4ac700edd" member_type: VOTER last_known_addr { host: "127.26.26.3" port: 45097 } }
I20260709 12:14:09.145323 27612 raft_consensus.cc:385] T ec1d5ea23b604707827ece2b8e605cb6 P 22583a2de268449493c5c58c37f18869 [term 0 FOLLOWER]: Consensus starting up: Expiring failure detector timer to make a prompt election more likely
I20260709 12:14:09.145563 27612 raft_consensus.cc:740] T ec1d5ea23b604707827ece2b8e605cb6 P 22583a2de268449493c5c58c37f18869 [term 0 FOLLOWER]: Becoming Follower/Learner. State: Replica: 22583a2de268449493c5c58c37f18869, State: Initialized, Role: FOLLOWER
I20260709 12:14:09.146260 27612 consensus_queue.cc:260] T ec1d5ea23b604707827ece2b8e605cb6 P 22583a2de268449493c5c58c37f18869 [NON_LEADER]: Queue going to NON_LEADER mode. State: All replicated index: 0, Majority replicated index: 0, Committed index: 0, Last appended: 0.0, Last appended by leader: 0, Current term: 0, Majority size: -1, State: 0, Mode: NON_LEADER, active raft config: opid_index: -1 OBSOLETE_local: false peers { permanent_uuid: "a8606026537b4c869d76772374e46253" member_type: VOTER last_known_addr { host: "127.26.26.1" port: 33267 } } peers { permanent_uuid: "22583a2de268449493c5c58c37f18869" member_type: VOTER last_known_addr { host: "127.26.26.2" port: 37659 } } peers { permanent_uuid: "816d39f1bb4540c9856125b4ac700edd" member_type: VOTER last_known_addr { host: "127.26.26.3" port: 45097 } }
I20260709 12:14:09.148617 27612 ts_tablet_manager.cc:1434] T ec1d5ea23b604707827ece2b8e605cb6 P 22583a2de268449493c5c58c37f18869: Time spent starting tablet: real 0.006s	user 0.005s	sys 0.000s
I20260709 12:14:09.148270 27611 raft_consensus.cc:359] T 63de48ceed5b4c2cbb5e997649019bb1 P a8606026537b4c869d76772374e46253 [term 0 FOLLOWER]: Replica starting. Triggering 0 pending ops. Active config: opid_index: -1 OBSOLETE_local: false peers { permanent_uuid: "a8606026537b4c869d76772374e46253" member_type: VOTER last_known_addr { host: "127.26.26.1" port: 33267 } } peers { permanent_uuid: "22583a2de268449493c5c58c37f18869" member_type: VOTER last_known_addr { host: "127.26.26.2" port: 37659 } } peers { permanent_uuid: "816d39f1bb4540c9856125b4ac700edd" member_type: VOTER last_known_addr { host: "127.26.26.3" port: 45097 } }
I20260709 12:14:09.148979 27611 raft_consensus.cc:385] T 63de48ceed5b4c2cbb5e997649019bb1 P a8606026537b4c869d76772374e46253 [term 0 FOLLOWER]: Consensus starting up: Expiring failure detector timer to make a prompt election more likely
I20260709 12:14:09.149271 27611 raft_consensus.cc:740] T 63de48ceed5b4c2cbb5e997649019bb1 P a8606026537b4c869d76772374e46253 [term 0 FOLLOWER]: Becoming Follower/Learner. State: Replica: a8606026537b4c869d76772374e46253, State: Initialized, Role: FOLLOWER
I20260709 12:14:09.149497 27612 tablet_bootstrap.cc:492] T f72fd9255d504080a6676dd0f3f40e13 P 22583a2de268449493c5c58c37f18869: Bootstrap starting.
I20260709 12:14:09.149670 27620 leader_election.cc:290] T e02610e5c4e0485a81f13b32347aaac2 P a8606026537b4c869d76772374e46253 [CANDIDATE]: Term 1 pre-election: Requested pre-vote from peers 22583a2de268449493c5c58c37f18869 (127.26.26.2:37659), 816d39f1bb4540c9856125b4ac700edd (127.26.26.3:45097)
I20260709 12:14:09.152062 27613 tablet_bootstrap.cc:654] T 07f4aef53f3441e78d50a7c823e3d42b P 816d39f1bb4540c9856125b4ac700edd: Neither blocks nor log segments found. Creating new log.
I20260709 12:14:09.150000 27611 consensus_queue.cc:260] T 63de48ceed5b4c2cbb5e997649019bb1 P a8606026537b4c869d76772374e46253 [NON_LEADER]: Queue going to NON_LEADER mode. State: All replicated index: 0, Majority replicated index: 0, Committed index: 0, Last appended: 0.0, Last appended by leader: 0, Current term: 0, Majority size: -1, State: 0, Mode: NON_LEADER, active raft config: opid_index: -1 OBSOLETE_local: false peers { permanent_uuid: "a8606026537b4c869d76772374e46253" member_type: VOTER last_known_addr { host: "127.26.26.1" port: 33267 } } peers { permanent_uuid: "22583a2de268449493c5c58c37f18869" member_type: VOTER last_known_addr { host: "127.26.26.2" port: 37659 } } peers { permanent_uuid: "816d39f1bb4540c9856125b4ac700edd" member_type: VOTER last_known_addr { host: "127.26.26.3" port: 45097 } }
I20260709 12:14:09.154263 27611 ts_tablet_manager.cc:1434] T 63de48ceed5b4c2cbb5e997649019bb1 P a8606026537b4c869d76772374e46253: Time spent starting tablet: real 0.011s	user 0.006s	sys 0.001s
I20260709 12:14:09.155351 27611 tablet_bootstrap.cc:492] T a193d355befa4b2496aa4de278e02f94 P a8606026537b4c869d76772374e46253: Bootstrap starting.
I20260709 12:14:09.155462 27612 tablet_bootstrap.cc:654] T f72fd9255d504080a6676dd0f3f40e13 P 22583a2de268449493c5c58c37f18869: Neither blocks nor log segments found. Creating new log.
I20260709 12:14:09.166224 27611 tablet_bootstrap.cc:654] T a193d355befa4b2496aa4de278e02f94 P a8606026537b4c869d76772374e46253: Neither blocks nor log segments found. Creating new log.
I20260709 12:14:09.170518 27613 tablet_bootstrap.cc:492] T 07f4aef53f3441e78d50a7c823e3d42b P 816d39f1bb4540c9856125b4ac700edd: No bootstrap required, opened a new log
I20260709 12:14:09.170758 27612 tablet_bootstrap.cc:492] T f72fd9255d504080a6676dd0f3f40e13 P 22583a2de268449493c5c58c37f18869: No bootstrap required, opened a new log
I20260709 12:14:09.170990 27613 ts_tablet_manager.cc:1403] T 07f4aef53f3441e78d50a7c823e3d42b P 816d39f1bb4540c9856125b4ac700edd: Time spent bootstrapping tablet: real 0.027s	user 0.014s	sys 0.010s
I20260709 12:14:09.171125 27612 ts_tablet_manager.cc:1403] T f72fd9255d504080a6676dd0f3f40e13 P 22583a2de268449493c5c58c37f18869: Time spent bootstrapping tablet: real 0.022s	user 0.008s	sys 0.006s
I20260709 12:14:09.173486 27612 raft_consensus.cc:359] T f72fd9255d504080a6676dd0f3f40e13 P 22583a2de268449493c5c58c37f18869 [term 0 FOLLOWER]: Replica starting. Triggering 0 pending ops. Active config: opid_index: -1 OBSOLETE_local: false peers { permanent_uuid: "a8606026537b4c869d76772374e46253" member_type: VOTER last_known_addr { host: "127.26.26.1" port: 33267 } } peers { permanent_uuid: "22583a2de268449493c5c58c37f18869" member_type: VOTER last_known_addr { host: "127.26.26.2" port: 37659 } } peers { permanent_uuid: "816d39f1bb4540c9856125b4ac700edd" member_type: VOTER last_known_addr { host: "127.26.26.3" port: 45097 } }
I20260709 12:14:09.173489 27613 raft_consensus.cc:359] T 07f4aef53f3441e78d50a7c823e3d42b P 816d39f1bb4540c9856125b4ac700edd [term 0 FOLLOWER]: Replica starting. Triggering 0 pending ops. Active config: opid_index: -1 OBSOLETE_local: false peers { permanent_uuid: "a8606026537b4c869d76772374e46253" member_type: VOTER last_known_addr { host: "127.26.26.1" port: 33267 } } peers { permanent_uuid: "22583a2de268449493c5c58c37f18869" member_type: VOTER last_known_addr { host: "127.26.26.2" port: 37659 } } peers { permanent_uuid: "816d39f1bb4540c9856125b4ac700edd" member_type: VOTER last_known_addr { host: "127.26.26.3" port: 45097 } }
I20260709 12:14:09.174232 27612 raft_consensus.cc:385] T f72fd9255d504080a6676dd0f3f40e13 P 22583a2de268449493c5c58c37f18869 [term 0 FOLLOWER]: Consensus starting up: Expiring failure detector timer to make a prompt election more likely
I20260709 12:14:09.174326 27613 raft_consensus.cc:385] T 07f4aef53f3441e78d50a7c823e3d42b P 816d39f1bb4540c9856125b4ac700edd [term 0 FOLLOWER]: Consensus starting up: Expiring failure detector timer to make a prompt election more likely
I20260709 12:14:09.174527 27612 raft_consensus.cc:740] T f72fd9255d504080a6676dd0f3f40e13 P 22583a2de268449493c5c58c37f18869 [term 0 FOLLOWER]: Becoming Follower/Learner. State: Replica: 22583a2de268449493c5c58c37f18869, State: Initialized, Role: FOLLOWER
I20260709 12:14:09.174713 27613 raft_consensus.cc:740] T 07f4aef53f3441e78d50a7c823e3d42b P 816d39f1bb4540c9856125b4ac700edd [term 0 FOLLOWER]: Becoming Follower/Learner. State: Replica: 816d39f1bb4540c9856125b4ac700edd, State: Initialized, Role: FOLLOWER
I20260709 12:14:09.175458 27612 consensus_queue.cc:260] T f72fd9255d504080a6676dd0f3f40e13 P 22583a2de268449493c5c58c37f18869 [NON_LEADER]: Queue going to NON_LEADER mode. State: All replicated index: 0, Majority replicated index: 0, Committed index: 0, Last appended: 0.0, Last appended by leader: 0, Current term: 0, Majority size: -1, State: 0, Mode: NON_LEADER, active raft config: opid_index: -1 OBSOLETE_local: false peers { permanent_uuid: "a8606026537b4c869d76772374e46253" member_type: VOTER last_known_addr { host: "127.26.26.1" port: 33267 } } peers { permanent_uuid: "22583a2de268449493c5c58c37f18869" member_type: VOTER last_known_addr { host: "127.26.26.2" port: 37659 } } peers { permanent_uuid: "816d39f1bb4540c9856125b4ac700edd" member_type: VOTER last_known_addr { host: "127.26.26.3" port: 45097 } }
I20260709 12:14:09.175518 27613 consensus_queue.cc:260] T 07f4aef53f3441e78d50a7c823e3d42b P 816d39f1bb4540c9856125b4ac700edd [NON_LEADER]: Queue going to NON_LEADER mode. State: All replicated index: 0, Majority replicated index: 0, Committed index: 0, Last appended: 0.0, Last appended by leader: 0, Current term: 0, Majority size: -1, State: 0, Mode: NON_LEADER, active raft config: opid_index: -1 OBSOLETE_local: false peers { permanent_uuid: "a8606026537b4c869d76772374e46253" member_type: VOTER last_known_addr { host: "127.26.26.1" port: 33267 } } peers { permanent_uuid: "22583a2de268449493c5c58c37f18869" member_type: VOTER last_known_addr { host: "127.26.26.2" port: 37659 } } peers { permanent_uuid: "816d39f1bb4540c9856125b4ac700edd" member_type: VOTER last_known_addr { host: "127.26.26.3" port: 45097 } }
I20260709 12:14:09.177682 27613 ts_tablet_manager.cc:1434] T 07f4aef53f3441e78d50a7c823e3d42b P 816d39f1bb4540c9856125b4ac700edd: Time spent starting tablet: real 0.006s	user 0.007s	sys 0.000s
I20260709 12:14:09.177763 27612 ts_tablet_manager.cc:1434] T f72fd9255d504080a6676dd0f3f40e13 P 22583a2de268449493c5c58c37f18869: Time spent starting tablet: real 0.006s	user 0.006s	sys 0.000s
I20260709 12:14:09.178023 27611 tablet_bootstrap.cc:492] T a193d355befa4b2496aa4de278e02f94 P a8606026537b4c869d76772374e46253: No bootstrap required, opened a new log
I20260709 12:14:09.178431 27611 ts_tablet_manager.cc:1403] T a193d355befa4b2496aa4de278e02f94 P a8606026537b4c869d76772374e46253: Time spent bootstrapping tablet: real 0.023s	user 0.009s	sys 0.006s
I20260709 12:14:09.178668 27612 tablet_bootstrap.cc:492] T a193d355befa4b2496aa4de278e02f94 P 22583a2de268449493c5c58c37f18869: Bootstrap starting.
I20260709 12:14:09.178722 27613 tablet_bootstrap.cc:492] T f72fd9255d504080a6676dd0f3f40e13 P 816d39f1bb4540c9856125b4ac700edd: Bootstrap starting.
I20260709 12:14:09.180752 27611 raft_consensus.cc:359] T a193d355befa4b2496aa4de278e02f94 P a8606026537b4c869d76772374e46253 [term 0 FOLLOWER]: Replica starting. Triggering 0 pending ops. Active config: opid_index: -1 OBSOLETE_local: false peers { permanent_uuid: "a8606026537b4c869d76772374e46253" member_type: VOTER last_known_addr { host: "127.26.26.1" port: 33267 } } peers { permanent_uuid: "22583a2de268449493c5c58c37f18869" member_type: VOTER last_known_addr { host: "127.26.26.2" port: 37659 } } peers { permanent_uuid: "816d39f1bb4540c9856125b4ac700edd" member_type: VOTER last_known_addr { host: "127.26.26.3" port: 45097 } }
I20260709 12:14:09.181362 27611 raft_consensus.cc:385] T a193d355befa4b2496aa4de278e02f94 P a8606026537b4c869d76772374e46253 [term 0 FOLLOWER]: Consensus starting up: Expiring failure detector timer to make a prompt election more likely
I20260709 12:14:09.181623 27611 raft_consensus.cc:740] T a193d355befa4b2496aa4de278e02f94 P a8606026537b4c869d76772374e46253 [term 0 FOLLOWER]: Becoming Follower/Learner. State: Replica: a8606026537b4c869d76772374e46253, State: Initialized, Role: FOLLOWER
I20260709 12:14:09.182225 27611 consensus_queue.cc:260] T a193d355befa4b2496aa4de278e02f94 P a8606026537b4c869d76772374e46253 [NON_LEADER]: Queue going to NON_LEADER mode. State: All replicated index: 0, Majority replicated index: 0, Committed index: 0, Last appended: 0.0, Last appended by leader: 0, Current term: 0, Majority size: -1, State: 0, Mode: NON_LEADER, active raft config: opid_index: -1 OBSOLETE_local: false peers { permanent_uuid: "a8606026537b4c869d76772374e46253" member_type: VOTER last_known_addr { host: "127.26.26.1" port: 33267 } } peers { permanent_uuid: "22583a2de268449493c5c58c37f18869" member_type: VOTER last_known_addr { host: "127.26.26.2" port: 37659 } } peers { permanent_uuid: "816d39f1bb4540c9856125b4ac700edd" member_type: VOTER last_known_addr { host: "127.26.26.3" port: 45097 } }
I20260709 12:14:09.183949 27612 tablet_bootstrap.cc:654] T a193d355befa4b2496aa4de278e02f94 P 22583a2de268449493c5c58c37f18869: Neither blocks nor log segments found. Creating new log.
I20260709 12:14:09.184401 27611 ts_tablet_manager.cc:1434] T a193d355befa4b2496aa4de278e02f94 P a8606026537b4c869d76772374e46253: Time spent starting tablet: real 0.006s	user 0.006s	sys 0.001s
I20260709 12:14:09.185271 27611 tablet_bootstrap.cc:492] T f72fd9255d504080a6676dd0f3f40e13 P a8606026537b4c869d76772374e46253: Bootstrap starting.
I20260709 12:14:09.185369 27613 tablet_bootstrap.cc:654] T f72fd9255d504080a6676dd0f3f40e13 P 816d39f1bb4540c9856125b4ac700edd: Neither blocks nor log segments found. Creating new log.
I20260709 12:14:09.189376 27619 raft_consensus.cc:493] T 63de48ceed5b4c2cbb5e997649019bb1 P 816d39f1bb4540c9856125b4ac700edd [term 0 FOLLOWER]: Starting pre-election (no leader contacted us within the election timeout)
I20260709 12:14:09.189981 27619 raft_consensus.cc:515] T 63de48ceed5b4c2cbb5e997649019bb1 P 816d39f1bb4540c9856125b4ac700edd [term 0 FOLLOWER]: Starting pre-election with config: opid_index: -1 OBSOLETE_local: false peers { permanent_uuid: "a8606026537b4c869d76772374e46253" member_type: VOTER last_known_addr { host: "127.26.26.1" port: 33267 } } peers { permanent_uuid: "22583a2de268449493c5c58c37f18869" member_type: VOTER last_known_addr { host: "127.26.26.2" port: 37659 } } peers { permanent_uuid: "816d39f1bb4540c9856125b4ac700edd" member_type: VOTER last_known_addr { host: "127.26.26.3" port: 45097 } }
I20260709 12:14:09.190935 27611 tablet_bootstrap.cc:654] T f72fd9255d504080a6676dd0f3f40e13 P a8606026537b4c869d76772374e46253: Neither blocks nor log segments found. Creating new log.
I20260709 12:14:09.192827 27616 raft_consensus.cc:493] T 7935e12d9a734c91b55aa3f28e2cd702 P 22583a2de268449493c5c58c37f18869 [term 0 FOLLOWER]: Starting pre-election (no leader contacted us within the election timeout)
I20260709 12:14:09.193310 27616 raft_consensus.cc:515] T 7935e12d9a734c91b55aa3f28e2cd702 P 22583a2de268449493c5c58c37f18869 [term 0 FOLLOWER]: Starting pre-election with config: opid_index: -1 OBSOLETE_local: false peers { permanent_uuid: "22583a2de268449493c5c58c37f18869" member_type: VOTER last_known_addr { host: "127.26.26.2" port: 37659 } } peers { permanent_uuid: "a8606026537b4c869d76772374e46253" member_type: VOTER last_known_addr { host: "127.26.26.1" port: 33267 } } peers { permanent_uuid: "816d39f1bb4540c9856125b4ac700edd" member_type: VOTER last_known_addr { host: "127.26.26.3" port: 45097 } }
I20260709 12:14:09.195945 27616 leader_election.cc:290] T 7935e12d9a734c91b55aa3f28e2cd702 P 22583a2de268449493c5c58c37f18869 [CANDIDATE]: Term 1 pre-election: Requested pre-vote from peers a8606026537b4c869d76772374e46253 (127.26.26.1:33267), 816d39f1bb4540c9856125b4ac700edd (127.26.26.3:45097)
W20260709 12:14:09.221374 27368 auto_rebalancer.cc:288] Could not retrieve cluster info: Service unavailable: Tablet not running
I20260709 12:14:09.223397 27616 raft_consensus.cc:493] T 63de48ceed5b4c2cbb5e997649019bb1 P 22583a2de268449493c5c58c37f18869 [term 0 FOLLOWER]: Starting pre-election (no leader contacted us within the election timeout)
I20260709 12:14:09.240983 27616 raft_consensus.cc:515] T 63de48ceed5b4c2cbb5e997649019bb1 P 22583a2de268449493c5c58c37f18869 [term 0 FOLLOWER]: Starting pre-election with config: opid_index: -1 OBSOLETE_local: false peers { permanent_uuid: "a8606026537b4c869d76772374e46253" member_type: VOTER last_known_addr { host: "127.26.26.1" port: 33267 } } peers { permanent_uuid: "22583a2de268449493c5c58c37f18869" member_type: VOTER last_known_addr { host: "127.26.26.2" port: 37659 } } peers { permanent_uuid: "816d39f1bb4540c9856125b4ac700edd" member_type: VOTER last_known_addr { host: "127.26.26.3" port: 45097 } }
I20260709 12:14:09.244095 27616 leader_election.cc:290] T 63de48ceed5b4c2cbb5e997649019bb1 P 22583a2de268449493c5c58c37f18869 [CANDIDATE]: Term 1 pre-election: Requested pre-vote from peers a8606026537b4c869d76772374e46253 (127.26.26.1:33267), 816d39f1bb4540c9856125b4ac700edd (127.26.26.3:45097)
I20260709 12:14:09.241778 27619 leader_election.cc:290] T 63de48ceed5b4c2cbb5e997649019bb1 P 816d39f1bb4540c9856125b4ac700edd [CANDIDATE]: Term 1 pre-election: Requested pre-vote from peers a8606026537b4c869d76772374e46253 (127.26.26.1:33267), 22583a2de268449493c5c58c37f18869 (127.26.26.2:37659)
I20260709 12:14:09.259681 27619 raft_consensus.cc:493] T e02610e5c4e0485a81f13b32347aaac2 P 816d39f1bb4540c9856125b4ac700edd [term 0 FOLLOWER]: Starting pre-election (no leader contacted us within the election timeout)
I20260709 12:14:09.260284 27619 raft_consensus.cc:515] T e02610e5c4e0485a81f13b32347aaac2 P 816d39f1bb4540c9856125b4ac700edd [term 0 FOLLOWER]: Starting pre-election with config: opid_index: -1 OBSOLETE_local: false peers { permanent_uuid: "a8606026537b4c869d76772374e46253" member_type: VOTER last_known_addr { host: "127.26.26.1" port: 33267 } } peers { permanent_uuid: "22583a2de268449493c5c58c37f18869" member_type: VOTER last_known_addr { host: "127.26.26.2" port: 37659 } } peers { permanent_uuid: "816d39f1bb4540c9856125b4ac700edd" member_type: VOTER last_known_addr { host: "127.26.26.3" port: 45097 } }
I20260709 12:14:09.264369 27619 leader_election.cc:290] T e02610e5c4e0485a81f13b32347aaac2 P 816d39f1bb4540c9856125b4ac700edd [CANDIDATE]: Term 1 pre-election: Requested pre-vote from peers a8606026537b4c869d76772374e46253 (127.26.26.1:33267), 22583a2de268449493c5c58c37f18869 (127.26.26.2:37659)
I20260709 12:14:09.265401 27619 raft_consensus.cc:493] T 07f4aef53f3441e78d50a7c823e3d42b P 816d39f1bb4540c9856125b4ac700edd [term 0 FOLLOWER]: Starting pre-election (no leader contacted us within the election timeout)
I20260709 12:14:09.269444 27612 tablet_bootstrap.cc:492] T a193d355befa4b2496aa4de278e02f94 P 22583a2de268449493c5c58c37f18869: No bootstrap required, opened a new log
I20260709 12:14:09.269901 27612 ts_tablet_manager.cc:1403] T a193d355befa4b2496aa4de278e02f94 P 22583a2de268449493c5c58c37f18869: Time spent bootstrapping tablet: real 0.091s	user 0.013s	sys 0.006s
I20260709 12:14:09.269630 27619 raft_consensus.cc:515] T 07f4aef53f3441e78d50a7c823e3d42b P 816d39f1bb4540c9856125b4ac700edd [term 0 FOLLOWER]: Starting pre-election with config: opid_index: -1 OBSOLETE_local: false peers { permanent_uuid: "a8606026537b4c869d76772374e46253" member_type: VOTER last_known_addr { host: "127.26.26.1" port: 33267 } } peers { permanent_uuid: "22583a2de268449493c5c58c37f18869" member_type: VOTER last_known_addr { host: "127.26.26.2" port: 37659 } } peers { permanent_uuid: "816d39f1bb4540c9856125b4ac700edd" member_type: VOTER last_known_addr { host: "127.26.26.3" port: 45097 } }
I20260709 12:14:09.273063 27619 leader_election.cc:290] T 07f4aef53f3441e78d50a7c823e3d42b P 816d39f1bb4540c9856125b4ac700edd [CANDIDATE]: Term 1 pre-election: Requested pre-vote from peers a8606026537b4c869d76772374e46253 (127.26.26.1:33267), 22583a2de268449493c5c58c37f18869 (127.26.26.2:37659)
I20260709 12:14:09.274068 27652 raft_consensus.cc:493] T 7935e12d9a734c91b55aa3f28e2cd702 P 816d39f1bb4540c9856125b4ac700edd [term 0 FOLLOWER]: Starting pre-election (no leader contacted us within the election timeout)
I20260709 12:14:09.275568 27616 raft_consensus.cc:493] T 07f4aef53f3441e78d50a7c823e3d42b P 22583a2de268449493c5c58c37f18869 [term 0 FOLLOWER]: Starting pre-election (no leader contacted us within the election timeout)
I20260709 12:14:09.276062 27616 raft_consensus.cc:515] T 07f4aef53f3441e78d50a7c823e3d42b P 22583a2de268449493c5c58c37f18869 [term 0 FOLLOWER]: Starting pre-election with config: opid_index: -1 OBSOLETE_local: false peers { permanent_uuid: "a8606026537b4c869d76772374e46253" member_type: VOTER last_known_addr { host: "127.26.26.1" port: 33267 } } peers { permanent_uuid: "22583a2de268449493c5c58c37f18869" member_type: VOTER last_known_addr { host: "127.26.26.2" port: 37659 } } peers { permanent_uuid: "816d39f1bb4540c9856125b4ac700edd" member_type: VOTER last_known_addr { host: "127.26.26.3" port: 45097 } }
I20260709 12:14:09.275759 27652 raft_consensus.cc:515] T 7935e12d9a734c91b55aa3f28e2cd702 P 816d39f1bb4540c9856125b4ac700edd [term 0 FOLLOWER]: Starting pre-election with config: opid_index: -1 OBSOLETE_local: false peers { permanent_uuid: "22583a2de268449493c5c58c37f18869" member_type: VOTER last_known_addr { host: "127.26.26.2" port: 37659 } } peers { permanent_uuid: "a8606026537b4c869d76772374e46253" member_type: VOTER last_known_addr { host: "127.26.26.1" port: 33267 } } peers { permanent_uuid: "816d39f1bb4540c9856125b4ac700edd" member_type: VOTER last_known_addr { host: "127.26.26.3" port: 45097 } }
I20260709 12:14:09.277920 27613 tablet_bootstrap.cc:492] T f72fd9255d504080a6676dd0f3f40e13 P 816d39f1bb4540c9856125b4ac700edd: No bootstrap required, opened a new log
I20260709 12:14:09.278013 27616 leader_election.cc:290] T 07f4aef53f3441e78d50a7c823e3d42b P 22583a2de268449493c5c58c37f18869 [CANDIDATE]: Term 1 pre-election: Requested pre-vote from peers a8606026537b4c869d76772374e46253 (127.26.26.1:33267), 816d39f1bb4540c9856125b4ac700edd (127.26.26.3:45097)
I20260709 12:14:09.278436 27613 ts_tablet_manager.cc:1403] T f72fd9255d504080a6676dd0f3f40e13 P 816d39f1bb4540c9856125b4ac700edd: Time spent bootstrapping tablet: real 0.100s	user 0.017s	sys 0.027s
I20260709 12:14:09.278712 27652 leader_election.cc:290] T 7935e12d9a734c91b55aa3f28e2cd702 P 816d39f1bb4540c9856125b4ac700edd [CANDIDATE]: Term 1 pre-election: Requested pre-vote from peers 22583a2de268449493c5c58c37f18869 (127.26.26.2:37659), a8606026537b4c869d76772374e46253 (127.26.26.1:33267)
I20260709 12:14:09.282233 27611 tablet_bootstrap.cc:492] T f72fd9255d504080a6676dd0f3f40e13 P a8606026537b4c869d76772374e46253: No bootstrap required, opened a new log
I20260709 12:14:09.282132 27612 raft_consensus.cc:359] T a193d355befa4b2496aa4de278e02f94 P 22583a2de268449493c5c58c37f18869 [term 0 FOLLOWER]: Replica starting. Triggering 0 pending ops. Active config: opid_index: -1 OBSOLETE_local: false peers { permanent_uuid: "a8606026537b4c869d76772374e46253" member_type: VOTER last_known_addr { host: "127.26.26.1" port: 33267 } } peers { permanent_uuid: "22583a2de268449493c5c58c37f18869" member_type: VOTER last_known_addr { host: "127.26.26.2" port: 37659 } } peers { permanent_uuid: "816d39f1bb4540c9856125b4ac700edd" member_type: VOTER last_known_addr { host: "127.26.26.3" port: 45097 } }
I20260709 12:14:09.282641 27611 ts_tablet_manager.cc:1403] T f72fd9255d504080a6676dd0f3f40e13 P a8606026537b4c869d76772374e46253: Time spent bootstrapping tablet: real 0.098s	user 0.012s	sys 0.003s
I20260709 12:14:09.282748 27612 raft_consensus.cc:385] T a193d355befa4b2496aa4de278e02f94 P 22583a2de268449493c5c58c37f18869 [term 0 FOLLOWER]: Consensus starting up: Expiring failure detector timer to make a prompt election more likely
I20260709 12:14:09.283020 27612 raft_consensus.cc:740] T a193d355befa4b2496aa4de278e02f94 P 22583a2de268449493c5c58c37f18869 [term 0 FOLLOWER]: Becoming Follower/Learner. State: Replica: 22583a2de268449493c5c58c37f18869, State: Initialized, Role: FOLLOWER
I20260709 12:14:09.287073 27497 tablet_service.cc:1917] Received RequestConsensusVote() RPC: tablet_id: "e02610e5c4e0485a81f13b32347aaac2" candidate_uuid: "a8606026537b4c869d76772374e46253" candidate_term: 1 candidate_status { last_received { term: 0 index: 0 } } ignore_live_leader: false dest_uuid: "22583a2de268449493c5c58c37f18869" is_pre_election: true
I20260709 12:14:09.287706 27422 tablet_service.cc:1917] Received RequestConsensusVote() RPC: tablet_id: "63de48ceed5b4c2cbb5e997649019bb1" candidate_uuid: "816d39f1bb4540c9856125b4ac700edd" candidate_term: 1 candidate_status { last_received { term: 0 index: 0 } } ignore_live_leader: false dest_uuid: "a8606026537b4c869d76772374e46253" is_pre_election: true
I20260709 12:14:09.287918 27497 raft_consensus.cc:2468] T e02610e5c4e0485a81f13b32347aaac2 P 22583a2de268449493c5c58c37f18869 [term 0 FOLLOWER]: Leader pre-election vote request: Granting yes vote for candidate a8606026537b4c869d76772374e46253 in term 0.
I20260709 12:14:09.288340 27422 raft_consensus.cc:2468] T 63de48ceed5b4c2cbb5e997649019bb1 P a8606026537b4c869d76772374e46253 [term 0 FOLLOWER]: Leader pre-election vote request: Granting yes vote for candidate 816d39f1bb4540c9856125b4ac700edd in term 0.
I20260709 12:14:09.289439 27385 leader_election.cc:304] T e02610e5c4e0485a81f13b32347aaac2 P a8606026537b4c869d76772374e46253 [CANDIDATE]: Term 1 pre-election: Election decided. Result: candidate won. Election summary: received 2 responses out of 3 voters: 2 yes votes; 0 no votes. yes voters: 22583a2de268449493c5c58c37f18869, a8606026537b4c869d76772374e46253; no voters: 
I20260709 12:14:09.290556 27613 raft_consensus.cc:359] T f72fd9255d504080a6676dd0f3f40e13 P 816d39f1bb4540c9856125b4ac700edd [term 0 FOLLOWER]: Replica starting. Triggering 0 pending ops. Active config: opid_index: -1 OBSOLETE_local: false peers { permanent_uuid: "a8606026537b4c869d76772374e46253" member_type: VOTER last_known_addr { host: "127.26.26.1" port: 33267 } } peers { permanent_uuid: "22583a2de268449493c5c58c37f18869" member_type: VOTER last_known_addr { host: "127.26.26.2" port: 37659 } } peers { permanent_uuid: "816d39f1bb4540c9856125b4ac700edd" member_type: VOTER last_known_addr { host: "127.26.26.3" port: 45097 } }
I20260709 12:14:09.291150 27419 tablet_service.cc:1917] Received RequestConsensusVote() RPC: tablet_id: "7935e12d9a734c91b55aa3f28e2cd702" candidate_uuid: "816d39f1bb4540c9856125b4ac700edd" candidate_term: 1 candidate_status { last_received { term: 0 index: 0 } } ignore_live_leader: false dest_uuid: "a8606026537b4c869d76772374e46253" is_pre_election: true
I20260709 12:14:09.291900 27419 raft_consensus.cc:2468] T 7935e12d9a734c91b55aa3f28e2cd702 P a8606026537b4c869d76772374e46253 [term 0 FOLLOWER]: Leader pre-election vote request: Granting yes vote for candidate 816d39f1bb4540c9856125b4ac700edd in term 0.
I20260709 12:14:09.292659 27620 raft_consensus.cc:2804] T e02610e5c4e0485a81f13b32347aaac2 P a8606026537b4c869d76772374e46253 [term 0 FOLLOWER]: Leader pre-election won for term 1
I20260709 12:14:09.292984 27620 raft_consensus.cc:493] T e02610e5c4e0485a81f13b32347aaac2 P a8606026537b4c869d76772374e46253 [term 0 FOLLOWER]: Starting leader election (no leader contacted us within the election timeout)
I20260709 12:14:09.293337 27620 raft_consensus.cc:3060] T e02610e5c4e0485a81f13b32347aaac2 P a8606026537b4c869d76772374e46253 [term 0 FOLLOWER]: Advancing to term 1
I20260709 12:14:09.294078 27418 tablet_service.cc:1917] Received RequestConsensusVote() RPC: tablet_id: "07f4aef53f3441e78d50a7c823e3d42b" candidate_uuid: "22583a2de268449493c5c58c37f18869" candidate_term: 1 candidate_status { last_received { term: 0 index: 0 } } ignore_live_leader: false dest_uuid: "a8606026537b4c869d76772374e46253" is_pre_election: true
I20260709 12:14:09.294973 27418 raft_consensus.cc:2468] T 07f4aef53f3441e78d50a7c823e3d42b P a8606026537b4c869d76772374e46253 [term 0 FOLLOWER]: Leader pre-election vote request: Granting yes vote for candidate 22583a2de268449493c5c58c37f18869 in term 0.
I20260709 12:14:09.289511 27421 tablet_service.cc:1917] Received RequestConsensusVote() RPC: tablet_id: "e02610e5c4e0485a81f13b32347aaac2" candidate_uuid: "816d39f1bb4540c9856125b4ac700edd" candidate_term: 1 candidate_status { last_received { term: 0 index: 0 } } ignore_live_leader: false dest_uuid: "a8606026537b4c869d76772374e46253" is_pre_election: true
I20260709 12:14:09.295964 27419 tablet_service.cc:1917] Received RequestConsensusVote() RPC: tablet_id: "7935e12d9a734c91b55aa3f28e2cd702" candidate_uuid: "22583a2de268449493c5c58c37f18869" candidate_term: 1 candidate_status { last_received { term: 0 index: 0 } } ignore_live_leader: false dest_uuid: "a8606026537b4c869d76772374e46253" is_pre_election: true
I20260709 12:14:09.296519 27419 raft_consensus.cc:2468] T 7935e12d9a734c91b55aa3f28e2cd702 P a8606026537b4c869d76772374e46253 [term 0 FOLLOWER]: Leader pre-election vote request: Granting yes vote for candidate 22583a2de268449493c5c58c37f18869 in term 0.
I20260709 12:14:09.297057 27463 leader_election.cc:304] T 07f4aef53f3441e78d50a7c823e3d42b P 22583a2de268449493c5c58c37f18869 [CANDIDATE]: Term 1 pre-election: Election decided. Result: candidate won. Election summary: received 2 responses out of 3 voters: 2 yes votes; 0 no votes. yes voters: 22583a2de268449493c5c58c37f18869, a8606026537b4c869d76772374e46253; no voters: 
I20260709 12:14:09.297572 27537 leader_election.cc:304] T 63de48ceed5b4c2cbb5e997649019bb1 P 816d39f1bb4540c9856125b4ac700edd [CANDIDATE]: Term 1 pre-election: Election decided. Result: candidate won. Election summary: received 2 responses out of 3 voters: 2 yes votes; 0 no votes. yes voters: 816d39f1bb4540c9856125b4ac700edd, a8606026537b4c869d76772374e46253; no voters: 
I20260709 12:14:09.297871 27422 tablet_service.cc:1917] Received RequestConsensusVote() RPC: tablet_id: "63de48ceed5b4c2cbb5e997649019bb1" candidate_uuid: "22583a2de268449493c5c58c37f18869" candidate_term: 1 candidate_status { last_received { term: 0 index: 0 } } ignore_live_leader: false dest_uuid: "a8606026537b4c869d76772374e46253" is_pre_election: true
I20260709 12:14:09.298379 27616 raft_consensus.cc:2804] T 07f4aef53f3441e78d50a7c823e3d42b P 22583a2de268449493c5c58c37f18869 [term 0 FOLLOWER]: Leader pre-election won for term 1
I20260709 12:14:09.298467 27422 raft_consensus.cc:2468] T 63de48ceed5b4c2cbb5e997649019bb1 P a8606026537b4c869d76772374e46253 [term 0 FOLLOWER]: Leader pre-election vote request: Granting yes vote for candidate 22583a2de268449493c5c58c37f18869 in term 0.
I20260709 12:14:09.298586 27537 leader_election.cc:304] T 7935e12d9a734c91b55aa3f28e2cd702 P 816d39f1bb4540c9856125b4ac700edd [CANDIDATE]: Term 1 pre-election: Election decided. Result: candidate won. Election summary: received 2 responses out of 3 voters: 2 yes votes; 0 no votes. yes voters: 816d39f1bb4540c9856125b4ac700edd, a8606026537b4c869d76772374e46253; no voters: 
I20260709 12:14:09.299008 27616 raft_consensus.cc:493] T 07f4aef53f3441e78d50a7c823e3d42b P 22583a2de268449493c5c58c37f18869 [term 0 FOLLOWER]: Starting leader election (no leader contacted us within the election timeout)
I20260709 12:14:09.299499 27619 raft_consensus.cc:2804] T 63de48ceed5b4c2cbb5e997649019bb1 P 816d39f1bb4540c9856125b4ac700edd [term 0 FOLLOWER]: Leader pre-election won for term 1
I20260709 12:14:09.299494 27616 raft_consensus.cc:3060] T 07f4aef53f3441e78d50a7c823e3d42b P 22583a2de268449493c5c58c37f18869 [term 0 FOLLOWER]: Advancing to term 1
I20260709 12:14:09.299960 27619 raft_consensus.cc:493] T 63de48ceed5b4c2cbb5e997649019bb1 P 816d39f1bb4540c9856125b4ac700edd [term 0 FOLLOWER]: Starting leader election (no leader contacted us within the election timeout)
I20260709 12:14:09.300328 27619 raft_consensus.cc:3060] T 63de48ceed5b4c2cbb5e997649019bb1 P 816d39f1bb4540c9856125b4ac700edd [term 0 FOLLOWER]: Advancing to term 1
I20260709 12:14:09.303917 27651 raft_consensus.cc:2804] T 7935e12d9a734c91b55aa3f28e2cd702 P 816d39f1bb4540c9856125b4ac700edd [term 0 FOLLOWER]: Leader pre-election won for term 1
I20260709 12:14:09.305514 27651 raft_consensus.cc:493] T 7935e12d9a734c91b55aa3f28e2cd702 P 816d39f1bb4540c9856125b4ac700edd [term 0 FOLLOWER]: Starting leader election (no leader contacted us within the election timeout)
I20260709 12:14:09.305981 27651 raft_consensus.cc:3060] T 7935e12d9a734c91b55aa3f28e2cd702 P 816d39f1bb4540c9856125b4ac700edd [term 0 FOLLOWER]: Advancing to term 1
I20260709 12:14:09.290519 27420 tablet_service.cc:1917] Received RequestConsensusVote() RPC: tablet_id: "07f4aef53f3441e78d50a7c823e3d42b" candidate_uuid: "816d39f1bb4540c9856125b4ac700edd" candidate_term: 1 candidate_status { last_received { term: 0 index: 0 } } ignore_live_leader: false dest_uuid: "a8606026537b4c869d76772374e46253" is_pre_election: true
I20260709 12:14:09.304780 27463 leader_election.cc:304] T 7935e12d9a734c91b55aa3f28e2cd702 P 22583a2de268449493c5c58c37f18869 [CANDIDATE]: Term 1 pre-election: Election decided. Result: candidate won. Election summary: received 2 responses out of 3 voters: 2 yes votes; 0 no votes. yes voters: 22583a2de268449493c5c58c37f18869, a8606026537b4c869d76772374e46253; no voters: 
I20260709 12:14:09.307338 27420 raft_consensus.cc:2468] T 07f4aef53f3441e78d50a7c823e3d42b P a8606026537b4c869d76772374e46253 [term 0 FOLLOWER]: Leader pre-election vote request: Granting yes vote for candidate 816d39f1bb4540c9856125b4ac700edd in term 0.
I20260709 12:14:09.307390 27619 raft_consensus.cc:515] T 63de48ceed5b4c2cbb5e997649019bb1 P 816d39f1bb4540c9856125b4ac700edd [term 1 FOLLOWER]: Starting leader election with config: opid_index: -1 OBSOLETE_local: false peers { permanent_uuid: "a8606026537b4c869d76772374e46253" member_type: VOTER last_known_addr { host: "127.26.26.1" port: 33267 } } peers { permanent_uuid: "22583a2de268449493c5c58c37f18869" member_type: VOTER last_known_addr { host: "127.26.26.2" port: 37659 } } peers { permanent_uuid: "816d39f1bb4540c9856125b4ac700edd" member_type: VOTER last_known_addr { host: "127.26.26.3" port: 45097 } }
I20260709 12:14:09.308604 27537 leader_election.cc:304] T 07f4aef53f3441e78d50a7c823e3d42b P 816d39f1bb4540c9856125b4ac700edd [CANDIDATE]: Term 1 pre-election: Election decided. Result: candidate won. Election summary: received 2 responses out of 3 voters: 2 yes votes; 0 no votes. yes voters: 816d39f1bb4540c9856125b4ac700edd, a8606026537b4c869d76772374e46253; no voters: 
I20260709 12:14:09.309401 27652 raft_consensus.cc:2804] T 07f4aef53f3441e78d50a7c823e3d42b P 816d39f1bb4540c9856125b4ac700edd [term 0 FOLLOWER]: Leader pre-election won for term 1
I20260709 12:14:09.309779 27652 raft_consensus.cc:493] T 07f4aef53f3441e78d50a7c823e3d42b P 816d39f1bb4540c9856125b4ac700edd [term 0 FOLLOWER]: Starting leader election (no leader contacted us within the election timeout)
I20260709 12:14:09.310134 27652 raft_consensus.cc:3060] T 07f4aef53f3441e78d50a7c823e3d42b P 816d39f1bb4540c9856125b4ac700edd [term 0 FOLLOWER]: Advancing to term 1
I20260709 12:14:09.309911 27620 raft_consensus.cc:515] T e02610e5c4e0485a81f13b32347aaac2 P a8606026537b4c869d76772374e46253 [term 1 FOLLOWER]: Starting leader election with config: opid_index: -1 OBSOLETE_local: false peers { permanent_uuid: "a8606026537b4c869d76772374e46253" member_type: VOTER last_known_addr { host: "127.26.26.1" port: 33267 } } peers { permanent_uuid: "22583a2de268449493c5c58c37f18869" member_type: VOTER last_known_addr { host: "127.26.26.2" port: 37659 } } peers { permanent_uuid: "816d39f1bb4540c9856125b4ac700edd" member_type: VOTER last_known_addr { host: "127.26.26.3" port: 45097 } }
I20260709 12:14:09.311082 27421 raft_consensus.cc:2393] T e02610e5c4e0485a81f13b32347aaac2 P a8606026537b4c869d76772374e46253 [term 1 FOLLOWER]: Leader pre-election vote request: Denying vote to candidate 816d39f1bb4540c9856125b4ac700edd in current term 1: Already voted for candidate a8606026537b4c869d76772374e46253 in this term.
I20260709 12:14:09.284991 27611 raft_consensus.cc:359] T f72fd9255d504080a6676dd0f3f40e13 P a8606026537b4c869d76772374e46253 [term 0 FOLLOWER]: Replica starting. Triggering 0 pending ops. Active config: opid_index: -1 OBSOLETE_local: false peers { permanent_uuid: "a8606026537b4c869d76772374e46253" member_type: VOTER last_known_addr { host: "127.26.26.1" port: 33267 } } peers { permanent_uuid: "22583a2de268449493c5c58c37f18869" member_type: VOTER last_known_addr { host: "127.26.26.2" port: 37659 } } peers { permanent_uuid: "816d39f1bb4540c9856125b4ac700edd" member_type: VOTER last_known_addr { host: "127.26.26.3" port: 45097 } }
I20260709 12:14:09.311806 27611 raft_consensus.cc:385] T f72fd9255d504080a6676dd0f3f40e13 P a8606026537b4c869d76772374e46253 [term 0 FOLLOWER]: Consensus starting up: Expiring failure detector timer to make a prompt election more likely
I20260709 12:14:09.312103 27611 raft_consensus.cc:740] T f72fd9255d504080a6676dd0f3f40e13 P a8606026537b4c869d76772374e46253 [term 0 FOLLOWER]: Becoming Follower/Learner. State: Replica: a8606026537b4c869d76772374e46253, State: Initialized, Role: FOLLOWER
I20260709 12:14:09.291365 27613 raft_consensus.cc:385] T f72fd9255d504080a6676dd0f3f40e13 P 816d39f1bb4540c9856125b4ac700edd [term 0 FOLLOWER]: Consensus starting up: Expiring failure detector timer to make a prompt election more likely
I20260709 12:14:09.312767 27613 raft_consensus.cc:740] T f72fd9255d504080a6676dd0f3f40e13 P 816d39f1bb4540c9856125b4ac700edd [term 0 FOLLOWER]: Becoming Follower/Learner. State: Replica: 816d39f1bb4540c9856125b4ac700edd, State: Initialized, Role: FOLLOWER
I20260709 12:14:09.314867 27613 consensus_queue.cc:260] T f72fd9255d504080a6676dd0f3f40e13 P 816d39f1bb4540c9856125b4ac700edd [NON_LEADER]: Queue going to NON_LEADER mode. State: All replicated index: 0, Majority replicated index: 0, Committed index: 0, Last appended: 0.0, Last appended by leader: 0, Current term: 0, Majority size: -1, State: 0, Mode: NON_LEADER, active raft config: opid_index: -1 OBSOLETE_local: false peers { permanent_uuid: "a8606026537b4c869d76772374e46253" member_type: VOTER last_known_addr { host: "127.26.26.1" port: 33267 } } peers { permanent_uuid: "22583a2de268449493c5c58c37f18869" member_type: VOTER last_known_addr { host: "127.26.26.2" port: 37659 } } peers { permanent_uuid: "816d39f1bb4540c9856125b4ac700edd" member_type: VOTER last_known_addr { host: "127.26.26.3" port: 45097 } }
I20260709 12:14:09.320557 27611 consensus_queue.cc:260] T f72fd9255d504080a6676dd0f3f40e13 P a8606026537b4c869d76772374e46253 [NON_LEADER]: Queue going to NON_LEADER mode. State: All replicated index: 0, Majority replicated index: 0, Committed index: 0, Last appended: 0.0, Last appended by leader: 0, Current term: 0, Majority size: -1, State: 0, Mode: NON_LEADER, active raft config: opid_index: -1 OBSOLETE_local: false peers { permanent_uuid: "a8606026537b4c869d76772374e46253" member_type: VOTER last_known_addr { host: "127.26.26.1" port: 33267 } } peers { permanent_uuid: "22583a2de268449493c5c58c37f18869" member_type: VOTER last_known_addr { host: "127.26.26.2" port: 37659 } } peers { permanent_uuid: "816d39f1bb4540c9856125b4ac700edd" member_type: VOTER last_known_addr { host: "127.26.26.3" port: 45097 } }
I20260709 12:14:09.314541 27620 leader_election.cc:290] T e02610e5c4e0485a81f13b32347aaac2 P a8606026537b4c869d76772374e46253 [CANDIDATE]: Term 1 election: Requested vote from peers 22583a2de268449493c5c58c37f18869 (127.26.26.2:37659), 816d39f1bb4540c9856125b4ac700edd (127.26.26.3:45097)
I20260709 12:14:09.326407 27612 consensus_queue.cc:260] T a193d355befa4b2496aa4de278e02f94 P 22583a2de268449493c5c58c37f18869 [NON_LEADER]: Queue going to NON_LEADER mode. State: All replicated index: 0, Majority replicated index: 0, Committed index: 0, Last appended: 0.0, Last appended by leader: 0, Current term: 0, Majority size: -1, State: 0, Mode: NON_LEADER, active raft config: opid_index: -1 OBSOLETE_local: false peers { permanent_uuid: "a8606026537b4c869d76772374e46253" member_type: VOTER last_known_addr { host: "127.26.26.1" port: 33267 } } peers { permanent_uuid: "22583a2de268449493c5c58c37f18869" member_type: VOTER last_known_addr { host: "127.26.26.2" port: 37659 } } peers { permanent_uuid: "816d39f1bb4540c9856125b4ac700edd" member_type: VOTER last_known_addr { host: "127.26.26.3" port: 45097 } }
I20260709 12:14:09.318876 27616 raft_consensus.cc:515] T 07f4aef53f3441e78d50a7c823e3d42b P 22583a2de268449493c5c58c37f18869 [term 1 FOLLOWER]: Starting leader election with config: opid_index: -1 OBSOLETE_local: false peers { permanent_uuid: "a8606026537b4c869d76772374e46253" member_type: VOTER last_known_addr { host: "127.26.26.1" port: 33267 } } peers { permanent_uuid: "22583a2de268449493c5c58c37f18869" member_type: VOTER last_known_addr { host: "127.26.26.2" port: 37659 } } peers { permanent_uuid: "816d39f1bb4540c9856125b4ac700edd" member_type: VOTER last_known_addr { host: "127.26.26.3" port: 45097 } }
I20260709 12:14:09.325018 27620 raft_consensus.cc:493] T ec1d5ea23b604707827ece2b8e605cb6 P a8606026537b4c869d76772374e46253 [term 0 FOLLOWER]: Starting pre-election (no leader contacted us within the election timeout)
