I20260709 12:13:24.748884 12355 leader_election.cc:304] T a4a9b70ea1c44102969cadd7a6f7435b P d6e4a88066a54e6a898f33ac094de687 [CANDIDATE]: Term 1 election: Election decided. Result: candidate won. Election summary: received 3 responses out of 3 voters: 2 yes votes; 1 no votes. yes voters: 7c9cc4dded9c469b990a3cf15bcf376c, d6e4a88066a54e6a898f33ac094de687; no voters: ce76505617634868966d0770b16a5d88
I20260709 12:13:24.749673 12584 tablet_bootstrap.cc:492] T 5eb2df5fc63d44ef835e634c37b3b569 P ce76505617634868966d0770b16a5d88: No bootstrap required, opened a new log
I20260709 12:13:24.750073 12584 ts_tablet_manager.cc:1403] T 5eb2df5fc63d44ef835e634c37b3b569 P ce76505617634868966d0770b16a5d88: Time spent bootstrapping tablet: real 0.213s	user 0.029s	sys 0.048s
I20260709 12:13:24.751580 12465 raft_consensus.cc:2393] T be3faa680cca44a18f24c57313c1087a P 7c9cc4dded9c469b990a3cf15bcf376c [term 1 FOLLOWER]: Leader election vote request: Denying vote to candidate ce76505617634868966d0770b16a5d88 in current term 1: Already voted for candidate d6e4a88066a54e6a898f33ac094de687 in this term.
I20260709 12:13:24.751497 12626 raft_consensus.cc:2804] T a4a9b70ea1c44102969cadd7a6f7435b P d6e4a88066a54e6a898f33ac094de687 [term 1 FOLLOWER]: Leader election won for term 1
I20260709 12:13:24.753813 12389 raft_consensus.cc:2393] T 0348fd612cd94cf78db59872b5d17988 P d6e4a88066a54e6a898f33ac094de687 [term 1 FOLLOWER]: Leader pre-election vote request: Denying vote to candidate ce76505617634868966d0770b16a5d88 in current term 1: Already voted for candidate 7c9cc4dded9c469b990a3cf15bcf376c in this term.
I20260709 12:13:24.753772 12626 raft_consensus.cc:697] T a4a9b70ea1c44102969cadd7a6f7435b P d6e4a88066a54e6a898f33ac094de687 [term 1 LEADER]: Becoming Leader. State: Replica: d6e4a88066a54e6a898f33ac094de687, State: Running, Role: LEADER
I20260709 12:13:24.753882 12462 tablet_service.cc:1917] Received RequestConsensusVote() RPC: tablet_id: "0348fd612cd94cf78db59872b5d17988" candidate_uuid: "ce76505617634868966d0770b16a5d88" candidate_term: 1 candidate_status { last_received { term: 0 index: 0 } } ignore_live_leader: false dest_uuid: "7c9cc4dded9c469b990a3cf15bcf376c" is_pre_election: true
I20260709 12:13:24.752529 12641 consensus_queue.cc:1048] T 0348fd612cd94cf78db59872b5d17988 P 7c9cc4dded9c469b990a3cf15bcf376c [LEADER]: Connected to new peer: Peer: permanent_uuid: "d6e4a88066a54e6a898f33ac094de687" member_type: VOTER last_known_addr { host: "127.11.247.193" port: 45607 }, Status: LMP_MISMATCH, Last received: 0.0, Next index: 1, Last known committed idx: 0, Time since last communication: 0.003s
I20260709 12:13:24.755791 12626 consensus_queue.cc:237] T a4a9b70ea1c44102969cadd7a6f7435b P d6e4a88066a54e6a898f33ac094de687 [LEADER]: Queue going to LEADER mode. State: All replicated index: 0, Majority replicated index: 0, Committed index: 0, Last appended: 0.0, Last appended by leader: 0, Current term: 1, Majority size: 2, State: 0, Mode: LEADER, active raft config: opid_index: -1 OBSOLETE_local: false peers { permanent_uuid: "d6e4a88066a54e6a898f33ac094de687" member_type: VOTER last_known_addr { host: "127.11.247.193" port: 45607 } } peers { permanent_uuid: "7c9cc4dded9c469b990a3cf15bcf376c" member_type: VOTER last_known_addr { host: "127.11.247.194" port: 38263 } } peers { permanent_uuid: "ce76505617634868966d0770b16a5d88" member_type: VOTER last_known_addr { host: "127.11.247.195" port: 35983 } }
I20260709 12:13:24.759799 12584 raft_consensus.cc:359] T 5eb2df5fc63d44ef835e634c37b3b569 P ce76505617634868966d0770b16a5d88 [term 0 FOLLOWER]: Replica starting. Triggering 0 pending ops. Active config: opid_index: -1 OBSOLETE_local: false peers { permanent_uuid: "d6e4a88066a54e6a898f33ac094de687" member_type: VOTER last_known_addr { host: "127.11.247.193" port: 45607 } } peers { permanent_uuid: "7c9cc4dded9c469b990a3cf15bcf376c" member_type: VOTER last_known_addr { host: "127.11.247.194" port: 38263 } } peers { permanent_uuid: "ce76505617634868966d0770b16a5d88" member_type: VOTER last_known_addr { host: "127.11.247.195" port: 35983 } }
I20260709 12:13:24.760506 12584 raft_consensus.cc:385] T 5eb2df5fc63d44ef835e634c37b3b569 P ce76505617634868966d0770b16a5d88 [term 0 FOLLOWER]: Consensus starting up: Expiring failure detector timer to make a prompt election more likely
I20260709 12:13:24.760782 12584 raft_consensus.cc:740] T 5eb2df5fc63d44ef835e634c37b3b569 P ce76505617634868966d0770b16a5d88 [term 0 FOLLOWER]: Becoming Follower/Learner. State: Replica: ce76505617634868966d0770b16a5d88, State: Initialized, Role: FOLLOWER
I20260709 12:13:24.761298 12355 leader_election.cc:304] T a0f495339f894a2d8cb7af380f288771 P d6e4a88066a54e6a898f33ac094de687 [CANDIDATE]: Term 1 pre-election: Election decided. Result: candidate lost. Election summary: received 3 responses out of 3 voters: 1 yes votes; 2 no votes. yes voters: d6e4a88066a54e6a898f33ac094de687; no voters: 7c9cc4dded9c469b990a3cf15bcf376c, ce76505617634868966d0770b16a5d88
I20260709 12:13:24.761502 12584 consensus_queue.cc:260] T 5eb2df5fc63d44ef835e634c37b3b569 P ce76505617634868966d0770b16a5d88 [NON_LEADER]: Queue going to NON_LEADER mode. State: All replicated index: 0, Majority replicated index: 0, Committed index: 0, Last appended: 0.0, Last appended by leader: 0, Current term: 0, Majority size: -1, State: 0, Mode: NON_LEADER, active raft config: opid_index: -1 OBSOLETE_local: false peers { permanent_uuid: "d6e4a88066a54e6a898f33ac094de687" member_type: VOTER last_known_addr { host: "127.11.247.193" port: 45607 } } peers { permanent_uuid: "7c9cc4dded9c469b990a3cf15bcf376c" member_type: VOTER last_known_addr { host: "127.11.247.194" port: 38263 } } peers { permanent_uuid: "ce76505617634868966d0770b16a5d88" member_type: VOTER last_known_addr { host: "127.11.247.195" port: 35983 } }
I20260709 12:13:24.763770 12584 ts_tablet_manager.cc:1434] T 5eb2df5fc63d44ef835e634c37b3b569 P ce76505617634868966d0770b16a5d88: Time spent starting tablet: real 0.013s	user 0.006s	sys 0.000s
I20260709 12:13:24.764828 12584 tablet_bootstrap.cc:492] T 87c415eae69742138c2fb38cc1244994 P ce76505617634868966d0770b16a5d88: Bootstrap starting.
I20260709 12:13:24.766495 12463 tablet_service.cc:1917] Received RequestConsensusVote() RPC: tablet_id: "d20f2da5ae64403285a6477c94380bcb" candidate_uuid: "ce76505617634868966d0770b16a5d88" candidate_term: 1 candidate_status { last_received { term: 0 index: 0 } } ignore_live_leader: false dest_uuid: "7c9cc4dded9c469b990a3cf15bcf376c"
I20260709 12:13:24.767179 12463 raft_consensus.cc:3060] T d20f2da5ae64403285a6477c94380bcb P 7c9cc4dded9c469b990a3cf15bcf376c [term 0 FOLLOWER]: Advancing to term 1
I20260709 12:13:24.771454 12605 raft_consensus.cc:2749] T a0f495339f894a2d8cb7af380f288771 P d6e4a88066a54e6a898f33ac094de687 [term 1 FOLLOWER]: Leader pre-election lost for term 1. Reason: could not achieve majority
I20260709 12:13:24.783660 12504 leader_election.cc:304] T be3faa680cca44a18f24c57313c1087a P ce76505617634868966d0770b16a5d88 [CANDIDATE]: Term 1 election: Election decided. Result: candidate lost. Election summary: received 3 responses out of 3 voters: 1 yes votes; 2 no votes. yes voters: ce76505617634868966d0770b16a5d88; no voters: 7c9cc4dded9c469b990a3cf15bcf376c, d6e4a88066a54e6a898f33ac094de687
I20260709 12:13:24.783825 12641 consensus_queue.cc:1048] T a0f495339f894a2d8cb7af380f288771 P 7c9cc4dded9c469b990a3cf15bcf376c [LEADER]: Connected to new peer: Peer: permanent_uuid: "d6e4a88066a54e6a898f33ac094de687" member_type: VOTER last_known_addr { host: "127.11.247.193" port: 45607 }, Status: LMP_MISMATCH, Last received: 0.0, Next index: 1, Last known committed idx: 0, Time since last communication: 0.000s
I20260709 12:13:24.784729 12605 consensus_queue.cc:1048] T 028c2f9b85284da7be15a0aa2633615a P d6e4a88066a54e6a898f33ac094de687 [LEADER]: Connected to new peer: Peer: permanent_uuid: "7c9cc4dded9c469b990a3cf15bcf376c" member_type: VOTER last_known_addr { host: "127.11.247.194" port: 38263 }, Status: LMP_MISMATCH, Last received: 0.0, Next index: 1, Last known committed idx: 0, Time since last communication: 0.001s
I20260709 12:13:24.785745 12588 raft_consensus.cc:2749] T be3faa680cca44a18f24c57313c1087a P ce76505617634868966d0770b16a5d88 [term 1 FOLLOWER]: Leader election lost for term 1. Reason: could not achieve majority
I20260709 12:13:24.786372 12537 raft_consensus.cc:3060] T 0348fd612cd94cf78db59872b5d17988 P ce76505617634868966d0770b16a5d88 [term 0 FOLLOWER]: Advancing to term 1
I20260709 12:13:24.785032 12504 leader_election.cc:304] T 0348fd612cd94cf78db59872b5d17988 P ce76505617634868966d0770b16a5d88 [CANDIDATE]: Term 1 pre-election: Election decided. Result: candidate lost. Election summary: received 3 responses out of 3 voters: 1 yes votes; 2 no votes. yes voters: ce76505617634868966d0770b16a5d88; no voters: 7c9cc4dded9c469b990a3cf15bcf376c, d6e4a88066a54e6a898f33ac094de687
I20260709 12:13:24.793275 12584 tablet_bootstrap.cc:654] T 87c415eae69742138c2fb38cc1244994 P ce76505617634868966d0770b16a5d88: Neither blocks nor log segments found. Creating new log.
I20260709 12:13:24.817629 12390 raft_consensus.cc:2468] T d20f2da5ae64403285a6477c94380bcb P d6e4a88066a54e6a898f33ac094de687 [term 1 FOLLOWER]: Leader election vote request: Granting yes vote for candidate ce76505617634868966d0770b16a5d88 in term 1.
I20260709 12:13:24.820675 12503 leader_election.cc:304] T d20f2da5ae64403285a6477c94380bcb P ce76505617634868966d0770b16a5d88 [CANDIDATE]: Term 1 election: Election decided. Result: candidate won. Election summary: received 2 responses out of 3 voters: 2 yes votes; 0 no votes. yes voters: ce76505617634868966d0770b16a5d88, d6e4a88066a54e6a898f33ac094de687; no voters: 
I20260709 12:13:24.823030 12636 raft_consensus.cc:2804] T d20f2da5ae64403285a6477c94380bcb P ce76505617634868966d0770b16a5d88 [term 1 FOLLOWER]: Leader election won for term 1
I20260709 12:13:24.823884 12636 raft_consensus.cc:697] T d20f2da5ae64403285a6477c94380bcb P ce76505617634868966d0770b16a5d88 [term 1 LEADER]: Becoming Leader. State: Replica: ce76505617634868966d0770b16a5d88, State: Running, Role: LEADER
I20260709 12:13:24.825160 12588 raft_consensus.cc:2749] T 0348fd612cd94cf78db59872b5d17988 P ce76505617634868966d0770b16a5d88 [term 1 FOLLOWER]: Leader pre-election lost for term 1. Reason: could not achieve majority
I20260709 12:13:24.824846 12636 consensus_queue.cc:237] T d20f2da5ae64403285a6477c94380bcb P ce76505617634868966d0770b16a5d88 [LEADER]: Queue going to LEADER mode. State: All replicated index: 0, Majority replicated index: 0, Committed index: 0, Last appended: 0.0, Last appended by leader: 0, Current term: 1, Majority size: 2, State: 0, Mode: LEADER, active raft config: opid_index: -1 OBSOLETE_local: false peers { permanent_uuid: "d6e4a88066a54e6a898f33ac094de687" member_type: VOTER last_known_addr { host: "127.11.247.193" port: 45607 } } peers { permanent_uuid: "7c9cc4dded9c469b990a3cf15bcf376c" member_type: VOTER last_known_addr { host: "127.11.247.194" port: 38263 } } peers { permanent_uuid: "ce76505617634868966d0770b16a5d88" member_type: VOTER last_known_addr { host: "127.11.247.195" port: 35983 } }
I20260709 12:13:24.851732 12463 raft_consensus.cc:2468] T d20f2da5ae64403285a6477c94380bcb P 7c9cc4dded9c469b990a3cf15bcf376c [term 1 FOLLOWER]: Leader election vote request: Granting yes vote for candidate ce76505617634868966d0770b16a5d88 in term 1.
I20260709 12:13:24.866495 12641 consensus_queue.cc:1048] T 0348fd612cd94cf78db59872b5d17988 P 7c9cc4dded9c469b990a3cf15bcf376c [LEADER]: Connected to new peer: Peer: permanent_uuid: "ce76505617634868966d0770b16a5d88" member_type: VOTER last_known_addr { host: "127.11.247.195" port: 35983 }, Status: LMP_MISMATCH, Last received: 0.0, Next index: 1, Last known committed idx: 0, Time since last communication: 0.002s
I20260709 12:13:24.887650 12287 catalog_manager.cc:5697] T be3faa680cca44a18f24c57313c1087a P d6e4a88066a54e6a898f33ac094de687 reported cstate change: term changed from 0 to 1, leader changed from <none> to d6e4a88066a54e6a898f33ac094de687 (127.11.247.193). New cstate: current_term: 1 leader_uuid: "d6e4a88066a54e6a898f33ac094de687" committed_config { opid_index: -1 OBSOLETE_local: false peers { permanent_uuid: "d6e4a88066a54e6a898f33ac094de687" member_type: VOTER last_known_addr { host: "127.11.247.193" port: 45607 } health_report { overall_health: HEALTHY } } peers { permanent_uuid: "ce76505617634868966d0770b16a5d88" member_type: VOTER last_known_addr { host: "127.11.247.195" port: 35983 } health_report { overall_health: UNKNOWN } } peers { permanent_uuid: "7c9cc4dded9c469b990a3cf15bcf376c" member_type: VOTER last_known_addr { host: "127.11.247.194" port: 38263 } health_report { overall_health: UNKNOWN } } }
I20260709 12:13:24.901193 12630 consensus_queue.cc:1048] T 5eb2df5fc63d44ef835e634c37b3b569 P d6e4a88066a54e6a898f33ac094de687 [LEADER]: Connected to new peer: Peer: permanent_uuid: "7c9cc4dded9c469b990a3cf15bcf376c" member_type: VOTER last_known_addr { host: "127.11.247.194" port: 38263 }, Status: LMP_MISMATCH, Last received: 0.0, Next index: 1, Last known committed idx: 0, Time since last communication: 0.001s
I20260709 12:13:24.908010 12584 tablet_bootstrap.cc:492] T 87c415eae69742138c2fb38cc1244994 P ce76505617634868966d0770b16a5d88: No bootstrap required, opened a new log
I20260709 12:13:24.911612 12646 raft_consensus.cc:493] T 87c415eae69742138c2fb38cc1244994 P 7c9cc4dded9c469b990a3cf15bcf376c [term 0 FOLLOWER]: Starting pre-election (no leader contacted us within the election timeout)
I20260709 12:13:24.912937 12646 raft_consensus.cc:515] T 87c415eae69742138c2fb38cc1244994 P 7c9cc4dded9c469b990a3cf15bcf376c [term 0 FOLLOWER]: Starting pre-election with config: opid_index: -1 OBSOLETE_local: false peers { permanent_uuid: "d6e4a88066a54e6a898f33ac094de687" member_type: VOTER last_known_addr { host: "127.11.247.193" port: 45607 } } peers { permanent_uuid: "7c9cc4dded9c469b990a3cf15bcf376c" member_type: VOTER last_known_addr { host: "127.11.247.194" port: 38263 } } peers { permanent_uuid: "ce76505617634868966d0770b16a5d88" member_type: VOTER last_known_addr { host: "127.11.247.195" port: 35983 } }
I20260709 12:13:24.923466 12646 leader_election.cc:290] T 87c415eae69742138c2fb38cc1244994 P 7c9cc4dded9c469b990a3cf15bcf376c [CANDIDATE]: Term 1 pre-election: Requested pre-vote from peers d6e4a88066a54e6a898f33ac094de687 (127.11.247.193:45607), ce76505617634868966d0770b16a5d88 (127.11.247.195:35983)
I20260709 12:13:24.926258 12389 tablet_service.cc:1917] Received RequestConsensusVote() RPC: tablet_id: "87c415eae69742138c2fb38cc1244994" candidate_uuid: "7c9cc4dded9c469b990a3cf15bcf376c" candidate_term: 1 candidate_status { last_received { term: 0 index: 0 } } ignore_live_leader: false dest_uuid: "d6e4a88066a54e6a898f33ac094de687" is_pre_election: true
I20260709 12:13:24.927194 12389 raft_consensus.cc:2468] T 87c415eae69742138c2fb38cc1244994 P d6e4a88066a54e6a898f33ac094de687 [term 0 FOLLOWER]: Leader pre-election vote request: Granting yes vote for candidate 7c9cc4dded9c469b990a3cf15bcf376c in term 0.
I20260709 12:13:24.929395 12429 leader_election.cc:304] T 87c415eae69742138c2fb38cc1244994 P 7c9cc4dded9c469b990a3cf15bcf376c [CANDIDATE]: Term 1 pre-election: Election decided. Result: candidate won. Election summary: received 2 responses out of 3 voters: 2 yes votes; 0 no votes. yes voters: 7c9cc4dded9c469b990a3cf15bcf376c, d6e4a88066a54e6a898f33ac094de687; no voters: 
I20260709 12:13:24.929399 12538 tablet_service.cc:1917] Received RequestConsensusVote() RPC: tablet_id: "87c415eae69742138c2fb38cc1244994" candidate_uuid: "7c9cc4dded9c469b990a3cf15bcf376c" candidate_term: 1 candidate_status { last_received { term: 0 index: 0 } } ignore_live_leader: false dest_uuid: "ce76505617634868966d0770b16a5d88" is_pre_election: true
I20260709 12:13:24.935279 12646 raft_consensus.cc:2804] T 87c415eae69742138c2fb38cc1244994 P 7c9cc4dded9c469b990a3cf15bcf376c [term 0 FOLLOWER]: Leader pre-election won for term 1
I20260709 12:13:24.959090 12584 ts_tablet_manager.cc:1403] T 87c415eae69742138c2fb38cc1244994 P ce76505617634868966d0770b16a5d88: Time spent bootstrapping tablet: real 0.195s	user 0.009s	sys 0.015s
W20260709 12:13:24.935189 12430 leader_election.cc:343] T 87c415eae69742138c2fb38cc1244994 P 7c9cc4dded9c469b990a3cf15bcf376c [CANDIDATE]: Term 1 pre-election: Tablet error from VoteRequest() call to peer ce76505617634868966d0770b16a5d88 (127.11.247.195:35983): Illegal state: must be running to vote when last-logged opid is not known
I20260709 12:13:24.940729 12287 catalog_manager.cc:5697] T a4a9b70ea1c44102969cadd7a6f7435b P d6e4a88066a54e6a898f33ac094de687 reported cstate change: term changed from 0 to 1, leader changed from <none> to d6e4a88066a54e6a898f33ac094de687 (127.11.247.193). New cstate: current_term: 1 leader_uuid: "d6e4a88066a54e6a898f33ac094de687" committed_config { opid_index: -1 OBSOLETE_local: false peers { permanent_uuid: "d6e4a88066a54e6a898f33ac094de687" member_type: VOTER last_known_addr { host: "127.11.247.193" port: 45607 } health_report { overall_health: HEALTHY } } peers { permanent_uuid: "7c9cc4dded9c469b990a3cf15bcf376c" member_type: VOTER last_known_addr { host: "127.11.247.194" port: 38263 } health_report { overall_health: UNKNOWN } } peers { permanent_uuid: "ce76505617634868966d0770b16a5d88" member_type: VOTER last_known_addr { host: "127.11.247.195" port: 35983 } health_report { overall_health: UNKNOWN } } }
I20260709 12:13:24.966919 12538 raft_consensus.cc:3060] T 5eb2df5fc63d44ef835e634c37b3b569 P ce76505617634868966d0770b16a5d88 [term 0 FOLLOWER]: Advancing to term 1
I20260709 12:13:24.966804 12584 raft_consensus.cc:359] T 87c415eae69742138c2fb38cc1244994 P ce76505617634868966d0770b16a5d88 [term 0 FOLLOWER]: Replica starting. Triggering 0 pending ops. Active config: opid_index: -1 OBSOLETE_local: false peers { permanent_uuid: "d6e4a88066a54e6a898f33ac094de687" member_type: VOTER last_known_addr { host: "127.11.247.193" port: 45607 } } peers { permanent_uuid: "7c9cc4dded9c469b990a3cf15bcf376c" member_type: VOTER last_known_addr { host: "127.11.247.194" port: 38263 } } peers { permanent_uuid: "ce76505617634868966d0770b16a5d88" member_type: VOTER last_known_addr { host: "127.11.247.195" port: 35983 } }
I20260709 12:13:24.969203 12584 raft_consensus.cc:385] T 87c415eae69742138c2fb38cc1244994 P ce76505617634868966d0770b16a5d88 [term 0 FOLLOWER]: Consensus starting up: Expiring failure detector timer to make a prompt election more likely
I20260709 12:13:24.969455 12584 raft_consensus.cc:740] T 87c415eae69742138c2fb38cc1244994 P ce76505617634868966d0770b16a5d88 [term 0 FOLLOWER]: Becoming Follower/Learner. State: Replica: ce76505617634868966d0770b16a5d88, State: Initialized, Role: FOLLOWER
I20260709 12:13:24.970088 12584 consensus_queue.cc:260] T 87c415eae69742138c2fb38cc1244994 P ce76505617634868966d0770b16a5d88 [NON_LEADER]: Queue going to NON_LEADER mode. State: All replicated index: 0, Majority replicated index: 0, Committed index: 0, Last appended: 0.0, Last appended by leader: 0, Current term: 0, Majority size: -1, State: 0, Mode: NON_LEADER, active raft config: opid_index: -1 OBSOLETE_local: false peers { permanent_uuid: "d6e4a88066a54e6a898f33ac094de687" member_type: VOTER last_known_addr { host: "127.11.247.193" port: 45607 } } peers { permanent_uuid: "7c9cc4dded9c469b990a3cf15bcf376c" member_type: VOTER last_known_addr { host: "127.11.247.194" port: 38263 } } peers { permanent_uuid: "ce76505617634868966d0770b16a5d88" member_type: VOTER last_known_addr { host: "127.11.247.195" port: 35983 } }
I20260709 12:13:24.963364 12646 raft_consensus.cc:493] T 87c415eae69742138c2fb38cc1244994 P 7c9cc4dded9c469b990a3cf15bcf376c [term 0 FOLLOWER]: Starting leader election (no leader contacted us within the election timeout)
I20260709 12:13:24.981859 12653 consensus_queue.cc:1048] T 4250f50137c442a3829599451623ab07 P d6e4a88066a54e6a898f33ac094de687 [LEADER]: Connected to new peer: Peer: permanent_uuid: "7c9cc4dded9c469b990a3cf15bcf376c" member_type: VOTER last_known_addr { host: "127.11.247.194" port: 38263 }, Status: LMP_MISMATCH, Last received: 0.0, Next index: 1, Last known committed idx: 0, Time since last communication: 0.003s
I20260709 12:13:24.986338 12584 ts_tablet_manager.cc:1434] T 87c415eae69742138c2fb38cc1244994 P ce76505617634868966d0770b16a5d88: Time spent starting tablet: real 0.024s	user 0.006s	sys 0.000s
I20260709 12:13:24.981544 12646 raft_consensus.cc:3060] T 87c415eae69742138c2fb38cc1244994 P 7c9cc4dded9c469b990a3cf15bcf376c [term 0 FOLLOWER]: Advancing to term 1
I20260709 12:13:25.024868 12653 consensus_queue.cc:1048] T 4250f50137c442a3829599451623ab07 P d6e4a88066a54e6a898f33ac094de687 [LEADER]: Connected to new peer: Peer: permanent_uuid: "ce76505617634868966d0770b16a5d88" member_type: VOTER last_known_addr { host: "127.11.247.195" port: 35983 }, Status: LMP_MISMATCH, Last received: 0.0, Next index: 1, Last known committed idx: 0, Time since last communication: 0.001s
I20260709 12:13:25.033195 12646 raft_consensus.cc:515] T 87c415eae69742138c2fb38cc1244994 P 7c9cc4dded9c469b990a3cf15bcf376c [term 1 FOLLOWER]: Starting leader election with config: opid_index: -1 OBSOLETE_local: false peers { permanent_uuid: "d6e4a88066a54e6a898f33ac094de687" member_type: VOTER last_known_addr { host: "127.11.247.193" port: 45607 } } peers { permanent_uuid: "7c9cc4dded9c469b990a3cf15bcf376c" member_type: VOTER last_known_addr { host: "127.11.247.194" port: 38263 } } peers { permanent_uuid: "ce76505617634868966d0770b16a5d88" member_type: VOTER last_known_addr { host: "127.11.247.195" port: 35983 } }
I20260709 12:13:25.035326 12630 consensus_queue.cc:1048] T 5eb2df5fc63d44ef835e634c37b3b569 P d6e4a88066a54e6a898f33ac094de687 [LEADER]: Connected to new peer: Peer: permanent_uuid: "ce76505617634868966d0770b16a5d88" member_type: VOTER last_known_addr { host: "127.11.247.195" port: 35983 }, Status: LMP_MISMATCH, Last received: 0.0, Next index: 1, Last known committed idx: 0, Time since last communication: 0.001s
I20260709 12:13:25.033751 12285 catalog_manager.cc:5697] T d20f2da5ae64403285a6477c94380bcb P ce76505617634868966d0770b16a5d88 reported cstate change: term changed from 0 to 1, leader changed from <none> to ce76505617634868966d0770b16a5d88 (127.11.247.195). New cstate: current_term: 1 leader_uuid: "ce76505617634868966d0770b16a5d88" committed_config { opid_index: -1 OBSOLETE_local: false peers { permanent_uuid: "d6e4a88066a54e6a898f33ac094de687" member_type: VOTER last_known_addr { host: "127.11.247.193" port: 45607 } health_report { overall_health: UNKNOWN } } peers { permanent_uuid: "7c9cc4dded9c469b990a3cf15bcf376c" member_type: VOTER last_known_addr { host: "127.11.247.194" port: 38263 } health_report { overall_health: UNKNOWN } } peers { permanent_uuid: "ce76505617634868966d0770b16a5d88" member_type: VOTER last_known_addr { host: "127.11.247.195" port: 35983 } health_report { overall_health: HEALTHY } } }
I20260709 12:13:25.040278 12387 tablet_service.cc:1917] Received RequestConsensusVote() RPC: tablet_id: "87c415eae69742138c2fb38cc1244994" candidate_uuid: "7c9cc4dded9c469b990a3cf15bcf376c" candidate_term: 1 candidate_status { last_received { term: 0 index: 0 } } ignore_live_leader: false dest_uuid: "d6e4a88066a54e6a898f33ac094de687"
I20260709 12:13:25.040897 12387 raft_consensus.cc:3060] T 87c415eae69742138c2fb38cc1244994 P d6e4a88066a54e6a898f33ac094de687 [term 0 FOLLOWER]: Advancing to term 1
I20260709 12:13:25.057775 12387 raft_consensus.cc:2468] T 87c415eae69742138c2fb38cc1244994 P d6e4a88066a54e6a898f33ac094de687 [term 1 FOLLOWER]: Leader election vote request: Granting yes vote for candidate 7c9cc4dded9c469b990a3cf15bcf376c in term 1.
I20260709 12:13:25.070840 12646 leader_election.cc:290] T 87c415eae69742138c2fb38cc1244994 P 7c9cc4dded9c469b990a3cf15bcf376c [CANDIDATE]: Term 1 election: Requested vote from peers d6e4a88066a54e6a898f33ac094de687 (127.11.247.193:45607), ce76505617634868966d0770b16a5d88 (127.11.247.195:35983)
I20260709 12:13:25.072656 12539 tablet_service.cc:1917] Received RequestConsensusVote() RPC: tablet_id: "87c415eae69742138c2fb38cc1244994" candidate_uuid: "7c9cc4dded9c469b990a3cf15bcf376c" candidate_term: 1 candidate_status { last_received { term: 0 index: 0 } } ignore_live_leader: false dest_uuid: "ce76505617634868966d0770b16a5d88"
I20260709 12:13:25.073237 12429 leader_election.cc:304] T 87c415eae69742138c2fb38cc1244994 P 7c9cc4dded9c469b990a3cf15bcf376c [CANDIDATE]: Term 1 election: Election decided. Result: candidate won. Election summary: received 2 responses out of 3 voters: 2 yes votes; 0 no votes. yes voters: 7c9cc4dded9c469b990a3cf15bcf376c, d6e4a88066a54e6a898f33ac094de687; no voters: 
I20260709 12:13:25.073673 12539 raft_consensus.cc:3060] T 87c415eae69742138c2fb38cc1244994 P ce76505617634868966d0770b16a5d88 [term 0 FOLLOWER]: Advancing to term 1
I20260709 12:13:25.074410 12646 raft_consensus.cc:2804] T 87c415eae69742138c2fb38cc1244994 P 7c9cc4dded9c469b990a3cf15bcf376c [term 1 FOLLOWER]: Leader election won for term 1
I20260709 12:13:25.074941 12646 raft_consensus.cc:697] T 87c415eae69742138c2fb38cc1244994 P 7c9cc4dded9c469b990a3cf15bcf376c [term 1 LEADER]: Becoming Leader. State: Replica: 7c9cc4dded9c469b990a3cf15bcf376c, State: Running, Role: LEADER
I20260709 12:13:25.075889 12646 consensus_queue.cc:237] T 87c415eae69742138c2fb38cc1244994 P 7c9cc4dded9c469b990a3cf15bcf376c [LEADER]: Queue going to LEADER mode. State: All replicated index: 0, Majority replicated index: 0, Committed index: 0, Last appended: 0.0, Last appended by leader: 0, Current term: 1, Majority size: 2, State: 0, Mode: LEADER, active raft config: opid_index: -1 OBSOLETE_local: false peers { permanent_uuid: "d6e4a88066a54e6a898f33ac094de687" member_type: VOTER last_known_addr { host: "127.11.247.193" port: 45607 } } peers { permanent_uuid: "7c9cc4dded9c469b990a3cf15bcf376c" member_type: VOTER last_known_addr { host: "127.11.247.194" port: 38263 } } peers { permanent_uuid: "ce76505617634868966d0770b16a5d88" member_type: VOTER last_known_addr { host: "127.11.247.195" port: 35983 } }
I20260709 12:13:25.094135 12539 raft_consensus.cc:2468] T 87c415eae69742138c2fb38cc1244994 P ce76505617634868966d0770b16a5d88 [term 1 FOLLOWER]: Leader election vote request: Granting yes vote for candidate 7c9cc4dded9c469b990a3cf15bcf376c in term 1.
I20260709 12:13:25.101190 12287 catalog_manager.cc:5697] T 87c415eae69742138c2fb38cc1244994 P 7c9cc4dded9c469b990a3cf15bcf376c reported cstate change: term changed from 0 to 1, leader changed from <none> to 7c9cc4dded9c469b990a3cf15bcf376c (127.11.247.194). New cstate: current_term: 1 leader_uuid: "7c9cc4dded9c469b990a3cf15bcf376c" committed_config { opid_index: -1 OBSOLETE_local: false peers { permanent_uuid: "d6e4a88066a54e6a898f33ac094de687" member_type: VOTER last_known_addr { host: "127.11.247.193" port: 45607 } health_report { overall_health: UNKNOWN } } peers { permanent_uuid: "7c9cc4dded9c469b990a3cf15bcf376c" member_type: VOTER last_known_addr { host: "127.11.247.194" port: 38263 } health_report { overall_health: HEALTHY } } peers { permanent_uuid: "ce76505617634868966d0770b16a5d88" member_type: VOTER last_known_addr { host: "127.11.247.195" port: 35983 } health_report { overall_health: UNKNOWN } } }
I20260709 12:13:25.263965 12653 consensus_queue.cc:1048] T a4a9b70ea1c44102969cadd7a6f7435b P d6e4a88066a54e6a898f33ac094de687 [LEADER]: Connected to new peer: Peer: permanent_uuid: "ce76505617634868966d0770b16a5d88" member_type: VOTER last_known_addr { host: "127.11.247.195" port: 35983 }, Status: LMP_MISMATCH, Last received: 0.0, Next index: 1, Last known committed idx: 0, Time since last communication: 0.000s
I20260709 12:13:25.279986 12590 consensus_queue.cc:1048] T a4a9b70ea1c44102969cadd7a6f7435b P d6e4a88066a54e6a898f33ac094de687 [LEADER]: Connected to new peer: Peer: permanent_uuid: "7c9cc4dded9c469b990a3cf15bcf376c" member_type: VOTER last_known_addr { host: "127.11.247.194" port: 38263 }, Status: LMP_MISMATCH, Last received: 0.0, Next index: 1, Last known committed idx: 0, Time since last communication: 0.000s
I20260709 12:13:25.292315 12590 consensus_queue.cc:1048] T be3faa680cca44a18f24c57313c1087a P d6e4a88066a54e6a898f33ac094de687 [LEADER]: Connected to new peer: Peer: permanent_uuid: "ce76505617634868966d0770b16a5d88" member_type: VOTER last_known_addr { host: "127.11.247.195" port: 35983 }, Status: LMP_MISMATCH, Last received: 0.0, Next index: 1, Last known committed idx: 0, Time since last communication: 0.000s
I20260709 12:13:25.311028 12626 consensus_queue.cc:1048] T be3faa680cca44a18f24c57313c1087a P d6e4a88066a54e6a898f33ac094de687 [LEADER]: Connected to new peer: Peer: permanent_uuid: "7c9cc4dded9c469b990a3cf15bcf376c" member_type: VOTER last_known_addr { host: "127.11.247.194" port: 38263 }, Status: LMP_MISMATCH, Last received: 0.0, Next index: 1, Last known committed idx: 0, Time since last communication: 0.001s
I20260709 12:13:25.332157 12636 consensus_queue.cc:1048] T d20f2da5ae64403285a6477c94380bcb P ce76505617634868966d0770b16a5d88 [LEADER]: Connected to new peer: Peer: permanent_uuid: "7c9cc4dded9c469b990a3cf15bcf376c" member_type: VOTER last_known_addr { host: "127.11.247.194" port: 38263 }, Status: LMP_MISMATCH, Last received: 0.0, Next index: 1, Last known committed idx: 0, Time since last communication: 0.000s
I20260709 12:13:25.350296 12636 consensus_queue.cc:1048] T d20f2da5ae64403285a6477c94380bcb P ce76505617634868966d0770b16a5d88 [LEADER]: Connected to new peer: Peer: permanent_uuid: "d6e4a88066a54e6a898f33ac094de687" member_type: VOTER last_known_addr { host: "127.11.247.193" port: 45607 }, Status: LMP_MISMATCH, Last received: 0.0, Next index: 1, Last known committed idx: 0, Time since last communication: 0.000s
I20260709 12:13:25.544762 12646 consensus_queue.cc:1048] T 87c415eae69742138c2fb38cc1244994 P 7c9cc4dded9c469b990a3cf15bcf376c [LEADER]: Connected to new peer: Peer: permanent_uuid: "d6e4a88066a54e6a898f33ac094de687" member_type: VOTER last_known_addr { host: "127.11.247.193" port: 45607 }, Status: LMP_MISMATCH, Last received: 0.0, Next index: 1, Last known committed idx: 0, Time since last communication: 0.001s
I20260709 12:13:25.562294 12589 consensus_queue.cc:1048] T 87c415eae69742138c2fb38cc1244994 P 7c9cc4dded9c469b990a3cf15bcf376c [LEADER]: Connected to new peer: Peer: permanent_uuid: "ce76505617634868966d0770b16a5d88" member_type: VOTER last_known_addr { host: "127.11.247.195" port: 35983 }, Status: LMP_MISMATCH, Last received: 0.0, Next index: 1, Last known committed idx: 0, Time since last communication: 0.000s
I20260709 12:13:25.568490 12463 tablet_service.cc:2072] Received LeaderStepDown RPC: tablet_id: "a0f495339f894a2d8cb7af380f288771"
dest_uuid: "7c9cc4dded9c469b990a3cf15bcf376c"
mode: GRACEFUL
new_leader_uuid: "d6e4a88066a54e6a898f33ac094de687"
 from {username='slave'} at 127.0.0.1:60726
I20260709 12:13:25.569316 12463 raft_consensus.cc:606] T a0f495339f894a2d8cb7af380f288771 P 7c9cc4dded9c469b990a3cf15bcf376c [term 1 LEADER]: Received request to transfer leadership to TS d6e4a88066a54e6a898f33ac094de687
I20260709 12:13:25.588758 12463 tablet_service.cc:2072] Received LeaderStepDown RPC: tablet_id: "0348fd612cd94cf78db59872b5d17988"
dest_uuid: "7c9cc4dded9c469b990a3cf15bcf376c"
mode: GRACEFUL
new_leader_uuid: "d6e4a88066a54e6a898f33ac094de687"
 from {username='slave'} at 127.0.0.1:60726
I20260709 12:13:25.589833 12463 raft_consensus.cc:606] T 0348fd612cd94cf78db59872b5d17988 P 7c9cc4dded9c469b990a3cf15bcf376c [term 1 LEADER]: Received request to transfer leadership to TS d6e4a88066a54e6a898f33ac094de687
I20260709 12:13:25.626995 12387 tablet_service.cc:2072] Received LeaderStepDown RPC: tablet_id: "4250f50137c442a3829599451623ab07"
dest_uuid: "d6e4a88066a54e6a898f33ac094de687"
mode: GRACEFUL
new_leader_uuid: "7c9cc4dded9c469b990a3cf15bcf376c"
 from {username='slave'} at 127.0.0.1:47676
I20260709 12:13:25.628189 12387 raft_consensus.cc:606] T 4250f50137c442a3829599451623ab07 P d6e4a88066a54e6a898f33ac094de687 [term 1 LEADER]: Received request to transfer leadership to TS 7c9cc4dded9c469b990a3cf15bcf376c
I20260709 12:13:25.647768 12539 tablet_service.cc:2072] Received LeaderStepDown RPC: tablet_id: "d20f2da5ae64403285a6477c94380bcb"
dest_uuid: "ce76505617634868966d0770b16a5d88"
mode: GRACEFUL
new_leader_uuid: "7c9cc4dded9c469b990a3cf15bcf376c"
 from {username='slave'} at 127.0.0.1:37188
I20260709 12:13:25.648452 12539 raft_consensus.cc:606] T d20f2da5ae64403285a6477c94380bcb P ce76505617634868966d0770b16a5d88 [term 1 LEADER]: Received request to transfer leadership to TS 7c9cc4dded9c469b990a3cf15bcf376c
I20260709 12:13:25.655776 12387 tablet_service.cc:2072] Received LeaderStepDown RPC: tablet_id: "a4a9b70ea1c44102969cadd7a6f7435b"
dest_uuid: "d6e4a88066a54e6a898f33ac094de687"
mode: GRACEFUL
new_leader_uuid: "7c9cc4dded9c469b990a3cf15bcf376c"
 from {username='slave'} at 127.0.0.1:47676
I20260709 12:13:25.656315 12387 raft_consensus.cc:606] T a4a9b70ea1c44102969cadd7a6f7435b P d6e4a88066a54e6a898f33ac094de687 [term 1 LEADER]: Received request to transfer leadership to TS 7c9cc4dded9c469b990a3cf15bcf376c
I20260709 12:13:25.664598 12387 tablet_service.cc:2072] Received LeaderStepDown RPC: tablet_id: "5eb2df5fc63d44ef835e634c37b3b569"
dest_uuid: "d6e4a88066a54e6a898f33ac094de687"
mode: GRACEFUL
new_leader_uuid: "7c9cc4dded9c469b990a3cf15bcf376c"
 from {username='slave'} at 127.0.0.1:47676
I20260709 12:13:25.665195 12387 raft_consensus.cc:606] T 5eb2df5fc63d44ef835e634c37b3b569 P d6e4a88066a54e6a898f33ac094de687 [term 1 LEADER]: Received request to transfer leadership to TS 7c9cc4dded9c469b990a3cf15bcf376c
I20260709 12:13:25.672431 12463 tablet_service.cc:2072] Received LeaderStepDown RPC: tablet_id: "87c415eae69742138c2fb38cc1244994"
dest_uuid: "7c9cc4dded9c469b990a3cf15bcf376c"
mode: GRACEFUL
new_leader_uuid: "ce76505617634868966d0770b16a5d88"
 from {username='slave'} at 127.0.0.1:60726
I20260709 12:13:25.672996 12463 raft_consensus.cc:606] T 87c415eae69742138c2fb38cc1244994 P 7c9cc4dded9c469b990a3cf15bcf376c [term 1 LEADER]: Received request to transfer leadership to TS ce76505617634868966d0770b16a5d88
I20260709 12:13:25.693697 12626 raft_consensus.cc:993] T a4a9b70ea1c44102969cadd7a6f7435b P d6e4a88066a54e6a898f33ac094de687: : Instructing follower 7c9cc4dded9c469b990a3cf15bcf376c to start an election
I20260709 12:13:25.694334 12653 raft_consensus.cc:1081] T a4a9b70ea1c44102969cadd7a6f7435b P d6e4a88066a54e6a898f33ac094de687 [term 1 LEADER]: Signalling peer 7c9cc4dded9c469b990a3cf15bcf376c to start an election
I20260709 12:13:25.696982 12463 tablet_service.cc:2044] Received Run Leader Election RPC: tablet_id: "a4a9b70ea1c44102969cadd7a6f7435b"
dest_uuid: "7c9cc4dded9c469b990a3cf15bcf376c"
 from {username='slave'} at 127.0.0.1:60698
I20260709 12:13:25.697801 12463 raft_consensus.cc:493] T a4a9b70ea1c44102969cadd7a6f7435b P 7c9cc4dded9c469b990a3cf15bcf376c [term 1 FOLLOWER]: Starting forced leader election (received explicit request)
I20260709 12:13:25.698304 12463 raft_consensus.cc:3060] T a4a9b70ea1c44102969cadd7a6f7435b P 7c9cc4dded9c469b990a3cf15bcf376c [term 1 FOLLOWER]: Advancing to term 2
I20260709 12:13:25.704689 12463 raft_consensus.cc:515] T a4a9b70ea1c44102969cadd7a6f7435b P 7c9cc4dded9c469b990a3cf15bcf376c [term 2 FOLLOWER]: Starting forced leader election with config: opid_index: -1 OBSOLETE_local: false peers { permanent_uuid: "d6e4a88066a54e6a898f33ac094de687" member_type: VOTER last_known_addr { host: "127.11.247.193" port: 45607 } } peers { permanent_uuid: "7c9cc4dded9c469b990a3cf15bcf376c" member_type: VOTER last_known_addr { host: "127.11.247.194" port: 38263 } } peers { permanent_uuid: "ce76505617634868966d0770b16a5d88" member_type: VOTER last_known_addr { host: "127.11.247.195" port: 35983 } }
I20260709 12:13:25.706758 12463 leader_election.cc:290] T a4a9b70ea1c44102969cadd7a6f7435b P 7c9cc4dded9c469b990a3cf15bcf376c [CANDIDATE]: Term 2 election: Requested vote from peers d6e4a88066a54e6a898f33ac094de687 (127.11.247.193:45607), ce76505617634868966d0770b16a5d88 (127.11.247.195:35983)
I20260709 12:13:25.707887 12387 tablet_service.cc:1917] Received RequestConsensusVote() RPC: tablet_id: "a4a9b70ea1c44102969cadd7a6f7435b" candidate_uuid: "7c9cc4dded9c469b990a3cf15bcf376c" candidate_term: 2 candidate_status { last_received { term: 1 index: 1 } } ignore_live_leader: true dest_uuid: "d6e4a88066a54e6a898f33ac094de687"
I20260709 12:13:25.708623 12387 raft_consensus.cc:3055] T a4a9b70ea1c44102969cadd7a6f7435b P d6e4a88066a54e6a898f33ac094de687 [term 1 LEADER]: Stepping down as leader of term 1
I20260709 12:13:25.709039 12387 raft_consensus.cc:740] T a4a9b70ea1c44102969cadd7a6f7435b P d6e4a88066a54e6a898f33ac094de687 [term 1 LEADER]: Becoming Follower/Learner. State: Replica: d6e4a88066a54e6a898f33ac094de687, State: Running, Role: LEADER
I20260709 12:13:25.708933 12539 tablet_service.cc:1917] Received RequestConsensusVote() RPC: tablet_id: "a4a9b70ea1c44102969cadd7a6f7435b" candidate_uuid: "7c9cc4dded9c469b990a3cf15bcf376c" candidate_term: 2 candidate_status { last_received { term: 1 index: 1 } } ignore_live_leader: true dest_uuid: "ce76505617634868966d0770b16a5d88"
I20260709 12:13:25.710459 12539 raft_consensus.cc:3060] T a4a9b70ea1c44102969cadd7a6f7435b P ce76505617634868966d0770b16a5d88 [term 1 FOLLOWER]: Advancing to term 2
I20260709 12:13:25.710469 12387 consensus_queue.cc:260] T a4a9b70ea1c44102969cadd7a6f7435b P d6e4a88066a54e6a898f33ac094de687 [NON_LEADER]: Queue going to NON_LEADER mode. State: All replicated index: 0, Majority replicated index: 1, Committed index: 1, Last appended: 1.1, Last appended by leader: 1, Current term: 1, Majority size: -1, State: 0, Mode: NON_LEADER, active raft config: opid_index: -1 OBSOLETE_local: false peers { permanent_uuid: "d6e4a88066a54e6a898f33ac094de687" member_type: VOTER last_known_addr { host: "127.11.247.193" port: 45607 } } peers { permanent_uuid: "7c9cc4dded9c469b990a3cf15bcf376c" member_type: VOTER last_known_addr { host: "127.11.247.194" port: 38263 } } peers { permanent_uuid: "ce76505617634868966d0770b16a5d88" member_type: VOTER last_known_addr { host: "127.11.247.195" port: 35983 } }
I20260709 12:13:25.712309 12387 raft_consensus.cc:3060] T a4a9b70ea1c44102969cadd7a6f7435b P d6e4a88066a54e6a898f33ac094de687 [term 1 FOLLOWER]: Advancing to term 2
I20260709 12:13:25.716617 12539 raft_consensus.cc:2468] T a4a9b70ea1c44102969cadd7a6f7435b P ce76505617634868966d0770b16a5d88 [term 2 FOLLOWER]: Leader election vote request: Granting yes vote for candidate 7c9cc4dded9c469b990a3cf15bcf376c in term 2.
I20260709 12:13:25.717797 12430 leader_election.cc:304] T a4a9b70ea1c44102969cadd7a6f7435b P 7c9cc4dded9c469b990a3cf15bcf376c [CANDIDATE]: Term 2 election: Election decided. Result: candidate won. Election summary: received 2 responses out of 3 voters: 2 yes votes; 0 no votes. yes voters: 7c9cc4dded9c469b990a3cf15bcf376c, ce76505617634868966d0770b16a5d88; no voters: 
I20260709 12:13:25.718927 12589 raft_consensus.cc:2804] T a4a9b70ea1c44102969cadd7a6f7435b P 7c9cc4dded9c469b990a3cf15bcf376c [term 2 FOLLOWER]: Leader election won for term 2
I20260709 12:13:25.719543 12589 raft_consensus.cc:697] T a4a9b70ea1c44102969cadd7a6f7435b P 7c9cc4dded9c469b990a3cf15bcf376c [term 2 LEADER]: Becoming Leader. State: Replica: 7c9cc4dded9c469b990a3cf15bcf376c, State: Running, Role: LEADER
I20260709 12:13:25.720324 12589 consensus_queue.cc:237] T a4a9b70ea1c44102969cadd7a6f7435b P 7c9cc4dded9c469b990a3cf15bcf376c [LEADER]: Queue going to LEADER mode. State: All replicated index: 0, Majority replicated index: 1, Committed index: 1, Last appended: 1.1, Last appended by leader: 1, Current term: 2, Majority size: 2, State: 0, Mode: LEADER, active raft config: opid_index: -1 OBSOLETE_local: false peers { permanent_uuid: "d6e4a88066a54e6a898f33ac094de687" member_type: VOTER last_known_addr { host: "127.11.247.193" port: 45607 } } peers { permanent_uuid: "7c9cc4dded9c469b990a3cf15bcf376c" member_type: VOTER last_known_addr { host: "127.11.247.194" port: 38263 } } peers { permanent_uuid: "ce76505617634868966d0770b16a5d88" member_type: VOTER last_known_addr { host: "127.11.247.195" port: 35983 } }
I20260709 12:13:25.721532 12387 raft_consensus.cc:2468] T a4a9b70ea1c44102969cadd7a6f7435b P d6e4a88066a54e6a898f33ac094de687 [term 2 FOLLOWER]: Leader election vote request: Granting yes vote for candidate 7c9cc4dded9c469b990a3cf15bcf376c in term 2.
I20260709 12:13:25.729626 12286 catalog_manager.cc:5697] T a4a9b70ea1c44102969cadd7a6f7435b P 7c9cc4dded9c469b990a3cf15bcf376c reported cstate change: term changed from 1 to 2, leader changed from d6e4a88066a54e6a898f33ac094de687 (127.11.247.193) to 7c9cc4dded9c469b990a3cf15bcf376c (127.11.247.194). New cstate: current_term: 2 leader_uuid: "7c9cc4dded9c469b990a3cf15bcf376c" committed_config { opid_index: -1 OBSOLETE_local: false peers { permanent_uuid: "d6e4a88066a54e6a898f33ac094de687" member_type: VOTER last_known_addr { host: "127.11.247.193" port: 45607 } health_report { overall_health: UNKNOWN } } peers { permanent_uuid: "7c9cc4dded9c469b990a3cf15bcf376c" member_type: VOTER last_known_addr { host: "127.11.247.194" port: 38263 } health_report { overall_health: HEALTHY } } peers { permanent_uuid: "ce76505617634868966d0770b16a5d88" member_type: VOTER last_known_addr { host: "127.11.247.195" port: 35983 } health_report { overall_health: UNKNOWN } } }
I20260709 12:13:25.731083 12636 raft_consensus.cc:993] T d20f2da5ae64403285a6477c94380bcb P ce76505617634868966d0770b16a5d88: : Instructing follower 7c9cc4dded9c469b990a3cf15bcf376c to start an election
I20260709 12:13:25.732568 12636 raft_consensus.cc:1081] T d20f2da5ae64403285a6477c94380bcb P ce76505617634868966d0770b16a5d88 [term 1 LEADER]: Signalling peer 7c9cc4dded9c469b990a3cf15bcf376c to start an election
I20260709 12:13:25.735881 12463 tablet_service.cc:2044] Received Run Leader Election RPC: tablet_id: "d20f2da5ae64403285a6477c94380bcb"
dest_uuid: "7c9cc4dded9c469b990a3cf15bcf376c"
 from {username='slave'} at 127.0.0.1:60710
I20260709 12:13:25.736802 12463 raft_consensus.cc:493] T d20f2da5ae64403285a6477c94380bcb P 7c9cc4dded9c469b990a3cf15bcf376c [term 1 FOLLOWER]: Starting forced leader election (received explicit request)
I20260709 12:13:25.737273 12463 raft_consensus.cc:3060] T d20f2da5ae64403285a6477c94380bcb P 7c9cc4dded9c469b990a3cf15bcf376c [term 1 FOLLOWER]: Advancing to term 2
I20260709 12:13:25.747321 12463 raft_consensus.cc:515] T d20f2da5ae64403285a6477c94380bcb P 7c9cc4dded9c469b990a3cf15bcf376c [term 2 FOLLOWER]: Starting forced leader election with config: opid_index: -1 OBSOLETE_local: false peers { permanent_uuid: "d6e4a88066a54e6a898f33ac094de687" member_type: VOTER last_known_addr { host: "127.11.247.193" port: 45607 } } peers { permanent_uuid: "7c9cc4dded9c469b990a3cf15bcf376c" member_type: VOTER last_known_addr { host: "127.11.247.194" port: 38263 } } peers { permanent_uuid: "ce76505617634868966d0770b16a5d88" member_type: VOTER last_known_addr { host: "127.11.247.195" port: 35983 } }
I20260709 12:13:25.751312 12463 leader_election.cc:290] T d20f2da5ae64403285a6477c94380bcb P 7c9cc4dded9c469b990a3cf15bcf376c [CANDIDATE]: Term 2 election: Requested vote from peers d6e4a88066a54e6a898f33ac094de687 (127.11.247.193:45607), ce76505617634868966d0770b16a5d88 (127.11.247.195:35983)
I20260709 12:13:25.751451 12387 tablet_service.cc:1917] Received RequestConsensusVote() RPC: tablet_id: "d20f2da5ae64403285a6477c94380bcb" candidate_uuid: "7c9cc4dded9c469b990a3cf15bcf376c" candidate_term: 2 candidate_status { last_received { term: 1 index: 1 } } ignore_live_leader: true dest_uuid: "d6e4a88066a54e6a898f33ac094de687"
I20260709 12:13:25.751821 12539 tablet_service.cc:1917] Received RequestConsensusVote() RPC: tablet_id: "d20f2da5ae64403285a6477c94380bcb" candidate_uuid: "7c9cc4dded9c469b990a3cf15bcf376c" candidate_term: 2 candidate_status { last_received { term: 1 index: 1 } } ignore_live_leader: true dest_uuid: "ce76505617634868966d0770b16a5d88"
I20260709 12:13:25.752091 12387 raft_consensus.cc:3060] T d20f2da5ae64403285a6477c94380bcb P d6e4a88066a54e6a898f33ac094de687 [term 1 FOLLOWER]: Advancing to term 2
I20260709 12:13:25.752425 12539 raft_consensus.cc:3055] T d20f2da5ae64403285a6477c94380bcb P ce76505617634868966d0770b16a5d88 [term 1 LEADER]: Stepping down as leader of term 1
I20260709 12:13:25.752777 12539 raft_consensus.cc:740] T d20f2da5ae64403285a6477c94380bcb P ce76505617634868966d0770b16a5d88 [term 1 LEADER]: Becoming Follower/Learner. State: Replica: ce76505617634868966d0770b16a5d88, State: Running, Role: LEADER
I20260709 12:13:25.753814 12539 consensus_queue.cc:260] T d20f2da5ae64403285a6477c94380bcb P ce76505617634868966d0770b16a5d88 [NON_LEADER]: Queue going to NON_LEADER mode. State: All replicated index: 0, Majority replicated index: 1, Committed index: 1, Last appended: 1.1, Last appended by leader: 1, Current term: 1, Majority size: -1, State: 0, Mode: NON_LEADER, active raft config: opid_index: -1 OBSOLETE_local: false peers { permanent_uuid: "d6e4a88066a54e6a898f33ac094de687" member_type: VOTER last_known_addr { host: "127.11.247.193" port: 45607 } } peers { permanent_uuid: "7c9cc4dded9c469b990a3cf15bcf376c" member_type: VOTER last_known_addr { host: "127.11.247.194" port: 38263 } } peers { permanent_uuid: "ce76505617634868966d0770b16a5d88" member_type: VOTER last_known_addr { host: "127.11.247.195" port: 35983 } }
I20260709 12:13:25.755179 12539 raft_consensus.cc:3060] T d20f2da5ae64403285a6477c94380bcb P ce76505617634868966d0770b16a5d88 [term 1 FOLLOWER]: Advancing to term 2
I20260709 12:13:25.760602 12387 raft_consensus.cc:2468] T d20f2da5ae64403285a6477c94380bcb P d6e4a88066a54e6a898f33ac094de687 [term 2 FOLLOWER]: Leader election vote request: Granting yes vote for candidate 7c9cc4dded9c469b990a3cf15bcf376c in term 2.
I20260709 12:13:25.761767 12539 raft_consensus.cc:2468] T d20f2da5ae64403285a6477c94380bcb P ce76505617634868966d0770b16a5d88 [term 2 FOLLOWER]: Leader election vote request: Granting yes vote for candidate 7c9cc4dded9c469b990a3cf15bcf376c in term 2.
I20260709 12:13:25.761929 12429 leader_election.cc:304] T d20f2da5ae64403285a6477c94380bcb P 7c9cc4dded9c469b990a3cf15bcf376c [CANDIDATE]: Term 2 election: Election decided. Result: candidate won. Election summary: received 2 responses out of 3 voters: 2 yes votes; 0 no votes. yes voters: 7c9cc4dded9c469b990a3cf15bcf376c, d6e4a88066a54e6a898f33ac094de687; no voters: 
I20260709 12:13:25.762838 12589 raft_consensus.cc:2804] T d20f2da5ae64403285a6477c94380bcb P 7c9cc4dded9c469b990a3cf15bcf376c [term 2 FOLLOWER]: Leader election won for term 2
I20260709 12:13:25.763304 12589 raft_consensus.cc:697] T d20f2da5ae64403285a6477c94380bcb P 7c9cc4dded9c469b990a3cf15bcf376c [term 2 LEADER]: Becoming Leader. State: Replica: 7c9cc4dded9c469b990a3cf15bcf376c, State: Running, Role: LEADER
I20260709 12:13:25.764197 12589 consensus_queue.cc:237] T d20f2da5ae64403285a6477c94380bcb P 7c9cc4dded9c469b990a3cf15bcf376c [LEADER]: Queue going to LEADER mode. State: All replicated index: 0, Majority replicated index: 1, Committed index: 1, Last appended: 1.1, Last appended by leader: 1, Current term: 2, Majority size: 2, State: 0, Mode: LEADER, active raft config: opid_index: -1 OBSOLETE_local: false peers { permanent_uuid: "d6e4a88066a54e6a898f33ac094de687" member_type: VOTER last_known_addr { host: "127.11.247.193" port: 45607 } } peers { permanent_uuid: "7c9cc4dded9c469b990a3cf15bcf376c" member_type: VOTER last_known_addr { host: "127.11.247.194" port: 38263 } } peers { permanent_uuid: "ce76505617634868966d0770b16a5d88" member_type: VOTER last_known_addr { host: "127.11.247.195" port: 35983 } }
I20260709 12:13:25.775111 12286 catalog_manager.cc:5697] T d20f2da5ae64403285a6477c94380bcb P 7c9cc4dded9c469b990a3cf15bcf376c reported cstate change: term changed from 1 to 2, leader changed from ce76505617634868966d0770b16a5d88 (127.11.247.195) to 7c9cc4dded9c469b990a3cf15bcf376c (127.11.247.194). New cstate: current_term: 2 leader_uuid: "7c9cc4dded9c469b990a3cf15bcf376c" committed_config { opid_index: -1 OBSOLETE_local: false peers { permanent_uuid: "d6e4a88066a54e6a898f33ac094de687" member_type: VOTER last_known_addr { host: "127.11.247.193" port: 45607 } health_report { overall_health: UNKNOWN } } peers { permanent_uuid: "7c9cc4dded9c469b990a3cf15bcf376c" member_type: VOTER last_known_addr { host: "127.11.247.194" port: 38263 } health_report { overall_health: HEALTHY } } peers { permanent_uuid: "ce76505617634868966d0770b16a5d88" member_type: VOTER last_known_addr { host: "127.11.247.195" port: 35983 } health_report { overall_health: UNKNOWN } } }
I20260709 12:13:25.923769 12590 raft_consensus.cc:993] T 4250f50137c442a3829599451623ab07 P d6e4a88066a54e6a898f33ac094de687: : Instructing follower 7c9cc4dded9c469b990a3cf15bcf376c to start an election
I20260709 12:13:25.924299 12653 raft_consensus.cc:1081] T 4250f50137c442a3829599451623ab07 P d6e4a88066a54e6a898f33ac094de687 [term 1 LEADER]: Signalling peer 7c9cc4dded9c469b990a3cf15bcf376c to start an election
I20260709 12:13:25.926067 12462 tablet_service.cc:2044] Received Run Leader Election RPC: tablet_id: "4250f50137c442a3829599451623ab07"
dest_uuid: "7c9cc4dded9c469b990a3cf15bcf376c"
 from {username='slave'} at 127.0.0.1:60698
I20260709 12:13:25.926600 12462 raft_consensus.cc:493] T 4250f50137c442a3829599451623ab07 P 7c9cc4dded9c469b990a3cf15bcf376c [term 1 FOLLOWER]: Starting forced leader election (received explicit request)
I20260709 12:13:25.926877 12462 raft_consensus.cc:3060] T 4250f50137c442a3829599451623ab07 P 7c9cc4dded9c469b990a3cf15bcf376c [term 1 FOLLOWER]: Advancing to term 2
