W20260709 12:09:24.054147  4371 leader_election.cc:343] T ea5c95de7f6e4a9b8dec9fa7db0fd041 P 55a408a1ede24f0b98e0cda742f2167a [CANDIDATE]: Term 1 pre-election: Tablet error from VoteRequest() call to peer 2c1a64bb8f5c48fdac4e6ec89830db7d (127.3.16.1:35575): Illegal state: must be running to vote when last-logged opid is not known
I20260709 12:09:24.030309  4479 raft_consensus.cc:2468] T 85c88ac6adf54ddf838debcd6770e821 P 717e6acd3ba94716a0d839953f6c6bbd [term 2 FOLLOWER]: Leader election vote request: Granting yes vote for candidate 55a408a1ede24f0b98e0cda742f2167a in term 2.
I20260709 12:09:24.052598  4522 ts_tablet_manager.cc:1434] T fb9256e96f624178805336cf290df152 P 55a408a1ede24f0b98e0cda742f2167a: Time spent starting tablet: real 0.029s	user 0.006s	sys 0.000s
I20260709 12:09:24.055481  4477 raft_consensus.cc:2468] T a5341f2369264cbfaa8730d3ad88efe8 P 717e6acd3ba94716a0d839953f6c6bbd [term 1 FOLLOWER]: Leader election vote request: Granting yes vote for candidate 2c1a64bb8f5c48fdac4e6ec89830db7d in term 1.
I20260709 12:09:24.055728  4522 tablet_bootstrap.cc:492] T f642ecc9858d4d0cad3c9cf76ceaddfc P 55a408a1ede24f0b98e0cda742f2167a: Bootstrap starting.
I20260709 12:09:24.063261  4479 tablet_service.cc:1917] Received RequestConsensusVote() RPC: tablet_id: "ea5c95de7f6e4a9b8dec9fa7db0fd041" candidate_uuid: "55a408a1ede24f0b98e0cda742f2167a" candidate_term: 1 candidate_status { last_received { term: 0 index: 0 } } ignore_live_leader: false dest_uuid: "717e6acd3ba94716a0d839953f6c6bbd" is_pre_election: true
W20260709 12:09:24.068279  4369 leader_election.cc:343] T ea5c95de7f6e4a9b8dec9fa7db0fd041 P 55a408a1ede24f0b98e0cda742f2167a [CANDIDATE]: Term 1 pre-election: Tablet error from VoteRequest() call to peer 717e6acd3ba94716a0d839953f6c6bbd (127.3.16.3:41237): Illegal state: must be running to vote when last-logged opid is not known
I20260709 12:09:24.068799  4369 leader_election.cc:304] T ea5c95de7f6e4a9b8dec9fa7db0fd041 P 55a408a1ede24f0b98e0cda742f2167a [CANDIDATE]: Term 1 pre-election: Election decided. Result: candidate lost. Election summary: received 3 responses out of 3 voters: 1 yes votes; 2 no votes. yes voters: 55a408a1ede24f0b98e0cda742f2167a; no voters: 2c1a64bb8f5c48fdac4e6ec89830db7d, 717e6acd3ba94716a0d839953f6c6bbd
I20260709 12:09:24.069559  4520 tablet_bootstrap.cc:654] T ad529a0047b5400c8d1a847daabfbdeb P 717e6acd3ba94716a0d839953f6c6bbd: Neither blocks nor log segments found. Creating new log.
I20260709 12:09:24.071621  4609 raft_consensus.cc:2749] T ea5c95de7f6e4a9b8dec9fa7db0fd041 P 55a408a1ede24f0b98e0cda742f2167a [term 0 FOLLOWER]: Leader pre-election lost for term 1. Reason: could not achieve majority
I20260709 12:09:24.081331  4609 raft_consensus.cc:493] T fb9256e96f624178805336cf290df152 P 55a408a1ede24f0b98e0cda742f2167a [term 0 FOLLOWER]: Starting pre-election (no leader contacted us within the election timeout)
I20260709 12:09:24.082046  4609 raft_consensus.cc:515] T fb9256e96f624178805336cf290df152 P 55a408a1ede24f0b98e0cda742f2167a [term 0 FOLLOWER]: Starting pre-election with config: opid_index: -1 OBSOLETE_local: false peers { permanent_uuid: "2c1a64bb8f5c48fdac4e6ec89830db7d" member_type: VOTER last_known_addr { host: "127.3.16.1" port: 35575 } } peers { permanent_uuid: "55a408a1ede24f0b98e0cda742f2167a" member_type: VOTER last_known_addr { host: "127.3.16.2" port: 43587 } } peers { permanent_uuid: "717e6acd3ba94716a0d839953f6c6bbd" member_type: VOTER last_known_addr { host: "127.3.16.3" port: 41237 } }
I20260709 12:09:24.091163  4609 leader_election.cc:290] T fb9256e96f624178805336cf290df152 P 55a408a1ede24f0b98e0cda742f2167a [CANDIDATE]: Term 1 pre-election: Requested pre-vote from peers 2c1a64bb8f5c48fdac4e6ec89830db7d (127.3.16.1:35575), 717e6acd3ba94716a0d839953f6c6bbd (127.3.16.3:41237)
I20260709 12:09:24.093045  4330 tablet_service.cc:1917] Received RequestConsensusVote() RPC: tablet_id: "fb9256e96f624178805336cf290df152" candidate_uuid: "55a408a1ede24f0b98e0cda742f2167a" candidate_term: 1 candidate_status { last_received { term: 0 index: 0 } } ignore_live_leader: false dest_uuid: "2c1a64bb8f5c48fdac4e6ec89830db7d" is_pre_election: true
I20260709 12:09:24.093888  4330 raft_consensus.cc:2468] T fb9256e96f624178805336cf290df152 P 2c1a64bb8f5c48fdac4e6ec89830db7d [term 0 FOLLOWER]: Leader pre-election vote request: Granting yes vote for candidate 55a408a1ede24f0b98e0cda742f2167a in term 0.
I20260709 12:09:24.093811  4536 consensus_queue.cc:1048] T 7db3634e1d6d4c7f806b5b20afd80c5c P 55a408a1ede24f0b98e0cda742f2167a [LEADER]: Connected to new peer: Peer: permanent_uuid: "717e6acd3ba94716a0d839953f6c6bbd" member_type: VOTER last_known_addr { host: "127.3.16.3" port: 41237 }, Status: LMP_MISMATCH, Last received: 0.0, Next index: 1, Last known committed idx: 0, Time since last communication: 0.001s
I20260709 12:09:24.095937  4371 leader_election.cc:304] T fb9256e96f624178805336cf290df152 P 55a408a1ede24f0b98e0cda742f2167a [CANDIDATE]: Term 1 pre-election: Election decided. Result: candidate won. Election summary: received 2 responses out of 3 voters: 2 yes votes; 0 no votes. yes voters: 2c1a64bb8f5c48fdac4e6ec89830db7d, 55a408a1ede24f0b98e0cda742f2167a; no voters: 
I20260709 12:09:24.096784  4616 raft_consensus.cc:2804] T fb9256e96f624178805336cf290df152 P 55a408a1ede24f0b98e0cda742f2167a [term 0 FOLLOWER]: Leader pre-election won for term 1
I20260709 12:09:24.097143  4616 raft_consensus.cc:493] T fb9256e96f624178805336cf290df152 P 55a408a1ede24f0b98e0cda742f2167a [term 0 FOLLOWER]: Starting leader election (no leader contacted us within the election timeout)
I20260709 12:09:24.097489  4616 raft_consensus.cc:3060] T fb9256e96f624178805336cf290df152 P 55a408a1ede24f0b98e0cda742f2167a [term 0 FOLLOWER]: Advancing to term 1
I20260709 12:09:24.106540  4477 tablet_service.cc:1917] Received RequestConsensusVote() RPC: tablet_id: "fb9256e96f624178805336cf290df152" candidate_uuid: "55a408a1ede24f0b98e0cda742f2167a" candidate_term: 1 candidate_status { last_received { term: 0 index: 0 } } ignore_live_leader: false dest_uuid: "717e6acd3ba94716a0d839953f6c6bbd" is_pre_election: true
W20260709 12:09:24.108459  4369 leader_election.cc:343] T fb9256e96f624178805336cf290df152 P 55a408a1ede24f0b98e0cda742f2167a [CANDIDATE]: Term 1 pre-election: Tablet error from VoteRequest() call to peer 717e6acd3ba94716a0d839953f6c6bbd (127.3.16.3:41237): Illegal state: must be running to vote when last-logged opid is not known
I20260709 12:09:24.115628  4522 tablet_bootstrap.cc:654] T f642ecc9858d4d0cad3c9cf76ceaddfc P 55a408a1ede24f0b98e0cda742f2167a: Neither blocks nor log segments found. Creating new log.
I20260709 12:09:24.114614  4229 catalog_manager.cc:5697] T 85c88ac6adf54ddf838debcd6770e821 P 55a408a1ede24f0b98e0cda742f2167a reported cstate change: term changed from 0 to 2, leader changed from <none> to 55a408a1ede24f0b98e0cda742f2167a (127.3.16.2). New cstate: current_term: 2 leader_uuid: "55a408a1ede24f0b98e0cda742f2167a" committed_config { opid_index: -1 OBSOLETE_local: false peers { permanent_uuid: "2c1a64bb8f5c48fdac4e6ec89830db7d" member_type: VOTER last_known_addr { host: "127.3.16.1" port: 35575 } health_report { overall_health: UNKNOWN } } peers { permanent_uuid: "55a408a1ede24f0b98e0cda742f2167a" member_type: VOTER last_known_addr { host: "127.3.16.2" port: 43587 } health_report { overall_health: HEALTHY } } peers { permanent_uuid: "717e6acd3ba94716a0d839953f6c6bbd" member_type: VOTER last_known_addr { host: "127.3.16.3" port: 41237 } health_report { overall_health: UNKNOWN } } }
W20260709 12:09:24.121624  4371 consensus_peers.cc:597] T 1ade819589644074a5ca7f38637fdaea P 55a408a1ede24f0b98e0cda742f2167a -> Peer 2c1a64bb8f5c48fdac4e6ec89830db7d (127.3.16.1:35575): Couldn't send request to peer 2c1a64bb8f5c48fdac4e6ec89830db7d. Error code: TABLET_NOT_RUNNING (12). Status: Illegal state: Tablet not RUNNING: INITIALIZED. This is attempt 1: this message will repeat every 5th retry.
I20260709 12:09:24.123965  4521 tablet_bootstrap.cc:492] T dc09911b824341a8b634027e3114b028 P 2c1a64bb8f5c48fdac4e6ec89830db7d: No bootstrap required, opened a new log
I20260709 12:09:24.124460  4521 ts_tablet_manager.cc:1403] T dc09911b824341a8b634027e3114b028 P 2c1a64bb8f5c48fdac4e6ec89830db7d: Time spent bootstrapping tablet: real 0.169s	user 0.023s	sys 0.023s
I20260709 12:09:24.127148  4521 raft_consensus.cc:359] T dc09911b824341a8b634027e3114b028 P 2c1a64bb8f5c48fdac4e6ec89830db7d [term 0 FOLLOWER]: Replica starting. Triggering 0 pending ops. Active config: opid_index: -1 OBSOLETE_local: false peers { permanent_uuid: "2c1a64bb8f5c48fdac4e6ec89830db7d" member_type: VOTER last_known_addr { host: "127.3.16.1" port: 35575 } } peers { permanent_uuid: "55a408a1ede24f0b98e0cda742f2167a" member_type: VOTER last_known_addr { host: "127.3.16.2" port: 43587 } } peers { permanent_uuid: "717e6acd3ba94716a0d839953f6c6bbd" member_type: VOTER last_known_addr { host: "127.3.16.3" port: 41237 } }
I20260709 12:09:24.127516  4609 consensus_queue.cc:1048] T 1ade819589644074a5ca7f38637fdaea P 55a408a1ede24f0b98e0cda742f2167a [LEADER]: Connected to new peer: Peer: permanent_uuid: "717e6acd3ba94716a0d839953f6c6bbd" member_type: VOTER last_known_addr { host: "127.3.16.3" port: 41237 }, Status: LMP_MISMATCH, Last received: 0.0, Next index: 1, Last known committed idx: 0, Time since last communication: 0.000s
I20260709 12:09:24.127897  4521 raft_consensus.cc:385] T dc09911b824341a8b634027e3114b028 P 2c1a64bb8f5c48fdac4e6ec89830db7d [term 0 FOLLOWER]: Consensus starting up: Expiring failure detector timer to make a prompt election more likely
I20260709 12:09:24.128228  4521 raft_consensus.cc:740] T dc09911b824341a8b634027e3114b028 P 2c1a64bb8f5c48fdac4e6ec89830db7d [term 0 FOLLOWER]: Becoming Follower/Learner. State: Replica: 2c1a64bb8f5c48fdac4e6ec89830db7d, State: Initialized, Role: FOLLOWER
I20260709 12:09:24.130175  4521 consensus_queue.cc:260] T dc09911b824341a8b634027e3114b028 P 2c1a64bb8f5c48fdac4e6ec89830db7d [NON_LEADER]: Queue going to NON_LEADER mode. State: All replicated index: 0, Majority replicated index: 0, Committed index: 0, Last appended: 0.0, Last appended by leader: 0, Current term: 0, Majority size: -1, State: 0, Mode: NON_LEADER, active raft config: opid_index: -1 OBSOLETE_local: false peers { permanent_uuid: "2c1a64bb8f5c48fdac4e6ec89830db7d" member_type: VOTER last_known_addr { host: "127.3.16.1" port: 35575 } } peers { permanent_uuid: "55a408a1ede24f0b98e0cda742f2167a" member_type: VOTER last_known_addr { host: "127.3.16.2" port: 43587 } } peers { permanent_uuid: "717e6acd3ba94716a0d839953f6c6bbd" member_type: VOTER last_known_addr { host: "127.3.16.3" port: 41237 } }
I20260709 12:09:24.131417  4625 raft_consensus.cc:493] T dc09911b824341a8b634027e3114b028 P 2c1a64bb8f5c48fdac4e6ec89830db7d [term 0 FOLLOWER]: Starting pre-election (no leader contacted us within the election timeout)
I20260709 12:09:24.131901  4625 raft_consensus.cc:515] T dc09911b824341a8b634027e3114b028 P 2c1a64bb8f5c48fdac4e6ec89830db7d [term 0 FOLLOWER]: Starting pre-election with config: opid_index: -1 OBSOLETE_local: false peers { permanent_uuid: "2c1a64bb8f5c48fdac4e6ec89830db7d" member_type: VOTER last_known_addr { host: "127.3.16.1" port: 35575 } } peers { permanent_uuid: "55a408a1ede24f0b98e0cda742f2167a" member_type: VOTER last_known_addr { host: "127.3.16.2" port: 43587 } } peers { permanent_uuid: "717e6acd3ba94716a0d839953f6c6bbd" member_type: VOTER last_known_addr { host: "127.3.16.3" port: 41237 } }
I20260709 12:09:24.133934  4625 leader_election.cc:290] T dc09911b824341a8b634027e3114b028 P 2c1a64bb8f5c48fdac4e6ec89830db7d [CANDIDATE]: Term 1 pre-election: Requested pre-vote from peers 55a408a1ede24f0b98e0cda742f2167a (127.3.16.2:43587), 717e6acd3ba94716a0d839953f6c6bbd (127.3.16.3:41237)
I20260709 12:09:24.133838  4616 raft_consensus.cc:515] T fb9256e96f624178805336cf290df152 P 55a408a1ede24f0b98e0cda742f2167a [term 1 FOLLOWER]: Starting leader election with config: opid_index: -1 OBSOLETE_local: false peers { permanent_uuid: "2c1a64bb8f5c48fdac4e6ec89830db7d" member_type: VOTER last_known_addr { host: "127.3.16.1" port: 35575 } } peers { permanent_uuid: "55a408a1ede24f0b98e0cda742f2167a" member_type: VOTER last_known_addr { host: "127.3.16.2" port: 43587 } } peers { permanent_uuid: "717e6acd3ba94716a0d839953f6c6bbd" member_type: VOTER last_known_addr { host: "127.3.16.3" port: 41237 } }
I20260709 12:09:24.134709  4405 tablet_service.cc:1917] Received RequestConsensusVote() RPC: tablet_id: "dc09911b824341a8b634027e3114b028" candidate_uuid: "2c1a64bb8f5c48fdac4e6ec89830db7d" candidate_term: 1 candidate_status { last_received { term: 0 index: 0 } } ignore_live_leader: false dest_uuid: "55a408a1ede24f0b98e0cda742f2167a" is_pre_election: true
I20260709 12:09:24.135563  4405 raft_consensus.cc:2393] T dc09911b824341a8b634027e3114b028 P 55a408a1ede24f0b98e0cda742f2167a [term 1 FOLLOWER]: Leader pre-election vote request: Denying vote to candidate 2c1a64bb8f5c48fdac4e6ec89830db7d in current term 1: Already voted for candidate 717e6acd3ba94716a0d839953f6c6bbd in this term.
I20260709 12:09:24.137521  4521 ts_tablet_manager.cc:1434] T dc09911b824341a8b634027e3114b028 P 2c1a64bb8f5c48fdac4e6ec89830db7d: Time spent starting tablet: real 0.013s	user 0.006s	sys 0.000s
I20260709 12:09:24.137625  4480 tablet_service.cc:1917] Received RequestConsensusVote() RPC: tablet_id: "dc09911b824341a8b634027e3114b028" candidate_uuid: "2c1a64bb8f5c48fdac4e6ec89830db7d" candidate_term: 1 candidate_status { last_received { term: 0 index: 0 } } ignore_live_leader: false dest_uuid: "717e6acd3ba94716a0d839953f6c6bbd" is_pre_election: true
I20260709 12:09:24.139148  4294 leader_election.cc:304] T dc09911b824341a8b634027e3114b028 P 2c1a64bb8f5c48fdac4e6ec89830db7d [CANDIDATE]: Term 1 pre-election: Election decided. Result: candidate lost. Election summary: received 3 responses out of 3 voters: 1 yes votes; 2 no votes. yes voters: 2c1a64bb8f5c48fdac4e6ec89830db7d; no voters: 55a408a1ede24f0b98e0cda742f2167a, 717e6acd3ba94716a0d839953f6c6bbd
I20260709 12:09:24.139961  4625 raft_consensus.cc:3060] T dc09911b824341a8b634027e3114b028 P 2c1a64bb8f5c48fdac4e6ec89830db7d [term 0 FOLLOWER]: Advancing to term 1
I20260709 12:09:24.140939  4616 leader_election.cc:290] T fb9256e96f624178805336cf290df152 P 55a408a1ede24f0b98e0cda742f2167a [CANDIDATE]: Term 1 election: Requested vote from peers 2c1a64bb8f5c48fdac4e6ec89830db7d (127.3.16.1:35575), 717e6acd3ba94716a0d839953f6c6bbd (127.3.16.3:41237)
I20260709 12:09:24.141263  4521 tablet_bootstrap.cc:492] T 1ade819589644074a5ca7f38637fdaea P 2c1a64bb8f5c48fdac4e6ec89830db7d: Bootstrap starting.
I20260709 12:09:24.144563  4331 tablet_service.cc:1917] Received RequestConsensusVote() RPC: tablet_id: "fb9256e96f624178805336cf290df152" candidate_uuid: "55a408a1ede24f0b98e0cda742f2167a" candidate_term: 1 candidate_status { last_received { term: 0 index: 0 } } ignore_live_leader: false dest_uuid: "2c1a64bb8f5c48fdac4e6ec89830db7d"
I20260709 12:09:24.145156  4331 raft_consensus.cc:3060] T fb9256e96f624178805336cf290df152 P 2c1a64bb8f5c48fdac4e6ec89830db7d [term 0 FOLLOWER]: Advancing to term 1
I20260709 12:09:24.151087  4480 tablet_service.cc:1917] Received RequestConsensusVote() RPC: tablet_id: "fb9256e96f624178805336cf290df152" candidate_uuid: "55a408a1ede24f0b98e0cda742f2167a" candidate_term: 1 candidate_status { last_received { term: 0 index: 0 } } ignore_live_leader: false dest_uuid: "717e6acd3ba94716a0d839953f6c6bbd"
W20260709 12:09:24.152599  4369 leader_election.cc:343] T fb9256e96f624178805336cf290df152 P 55a408a1ede24f0b98e0cda742f2167a [CANDIDATE]: Term 1 election: Tablet error from VoteRequest() call to peer 717e6acd3ba94716a0d839953f6c6bbd (127.3.16.3:41237): Illegal state: must be running to vote when last-logged opid is not known
I20260709 12:09:24.152841  4229 catalog_manager.cc:5697] T a5341f2369264cbfaa8730d3ad88efe8 P 2c1a64bb8f5c48fdac4e6ec89830db7d reported cstate change: term changed from 0 to 1, leader changed from <none> to 2c1a64bb8f5c48fdac4e6ec89830db7d (127.3.16.1). New cstate: current_term: 1 leader_uuid: "2c1a64bb8f5c48fdac4e6ec89830db7d" committed_config { opid_index: -1 OBSOLETE_local: false peers { permanent_uuid: "2c1a64bb8f5c48fdac4e6ec89830db7d" member_type: VOTER last_known_addr { host: "127.3.16.1" port: 35575 } health_report { overall_health: HEALTHY } } peers { permanent_uuid: "55a408a1ede24f0b98e0cda742f2167a" member_type: VOTER last_known_addr { host: "127.3.16.2" port: 43587 } health_report { overall_health: UNKNOWN } } peers { permanent_uuid: "717e6acd3ba94716a0d839953f6c6bbd" member_type: VOTER last_known_addr { host: "127.3.16.3" port: 41237 } health_report { overall_health: UNKNOWN } } }
I20260709 12:09:24.156530  4522 tablet_bootstrap.cc:492] T f642ecc9858d4d0cad3c9cf76ceaddfc P 55a408a1ede24f0b98e0cda742f2167a: No bootstrap required, opened a new log
I20260709 12:09:24.157076  4522 ts_tablet_manager.cc:1403] T f642ecc9858d4d0cad3c9cf76ceaddfc P 55a408a1ede24f0b98e0cda742f2167a: Time spent bootstrapping tablet: real 0.102s	user 0.010s	sys 0.003s
I20260709 12:09:24.158310  4520 tablet_bootstrap.cc:492] T ad529a0047b5400c8d1a847daabfbdeb P 717e6acd3ba94716a0d839953f6c6bbd: No bootstrap required, opened a new log
I20260709 12:09:24.158735  4520 ts_tablet_manager.cc:1403] T ad529a0047b5400c8d1a847daabfbdeb P 717e6acd3ba94716a0d839953f6c6bbd: Time spent bootstrapping tablet: real 0.139s	user 0.015s	sys 0.000s
I20260709 12:09:24.161355  4521 tablet_bootstrap.cc:654] T 1ade819589644074a5ca7f38637fdaea P 2c1a64bb8f5c48fdac4e6ec89830db7d: Neither blocks nor log segments found. Creating new log.
I20260709 12:09:24.162664  4625 raft_consensus.cc:2749] T dc09911b824341a8b634027e3114b028 P 2c1a64bb8f5c48fdac4e6ec89830db7d [term 1 FOLLOWER]: Leader pre-election lost for term 1. Reason: could not achieve majority
I20260709 12:09:24.165844  4331 raft_consensus.cc:2468] T fb9256e96f624178805336cf290df152 P 2c1a64bb8f5c48fdac4e6ec89830db7d [term 1 FOLLOWER]: Leader election vote request: Granting yes vote for candidate 55a408a1ede24f0b98e0cda742f2167a in term 1.
I20260709 12:09:24.167778  4371 leader_election.cc:304] T fb9256e96f624178805336cf290df152 P 55a408a1ede24f0b98e0cda742f2167a [CANDIDATE]: Term 1 election: Election decided. Result: candidate won. Election summary: received 3 responses out of 3 voters: 2 yes votes; 1 no votes. yes voters: 2c1a64bb8f5c48fdac4e6ec89830db7d, 55a408a1ede24f0b98e0cda742f2167a; no voters: 717e6acd3ba94716a0d839953f6c6bbd
I20260709 12:09:24.169193  4616 raft_consensus.cc:2804] T fb9256e96f624178805336cf290df152 P 55a408a1ede24f0b98e0cda742f2167a [term 1 FOLLOWER]: Leader election won for term 1
I20260709 12:09:24.169425  4520 raft_consensus.cc:359] T ad529a0047b5400c8d1a847daabfbdeb P 717e6acd3ba94716a0d839953f6c6bbd [term 0 FOLLOWER]: Replica starting. Triggering 0 pending ops. Active config: opid_index: -1 OBSOLETE_local: false peers { permanent_uuid: "2c1a64bb8f5c48fdac4e6ec89830db7d" member_type: VOTER last_known_addr { host: "127.3.16.1" port: 35575 } } peers { permanent_uuid: "55a408a1ede24f0b98e0cda742f2167a" member_type: VOTER last_known_addr { host: "127.3.16.2" port: 43587 } } peers { permanent_uuid: "717e6acd3ba94716a0d839953f6c6bbd" member_type: VOTER last_known_addr { host: "127.3.16.3" port: 41237 } }
I20260709 12:09:24.170230  4520 raft_consensus.cc:385] T ad529a0047b5400c8d1a847daabfbdeb P 717e6acd3ba94716a0d839953f6c6bbd [term 0 FOLLOWER]: Consensus starting up: Expiring failure detector timer to make a prompt election more likely
I20260709 12:09:24.170076  4616 raft_consensus.cc:697] T fb9256e96f624178805336cf290df152 P 55a408a1ede24f0b98e0cda742f2167a [term 1 LEADER]: Becoming Leader. State: Replica: 55a408a1ede24f0b98e0cda742f2167a, State: Running, Role: LEADER
I20260709 12:09:24.170588  4520 raft_consensus.cc:740] T ad529a0047b5400c8d1a847daabfbdeb P 717e6acd3ba94716a0d839953f6c6bbd [term 0 FOLLOWER]: Becoming Follower/Learner. State: Replica: 717e6acd3ba94716a0d839953f6c6bbd, State: Initialized, Role: FOLLOWER
I20260709 12:09:24.171591  4616 consensus_queue.cc:237] T fb9256e96f624178805336cf290df152 P 55a408a1ede24f0b98e0cda742f2167a [LEADER]: Queue going to LEADER mode. State: All replicated index: 0, Majority replicated index: 0, Committed index: 0, Last appended: 0.0, Last appended by leader: 0, Current term: 1, Majority size: 2, State: 0, Mode: LEADER, active raft config: opid_index: -1 OBSOLETE_local: false peers { permanent_uuid: "2c1a64bb8f5c48fdac4e6ec89830db7d" member_type: VOTER last_known_addr { host: "127.3.16.1" port: 35575 } } peers { permanent_uuid: "55a408a1ede24f0b98e0cda742f2167a" member_type: VOTER last_known_addr { host: "127.3.16.2" port: 43587 } } peers { permanent_uuid: "717e6acd3ba94716a0d839953f6c6bbd" member_type: VOTER last_known_addr { host: "127.3.16.3" port: 41237 } }
I20260709 12:09:24.171837  4520 consensus_queue.cc:260] T ad529a0047b5400c8d1a847daabfbdeb P 717e6acd3ba94716a0d839953f6c6bbd [NON_LEADER]: Queue going to NON_LEADER mode. State: All replicated index: 0, Majority replicated index: 0, Committed index: 0, Last appended: 0.0, Last appended by leader: 0, Current term: 0, Majority size: -1, State: 0, Mode: NON_LEADER, active raft config: opid_index: -1 OBSOLETE_local: false peers { permanent_uuid: "2c1a64bb8f5c48fdac4e6ec89830db7d" member_type: VOTER last_known_addr { host: "127.3.16.1" port: 35575 } } peers { permanent_uuid: "55a408a1ede24f0b98e0cda742f2167a" member_type: VOTER last_known_addr { host: "127.3.16.2" port: 43587 } } peers { permanent_uuid: "717e6acd3ba94716a0d839953f6c6bbd" member_type: VOTER last_known_addr { host: "127.3.16.3" port: 41237 } }
I20260709 12:09:24.173151  4522 raft_consensus.cc:359] T f642ecc9858d4d0cad3c9cf76ceaddfc P 55a408a1ede24f0b98e0cda742f2167a [term 0 FOLLOWER]: Replica starting. Triggering 0 pending ops. Active config: opid_index: -1 OBSOLETE_local: false peers { permanent_uuid: "2c1a64bb8f5c48fdac4e6ec89830db7d" member_type: VOTER last_known_addr { host: "127.3.16.1" port: 35575 } } peers { permanent_uuid: "55a408a1ede24f0b98e0cda742f2167a" member_type: VOTER last_known_addr { host: "127.3.16.2" port: 43587 } } peers { permanent_uuid: "717e6acd3ba94716a0d839953f6c6bbd" member_type: VOTER last_known_addr { host: "127.3.16.3" port: 41237 } }
I20260709 12:09:24.184363  4522 raft_consensus.cc:385] T f642ecc9858d4d0cad3c9cf76ceaddfc P 55a408a1ede24f0b98e0cda742f2167a [term 0 FOLLOWER]: Consensus starting up: Expiring failure detector timer to make a prompt election more likely
I20260709 12:09:24.189250  4522 raft_consensus.cc:740] T f642ecc9858d4d0cad3c9cf76ceaddfc P 55a408a1ede24f0b98e0cda742f2167a [term 0 FOLLOWER]: Becoming Follower/Learner. State: Replica: 55a408a1ede24f0b98e0cda742f2167a, State: Initialized, Role: FOLLOWER
I20260709 12:09:24.190227  4522 consensus_queue.cc:260] T f642ecc9858d4d0cad3c9cf76ceaddfc P 55a408a1ede24f0b98e0cda742f2167a [NON_LEADER]: Queue going to NON_LEADER mode. State: All replicated index: 0, Majority replicated index: 0, Committed index: 0, Last appended: 0.0, Last appended by leader: 0, Current term: 0, Majority size: -1, State: 0, Mode: NON_LEADER, active raft config: opid_index: -1 OBSOLETE_local: false peers { permanent_uuid: "2c1a64bb8f5c48fdac4e6ec89830db7d" member_type: VOTER last_known_addr { host: "127.3.16.1" port: 35575 } } peers { permanent_uuid: "55a408a1ede24f0b98e0cda742f2167a" member_type: VOTER last_known_addr { host: "127.3.16.2" port: 43587 } } peers { permanent_uuid: "717e6acd3ba94716a0d839953f6c6bbd" member_type: VOTER last_known_addr { host: "127.3.16.3" port: 41237 } }
I20260709 12:09:24.193269  4522 ts_tablet_manager.cc:1434] T f642ecc9858d4d0cad3c9cf76ceaddfc P 55a408a1ede24f0b98e0cda742f2167a: Time spent starting tablet: real 0.036s	user 0.002s	sys 0.005s
I20260709 12:09:24.194825  4522 tablet_bootstrap.cc:492] T 198a915ddbb7424bad4e4fea60f83600 P 55a408a1ede24f0b98e0cda742f2167a: Bootstrap starting.
I20260709 12:09:24.197734  4520 ts_tablet_manager.cc:1434] T ad529a0047b5400c8d1a847daabfbdeb P 717e6acd3ba94716a0d839953f6c6bbd: Time spent starting tablet: real 0.039s	user 0.008s	sys 0.002s
I20260709 12:09:24.198768  4520 tablet_bootstrap.cc:492] T bb6070df27ae4dc0bf7398f5da8b460c P 717e6acd3ba94716a0d839953f6c6bbd: Bootstrap starting.
I20260709 12:09:24.199493  4521 tablet_bootstrap.cc:492] T 1ade819589644074a5ca7f38637fdaea P 2c1a64bb8f5c48fdac4e6ec89830db7d: No bootstrap required, opened a new log
I20260709 12:09:24.199940  4521 ts_tablet_manager.cc:1403] T 1ade819589644074a5ca7f38637fdaea P 2c1a64bb8f5c48fdac4e6ec89830db7d: Time spent bootstrapping tablet: real 0.062s	user 0.009s	sys 0.030s
I20260709 12:09:24.203788  4521 raft_consensus.cc:359] T 1ade819589644074a5ca7f38637fdaea P 2c1a64bb8f5c48fdac4e6ec89830db7d [term 0 FOLLOWER]: Replica starting. Triggering 0 pending ops. Active config: opid_index: -1 OBSOLETE_local: false peers { permanent_uuid: "2c1a64bb8f5c48fdac4e6ec89830db7d" member_type: VOTER last_known_addr { host: "127.3.16.1" port: 35575 } } peers { permanent_uuid: "55a408a1ede24f0b98e0cda742f2167a" member_type: VOTER last_known_addr { host: "127.3.16.2" port: 43587 } } peers { permanent_uuid: "717e6acd3ba94716a0d839953f6c6bbd" member_type: VOTER last_known_addr { host: "127.3.16.3" port: 41237 } }
I20260709 12:09:24.204869  4521 raft_consensus.cc:385] T 1ade819589644074a5ca7f38637fdaea P 2c1a64bb8f5c48fdac4e6ec89830db7d [term 0 FOLLOWER]: Consensus starting up: Expiring failure detector timer to make a prompt election more likely
I20260709 12:09:24.205204  4521 raft_consensus.cc:740] T 1ade819589644074a5ca7f38637fdaea P 2c1a64bb8f5c48fdac4e6ec89830db7d [term 0 FOLLOWER]: Becoming Follower/Learner. State: Replica: 2c1a64bb8f5c48fdac4e6ec89830db7d, State: Initialized, Role: FOLLOWER
I20260709 12:09:24.206044  4521 consensus_queue.cc:260] T 1ade819589644074a5ca7f38637fdaea P 2c1a64bb8f5c48fdac4e6ec89830db7d [NON_LEADER]: Queue going to NON_LEADER mode. State: All replicated index: 0, Majority replicated index: 0, Committed index: 0, Last appended: 0.0, Last appended by leader: 0, Current term: 0, Majority size: -1, State: 0, Mode: NON_LEADER, active raft config: opid_index: -1 OBSOLETE_local: false peers { permanent_uuid: "2c1a64bb8f5c48fdac4e6ec89830db7d" member_type: VOTER last_known_addr { host: "127.3.16.1" port: 35575 } } peers { permanent_uuid: "55a408a1ede24f0b98e0cda742f2167a" member_type: VOTER last_known_addr { host: "127.3.16.2" port: 43587 } } peers { permanent_uuid: "717e6acd3ba94716a0d839953f6c6bbd" member_type: VOTER last_known_addr { host: "127.3.16.3" port: 41237 } }
I20260709 12:09:24.208295  4521 ts_tablet_manager.cc:1434] T 1ade819589644074a5ca7f38637fdaea P 2c1a64bb8f5c48fdac4e6ec89830db7d: Time spent starting tablet: real 0.008s	user 0.005s	sys 0.002s
I20260709 12:09:24.209247  4521 tablet_bootstrap.cc:492] T bb6070df27ae4dc0bf7398f5da8b460c P 2c1a64bb8f5c48fdac4e6ec89830db7d: Bootstrap starting.
I20260709 12:09:24.213655  4608 raft_consensus.cc:493] T 7cecef7d63db43fdba82f5f3f78028ca P 55a408a1ede24f0b98e0cda742f2167a [term 0 FOLLOWER]: Starting pre-election (no leader contacted us within the election timeout)
I20260709 12:09:24.214143  4608 raft_consensus.cc:515] T 7cecef7d63db43fdba82f5f3f78028ca P 55a408a1ede24f0b98e0cda742f2167a [term 0 FOLLOWER]: Starting pre-election with config: opid_index: -1 OBSOLETE_local: false peers { permanent_uuid: "2c1a64bb8f5c48fdac4e6ec89830db7d" member_type: VOTER last_known_addr { host: "127.3.16.1" port: 35575 } } peers { permanent_uuid: "55a408a1ede24f0b98e0cda742f2167a" member_type: VOTER last_known_addr { host: "127.3.16.2" port: 43587 } } peers { permanent_uuid: "717e6acd3ba94716a0d839953f6c6bbd" member_type: VOTER last_known_addr { host: "127.3.16.3" port: 41237 } }
I20260709 12:09:24.215803  4521 tablet_bootstrap.cc:654] T bb6070df27ae4dc0bf7398f5da8b460c P 2c1a64bb8f5c48fdac4e6ec89830db7d: Neither blocks nor log segments found. Creating new log.
I20260709 12:09:24.217285  4331 tablet_service.cc:1917] Received RequestConsensusVote() RPC: tablet_id: "7cecef7d63db43fdba82f5f3f78028ca" candidate_uuid: "55a408a1ede24f0b98e0cda742f2167a" candidate_term: 1 candidate_status { last_received { term: 0 index: 0 } } ignore_live_leader: false dest_uuid: "2c1a64bb8f5c48fdac4e6ec89830db7d" is_pre_election: true
I20260709 12:09:24.218046  4522 tablet_bootstrap.cc:654] T 198a915ddbb7424bad4e4fea60f83600 P 55a408a1ede24f0b98e0cda742f2167a: Neither blocks nor log segments found. Creating new log.
W20260709 12:09:24.218683  4371 leader_election.cc:343] T 7cecef7d63db43fdba82f5f3f78028ca P 55a408a1ede24f0b98e0cda742f2167a [CANDIDATE]: Term 1 pre-election: Tablet error from VoteRequest() call to peer 2c1a64bb8f5c48fdac4e6ec89830db7d (127.3.16.1:35575): Illegal state: must be running to vote when last-logged opid is not known
I20260709 12:09:24.219650  4608 leader_election.cc:290] T 7cecef7d63db43fdba82f5f3f78028ca P 55a408a1ede24f0b98e0cda742f2167a [CANDIDATE]: Term 1 pre-election: Requested pre-vote from peers 2c1a64bb8f5c48fdac4e6ec89830db7d (127.3.16.1:35575), 717e6acd3ba94716a0d839953f6c6bbd (127.3.16.3:41237)
I20260709 12:09:24.221908  4608 raft_consensus.cc:493] T ad529a0047b5400c8d1a847daabfbdeb P 55a408a1ede24f0b98e0cda742f2167a [term 0 FOLLOWER]: Starting pre-election (no leader contacted us within the election timeout)
I20260709 12:09:24.222332  4608 raft_consensus.cc:515] T ad529a0047b5400c8d1a847daabfbdeb P 55a408a1ede24f0b98e0cda742f2167a [term 0 FOLLOWER]: Starting pre-election with config: opid_index: -1 OBSOLETE_local: false peers { permanent_uuid: "2c1a64bb8f5c48fdac4e6ec89830db7d" member_type: VOTER last_known_addr { host: "127.3.16.1" port: 35575 } } peers { permanent_uuid: "55a408a1ede24f0b98e0cda742f2167a" member_type: VOTER last_known_addr { host: "127.3.16.2" port: 43587 } } peers { permanent_uuid: "717e6acd3ba94716a0d839953f6c6bbd" member_type: VOTER last_known_addr { host: "127.3.16.3" port: 41237 } }
I20260709 12:09:24.224134  4625 raft_consensus.cc:493] T 1ade819589644074a5ca7f38637fdaea P 2c1a64bb8f5c48fdac4e6ec89830db7d [term 0 FOLLOWER]: Starting pre-election (no leader contacted us within the election timeout)
I20260709 12:09:24.224881  4625 raft_consensus.cc:515] T 1ade819589644074a5ca7f38637fdaea P 2c1a64bb8f5c48fdac4e6ec89830db7d [term 0 FOLLOWER]: Starting pre-election with config: opid_index: -1 OBSOLETE_local: false peers { permanent_uuid: "2c1a64bb8f5c48fdac4e6ec89830db7d" member_type: VOTER last_known_addr { host: "127.3.16.1" port: 35575 } } peers { permanent_uuid: "55a408a1ede24f0b98e0cda742f2167a" member_type: VOTER last_known_addr { host: "127.3.16.2" port: 43587 } } peers { permanent_uuid: "717e6acd3ba94716a0d839953f6c6bbd" member_type: VOTER last_known_addr { host: "127.3.16.3" port: 41237 } }
I20260709 12:09:24.226164  4608 leader_election.cc:290] T ad529a0047b5400c8d1a847daabfbdeb P 55a408a1ede24f0b98e0cda742f2167a [CANDIDATE]: Term 1 pre-election: Requested pre-vote from peers 2c1a64bb8f5c48fdac4e6ec89830db7d (127.3.16.1:35575), 717e6acd3ba94716a0d839953f6c6bbd (127.3.16.3:41237)
I20260709 12:09:24.228999  4405 tablet_service.cc:1917] Received RequestConsensusVote() RPC: tablet_id: "1ade819589644074a5ca7f38637fdaea" candidate_uuid: "2c1a64bb8f5c48fdac4e6ec89830db7d" candidate_term: 1 candidate_status { last_received { term: 0 index: 0 } } ignore_live_leader: false dest_uuid: "55a408a1ede24f0b98e0cda742f2167a" is_pre_election: true
I20260709 12:09:24.232136  4520 tablet_bootstrap.cc:654] T bb6070df27ae4dc0bf7398f5da8b460c P 717e6acd3ba94716a0d839953f6c6bbd: Neither blocks nor log segments found. Creating new log.
I20260709 12:09:24.225342  4331 tablet_service.cc:1917] Received RequestConsensusVote() RPC: tablet_id: "ad529a0047b5400c8d1a847daabfbdeb" candidate_uuid: "55a408a1ede24f0b98e0cda742f2167a" candidate_term: 1 candidate_status { last_received { term: 0 index: 0 } } ignore_live_leader: false dest_uuid: "2c1a64bb8f5c48fdac4e6ec89830db7d" is_pre_election: true
I20260709 12:09:24.232812  4331 raft_consensus.cc:2468] T ad529a0047b5400c8d1a847daabfbdeb P 2c1a64bb8f5c48fdac4e6ec89830db7d [term 0 FOLLOWER]: Leader pre-election vote request: Granting yes vote for candidate 55a408a1ede24f0b98e0cda742f2167a in term 0.
I20260709 12:09:24.234257  4371 leader_election.cc:304] T ad529a0047b5400c8d1a847daabfbdeb P 55a408a1ede24f0b98e0cda742f2167a [CANDIDATE]: Term 1 pre-election: Election decided. Result: candidate won. Election summary: received 2 responses out of 3 voters: 2 yes votes; 0 no votes. yes voters: 2c1a64bb8f5c48fdac4e6ec89830db7d, 55a408a1ede24f0b98e0cda742f2167a; no voters: 
I20260709 12:09:24.236138  4625 leader_election.cc:290] T 1ade819589644074a5ca7f38637fdaea P 2c1a64bb8f5c48fdac4e6ec89830db7d [CANDIDATE]: Term 1 pre-election: Requested pre-vote from peers 55a408a1ede24f0b98e0cda742f2167a (127.3.16.2:43587), 717e6acd3ba94716a0d839953f6c6bbd (127.3.16.3:41237)
I20260709 12:09:24.236698  4608 raft_consensus.cc:2804] T ad529a0047b5400c8d1a847daabfbdeb P 55a408a1ede24f0b98e0cda742f2167a [term 0 FOLLOWER]: Leader pre-election won for term 1
I20260709 12:09:24.237085  4608 raft_consensus.cc:493] T ad529a0047b5400c8d1a847daabfbdeb P 55a408a1ede24f0b98e0cda742f2167a [term 0 FOLLOWER]: Starting leader election (no leader contacted us within the election timeout)
I20260709 12:09:24.237430  4608 raft_consensus.cc:3060] T ad529a0047b5400c8d1a847daabfbdeb P 55a408a1ede24f0b98e0cda742f2167a [term 0 FOLLOWER]: Advancing to term 1
I20260709 12:09:24.243811  4479 tablet_service.cc:1917] Received RequestConsensusVote() RPC: tablet_id: "1ade819589644074a5ca7f38637fdaea" candidate_uuid: "2c1a64bb8f5c48fdac4e6ec89830db7d" candidate_term: 1 candidate_status { last_received { term: 0 index: 0 } } ignore_live_leader: false dest_uuid: "717e6acd3ba94716a0d839953f6c6bbd" is_pre_election: true
I20260709 12:09:24.246131  4294 leader_election.cc:304] T 1ade819589644074a5ca7f38637fdaea P 2c1a64bb8f5c48fdac4e6ec89830db7d [CANDIDATE]: Term 1 pre-election: Election decided. Result: candidate lost. Election summary: received 3 responses out of 3 voters: 1 yes votes; 2 no votes. yes voters: 2c1a64bb8f5c48fdac4e6ec89830db7d; no voters: 55a408a1ede24f0b98e0cda742f2167a, 717e6acd3ba94716a0d839953f6c6bbd
I20260709 12:09:24.248032  4625 raft_consensus.cc:2749] T 1ade819589644074a5ca7f38637fdaea P 2c1a64bb8f5c48fdac4e6ec89830db7d [term 0 FOLLOWER]: Leader pre-election lost for term 1. Reason: could not achieve majority
I20260709 12:09:24.250876  4522 tablet_bootstrap.cc:492] T 198a915ddbb7424bad4e4fea60f83600 P 55a408a1ede24f0b98e0cda742f2167a: No bootstrap required, opened a new log
I20260709 12:09:24.251403  4522 ts_tablet_manager.cc:1403] T 198a915ddbb7424bad4e4fea60f83600 P 55a408a1ede24f0b98e0cda742f2167a: Time spent bootstrapping tablet: real 0.057s	user 0.006s	sys 0.005s
I20260709 12:09:24.251219  4608 raft_consensus.cc:515] T ad529a0047b5400c8d1a847daabfbdeb P 55a408a1ede24f0b98e0cda742f2167a [term 1 FOLLOWER]: Starting leader election with config: opid_index: -1 OBSOLETE_local: false peers { permanent_uuid: "2c1a64bb8f5c48fdac4e6ec89830db7d" member_type: VOTER last_known_addr { host: "127.3.16.1" port: 35575 } } peers { permanent_uuid: "55a408a1ede24f0b98e0cda742f2167a" member_type: VOTER last_known_addr { host: "127.3.16.2" port: 43587 } } peers { permanent_uuid: "717e6acd3ba94716a0d839953f6c6bbd" member_type: VOTER last_known_addr { host: "127.3.16.3" port: 41237 } }
I20260709 12:09:24.253993  4331 tablet_service.cc:1917] Received RequestConsensusVote() RPC: tablet_id: "ad529a0047b5400c8d1a847daabfbdeb" candidate_uuid: "55a408a1ede24f0b98e0cda742f2167a" candidate_term: 1 candidate_status { last_received { term: 0 index: 0 } } ignore_live_leader: false dest_uuid: "2c1a64bb8f5c48fdac4e6ec89830db7d"
I20260709 12:09:24.254648  4331 raft_consensus.cc:3060] T ad529a0047b5400c8d1a847daabfbdeb P 2c1a64bb8f5c48fdac4e6ec89830db7d [term 0 FOLLOWER]: Advancing to term 1
I20260709 12:09:24.261431  4520 tablet_bootstrap.cc:492] T bb6070df27ae4dc0bf7398f5da8b460c P 717e6acd3ba94716a0d839953f6c6bbd: No bootstrap required, opened a new log
I20260709 12:09:24.262324  4479 tablet_service.cc:1917] Received RequestConsensusVote() RPC: tablet_id: "7cecef7d63db43fdba82f5f3f78028ca" candidate_uuid: "55a408a1ede24f0b98e0cda742f2167a" candidate_term: 1 candidate_status { last_received { term: 0 index: 0 } } ignore_live_leader: false dest_uuid: "717e6acd3ba94716a0d839953f6c6bbd" is_pre_election: true
I20260709 12:09:24.262863  4331 raft_consensus.cc:2468] T ad529a0047b5400c8d1a847daabfbdeb P 2c1a64bb8f5c48fdac4e6ec89830db7d [term 1 FOLLOWER]: Leader election vote request: Granting yes vote for candidate 55a408a1ede24f0b98e0cda742f2167a in term 1.
I20260709 12:09:24.263078  4520 ts_tablet_manager.cc:1403] T bb6070df27ae4dc0bf7398f5da8b460c P 717e6acd3ba94716a0d839953f6c6bbd: Time spent bootstrapping tablet: real 0.065s	user 0.014s	sys 0.001s
I20260709 12:09:24.264060  4371 leader_election.cc:304] T ad529a0047b5400c8d1a847daabfbdeb P 55a408a1ede24f0b98e0cda742f2167a [CANDIDATE]: Term 1 election: Election decided. Result: candidate won. Election summary: received 2 responses out of 3 voters: 2 yes votes; 0 no votes. yes voters: 2c1a64bb8f5c48fdac4e6ec89830db7d, 55a408a1ede24f0b98e0cda742f2167a; no voters: 
I20260709 12:09:24.264881  4616 raft_consensus.cc:2804] T ad529a0047b5400c8d1a847daabfbdeb P 55a408a1ede24f0b98e0cda742f2167a [term 1 FOLLOWER]: Leader election won for term 1
I20260709 12:09:24.265313  4616 raft_consensus.cc:697] T ad529a0047b5400c8d1a847daabfbdeb P 55a408a1ede24f0b98e0cda742f2167a [term 1 LEADER]: Becoming Leader. State: Replica: 55a408a1ede24f0b98e0cda742f2167a, State: Running, Role: LEADER
I20260709 12:09:24.265686  4520 raft_consensus.cc:359] T bb6070df27ae4dc0bf7398f5da8b460c P 717e6acd3ba94716a0d839953f6c6bbd [term 0 FOLLOWER]: Replica starting. Triggering 0 pending ops. Active config: opid_index: -1 OBSOLETE_local: false peers { permanent_uuid: "2c1a64bb8f5c48fdac4e6ec89830db7d" member_type: VOTER last_known_addr { host: "127.3.16.1" port: 35575 } } peers { permanent_uuid: "55a408a1ede24f0b98e0cda742f2167a" member_type: VOTER last_known_addr { host: "127.3.16.2" port: 43587 } } peers { permanent_uuid: "717e6acd3ba94716a0d839953f6c6bbd" member_type: VOTER last_known_addr { host: "127.3.16.3" port: 41237 } }
I20260709 12:09:24.266345  4520 raft_consensus.cc:385] T bb6070df27ae4dc0bf7398f5da8b460c P 717e6acd3ba94716a0d839953f6c6bbd [term 0 FOLLOWER]: Consensus starting up: Expiring failure detector timer to make a prompt election more likely
I20260709 12:09:24.266680  4520 raft_consensus.cc:740] T bb6070df27ae4dc0bf7398f5da8b460c P 717e6acd3ba94716a0d839953f6c6bbd [term 0 FOLLOWER]: Becoming Follower/Learner. State: Replica: 717e6acd3ba94716a0d839953f6c6bbd, State: Initialized, Role: FOLLOWER
I20260709 12:09:24.266144  4616 consensus_queue.cc:237] T ad529a0047b5400c8d1a847daabfbdeb P 55a408a1ede24f0b98e0cda742f2167a [LEADER]: Queue going to LEADER mode. State: All replicated index: 0, Majority replicated index: 0, Committed index: 0, Last appended: 0.0, Last appended by leader: 0, Current term: 1, Majority size: 2, State: 0, Mode: LEADER, active raft config: opid_index: -1 OBSOLETE_local: false peers { permanent_uuid: "2c1a64bb8f5c48fdac4e6ec89830db7d" member_type: VOTER last_known_addr { host: "127.3.16.1" port: 35575 } } peers { permanent_uuid: "55a408a1ede24f0b98e0cda742f2167a" member_type: VOTER last_known_addr { host: "127.3.16.2" port: 43587 } } peers { permanent_uuid: "717e6acd3ba94716a0d839953f6c6bbd" member_type: VOTER last_known_addr { host: "127.3.16.3" port: 41237 } }
I20260709 12:09:24.254036  4522 raft_consensus.cc:359] T 198a915ddbb7424bad4e4fea60f83600 P 55a408a1ede24f0b98e0cda742f2167a [term 0 FOLLOWER]: Replica starting. Triggering 0 pending ops. Active config: opid_index: -1 OBSOLETE_local: false peers { permanent_uuid: "2c1a64bb8f5c48fdac4e6ec89830db7d" member_type: VOTER last_known_addr { host: "127.3.16.1" port: 35575 } } peers { permanent_uuid: "55a408a1ede24f0b98e0cda742f2167a" member_type: VOTER last_known_addr { host: "127.3.16.2" port: 43587 } } peers { permanent_uuid: "717e6acd3ba94716a0d839953f6c6bbd" member_type: VOTER last_known_addr { host: "127.3.16.3" port: 41237 } }
I20260709 12:09:24.269306  4522 raft_consensus.cc:385] T 198a915ddbb7424bad4e4fea60f83600 P 55a408a1ede24f0b98e0cda742f2167a [term 0 FOLLOWER]: Consensus starting up: Expiring failure detector timer to make a prompt election more likely
I20260709 12:09:24.269405  4608 leader_election.cc:290] T ad529a0047b5400c8d1a847daabfbdeb P 55a408a1ede24f0b98e0cda742f2167a [CANDIDATE]: Term 1 election: Requested vote from peers 2c1a64bb8f5c48fdac4e6ec89830db7d (127.3.16.1:35575), 717e6acd3ba94716a0d839953f6c6bbd (127.3.16.3:41237)
I20260709 12:09:24.269608  4522 raft_consensus.cc:740] T 198a915ddbb7424bad4e4fea60f83600 P 55a408a1ede24f0b98e0cda742f2167a [term 0 FOLLOWER]: Becoming Follower/Learner. State: Replica: 55a408a1ede24f0b98e0cda742f2167a, State: Initialized, Role: FOLLOWER
I20260709 12:09:24.270234  4522 consensus_queue.cc:260] T 198a915ddbb7424bad4e4fea60f83600 P 55a408a1ede24f0b98e0cda742f2167a [NON_LEADER]: Queue going to NON_LEADER mode. State: All replicated index: 0, Majority replicated index: 0, Committed index: 0, Last appended: 0.0, Last appended by leader: 0, Current term: 0, Majority size: -1, State: 0, Mode: NON_LEADER, active raft config: opid_index: -1 OBSOLETE_local: false peers { permanent_uuid: "2c1a64bb8f5c48fdac4e6ec89830db7d" member_type: VOTER last_known_addr { host: "127.3.16.1" port: 35575 } } peers { permanent_uuid: "55a408a1ede24f0b98e0cda742f2167a" member_type: VOTER last_known_addr { host: "127.3.16.2" port: 43587 } } peers { permanent_uuid: "717e6acd3ba94716a0d839953f6c6bbd" member_type: VOTER last_known_addr { host: "127.3.16.3" port: 41237 } }
I20260709 12:09:24.266104  4479 tablet_service.cc:1917] Received RequestConsensusVote() RPC: tablet_id: "ad529a0047b5400c8d1a847daabfbdeb" candidate_uuid: "55a408a1ede24f0b98e0cda742f2167a" candidate_term: 1 candidate_status { last_received { term: 0 index: 0 } } ignore_live_leader: false dest_uuid: "717e6acd3ba94716a0d839953f6c6bbd" is_pre_election: true
I20260709 12:09:24.271868  4479 raft_consensus.cc:2468] T ad529a0047b5400c8d1a847daabfbdeb P 717e6acd3ba94716a0d839953f6c6bbd [term 0 FOLLOWER]: Leader pre-election vote request: Granting yes vote for candidate 55a408a1ede24f0b98e0cda742f2167a in term 0.
I20260709 12:09:24.274488  4522 ts_tablet_manager.cc:1434] T 198a915ddbb7424bad4e4fea60f83600 P 55a408a1ede24f0b98e0cda742f2167a: Time spent starting tablet: real 0.023s	user 0.002s	sys 0.003s
I20260709 12:09:24.275547  4522 tablet_bootstrap.cc:492] T b64e3b872ca946df941db225cd8cbe7c P 55a408a1ede24f0b98e0cda742f2167a: Bootstrap starting.
I20260709 12:09:24.275971  4479 tablet_service.cc:1917] Received RequestConsensusVote() RPC: tablet_id: "ad529a0047b5400c8d1a847daabfbdeb" candidate_uuid: "55a408a1ede24f0b98e0cda742f2167a" candidate_term: 1 candidate_status { last_received { term: 0 index: 0 } } ignore_live_leader: false dest_uuid: "717e6acd3ba94716a0d839953f6c6bbd"
I20260709 12:09:24.276901  4479 raft_consensus.cc:3060] T ad529a0047b5400c8d1a847daabfbdeb P 717e6acd3ba94716a0d839953f6c6bbd [term 0 FOLLOWER]: Advancing to term 1
I20260709 12:09:24.279592  4520 consensus_queue.cc:260] T bb6070df27ae4dc0bf7398f5da8b460c P 717e6acd3ba94716a0d839953f6c6bbd [NON_LEADER]: Queue going to NON_LEADER mode. State: All replicated index: 0, Majority replicated index: 0, Committed index: 0, Last appended: 0.0, Last appended by leader: 0, Current term: 0, Majority size: -1, State: 0, Mode: NON_LEADER, active raft config: opid_index: -1 OBSOLETE_local: false peers { permanent_uuid: "2c1a64bb8f5c48fdac4e6ec89830db7d" member_type: VOTER last_known_addr { host: "127.3.16.1" port: 35575 } } peers { permanent_uuid: "55a408a1ede24f0b98e0cda742f2167a" member_type: VOTER last_known_addr { host: "127.3.16.2" port: 43587 } } peers { permanent_uuid: "717e6acd3ba94716a0d839953f6c6bbd" member_type: VOTER last_known_addr { host: "127.3.16.3" port: 41237 } }
W20260709 12:09:24.281175  4369 leader_election.cc:343] T 7cecef7d63db43fdba82f5f3f78028ca P 55a408a1ede24f0b98e0cda742f2167a [CANDIDATE]: Term 1 pre-election: Tablet error from VoteRequest() call to peer 717e6acd3ba94716a0d839953f6c6bbd (127.3.16.3:41237): Illegal state: must be running to vote when last-logged opid is not known
I20260709 12:09:24.282267  4520 ts_tablet_manager.cc:1434] T bb6070df27ae4dc0bf7398f5da8b460c P 717e6acd3ba94716a0d839953f6c6bbd: Time spent starting tablet: real 0.019s	user 0.004s	sys 0.000s
I20260709 12:09:24.283306  4369 leader_election.cc:304] T 7cecef7d63db43fdba82f5f3f78028ca P 55a408a1ede24f0b98e0cda742f2167a [CANDIDATE]: Term 1 pre-election: Election decided. Result: candidate lost. Election summary: received 3 responses out of 3 voters: 1 yes votes; 2 no votes. yes voters: 55a408a1ede24f0b98e0cda742f2167a; no voters: 2c1a64bb8f5c48fdac4e6ec89830db7d, 717e6acd3ba94716a0d839953f6c6bbd
I20260709 12:09:24.283967  4520 tablet_bootstrap.cc:492] T fb9256e96f624178805336cf290df152 P 717e6acd3ba94716a0d839953f6c6bbd: Bootstrap starting.
I20260709 12:09:24.286020  4608 raft_consensus.cc:2749] T 7cecef7d63db43fdba82f5f3f78028ca P 55a408a1ede24f0b98e0cda742f2167a [term 0 FOLLOWER]: Leader pre-election lost for term 1. Reason: could not achieve majority
I20260709 12:09:24.291848  4520 tablet_bootstrap.cc:654] T fb9256e96f624178805336cf290df152 P 717e6acd3ba94716a0d839953f6c6bbd: Neither blocks nor log segments found. Creating new log.
I20260709 12:09:24.294777  4522 tablet_bootstrap.cc:654] T b64e3b872ca946df941db225cd8cbe7c P 55a408a1ede24f0b98e0cda742f2167a: Neither blocks nor log segments found. Creating new log.
I20260709 12:09:24.333444  4227 catalog_manager.cc:5697] T fb9256e96f624178805336cf290df152 P 55a408a1ede24f0b98e0cda742f2167a reported cstate change: term changed from 0 to 1, leader changed from <none> to 55a408a1ede24f0b98e0cda742f2167a (127.3.16.2). New cstate: current_term: 1 leader_uuid: "55a408a1ede24f0b98e0cda742f2167a" committed_config { opid_index: -1 OBSOLETE_local: false peers { permanent_uuid: "2c1a64bb8f5c48fdac4e6ec89830db7d" member_type: VOTER last_known_addr { host: "127.3.16.1" port: 35575 } health_report { overall_health: UNKNOWN } } peers { permanent_uuid: "55a408a1ede24f0b98e0cda742f2167a" member_type: VOTER last_known_addr { host: "127.3.16.2" port: 43587 } health_report { overall_health: HEALTHY } } peers { permanent_uuid: "717e6acd3ba94716a0d839953f6c6bbd" member_type: VOTER last_known_addr { host: "127.3.16.3" port: 41237 } health_report { overall_health: UNKNOWN } } }
I20260709 12:09:24.345912  4479 raft_consensus.cc:2468] T ad529a0047b5400c8d1a847daabfbdeb P 717e6acd3ba94716a0d839953f6c6bbd [term 1 FOLLOWER]: Leader election vote request: Granting yes vote for candidate 55a408a1ede24f0b98e0cda742f2167a in term 1.
I20260709 12:09:24.374418  4522 tablet_bootstrap.cc:492] T b64e3b872ca946df941db225cd8cbe7c P 55a408a1ede24f0b98e0cda742f2167a: No bootstrap required, opened a new log
I20260709 12:09:24.375454  4522 ts_tablet_manager.cc:1403] T b64e3b872ca946df941db225cd8cbe7c P 55a408a1ede24f0b98e0cda742f2167a: Time spent bootstrapping tablet: real 0.100s	user 0.011s	sys 0.003s
I20260709 12:09:24.381834  4521 tablet_bootstrap.cc:492] T bb6070df27ae4dc0bf7398f5da8b460c P 2c1a64bb8f5c48fdac4e6ec89830db7d: No bootstrap required, opened a new log
I20260709 12:09:24.382009  4634 consensus_queue.cc:1048] T dc09911b824341a8b634027e3114b028 P 717e6acd3ba94716a0d839953f6c6bbd [LEADER]: Connected to new peer: Peer: permanent_uuid: "2c1a64bb8f5c48fdac4e6ec89830db7d" member_type: VOTER last_known_addr { host: "127.3.16.1" port: 35575 }, Status: LMP_MISMATCH, Last received: 0.0, Next index: 1, Last known committed idx: 0, Time since last communication: 0.001s
I20260709 12:09:24.382920  4521 ts_tablet_manager.cc:1403] T bb6070df27ae4dc0bf7398f5da8b460c P 2c1a64bb8f5c48fdac4e6ec89830db7d: Time spent bootstrapping tablet: real 0.174s	user 0.018s	sys 0.059s
I20260709 12:09:24.388933  4606 consensus_queue.cc:1048] T 9a7d9c8e575e4673abb0eb3283851dab P 2c1a64bb8f5c48fdac4e6ec89830db7d [LEADER]: Connected to new peer: Peer: permanent_uuid: "55a408a1ede24f0b98e0cda742f2167a" member_type: VOTER last_known_addr { host: "127.3.16.2" port: 43587 }, Status: LMP_MISMATCH, Last received: 0.0, Next index: 1, Last known committed idx: 0, Time since last communication: 0.001s
I20260709 12:09:24.390156  4520 tablet_bootstrap.cc:492] T fb9256e96f624178805336cf290df152 P 717e6acd3ba94716a0d839953f6c6bbd: No bootstrap required, opened a new log
I20260709 12:09:24.390914  4520 ts_tablet_manager.cc:1403] T fb9256e96f624178805336cf290df152 P 717e6acd3ba94716a0d839953f6c6bbd: Time spent bootstrapping tablet: real 0.107s	user 0.014s	sys 0.001s
I20260709 12:09:24.396214  4520 raft_consensus.cc:359] T fb9256e96f624178805336cf290df152 P 717e6acd3ba94716a0d839953f6c6bbd [term 0 FOLLOWER]: Replica starting. Triggering 0 pending ops. Active config: opid_index: -1 OBSOLETE_local: false peers { permanent_uuid: "2c1a64bb8f5c48fdac4e6ec89830db7d" member_type: VOTER last_known_addr { host: "127.3.16.1" port: 35575 } } peers { permanent_uuid: "55a408a1ede24f0b98e0cda742f2167a" member_type: VOTER last_known_addr { host: "127.3.16.2" port: 43587 } } peers { permanent_uuid: "717e6acd3ba94716a0d839953f6c6bbd" member_type: VOTER last_known_addr { host: "127.3.16.3" port: 41237 } }
I20260709 12:09:24.396965  4520 raft_consensus.cc:385] T fb9256e96f624178805336cf290df152 P 717e6acd3ba94716a0d839953f6c6bbd [term 0 FOLLOWER]: Consensus starting up: Expiring failure detector timer to make a prompt election more likely
I20260709 12:09:24.397291  4520 raft_consensus.cc:740] T fb9256e96f624178805336cf290df152 P 717e6acd3ba94716a0d839953f6c6bbd [term 0 FOLLOWER]: Becoming Follower/Learner. State: Replica: 717e6acd3ba94716a0d839953f6c6bbd, State: Initialized, Role: FOLLOWER
