W20260709 12:14:05.646911 11784 leader_election.cc:343] T 84cc958d8b8d4314a8cca48c07a1b7ed P 9ae3aaafb7404ec0a17a2e8c6cf9e7e6 [CANDIDATE]: Term 1 pre-election: Tablet error from VoteRequest() call to peer 0a3df8af26364e9f8bf80168391f24ce (127.10.86.129:35913): Illegal state: must be running to vote when last-logged opid is not known
W20260709 12:14:05.647825 11784 leader_election.cc:343] T 07c9a0cb18af44ad805550c1b8bf024b P 9ae3aaafb7404ec0a17a2e8c6cf9e7e6 [CANDIDATE]: Term 1 election: Tablet error from VoteRequest() call to peer 0a3df8af26364e9f8bf80168391f24ce (127.10.86.129:35913): Illegal state: must be running to vote when last-logged opid is not known
I20260709 12:14:05.635617 11745 tablet_service.cc:1917] Received RequestConsensusVote() RPC: tablet_id: "bc117e82bf6d44149c68c2fc3b061f9a" candidate_uuid: "9ae3aaafb7404ec0a17a2e8c6cf9e7e6" candidate_term: 1 candidate_status { last_received { term: 0 index: 0 } } ignore_live_leader: false dest_uuid: "0a3df8af26364e9f8bf80168391f24ce"
I20260709 12:14:05.648722 11745 raft_consensus.cc:3060] T bc117e82bf6d44149c68c2fc3b061f9a P 0a3df8af26364e9f8bf80168391f24ce [term 0 FOLLOWER]: Advancing to term 1
I20260709 12:14:05.637331 12132 leader_election.cc:290] T 07c9a0cb18af44ad805550c1b8bf024b P 9ae3aaafb7404ec0a17a2e8c6cf9e7e6 [CANDIDATE]: Term 1 election: Requested vote from peers 0a3df8af26364e9f8bf80168391f24ce (127.10.86.129:35913), b8236e8ce7e94e84b6a8f6253f60850c (127.10.86.131:42261)
I20260709 12:14:05.638584 11936 tablet_bootstrap.cc:654] T 8228cfeac1e1493680486e89d605a679 P 9ae3aaafb7404ec0a17a2e8c6cf9e7e6: Neither blocks nor log segments found. Creating new log.
I20260709 12:14:05.652590 12110 raft_consensus.cc:493] T a7759c1261ab4a41bdebea188a2a2b32 P b8236e8ce7e94e84b6a8f6253f60850c [term 1 FOLLOWER]: Starting leader election (no leader contacted us within the election timeout)
I20260709 12:14:05.653043 12110 raft_consensus.cc:3060] T a7759c1261ab4a41bdebea188a2a2b32 P b8236e8ce7e94e84b6a8f6253f60850c [term 1 FOLLOWER]: Advancing to term 2
I20260709 12:14:05.636646 11937 ts_tablet_manager.cc:1403] T a22c14e04eaf4ba4a115c38d8552b0ef P 0a3df8af26364e9f8bf80168391f24ce: Time spent bootstrapping tablet: real 0.092s	user 0.020s	sys 0.010s
W20260709 12:14:05.657935 11785 leader_election.cc:343] T 84cc958d8b8d4314a8cca48c07a1b7ed P 9ae3aaafb7404ec0a17a2e8c6cf9e7e6 [CANDIDATE]: Term 1 pre-election: Tablet error from VoteRequest() call to peer b8236e8ce7e94e84b6a8f6253f60850c (127.10.86.131:42261): Illegal state: must be running to vote when last-logged opid is not known
I20260709 12:14:05.657328 12132 raft_consensus.cc:493] T 35131cf35a5d4a9eb004ac56bd256d20 P 9ae3aaafb7404ec0a17a2e8c6cf9e7e6 [term 0 FOLLOWER]: Starting pre-election (no leader contacted us within the election timeout)
I20260709 12:14:05.662154 11935 raft_consensus.cc:359] T 83b90dd3aa7f41e29edf9ca07ce89005 P b8236e8ce7e94e84b6a8f6253f60850c [term 0 FOLLOWER]: Replica starting. Triggering 0 pending ops. Active config: opid_index: -1 OBSOLETE_local: false peers { permanent_uuid: "0a3df8af26364e9f8bf80168391f24ce" member_type: VOTER last_known_addr { host: "127.10.86.129" port: 35913 } } peers { permanent_uuid: "9ae3aaafb7404ec0a17a2e8c6cf9e7e6" member_type: VOTER last_known_addr { host: "127.10.86.130" port: 42027 } } peers { permanent_uuid: "b8236e8ce7e94e84b6a8f6253f60850c" member_type: VOTER last_known_addr { host: "127.10.86.131" port: 42261 } }
I20260709 12:14:05.663215 11935 raft_consensus.cc:385] T 83b90dd3aa7f41e29edf9ca07ce89005 P b8236e8ce7e94e84b6a8f6253f60850c [term 0 FOLLOWER]: Consensus starting up: Expiring failure detector timer to make a prompt election more likely
I20260709 12:14:05.663558 11935 raft_consensus.cc:740] T 83b90dd3aa7f41e29edf9ca07ce89005 P b8236e8ce7e94e84b6a8f6253f60850c [term 0 FOLLOWER]: Becoming Follower/Learner. State: Replica: b8236e8ce7e94e84b6a8f6253f60850c, State: Initialized, Role: FOLLOWER
I20260709 12:14:05.664361 11935 consensus_queue.cc:260] T 83b90dd3aa7f41e29edf9ca07ce89005 P b8236e8ce7e94e84b6a8f6253f60850c [NON_LEADER]: Queue going to NON_LEADER mode. State: All replicated index: 0, Majority replicated index: 0, Committed index: 0, Last appended: 0.0, Last appended by leader: 0, Current term: 0, Majority size: -1, State: 0, Mode: NON_LEADER, active raft config: opid_index: -1 OBSOLETE_local: false peers { permanent_uuid: "0a3df8af26364e9f8bf80168391f24ce" member_type: VOTER last_known_addr { host: "127.10.86.129" port: 35913 } } peers { permanent_uuid: "9ae3aaafb7404ec0a17a2e8c6cf9e7e6" member_type: VOTER last_known_addr { host: "127.10.86.130" port: 42027 } } peers { permanent_uuid: "b8236e8ce7e94e84b6a8f6253f60850c" member_type: VOTER last_known_addr { host: "127.10.86.131" port: 42261 } }
I20260709 12:14:05.661688 11785 leader_election.cc:304] T 84cc958d8b8d4314a8cca48c07a1b7ed P 9ae3aaafb7404ec0a17a2e8c6cf9e7e6 [CANDIDATE]: Term 1 pre-election: Election decided. Result: candidate lost. Election summary: received 3 responses out of 3 voters: 1 yes votes; 2 no votes. yes voters: 9ae3aaafb7404ec0a17a2e8c6cf9e7e6; no voters: 0a3df8af26364e9f8bf80168391f24ce, b8236e8ce7e94e84b6a8f6253f60850c
I20260709 12:14:05.666729 11935 ts_tablet_manager.cc:1434] T 83b90dd3aa7f41e29edf9ca07ce89005 P b8236e8ce7e94e84b6a8f6253f60850c: Time spent starting tablet: real 0.022s	user 0.005s	sys 0.000s
I20260709 12:14:05.667256 11785 leader_election.cc:304] T bc117e82bf6d44149c68c2fc3b061f9a P 9ae3aaafb7404ec0a17a2e8c6cf9e7e6 [CANDIDATE]: Term 1 election: Election decided. Result: candidate won. Election summary: received 2 responses out of 3 voters: 2 yes votes; 0 no votes. yes voters: 9ae3aaafb7404ec0a17a2e8c6cf9e7e6, b8236e8ce7e94e84b6a8f6253f60850c; no voters: 
I20260709 12:14:05.667706 11935 tablet_bootstrap.cc:492] T 70720d55d6ba42c0a12ecfe0767ef770 P b8236e8ce7e94e84b6a8f6253f60850c: Bootstrap starting.
I20260709 12:14:05.668105 12046 raft_consensus.cc:2749] T 84cc958d8b8d4314a8cca48c07a1b7ed P 9ae3aaafb7404ec0a17a2e8c6cf9e7e6 [term 0 FOLLOWER]: Leader pre-election lost for term 1. Reason: could not achieve majority
I20260709 12:14:05.668780 12046 raft_consensus.cc:2804] T bc117e82bf6d44149c68c2fc3b061f9a P 9ae3aaafb7404ec0a17a2e8c6cf9e7e6 [term 1 FOLLOWER]: Leader election won for term 1
I20260709 12:14:05.669255 12046 raft_consensus.cc:697] T bc117e82bf6d44149c68c2fc3b061f9a P 9ae3aaafb7404ec0a17a2e8c6cf9e7e6 [term 1 LEADER]: Becoming Leader. State: Replica: 9ae3aaafb7404ec0a17a2e8c6cf9e7e6, State: Running, Role: LEADER
I20260709 12:14:05.670127 12046 consensus_queue.cc:237] T bc117e82bf6d44149c68c2fc3b061f9a P 9ae3aaafb7404ec0a17a2e8c6cf9e7e6 [LEADER]: Queue going to LEADER mode. State: All replicated index: 0, Majority replicated index: 0, Committed index: 0, Last appended: 0.0, Last appended by leader: 0, Current term: 1, Majority size: 2, State: 0, Mode: LEADER, active raft config: opid_index: -1 OBSOLETE_local: false peers { permanent_uuid: "0a3df8af26364e9f8bf80168391f24ce" member_type: VOTER last_known_addr { host: "127.10.86.129" port: 35913 } } peers { permanent_uuid: "9ae3aaafb7404ec0a17a2e8c6cf9e7e6" member_type: VOTER last_known_addr { host: "127.10.86.130" port: 42027 } } peers { permanent_uuid: "b8236e8ce7e94e84b6a8f6253f60850c" member_type: VOTER last_known_addr { host: "127.10.86.131" port: 42261 } }
I20260709 12:14:05.677515 11937 raft_consensus.cc:359] T a22c14e04eaf4ba4a115c38d8552b0ef P 0a3df8af26364e9f8bf80168391f24ce [term 0 FOLLOWER]: Replica starting. Triggering 0 pending ops. Active config: opid_index: -1 OBSOLETE_local: false peers { permanent_uuid: "0a3df8af26364e9f8bf80168391f24ce" member_type: VOTER last_known_addr { host: "127.10.86.129" port: 35913 } } peers { permanent_uuid: "9ae3aaafb7404ec0a17a2e8c6cf9e7e6" member_type: VOTER last_known_addr { host: "127.10.86.130" port: 42027 } } peers { permanent_uuid: "b8236e8ce7e94e84b6a8f6253f60850c" member_type: VOTER last_known_addr { host: "127.10.86.131" port: 42261 } }
I20260709 12:14:05.678087 11937 raft_consensus.cc:385] T a22c14e04eaf4ba4a115c38d8552b0ef P 0a3df8af26364e9f8bf80168391f24ce [term 0 FOLLOWER]: Consensus starting up: Expiring failure detector timer to make a prompt election more likely
I20260709 12:14:05.678496 11937 raft_consensus.cc:740] T a22c14e04eaf4ba4a115c38d8552b0ef P 0a3df8af26364e9f8bf80168391f24ce [term 0 FOLLOWER]: Becoming Follower/Learner. State: Replica: 0a3df8af26364e9f8bf80168391f24ce, State: Initialized, Role: FOLLOWER
I20260709 12:14:05.679412 11937 consensus_queue.cc:260] T a22c14e04eaf4ba4a115c38d8552b0ef P 0a3df8af26364e9f8bf80168391f24ce [NON_LEADER]: Queue going to NON_LEADER mode. State: All replicated index: 0, Majority replicated index: 0, Committed index: 0, Last appended: 0.0, Last appended by leader: 0, Current term: 0, Majority size: -1, State: 0, Mode: NON_LEADER, active raft config: opid_index: -1 OBSOLETE_local: false peers { permanent_uuid: "0a3df8af26364e9f8bf80168391f24ce" member_type: VOTER last_known_addr { host: "127.10.86.129" port: 35913 } } peers { permanent_uuid: "9ae3aaafb7404ec0a17a2e8c6cf9e7e6" member_type: VOTER last_known_addr { host: "127.10.86.130" port: 42027 } } peers { permanent_uuid: "b8236e8ce7e94e84b6a8f6253f60850c" member_type: VOTER last_known_addr { host: "127.10.86.131" port: 42261 } }
I20260709 12:14:05.683351 11745 raft_consensus.cc:2468] T bc117e82bf6d44149c68c2fc3b061f9a P 0a3df8af26364e9f8bf80168391f24ce [term 1 FOLLOWER]: Leader election vote request: Granting yes vote for candidate 9ae3aaafb7404ec0a17a2e8c6cf9e7e6 in term 1.
I20260709 12:14:05.674944 11889 tablet_service.cc:1917] Received RequestConsensusVote() RPC: tablet_id: "07c9a0cb18af44ad805550c1b8bf024b" candidate_uuid: "9ae3aaafb7404ec0a17a2e8c6cf9e7e6" candidate_term: 1 candidate_status { last_received { term: 0 index: 0 } } ignore_live_leader: false dest_uuid: "b8236e8ce7e94e84b6a8f6253f60850c"
I20260709 12:14:05.686113 11889 raft_consensus.cc:3060] T 07c9a0cb18af44ad805550c1b8bf024b P b8236e8ce7e94e84b6a8f6253f60850c [term 0 FOLLOWER]: Advancing to term 1
I20260709 12:14:05.690131 11937 ts_tablet_manager.cc:1434] T a22c14e04eaf4ba4a115c38d8552b0ef P 0a3df8af26364e9f8bf80168391f24ce: Time spent starting tablet: real 0.036s	user 0.006s	sys 0.000s
I20260709 12:14:05.661293 12132 raft_consensus.cc:515] T 35131cf35a5d4a9eb004ac56bd256d20 P 9ae3aaafb7404ec0a17a2e8c6cf9e7e6 [term 0 FOLLOWER]: Starting pre-election with config: opid_index: -1 OBSOLETE_local: false peers { permanent_uuid: "0a3df8af26364e9f8bf80168391f24ce" member_type: VOTER last_known_addr { host: "127.10.86.129" port: 35913 } } peers { permanent_uuid: "9ae3aaafb7404ec0a17a2e8c6cf9e7e6" member_type: VOTER last_known_addr { host: "127.10.86.130" port: 42027 } } peers { permanent_uuid: "b8236e8ce7e94e84b6a8f6253f60850c" member_type: VOTER last_known_addr { host: "127.10.86.131" port: 42261 } }
I20260709 12:14:05.691166 11937 tablet_bootstrap.cc:492] T 84cc958d8b8d4314a8cca48c07a1b7ed P 0a3df8af26364e9f8bf80168391f24ce: Bootstrap starting.
I20260709 12:14:05.694473 12132 leader_election.cc:290] T 35131cf35a5d4a9eb004ac56bd256d20 P 9ae3aaafb7404ec0a17a2e8c6cf9e7e6 [CANDIDATE]: Term 1 pre-election: Requested pre-vote from peers 0a3df8af26364e9f8bf80168391f24ce (127.10.86.129:35913), b8236e8ce7e94e84b6a8f6253f60850c (127.10.86.131:42261)
I20260709 12:14:05.711550 12020 consensus_queue.cc:1048] T a22c14e04eaf4ba4a115c38d8552b0ef P b8236e8ce7e94e84b6a8f6253f60850c [LEADER]: Connected to new peer: Peer: permanent_uuid: "9ae3aaafb7404ec0a17a2e8c6cf9e7e6" member_type: VOTER last_known_addr { host: "127.10.86.130" port: 42027 }, Status: LMP_MISMATCH, Last received: 0.0, Next index: 1, Last known committed idx: 0, Time since last communication: 0.005s
I20260709 12:14:05.716784 11743 raft_consensus.cc:3060] T 86686e5f3fa1427fb67b22b6e00173de P 0a3df8af26364e9f8bf80168391f24ce [term 0 FOLLOWER]: Advancing to term 1
I20260709 12:14:05.706188 11895 tablet_service.cc:1917] Received RequestConsensusVote() RPC: tablet_id: "35131cf35a5d4a9eb004ac56bd256d20" candidate_uuid: "9ae3aaafb7404ec0a17a2e8c6cf9e7e6" candidate_term: 1 candidate_status { last_received { term: 0 index: 0 } } ignore_live_leader: false dest_uuid: "b8236e8ce7e94e84b6a8f6253f60850c" is_pre_election: true
I20260709 12:14:05.717949 11895 raft_consensus.cc:2468] T 35131cf35a5d4a9eb004ac56bd256d20 P b8236e8ce7e94e84b6a8f6253f60850c [term 0 FOLLOWER]: Leader pre-election vote request: Granting yes vote for candidate 9ae3aaafb7404ec0a17a2e8c6cf9e7e6 in term 0.
I20260709 12:14:05.724560 11935 tablet_bootstrap.cc:654] T 70720d55d6ba42c0a12ecfe0767ef770 P b8236e8ce7e94e84b6a8f6253f60850c: Neither blocks nor log segments found. Creating new log.
I20260709 12:14:05.727296 11785 leader_election.cc:304] T 35131cf35a5d4a9eb004ac56bd256d20 P 9ae3aaafb7404ec0a17a2e8c6cf9e7e6 [CANDIDATE]: Term 1 pre-election: Election decided. Result: candidate won. Election summary: received 2 responses out of 3 voters: 2 yes votes; 0 no votes. yes voters: 9ae3aaafb7404ec0a17a2e8c6cf9e7e6, b8236e8ce7e94e84b6a8f6253f60850c; no voters: 
I20260709 12:14:05.728580 12053 raft_consensus.cc:2804] T 35131cf35a5d4a9eb004ac56bd256d20 P 9ae3aaafb7404ec0a17a2e8c6cf9e7e6 [term 0 FOLLOWER]: Leader pre-election won for term 1
I20260709 12:14:05.729127 12053 raft_consensus.cc:493] T 35131cf35a5d4a9eb004ac56bd256d20 P 9ae3aaafb7404ec0a17a2e8c6cf9e7e6 [term 0 FOLLOWER]: Starting leader election (no leader contacted us within the election timeout)
I20260709 12:14:05.729526 12053 raft_consensus.cc:3060] T 35131cf35a5d4a9eb004ac56bd256d20 P 9ae3aaafb7404ec0a17a2e8c6cf9e7e6 [term 0 FOLLOWER]: Advancing to term 1
I20260709 12:14:05.730053 11744 tablet_service.cc:1917] Received RequestConsensusVote() RPC: tablet_id: "35131cf35a5d4a9eb004ac56bd256d20" candidate_uuid: "9ae3aaafb7404ec0a17a2e8c6cf9e7e6" candidate_term: 1 candidate_status { last_received { term: 0 index: 0 } } ignore_live_leader: false dest_uuid: "0a3df8af26364e9f8bf80168391f24ce" is_pre_election: true
W20260709 12:14:05.733148 11784 leader_election.cc:343] T 35131cf35a5d4a9eb004ac56bd256d20 P 9ae3aaafb7404ec0a17a2e8c6cf9e7e6 [CANDIDATE]: Term 1 pre-election: Tablet error from VoteRequest() call to peer 0a3df8af26364e9f8bf80168391f24ce (127.10.86.129:35913): Illegal state: must be running to vote when last-logged opid is not known
I20260709 12:14:05.741183 11895 raft_consensus.cc:3060] T 83b90dd3aa7f41e29edf9ca07ce89005 P b8236e8ce7e94e84b6a8f6253f60850c [term 0 FOLLOWER]: Advancing to term 1
I20260709 12:14:05.739806 12110 raft_consensus.cc:515] T a7759c1261ab4a41bdebea188a2a2b32 P b8236e8ce7e94e84b6a8f6253f60850c [term 2 FOLLOWER]: Starting leader election with config: opid_index: -1 OBSOLETE_local: false peers { permanent_uuid: "0a3df8af26364e9f8bf80168391f24ce" member_type: VOTER last_known_addr { host: "127.10.86.129" port: 35913 } } peers { permanent_uuid: "9ae3aaafb7404ec0a17a2e8c6cf9e7e6" member_type: VOTER last_known_addr { host: "127.10.86.130" port: 42027 } } peers { permanent_uuid: "b8236e8ce7e94e84b6a8f6253f60850c" member_type: VOTER last_known_addr { host: "127.10.86.131" port: 42261 } }
I20260709 12:14:05.752915 11889 raft_consensus.cc:2468] T 07c9a0cb18af44ad805550c1b8bf024b P b8236e8ce7e94e84b6a8f6253f60850c [term 1 FOLLOWER]: Leader election vote request: Granting yes vote for candidate 9ae3aaafb7404ec0a17a2e8c6cf9e7e6 in term 1.
I20260709 12:14:05.760483 11785 leader_election.cc:304] T 07c9a0cb18af44ad805550c1b8bf024b P 9ae3aaafb7404ec0a17a2e8c6cf9e7e6 [CANDIDATE]: Term 1 election: Election decided. Result: candidate won. Election summary: received 3 responses out of 3 voters: 2 yes votes; 1 no votes. yes voters: 9ae3aaafb7404ec0a17a2e8c6cf9e7e6, b8236e8ce7e94e84b6a8f6253f60850c; no voters: 0a3df8af26364e9f8bf80168391f24ce
I20260709 12:14:05.763028 12045 raft_consensus.cc:2804] T 07c9a0cb18af44ad805550c1b8bf024b P 9ae3aaafb7404ec0a17a2e8c6cf9e7e6 [term 1 FOLLOWER]: Leader election won for term 1
I20260709 12:14:05.768855 11745 tablet_service.cc:1917] Received RequestConsensusVote() RPC: tablet_id: "a7759c1261ab4a41bdebea188a2a2b32" candidate_uuid: "b8236e8ce7e94e84b6a8f6253f60850c" candidate_term: 2 candidate_status { last_received { term: 0 index: 0 } } ignore_live_leader: false dest_uuid: "0a3df8af26364e9f8bf80168391f24ce"
I20260709 12:14:05.769414 12045 raft_consensus.cc:697] T 07c9a0cb18af44ad805550c1b8bf024b P 9ae3aaafb7404ec0a17a2e8c6cf9e7e6 [term 1 LEADER]: Becoming Leader. State: Replica: 9ae3aaafb7404ec0a17a2e8c6cf9e7e6, State: Running, Role: LEADER
I20260709 12:14:05.769527 11745 raft_consensus.cc:3060] T a7759c1261ab4a41bdebea188a2a2b32 P 0a3df8af26364e9f8bf80168391f24ce [term 1 FOLLOWER]: Advancing to term 2
I20260709 12:14:05.770435 12045 consensus_queue.cc:237] T 07c9a0cb18af44ad805550c1b8bf024b P 9ae3aaafb7404ec0a17a2e8c6cf9e7e6 [LEADER]: Queue going to LEADER mode. State: All replicated index: 0, Majority replicated index: 0, Committed index: 0, Last appended: 0.0, Last appended by leader: 0, Current term: 1, Majority size: 2, State: 0, Mode: LEADER, active raft config: opid_index: -1 OBSOLETE_local: false peers { permanent_uuid: "0a3df8af26364e9f8bf80168391f24ce" member_type: VOTER last_known_addr { host: "127.10.86.129" port: 35913 } } peers { permanent_uuid: "9ae3aaafb7404ec0a17a2e8c6cf9e7e6" member_type: VOTER last_known_addr { host: "127.10.86.130" port: 42027 } } peers { permanent_uuid: "b8236e8ce7e94e84b6a8f6253f60850c" member_type: VOTER last_known_addr { host: "127.10.86.131" port: 42261 } }
I20260709 12:14:05.770817 11820 tablet_service.cc:1917] Received RequestConsensusVote() RPC: tablet_id: "a7759c1261ab4a41bdebea188a2a2b32" candidate_uuid: "b8236e8ce7e94e84b6a8f6253f60850c" candidate_term: 2 candidate_status { last_received { term: 0 index: 0 } } ignore_live_leader: false dest_uuid: "9ae3aaafb7404ec0a17a2e8c6cf9e7e6"
I20260709 12:14:05.771592 11820 raft_consensus.cc:3060] T a7759c1261ab4a41bdebea188a2a2b32 P 9ae3aaafb7404ec0a17a2e8c6cf9e7e6 [term 1 FOLLOWER]: Advancing to term 2
I20260709 12:14:05.772676 11943 raft_consensus.cc:493] T a22c14e04eaf4ba4a115c38d8552b0ef P 0a3df8af26364e9f8bf80168391f24ce [term 0 FOLLOWER]: Starting pre-election (no leader contacted us within the election timeout)
I20260709 12:14:05.773191 11943 raft_consensus.cc:515] T a22c14e04eaf4ba4a115c38d8552b0ef P 0a3df8af26364e9f8bf80168391f24ce [term 0 FOLLOWER]: Starting pre-election with config: opid_index: -1 OBSOLETE_local: false peers { permanent_uuid: "0a3df8af26364e9f8bf80168391f24ce" member_type: VOTER last_known_addr { host: "127.10.86.129" port: 35913 } } peers { permanent_uuid: "9ae3aaafb7404ec0a17a2e8c6cf9e7e6" member_type: VOTER last_known_addr { host: "127.10.86.130" port: 42027 } } peers { permanent_uuid: "b8236e8ce7e94e84b6a8f6253f60850c" member_type: VOTER last_known_addr { host: "127.10.86.131" port: 42261 } }
I20260709 12:14:05.760401 12110 leader_election.cc:290] T a7759c1261ab4a41bdebea188a2a2b32 P b8236e8ce7e94e84b6a8f6253f60850c [CANDIDATE]: Term 2 election: Requested vote from peers 0a3df8af26364e9f8bf80168391f24ce (127.10.86.129:35913), 9ae3aaafb7404ec0a17a2e8c6cf9e7e6 (127.10.86.130:42027)
I20260709 12:14:05.779856 11943 leader_election.cc:290] T a22c14e04eaf4ba4a115c38d8552b0ef P 0a3df8af26364e9f8bf80168391f24ce [CANDIDATE]: Term 1 pre-election: Requested pre-vote from peers 9ae3aaafb7404ec0a17a2e8c6cf9e7e6 (127.10.86.130:42027), b8236e8ce7e94e84b6a8f6253f60850c (127.10.86.131:42261)
I20260709 12:14:05.781903 11821 tablet_service.cc:1917] Received RequestConsensusVote() RPC: tablet_id: "a22c14e04eaf4ba4a115c38d8552b0ef" candidate_uuid: "0a3df8af26364e9f8bf80168391f24ce" candidate_term: 1 candidate_status { last_received { term: 0 index: 0 } } ignore_live_leader: false dest_uuid: "9ae3aaafb7404ec0a17a2e8c6cf9e7e6" is_pre_election: true
I20260709 12:14:05.782498 11936 tablet_bootstrap.cc:492] T 8228cfeac1e1493680486e89d605a679 P 9ae3aaafb7404ec0a17a2e8c6cf9e7e6: No bootstrap required, opened a new log
I20260709 12:14:05.782994 11936 ts_tablet_manager.cc:1403] T 8228cfeac1e1493680486e89d605a679 P 9ae3aaafb7404ec0a17a2e8c6cf9e7e6: Time spent bootstrapping tablet: real 0.151s	user 0.013s	sys 0.049s
I20260709 12:14:05.789070 12053 raft_consensus.cc:515] T 35131cf35a5d4a9eb004ac56bd256d20 P 9ae3aaafb7404ec0a17a2e8c6cf9e7e6 [term 1 FOLLOWER]: Starting leader election with config: opid_index: -1 OBSOLETE_local: false peers { permanent_uuid: "0a3df8af26364e9f8bf80168391f24ce" member_type: VOTER last_known_addr { host: "127.10.86.129" port: 35913 } } peers { permanent_uuid: "9ae3aaafb7404ec0a17a2e8c6cf9e7e6" member_type: VOTER last_known_addr { host: "127.10.86.130" port: 42027 } } peers { permanent_uuid: "b8236e8ce7e94e84b6a8f6253f60850c" member_type: VOTER last_known_addr { host: "127.10.86.131" port: 42261 } }
I20260709 12:14:05.791306 12053 leader_election.cc:290] T 35131cf35a5d4a9eb004ac56bd256d20 P 9ae3aaafb7404ec0a17a2e8c6cf9e7e6 [CANDIDATE]: Term 1 election: Requested vote from peers 0a3df8af26364e9f8bf80168391f24ce (127.10.86.129:35913), b8236e8ce7e94e84b6a8f6253f60850c (127.10.86.131:42261)
I20260709 12:14:05.792609 11744 tablet_service.cc:1917] Received RequestConsensusVote() RPC: tablet_id: "35131cf35a5d4a9eb004ac56bd256d20" candidate_uuid: "9ae3aaafb7404ec0a17a2e8c6cf9e7e6" candidate_term: 1 candidate_status { last_received { term: 0 index: 0 } } ignore_live_leader: false dest_uuid: "0a3df8af26364e9f8bf80168391f24ce"
I20260709 12:14:05.794111 11937 tablet_bootstrap.cc:654] T 84cc958d8b8d4314a8cca48c07a1b7ed P 0a3df8af26364e9f8bf80168391f24ce: Neither blocks nor log segments found. Creating new log.
W20260709 12:14:05.794553 11784 leader_election.cc:343] T 35131cf35a5d4a9eb004ac56bd256d20 P 9ae3aaafb7404ec0a17a2e8c6cf9e7e6 [CANDIDATE]: Term 1 election: Tablet error from VoteRequest() call to peer 0a3df8af26364e9f8bf80168391f24ce (127.10.86.129:35913): Illegal state: must be running to vote when last-logged opid is not known
I20260709 12:14:05.794936 12158 raft_consensus.cc:493] T bf3dda1a095041d7b95c133236b63c97 P b8236e8ce7e94e84b6a8f6253f60850c [term 0 FOLLOWER]: Starting pre-election (no leader contacted us within the election timeout)
I20260709 12:14:05.795485 12158 raft_consensus.cc:515] T bf3dda1a095041d7b95c133236b63c97 P b8236e8ce7e94e84b6a8f6253f60850c [term 0 FOLLOWER]: Starting pre-election with config: opid_index: -1 OBSOLETE_local: false peers { permanent_uuid: "0a3df8af26364e9f8bf80168391f24ce" member_type: VOTER last_known_addr { host: "127.10.86.129" port: 35913 } } peers { permanent_uuid: "9ae3aaafb7404ec0a17a2e8c6cf9e7e6" member_type: VOTER last_known_addr { host: "127.10.86.130" port: 42027 } } peers { permanent_uuid: "b8236e8ce7e94e84b6a8f6253f60850c" member_type: VOTER last_known_addr { host: "127.10.86.131" port: 42261 } }
I20260709 12:14:05.796535 12048 raft_consensus.cc:493] T 86686e5f3fa1427fb67b22b6e00173de P 0a3df8af26364e9f8bf80168391f24ce [term 1 FOLLOWER]: Starting pre-election (detected failure of leader b8236e8ce7e94e84b6a8f6253f60850c)
I20260709 12:14:05.797179 12048 raft_consensus.cc:515] T 86686e5f3fa1427fb67b22b6e00173de P 0a3df8af26364e9f8bf80168391f24ce [term 1 FOLLOWER]: Starting pre-election with config: opid_index: -1 OBSOLETE_local: false peers { permanent_uuid: "0a3df8af26364e9f8bf80168391f24ce" member_type: VOTER last_known_addr { host: "127.10.86.129" port: 35913 } } peers { permanent_uuid: "9ae3aaafb7404ec0a17a2e8c6cf9e7e6" member_type: VOTER last_known_addr { host: "127.10.86.130" port: 42027 } } peers { permanent_uuid: "b8236e8ce7e94e84b6a8f6253f60850c" member_type: VOTER last_known_addr { host: "127.10.86.131" port: 42261 } }
I20260709 12:14:05.797649 12158 leader_election.cc:290] T bf3dda1a095041d7b95c133236b63c97 P b8236e8ce7e94e84b6a8f6253f60850c [CANDIDATE]: Term 1 pre-election: Requested pre-vote from peers 0a3df8af26364e9f8bf80168391f24ce (127.10.86.129:35913), 9ae3aaafb7404ec0a17a2e8c6cf9e7e6 (127.10.86.130:42027)
I20260709 12:14:05.799552 11821 tablet_service.cc:1917] Received RequestConsensusVote() RPC: tablet_id: "bf3dda1a095041d7b95c133236b63c97" candidate_uuid: "b8236e8ce7e94e84b6a8f6253f60850c" candidate_term: 1 candidate_status { last_received { term: 0 index: 0 } } ignore_live_leader: false dest_uuid: "9ae3aaafb7404ec0a17a2e8c6cf9e7e6" is_pre_election: true
I20260709 12:14:05.800203 11821 raft_consensus.cc:2468] T bf3dda1a095041d7b95c133236b63c97 P 9ae3aaafb7404ec0a17a2e8c6cf9e7e6 [term 0 FOLLOWER]: Leader pre-election vote request: Granting yes vote for candidate b8236e8ce7e94e84b6a8f6253f60850c in term 0.
I20260709 12:14:05.800616 11744 tablet_service.cc:1917] Received RequestConsensusVote() RPC: tablet_id: "bf3dda1a095041d7b95c133236b63c97" candidate_uuid: "b8236e8ce7e94e84b6a8f6253f60850c" candidate_term: 1 candidate_status { last_received { term: 0 index: 0 } } ignore_live_leader: false dest_uuid: "0a3df8af26364e9f8bf80168391f24ce" is_pre_election: true
I20260709 12:14:05.785938 11640 catalog_manager.cc:5697] T bc117e82bf6d44149c68c2fc3b061f9a P 9ae3aaafb7404ec0a17a2e8c6cf9e7e6 reported cstate change: term changed from 0 to 1, leader changed from <none> to 9ae3aaafb7404ec0a17a2e8c6cf9e7e6 (127.10.86.130). New cstate: current_term: 1 leader_uuid: "9ae3aaafb7404ec0a17a2e8c6cf9e7e6" committed_config { opid_index: -1 OBSOLETE_local: false peers { permanent_uuid: "0a3df8af26364e9f8bf80168391f24ce" member_type: VOTER last_known_addr { host: "127.10.86.129" port: 35913 } health_report { overall_health: UNKNOWN } } peers { permanent_uuid: "9ae3aaafb7404ec0a17a2e8c6cf9e7e6" member_type: VOTER last_known_addr { host: "127.10.86.130" port: 42027 } health_report { overall_health: HEALTHY } } peers { permanent_uuid: "b8236e8ce7e94e84b6a8f6253f60850c" member_type: VOTER last_known_addr { host: "127.10.86.131" port: 42261 } health_report { overall_health: UNKNOWN } } }
W20260709 12:14:05.803375 11858 leader_election.cc:343] T bf3dda1a095041d7b95c133236b63c97 P b8236e8ce7e94e84b6a8f6253f60850c [CANDIDATE]: Term 1 pre-election: Tablet error from VoteRequest() call to peer 0a3df8af26364e9f8bf80168391f24ce (127.10.86.129:35913): Illegal state: must be running to vote when last-logged opid is not known
I20260709 12:14:05.823184 11858 leader_election.cc:304] T bf3dda1a095041d7b95c133236b63c97 P b8236e8ce7e94e84b6a8f6253f60850c [CANDIDATE]: Term 1 pre-election: Election decided. Result: candidate won. Election summary: received 3 responses out of 3 voters: 2 yes votes; 1 no votes. yes voters: 9ae3aaafb7404ec0a17a2e8c6cf9e7e6, b8236e8ce7e94e84b6a8f6253f60850c; no voters: 0a3df8af26364e9f8bf80168391f24ce
I20260709 12:14:05.827164 12019 raft_consensus.cc:2804] T bf3dda1a095041d7b95c133236b63c97 P b8236e8ce7e94e84b6a8f6253f60850c [term 0 FOLLOWER]: Leader pre-election won for term 1
I20260709 12:14:05.827605 12019 raft_consensus.cc:493] T bf3dda1a095041d7b95c133236b63c97 P b8236e8ce7e94e84b6a8f6253f60850c [term 0 FOLLOWER]: Starting leader election (no leader contacted us within the election timeout)
I20260709 12:14:05.795490 11745 raft_consensus.cc:2468] T a7759c1261ab4a41bdebea188a2a2b32 P 0a3df8af26364e9f8bf80168391f24ce [term 2 FOLLOWER]: Leader election vote request: Granting yes vote for candidate b8236e8ce7e94e84b6a8f6253f60850c in term 2.
I20260709 12:14:05.827968 12019 raft_consensus.cc:3060] T bf3dda1a095041d7b95c133236b63c97 P b8236e8ce7e94e84b6a8f6253f60850c [term 0 FOLLOWER]: Advancing to term 1
I20260709 12:14:05.832477 11935 tablet_bootstrap.cc:492] T 70720d55d6ba42c0a12ecfe0767ef770 P b8236e8ce7e94e84b6a8f6253f60850c: No bootstrap required, opened a new log
I20260709 12:14:05.832942 11935 ts_tablet_manager.cc:1403] T 70720d55d6ba42c0a12ecfe0767ef770 P b8236e8ce7e94e84b6a8f6253f60850c: Time spent bootstrapping tablet: real 0.165s	user 0.018s	sys 0.022s
I20260709 12:14:05.835492 11961 consensus_queue.cc:1048] T 1124ecb8b35b4ae7942457c1706762ca P b8236e8ce7e94e84b6a8f6253f60850c [LEADER]: Connected to new peer: Peer: permanent_uuid: "9ae3aaafb7404ec0a17a2e8c6cf9e7e6" member_type: VOTER last_known_addr { host: "127.10.86.130" port: 42027 }, Status: LMP_MISMATCH, Last received: 0.0, Next index: 1, Last known committed idx: 0, Time since last communication: 0.000s
I20260709 12:14:05.839756 11935 raft_consensus.cc:359] T 70720d55d6ba42c0a12ecfe0767ef770 P b8236e8ce7e94e84b6a8f6253f60850c [term 0 FOLLOWER]: Replica starting. Triggering 0 pending ops. Active config: opid_index: -1 OBSOLETE_local: false peers { permanent_uuid: "0a3df8af26364e9f8bf80168391f24ce" member_type: VOTER last_known_addr { host: "127.10.86.129" port: 35913 } } peers { permanent_uuid: "9ae3aaafb7404ec0a17a2e8c6cf9e7e6" member_type: VOTER last_known_addr { host: "127.10.86.130" port: 42027 } } peers { permanent_uuid: "b8236e8ce7e94e84b6a8f6253f60850c" member_type: VOTER last_known_addr { host: "127.10.86.131" port: 42261 } }
I20260709 12:14:05.840781 11935 raft_consensus.cc:385] T 70720d55d6ba42c0a12ecfe0767ef770 P b8236e8ce7e94e84b6a8f6253f60850c [term 0 FOLLOWER]: Consensus starting up: Expiring failure detector timer to make a prompt election more likely
I20260709 12:14:05.841116 11935 raft_consensus.cc:740] T 70720d55d6ba42c0a12ecfe0767ef770 P b8236e8ce7e94e84b6a8f6253f60850c [term 0 FOLLOWER]: Becoming Follower/Learner. State: Replica: b8236e8ce7e94e84b6a8f6253f60850c, State: Initialized, Role: FOLLOWER
I20260709 12:14:05.840961 11936 raft_consensus.cc:359] T 8228cfeac1e1493680486e89d605a679 P 9ae3aaafb7404ec0a17a2e8c6cf9e7e6 [term 0 FOLLOWER]: Replica starting. Triggering 0 pending ops. Active config: opid_index: -1 OBSOLETE_local: false peers { permanent_uuid: "0a3df8af26364e9f8bf80168391f24ce" member_type: VOTER last_known_addr { host: "127.10.86.129" port: 35913 } } peers { permanent_uuid: "9ae3aaafb7404ec0a17a2e8c6cf9e7e6" member_type: VOTER last_known_addr { host: "127.10.86.130" port: 42027 } } peers { permanent_uuid: "b8236e8ce7e94e84b6a8f6253f60850c" member_type: VOTER last_known_addr { host: "127.10.86.131" port: 42261 } }
I20260709 12:14:05.841980 11936 raft_consensus.cc:385] T 8228cfeac1e1493680486e89d605a679 P 9ae3aaafb7404ec0a17a2e8c6cf9e7e6 [term 0 FOLLOWER]: Consensus starting up: Expiring failure detector timer to make a prompt election more likely
I20260709 12:14:05.842423 11936 raft_consensus.cc:740] T 8228cfeac1e1493680486e89d605a679 P 9ae3aaafb7404ec0a17a2e8c6cf9e7e6 [term 0 FOLLOWER]: Becoming Follower/Learner. State: Replica: 9ae3aaafb7404ec0a17a2e8c6cf9e7e6, State: Initialized, Role: FOLLOWER
I20260709 12:14:05.841908 11935 consensus_queue.cc:260] T 70720d55d6ba42c0a12ecfe0767ef770 P b8236e8ce7e94e84b6a8f6253f60850c [NON_LEADER]: Queue going to NON_LEADER mode. State: All replicated index: 0, Majority replicated index: 0, Committed index: 0, Last appended: 0.0, Last appended by leader: 0, Current term: 0, Majority size: -1, State: 0, Mode: NON_LEADER, active raft config: opid_index: -1 OBSOLETE_local: false peers { permanent_uuid: "0a3df8af26364e9f8bf80168391f24ce" member_type: VOTER last_known_addr { host: "127.10.86.129" port: 35913 } } peers { permanent_uuid: "9ae3aaafb7404ec0a17a2e8c6cf9e7e6" member_type: VOTER last_known_addr { host: "127.10.86.130" port: 42027 } } peers { permanent_uuid: "b8236e8ce7e94e84b6a8f6253f60850c" member_type: VOTER last_known_addr { host: "127.10.86.131" port: 42261 } }
I20260709 12:14:05.846921 12019 raft_consensus.cc:515] T bf3dda1a095041d7b95c133236b63c97 P b8236e8ce7e94e84b6a8f6253f60850c [term 1 FOLLOWER]: Starting leader election with config: opid_index: -1 OBSOLETE_local: false peers { permanent_uuid: "0a3df8af26364e9f8bf80168391f24ce" member_type: VOTER last_known_addr { host: "127.10.86.129" port: 35913 } } peers { permanent_uuid: "9ae3aaafb7404ec0a17a2e8c6cf9e7e6" member_type: VOTER last_known_addr { host: "127.10.86.130" port: 42027 } } peers { permanent_uuid: "b8236e8ce7e94e84b6a8f6253f60850c" member_type: VOTER last_known_addr { host: "127.10.86.131" port: 42261 } }
I20260709 12:14:05.833740 11890 tablet_service.cc:1917] Received RequestConsensusVote() RPC: tablet_id: "35131cf35a5d4a9eb004ac56bd256d20" candidate_uuid: "9ae3aaafb7404ec0a17a2e8c6cf9e7e6" candidate_term: 1 candidate_status { last_received { term: 0 index: 0 } } ignore_live_leader: false dest_uuid: "b8236e8ce7e94e84b6a8f6253f60850c"
I20260709 12:14:05.853093 11890 raft_consensus.cc:3060] T 35131cf35a5d4a9eb004ac56bd256d20 P b8236e8ce7e94e84b6a8f6253f60850c [term 0 FOLLOWER]: Advancing to term 1
I20260709 12:14:05.854228 11936 consensus_queue.cc:260] T 8228cfeac1e1493680486e89d605a679 P 9ae3aaafb7404ec0a17a2e8c6cf9e7e6 [NON_LEADER]: Queue going to NON_LEADER mode. State: All replicated index: 0, Majority replicated index: 0, Committed index: 0, Last appended: 0.0, Last appended by leader: 0, Current term: 0, Majority size: -1, State: 0, Mode: NON_LEADER, active raft config: opid_index: -1 OBSOLETE_local: false peers { permanent_uuid: "0a3df8af26364e9f8bf80168391f24ce" member_type: VOTER last_known_addr { host: "127.10.86.129" port: 35913 } } peers { permanent_uuid: "9ae3aaafb7404ec0a17a2e8c6cf9e7e6" member_type: VOTER last_known_addr { host: "127.10.86.130" port: 42027 } } peers { permanent_uuid: "b8236e8ce7e94e84b6a8f6253f60850c" member_type: VOTER last_known_addr { host: "127.10.86.131" port: 42261 } }
I20260709 12:14:05.856992 12019 leader_election.cc:290] T bf3dda1a095041d7b95c133236b63c97 P b8236e8ce7e94e84b6a8f6253f60850c [CANDIDATE]: Term 1 election: Requested vote from peers 0a3df8af26364e9f8bf80168391f24ce (127.10.86.129:35913), 9ae3aaafb7404ec0a17a2e8c6cf9e7e6 (127.10.86.130:42027)
I20260709 12:14:05.860496 12048 leader_election.cc:290] T 86686e5f3fa1427fb67b22b6e00173de P 0a3df8af26364e9f8bf80168391f24ce [CANDIDATE]: Term 2 pre-election: Requested pre-vote from peers 9ae3aaafb7404ec0a17a2e8c6cf9e7e6 (127.10.86.130:42027), b8236e8ce7e94e84b6a8f6253f60850c (127.10.86.131:42261)
I20260709 12:14:05.866173 11894 tablet_service.cc:1917] Received RequestConsensusVote() RPC: tablet_id: "a22c14e04eaf4ba4a115c38d8552b0ef" candidate_uuid: "0a3df8af26364e9f8bf80168391f24ce" candidate_term: 1 candidate_status { last_received { term: 0 index: 0 } } ignore_live_leader: false dest_uuid: "b8236e8ce7e94e84b6a8f6253f60850c" is_pre_election: true
I20260709 12:14:05.867825 11892 tablet_service.cc:1917] Received RequestConsensusVote() RPC: tablet_id: "86686e5f3fa1427fb67b22b6e00173de" candidate_uuid: "0a3df8af26364e9f8bf80168391f24ce" candidate_term: 2 candidate_status { last_received { term: 1 index: 1 } } ignore_live_leader: false dest_uuid: "b8236e8ce7e94e84b6a8f6253f60850c" is_pre_election: true
I20260709 12:14:05.870005 11710 leader_election.cc:304] T a22c14e04eaf4ba4a115c38d8552b0ef P 0a3df8af26364e9f8bf80168391f24ce [CANDIDATE]: Term 1 pre-election: Election decided. Result: candidate lost. Election summary: received 3 responses out of 3 voters: 1 yes votes; 2 no votes. yes voters: 0a3df8af26364e9f8bf80168391f24ce; no voters: 9ae3aaafb7404ec0a17a2e8c6cf9e7e6, b8236e8ce7e94e84b6a8f6253f60850c
I20260709 12:14:05.870234 11820 raft_consensus.cc:2468] T a7759c1261ab4a41bdebea188a2a2b32 P 9ae3aaafb7404ec0a17a2e8c6cf9e7e6 [term 2 FOLLOWER]: Leader election vote request: Granting yes vote for candidate b8236e8ce7e94e84b6a8f6253f60850c in term 2.
I20260709 12:14:05.872915 11821 tablet_service.cc:1917] Received RequestConsensusVote() RPC: tablet_id: "86686e5f3fa1427fb67b22b6e00173de" candidate_uuid: "0a3df8af26364e9f8bf80168391f24ce" candidate_term: 2 candidate_status { last_received { term: 1 index: 1 } } ignore_live_leader: false dest_uuid: "9ae3aaafb7404ec0a17a2e8c6cf9e7e6" is_pre_election: true
I20260709 12:14:05.873910 12048 raft_consensus.cc:2749] T a22c14e04eaf4ba4a115c38d8552b0ef P 0a3df8af26364e9f8bf80168391f24ce [term 0 FOLLOWER]: Leader pre-election lost for term 1. Reason: could not achieve majority
I20260709 12:14:05.874938 11709 leader_election.cc:304] T 86686e5f3fa1427fb67b22b6e00173de P 0a3df8af26364e9f8bf80168391f24ce [CANDIDATE]: Term 2 pre-election: Election decided. Result: candidate lost. Election summary: received 3 responses out of 3 voters: 1 yes votes; 2 no votes. yes voters: 0a3df8af26364e9f8bf80168391f24ce; no voters: 9ae3aaafb7404ec0a17a2e8c6cf9e7e6, b8236e8ce7e94e84b6a8f6253f60850c
I20260709 12:14:05.876194 11943 raft_consensus.cc:2749] T 86686e5f3fa1427fb67b22b6e00173de P 0a3df8af26364e9f8bf80168391f24ce [term 1 FOLLOWER]: Leader pre-election lost for term 2. Reason: could not achieve majority
I20260709 12:14:05.877121 11936 ts_tablet_manager.cc:1434] T 8228cfeac1e1493680486e89d605a679 P 9ae3aaafb7404ec0a17a2e8c6cf9e7e6: Time spent starting tablet: real 0.094s	user 0.006s	sys 0.003s
I20260709 12:14:05.878391 11936 tablet_bootstrap.cc:492] T 19cadafb33e1427891a8b065f85cf48c P 9ae3aaafb7404ec0a17a2e8c6cf9e7e6: Bootstrap starting.
I20260709 12:14:05.883311 11935 ts_tablet_manager.cc:1434] T 70720d55d6ba42c0a12ecfe0767ef770 P b8236e8ce7e94e84b6a8f6253f60850c: Time spent starting tablet: real 0.050s	user 0.006s	sys 0.000s
I20260709 12:14:05.884565 11935 tablet_bootstrap.cc:492] T a14c78b551d44ea6a8cc29a446196a13 P b8236e8ce7e94e84b6a8f6253f60850c: Bootstrap starting.
I20260709 12:14:05.869930 11890 raft_consensus.cc:2468] T 35131cf35a5d4a9eb004ac56bd256d20 P b8236e8ce7e94e84b6a8f6253f60850c [term 1 FOLLOWER]: Leader election vote request: Granting yes vote for candidate 9ae3aaafb7404ec0a17a2e8c6cf9e7e6 in term 1.
W20260709 12:14:05.891319 11858 outbound_call.cc:321] RPC callback for RPC call kudu.consensus.ConsensusService.UpdateConsensus -> {remote=127.10.86.130:42027, user_credentials={real_user=slave}} blocked reactor thread for 60431.3us
I20260709 12:14:05.901109 11858 leader_election.cc:304] T a7759c1261ab4a41bdebea188a2a2b32 P b8236e8ce7e94e84b6a8f6253f60850c [CANDIDATE]: Term 2 election: Election decided. Result: candidate won. Election summary: received 2 responses out of 3 voters: 2 yes votes; 0 no votes. yes voters: 0a3df8af26364e9f8bf80168391f24ce, b8236e8ce7e94e84b6a8f6253f60850c; no voters: 
I20260709 12:14:05.902894 12158 raft_consensus.cc:2804] T a7759c1261ab4a41bdebea188a2a2b32 P b8236e8ce7e94e84b6a8f6253f60850c [term 2 FOLLOWER]: Leader election won for term 2
I20260709 12:14:05.903398 12158 raft_consensus.cc:697] T a7759c1261ab4a41bdebea188a2a2b32 P b8236e8ce7e94e84b6a8f6253f60850c [term 2 LEADER]: Becoming Leader. State: Replica: b8236e8ce7e94e84b6a8f6253f60850c, State: Running, Role: LEADER
I20260709 12:14:05.904165 12158 consensus_queue.cc:237] T a7759c1261ab4a41bdebea188a2a2b32 P b8236e8ce7e94e84b6a8f6253f60850c [LEADER]: Queue going to LEADER mode. State: All replicated index: 0, Majority replicated index: 0, Committed index: 0, Last appended: 0.0, Last appended by leader: 0, Current term: 2, Majority size: 2, State: 0, Mode: LEADER, active raft config: opid_index: -1 OBSOLETE_local: false peers { permanent_uuid: "0a3df8af26364e9f8bf80168391f24ce" member_type: VOTER last_known_addr { host: "127.10.86.129" port: 35913 } } peers { permanent_uuid: "9ae3aaafb7404ec0a17a2e8c6cf9e7e6" member_type: VOTER last_known_addr { host: "127.10.86.130" port: 42027 } } peers { permanent_uuid: "b8236e8ce7e94e84b6a8f6253f60850c" member_type: VOTER last_known_addr { host: "127.10.86.131" port: 42261 } }
I20260709 12:14:05.904975 11741 tablet_service.cc:1917] Received RequestConsensusVote() RPC: tablet_id: "bf3dda1a095041d7b95c133236b63c97" candidate_uuid: "b8236e8ce7e94e84b6a8f6253f60850c" candidate_term: 1 candidate_status { last_received { term: 0 index: 0 } } ignore_live_leader: false dest_uuid: "0a3df8af26364e9f8bf80168391f24ce"
I20260709 12:14:05.907480 12132 raft_consensus.cc:493] T 8dda37fd12594a1dabc13c02845191ee P 9ae3aaafb7404ec0a17a2e8c6cf9e7e6 [term 0 FOLLOWER]: Starting pre-election (no leader contacted us within the election timeout)
I20260709 12:14:05.907987 12132 raft_consensus.cc:515] T 8dda37fd12594a1dabc13c02845191ee P 9ae3aaafb7404ec0a17a2e8c6cf9e7e6 [term 0 FOLLOWER]: Starting pre-election with config: opid_index: -1 OBSOLETE_local: false peers { permanent_uuid: "0a3df8af26364e9f8bf80168391f24ce" member_type: VOTER last_known_addr { host: "127.10.86.129" port: 35913 } } peers { permanent_uuid: "9ae3aaafb7404ec0a17a2e8c6cf9e7e6" member_type: VOTER last_known_addr { host: "127.10.86.130" port: 42027 } } peers { permanent_uuid: "b8236e8ce7e94e84b6a8f6253f60850c" member_type: VOTER last_known_addr { host: "127.10.86.131" port: 42261 } }
I20260709 12:14:05.912954 11820 tablet_service.cc:1917] Received RequestConsensusVote() RPC: tablet_id: "bf3dda1a095041d7b95c133236b63c97" candidate_uuid: "b8236e8ce7e94e84b6a8f6253f60850c" candidate_term: 1 candidate_status { last_received { term: 0 index: 0 } } ignore_live_leader: false dest_uuid: "9ae3aaafb7404ec0a17a2e8c6cf9e7e6"
W20260709 12:14:05.914013 11858 leader_election.cc:343] T bf3dda1a095041d7b95c133236b63c97 P b8236e8ce7e94e84b6a8f6253f60850c [CANDIDATE]: Term 1 election: Tablet error from VoteRequest() call to peer 0a3df8af26364e9f8bf80168391f24ce (127.10.86.129:35913): Illegal state: must be running to vote when last-logged opid is not known
I20260709 12:14:05.913136 11785 leader_election.cc:304] T 35131cf35a5d4a9eb004ac56bd256d20 P 9ae3aaafb7404ec0a17a2e8c6cf9e7e6 [CANDIDATE]: Term 1 election: Election decided. Result: candidate won. Election summary: received 3 responses out of 3 voters: 2 yes votes; 1 no votes. yes voters: 9ae3aaafb7404ec0a17a2e8c6cf9e7e6, b8236e8ce7e94e84b6a8f6253f60850c; no voters: 0a3df8af26364e9f8bf80168391f24ce
I20260709 12:14:05.919322 12019 consensus_queue.cc:1048] T 1124ecb8b35b4ae7942457c1706762ca P b8236e8ce7e94e84b6a8f6253f60850c [LEADER]: Connected to new peer: Peer: permanent_uuid: "0a3df8af26364e9f8bf80168391f24ce" member_type: VOTER last_known_addr { host: "127.10.86.129" port: 35913 }, Status: LMP_MISMATCH, Last received: 0.0, Next index: 1, Last known committed idx: 0, Time since last communication: 0.000s
I20260709 12:14:05.920986 12046 raft_consensus.cc:2804] T 35131cf35a5d4a9eb004ac56bd256d20 P 9ae3aaafb7404ec0a17a2e8c6cf9e7e6 [term 1 FOLLOWER]: Leader election won for term 1
I20260709 12:14:05.921149 12132 leader_election.cc:290] T 8dda37fd12594a1dabc13c02845191ee P 9ae3aaafb7404ec0a17a2e8c6cf9e7e6 [CANDIDATE]: Term 1 pre-election: Requested pre-vote from peers 0a3df8af26364e9f8bf80168391f24ce (127.10.86.129:35913), b8236e8ce7e94e84b6a8f6253f60850c (127.10.86.131:42261)
I20260709 12:14:05.924269 11745 tablet_service.cc:1917] Received RequestConsensusVote() RPC: tablet_id: "8dda37fd12594a1dabc13c02845191ee" candidate_uuid: "9ae3aaafb7404ec0a17a2e8c6cf9e7e6" candidate_term: 1 candidate_status { last_received { term: 0 index: 0 } } ignore_live_leader: false dest_uuid: "0a3df8af26364e9f8bf80168391f24ce" is_pre_election: true
W20260709 12:14:05.932099 11784 leader_election.cc:343] T 8dda37fd12594a1dabc13c02845191ee P 9ae3aaafb7404ec0a17a2e8c6cf9e7e6 [CANDIDATE]: Term 1 pre-election: Tablet error from VoteRequest() call to peer 0a3df8af26364e9f8bf80168391f24ce (127.10.86.129:35913): Illegal state: must be running to vote when last-logged opid is not known
I20260709 12:14:05.931083 11820 raft_consensus.cc:3060] T bf3dda1a095041d7b95c133236b63c97 P 9ae3aaafb7404ec0a17a2e8c6cf9e7e6 [term 0 FOLLOWER]: Advancing to term 1
I20260709 12:14:05.944563 11937 tablet_bootstrap.cc:492] T 84cc958d8b8d4314a8cca48c07a1b7ed P 0a3df8af26364e9f8bf80168391f24ce: No bootstrap required, opened a new log
I20260709 12:14:05.945537 11937 ts_tablet_manager.cc:1403] T 84cc958d8b8d4314a8cca48c07a1b7ed P 0a3df8af26364e9f8bf80168391f24ce: Time spent bootstrapping tablet: real 0.255s	user 0.029s	sys 0.010s
I20260709 12:14:05.950409 11943 consensus_queue.cc:1048] T b0b1ec142bce4135a47f9a8c53b5f5e4 P 0a3df8af26364e9f8bf80168391f24ce [LEADER]: Connected to new peer: Peer: permanent_uuid: "b8236e8ce7e94e84b6a8f6253f60850c" member_type: VOTER last_known_addr { host: "127.10.86.131" port: 42261 }, Status: LMP_MISMATCH, Last received: 0.0, Next index: 1, Last known committed idx: 0, Time since last communication: 0.007s
I20260709 12:14:05.953424 12046 raft_consensus.cc:697] T 35131cf35a5d4a9eb004ac56bd256d20 P 9ae3aaafb7404ec0a17a2e8c6cf9e7e6 [term 1 LEADER]: Becoming Leader. State: Replica: 9ae3aaafb7404ec0a17a2e8c6cf9e7e6, State: Running, Role: LEADER
I20260709 12:14:05.975188 11936 tablet_bootstrap.cc:654] T 19cadafb33e1427891a8b065f85cf48c P 9ae3aaafb7404ec0a17a2e8c6cf9e7e6: Neither blocks nor log segments found. Creating new log.
I20260709 12:14:05.979373 11890 tablet_service.cc:1917] Received RequestConsensusVote() RPC: tablet_id: "8dda37fd12594a1dabc13c02845191ee" candidate_uuid: "9ae3aaafb7404ec0a17a2e8c6cf9e7e6" candidate_term: 1 candidate_status { last_received { term: 0 index: 0 } } ignore_live_leader: false dest_uuid: "b8236e8ce7e94e84b6a8f6253f60850c" is_pre_election: true
W20260709 12:14:05.987637 11785 leader_election.cc:343] T 8dda37fd12594a1dabc13c02845191ee P 9ae3aaafb7404ec0a17a2e8c6cf9e7e6 [CANDIDATE]: Term 1 pre-election: Tablet error from VoteRequest() call to peer b8236e8ce7e94e84b6a8f6253f60850c (127.10.86.131:42261): Illegal state: must be running to vote when last-logged opid is not known
I20260709 12:14:05.988097 11785 leader_election.cc:304] T 8dda37fd12594a1dabc13c02845191ee P 9ae3aaafb7404ec0a17a2e8c6cf9e7e6 [CANDIDATE]: Term 1 pre-election: Election decided. Result: candidate lost. Election summary: received 3 responses out of 3 voters: 1 yes votes; 2 no votes. yes voters: 9ae3aaafb7404ec0a17a2e8c6cf9e7e6; no voters: 0a3df8af26364e9f8bf80168391f24ce, b8236e8ce7e94e84b6a8f6253f60850c
I20260709 12:14:05.989516 12053 raft_consensus.cc:2749] T 8dda37fd12594a1dabc13c02845191ee P 9ae3aaafb7404ec0a17a2e8c6cf9e7e6 [term 0 FOLLOWER]: Leader pre-election lost for term 1. Reason: could not achieve majority
I20260709 12:14:05.989614 11943 consensus_queue.cc:1048] T b0b1ec142bce4135a47f9a8c53b5f5e4 P 0a3df8af26364e9f8bf80168391f24ce [LEADER]: Connected to new peer: Peer: permanent_uuid: "9ae3aaafb7404ec0a17a2e8c6cf9e7e6" member_type: VOTER last_known_addr { host: "127.10.86.130" port: 42027 }, Status: LMP_MISMATCH, Last received: 0.0, Next index: 1, Last known committed idx: 0, Time since last communication: 0.000s
I20260709 12:14:05.990504 12110 raft_consensus.cc:493] T 19cadafb33e1427891a8b065f85cf48c P b8236e8ce7e94e84b6a8f6253f60850c [term 0 FOLLOWER]: Starting pre-election (no leader contacted us within the election timeout)
I20260709 12:14:05.990968 12110 raft_consensus.cc:515] T 19cadafb33e1427891a8b065f85cf48c P b8236e8ce7e94e84b6a8f6253f60850c [term 0 FOLLOWER]: Starting pre-election with config: opid_index: -1 OBSOLETE_local: false peers { permanent_uuid: "0a3df8af26364e9f8bf80168391f24ce" member_type: VOTER last_known_addr { host: "127.10.86.129" port: 35913 } } peers { permanent_uuid: "9ae3aaafb7404ec0a17a2e8c6cf9e7e6" member_type: VOTER last_known_addr { host: "127.10.86.130" port: 42027 } } peers { permanent_uuid: "b8236e8ce7e94e84b6a8f6253f60850c" member_type: VOTER last_known_addr { host: "127.10.86.131" port: 42261 } }
I20260709 12:14:05.990283 11640 catalog_manager.cc:5697] T 07c9a0cb18af44ad805550c1b8bf024b P 9ae3aaafb7404ec0a17a2e8c6cf9e7e6 reported cstate change: term changed from 0 to 1, leader changed from <none> to 9ae3aaafb7404ec0a17a2e8c6cf9e7e6 (127.10.86.130). New cstate: current_term: 1 leader_uuid: "9ae3aaafb7404ec0a17a2e8c6cf9e7e6" committed_config { opid_index: -1 OBSOLETE_local: false peers { permanent_uuid: "0a3df8af26364e9f8bf80168391f24ce" member_type: VOTER last_known_addr { host: "127.10.86.129" port: 35913 } health_report { overall_health: UNKNOWN } } peers { permanent_uuid: "9ae3aaafb7404ec0a17a2e8c6cf9e7e6" member_type: VOTER last_known_addr { host: "127.10.86.130" port: 42027 } health_report { overall_health: HEALTHY } } peers { permanent_uuid: "b8236e8ce7e94e84b6a8f6253f60850c" member_type: VOTER last_known_addr { host: "127.10.86.131" port: 42261 } health_report { overall_health: UNKNOWN } } }
I20260709 12:14:05.993480 11937 raft_consensus.cc:359] T 84cc958d8b8d4314a8cca48c07a1b7ed P 0a3df8af26364e9f8bf80168391f24ce [term 0 FOLLOWER]: Replica starting. Triggering 0 pending ops. Active config: opid_index: -1 OBSOLETE_local: false peers { permanent_uuid: "0a3df8af26364e9f8bf80168391f24ce" member_type: VOTER last_known_addr { host: "127.10.86.129" port: 35913 } } peers { permanent_uuid: "9ae3aaafb7404ec0a17a2e8c6cf9e7e6" member_type: VOTER last_known_addr { host: "127.10.86.130" port: 42027 } } peers { permanent_uuid: "b8236e8ce7e94e84b6a8f6253f60850c" member_type: VOTER last_known_addr { host: "127.10.86.131" port: 42261 } }
I20260709 12:14:05.994412 11937 raft_consensus.cc:385] T 84cc958d8b8d4314a8cca48c07a1b7ed P 0a3df8af26364e9f8bf80168391f24ce [term 0 FOLLOWER]: Consensus starting up: Expiring failure detector timer to make a prompt election more likely
I20260709 12:14:05.994773 11937 raft_consensus.cc:740] T 84cc958d8b8d4314a8cca48c07a1b7ed P 0a3df8af26364e9f8bf80168391f24ce [term 0 FOLLOWER]: Becoming Follower/Learner. State: Replica: 0a3df8af26364e9f8bf80168391f24ce, State: Initialized, Role: FOLLOWER
I20260709 12:14:05.995612 11937 consensus_queue.cc:260] T 84cc958d8b8d4314a8cca48c07a1b7ed P 0a3df8af26364e9f8bf80168391f24ce [NON_LEADER]: Queue going to NON_LEADER mode. State: All replicated index: 0, Majority replicated index: 0, Committed index: 0, Last appended: 0.0, Last appended by leader: 0, Current term: 0, Majority size: -1, State: 0, Mode: NON_LEADER, active raft config: opid_index: -1 OBSOLETE_local: false peers { permanent_uuid: "0a3df8af26364e9f8bf80168391f24ce" member_type: VOTER last_known_addr { host: "127.10.86.129" port: 35913 } } peers { permanent_uuid: "9ae3aaafb7404ec0a17a2e8c6cf9e7e6" member_type: VOTER last_known_addr { host: "127.10.86.130" port: 42027 } } peers { permanent_uuid: "b8236e8ce7e94e84b6a8f6253f60850c" member_type: VOTER last_known_addr { host: "127.10.86.131" port: 42261 } }
I20260709 12:14:06.006835 11820 raft_consensus.cc:2468] T bf3dda1a095041d7b95c133236b63c97 P 9ae3aaafb7404ec0a17a2e8c6cf9e7e6 [term 1 FOLLOWER]: Leader election vote request: Granting yes vote for candidate b8236e8ce7e94e84b6a8f6253f60850c in term 1.
