I20260709 12:13:45.638556 15808 consensus_queue.cc:260] T 1faac311949b4cad9e38c878ae1d9927 P 8ce5c81915824c4596f577cda2b82c1a [NON_LEADER]: Queue going to NON_LEADER mode. State: All replicated index: 0, Majority replicated index: 0, Committed index: 0, Last appended: 0.0, Last appended by leader: 0, Current term: 0, Majority size: -1, State: 0, Mode: NON_LEADER, active raft config: opid_index: -1 OBSOLETE_local: false peers { permanent_uuid: "2bf7dc4c10b148088dc522cf2245d116" member_type: VOTER last_known_addr { host: "127.14.29.1" port: 40991 } } peers { permanent_uuid: "351a114db2bc42cab62d9bebc4eb3032" member_type: VOTER last_known_addr { host: "127.14.29.2" port: 44929 } } peers { permanent_uuid: "8ce5c81915824c4596f577cda2b82c1a" member_type: VOTER last_known_addr { host: "127.14.29.3" port: 45753 } }
I20260709 12:13:45.640750 15808 ts_tablet_manager.cc:1434] T 1faac311949b4cad9e38c878ae1d9927 P 8ce5c81915824c4596f577cda2b82c1a: Time spent starting tablet: real 0.018s	user 0.005s	sys 0.000s
I20260709 12:13:45.641700 15808 tablet_bootstrap.cc:492] T 5e37d1f106ae43f79c324aafdd0a926e P 8ce5c81915824c4596f577cda2b82c1a: Bootstrap starting.
I20260709 12:13:45.646824 15807 tablet_bootstrap.cc:492] T 260d6236796f4a2582ca0184c6795d6f P 2bf7dc4c10b148088dc522cf2245d116: No bootstrap required, opened a new log
I20260709 12:13:45.605033 15687 raft_consensus.cc:2468] T 4c8e2c98cfba4f91b0d1df05e22deac1 P 351a114db2bc42cab62d9bebc4eb3032 [term 1 FOLLOWER]: Leader election vote request: Granting yes vote for candidate 2bf7dc4c10b148088dc522cf2245d116 in term 1.
I20260709 12:13:45.647444 15807 ts_tablet_manager.cc:1403] T 260d6236796f4a2582ca0184c6795d6f P 2bf7dc4c10b148088dc522cf2245d116: Time spent bootstrapping tablet: real 0.107s	user 0.013s	sys 0.006s
I20260709 12:13:45.648430 15581 leader_election.cc:304] T 4c8e2c98cfba4f91b0d1df05e22deac1 P 2bf7dc4c10b148088dc522cf2245d116 [CANDIDATE]: Term 1 election: Election decided. Result: candidate won. Election summary: received 3 responses out of 3 voters: 2 yes votes; 1 no votes. yes voters: 2bf7dc4c10b148088dc522cf2245d116, 351a114db2bc42cab62d9bebc4eb3032; no voters: 8ce5c81915824c4596f577cda2b82c1a
I20260709 12:13:45.649963 16070 raft_consensus.cc:2804] T 4c8e2c98cfba4f91b0d1df05e22deac1 P 2bf7dc4c10b148088dc522cf2245d116 [term 1 FOLLOWER]: Leader election won for term 1
I20260709 12:13:45.650542 16070 raft_consensus.cc:697] T 4c8e2c98cfba4f91b0d1df05e22deac1 P 2bf7dc4c10b148088dc522cf2245d116 [term 1 LEADER]: Becoming Leader. State: Replica: 2bf7dc4c10b148088dc522cf2245d116, State: Running, Role: LEADER
I20260709 12:13:45.651578 16070 consensus_queue.cc:237] T 4c8e2c98cfba4f91b0d1df05e22deac1 P 2bf7dc4c10b148088dc522cf2245d116 [LEADER]: Queue going to LEADER mode. State: All replicated index: 0, Majority replicated index: 0, Committed index: 0, Last appended: 0.0, Last appended by leader: 0, Current term: 1, Majority size: 2, State: 0, Mode: LEADER, active raft config: opid_index: -1 OBSOLETE_local: false peers { permanent_uuid: "2bf7dc4c10b148088dc522cf2245d116" member_type: VOTER last_known_addr { host: "127.14.29.1" port: 40991 } } peers { permanent_uuid: "351a114db2bc42cab62d9bebc4eb3032" member_type: VOTER last_known_addr { host: "127.14.29.2" port: 44929 } } peers { permanent_uuid: "8ce5c81915824c4596f577cda2b82c1a" member_type: VOTER last_known_addr { host: "127.14.29.3" port: 45753 } }
I20260709 12:13:45.651973 15807 raft_consensus.cc:359] T 260d6236796f4a2582ca0184c6795d6f P 2bf7dc4c10b148088dc522cf2245d116 [term 0 FOLLOWER]: Replica starting. Triggering 0 pending ops. Active config: opid_index: -1 OBSOLETE_local: false peers { permanent_uuid: "2bf7dc4c10b148088dc522cf2245d116" member_type: VOTER last_known_addr { host: "127.14.29.1" port: 40991 } } peers { permanent_uuid: "351a114db2bc42cab62d9bebc4eb3032" member_type: VOTER last_known_addr { host: "127.14.29.2" port: 44929 } } peers { permanent_uuid: "8ce5c81915824c4596f577cda2b82c1a" member_type: VOTER last_known_addr { host: "127.14.29.3" port: 45753 } }
I20260709 12:13:45.652786 15807 raft_consensus.cc:385] T 260d6236796f4a2582ca0184c6795d6f P 2bf7dc4c10b148088dc522cf2245d116 [term 0 FOLLOWER]: Consensus starting up: Expiring failure detector timer to make a prompt election more likely
I20260709 12:13:45.653116 15807 raft_consensus.cc:740] T 260d6236796f4a2582ca0184c6795d6f P 2bf7dc4c10b148088dc522cf2245d116 [term 0 FOLLOWER]: Becoming Follower/Learner. State: Replica: 2bf7dc4c10b148088dc522cf2245d116, State: Initialized, Role: FOLLOWER
I20260709 12:13:45.653851 15807 consensus_queue.cc:260] T 260d6236796f4a2582ca0184c6795d6f P 2bf7dc4c10b148088dc522cf2245d116 [NON_LEADER]: Queue going to NON_LEADER mode. State: All replicated index: 0, Majority replicated index: 0, Committed index: 0, Last appended: 0.0, Last appended by leader: 0, Current term: 0, Majority size: -1, State: 0, Mode: NON_LEADER, active raft config: opid_index: -1 OBSOLETE_local: false peers { permanent_uuid: "2bf7dc4c10b148088dc522cf2245d116" member_type: VOTER last_known_addr { host: "127.14.29.1" port: 40991 } } peers { permanent_uuid: "351a114db2bc42cab62d9bebc4eb3032" member_type: VOTER last_known_addr { host: "127.14.29.2" port: 44929 } } peers { permanent_uuid: "8ce5c81915824c4596f577cda2b82c1a" member_type: VOTER last_known_addr { host: "127.14.29.3" port: 45753 } }
W20260709 12:13:45.656818 15732 consensus_peers.cc:597] T b9d9e76b8bfe4d6d930c95ad5bea4c7c P 8ce5c81915824c4596f577cda2b82c1a -> Peer 2bf7dc4c10b148088dc522cf2245d116 (127.14.29.1:40991): Couldn't send request to peer 2bf7dc4c10b148088dc522cf2245d116. Error code: TABLET_NOT_RUNNING (12). Status: Illegal state: Tablet not RUNNING: INITIALIZED. This is attempt 1: this message will repeat every 5th retry.
I20260709 12:13:45.658099 15809 tablet_bootstrap.cc:492] T 42e4b824e6a44f05aedffacf44cd9453 P 351a114db2bc42cab62d9bebc4eb3032: No bootstrap required, opened a new log
I20260709 12:13:45.658728 15809 ts_tablet_manager.cc:1403] T 42e4b824e6a44f05aedffacf44cd9453 P 351a114db2bc42cab62d9bebc4eb3032: Time spent bootstrapping tablet: real 0.065s	user 0.008s	sys 0.005s
I20260709 12:13:45.686887 15807 ts_tablet_manager.cc:1434] T 260d6236796f4a2582ca0184c6795d6f P 2bf7dc4c10b148088dc522cf2245d116: Time spent starting tablet: real 0.038s	user 0.016s	sys 0.002s
I20260709 12:13:45.690793 15511 catalog_manager.cc:5697] T 4c8e2c98cfba4f91b0d1df05e22deac1 P 2bf7dc4c10b148088dc522cf2245d116 reported cstate change: term changed from 0 to 1, leader changed from <none> to 2bf7dc4c10b148088dc522cf2245d116 (127.14.29.1). New cstate: current_term: 1 leader_uuid: "2bf7dc4c10b148088dc522cf2245d116" committed_config { opid_index: -1 OBSOLETE_local: false peers { permanent_uuid: "2bf7dc4c10b148088dc522cf2245d116" member_type: VOTER last_known_addr { host: "127.14.29.1" port: 40991 } health_report { overall_health: HEALTHY } } peers { permanent_uuid: "351a114db2bc42cab62d9bebc4eb3032" member_type: VOTER last_known_addr { host: "127.14.29.2" port: 44929 } health_report { overall_health: UNKNOWN } } peers { permanent_uuid: "8ce5c81915824c4596f577cda2b82c1a" member_type: VOTER last_known_addr { host: "127.14.29.3" port: 45753 } health_report { overall_health: UNKNOWN } } }
I20260709 12:13:45.691570 15809 raft_consensus.cc:359] T 42e4b824e6a44f05aedffacf44cd9453 P 351a114db2bc42cab62d9bebc4eb3032 [term 0 FOLLOWER]: Replica starting. Triggering 0 pending ops. Active config: opid_index: -1 OBSOLETE_local: false peers { permanent_uuid: "2bf7dc4c10b148088dc522cf2245d116" member_type: VOTER last_known_addr { host: "127.14.29.1" port: 40991 } } peers { permanent_uuid: "351a114db2bc42cab62d9bebc4eb3032" member_type: VOTER last_known_addr { host: "127.14.29.2" port: 44929 } } peers { permanent_uuid: "8ce5c81915824c4596f577cda2b82c1a" member_type: VOTER last_known_addr { host: "127.14.29.3" port: 45753 } }
I20260709 12:13:45.692298 15809 raft_consensus.cc:385] T 42e4b824e6a44f05aedffacf44cd9453 P 351a114db2bc42cab62d9bebc4eb3032 [term 0 FOLLOWER]: Consensus starting up: Expiring failure detector timer to make a prompt election more likely
I20260709 12:13:45.692625 15809 raft_consensus.cc:740] T 42e4b824e6a44f05aedffacf44cd9453 P 351a114db2bc42cab62d9bebc4eb3032 [term 0 FOLLOWER]: Becoming Follower/Learner. State: Replica: 351a114db2bc42cab62d9bebc4eb3032, State: Initialized, Role: FOLLOWER
I20260709 12:13:45.707794 15807 tablet_bootstrap.cc:492] T 4f683a94bf6e4f4e8d762512c7b6a89b P 2bf7dc4c10b148088dc522cf2245d116: Bootstrap starting.
I20260709 12:13:45.709458 15809 consensus_queue.cc:260] T 42e4b824e6a44f05aedffacf44cd9453 P 351a114db2bc42cab62d9bebc4eb3032 [NON_LEADER]: Queue going to NON_LEADER mode. State: All replicated index: 0, Majority replicated index: 0, Committed index: 0, Last appended: 0.0, Last appended by leader: 0, Current term: 0, Majority size: -1, State: 0, Mode: NON_LEADER, active raft config: opid_index: -1 OBSOLETE_local: false peers { permanent_uuid: "2bf7dc4c10b148088dc522cf2245d116" member_type: VOTER last_known_addr { host: "127.14.29.1" port: 40991 } } peers { permanent_uuid: "351a114db2bc42cab62d9bebc4eb3032" member_type: VOTER last_known_addr { host: "127.14.29.2" port: 44929 } } peers { permanent_uuid: "8ce5c81915824c4596f577cda2b82c1a" member_type: VOTER last_known_addr { host: "127.14.29.3" port: 45753 } }
I20260709 12:13:45.710489 15511 catalog_manager.cc:5697] T 260d6236796f4a2582ca0184c6795d6f P 8ce5c81915824c4596f577cda2b82c1a reported cstate change: term changed from 0 to 1, leader changed from <none> to 8ce5c81915824c4596f577cda2b82c1a (127.14.29.3). New cstate: current_term: 1 leader_uuid: "8ce5c81915824c4596f577cda2b82c1a" committed_config { opid_index: -1 OBSOLETE_local: false peers { permanent_uuid: "2bf7dc4c10b148088dc522cf2245d116" member_type: VOTER last_known_addr { host: "127.14.29.1" port: 40991 } health_report { overall_health: UNKNOWN } } peers { permanent_uuid: "351a114db2bc42cab62d9bebc4eb3032" member_type: VOTER last_known_addr { host: "127.14.29.2" port: 44929 } health_report { overall_health: UNKNOWN } } peers { permanent_uuid: "8ce5c81915824c4596f577cda2b82c1a" member_type: VOTER last_known_addr { host: "127.14.29.3" port: 45753 } health_report { overall_health: HEALTHY } } }
I20260709 12:13:45.712415 15808 tablet_bootstrap.cc:654] T 5e37d1f106ae43f79c324aafdd0a926e P 8ce5c81915824c4596f577cda2b82c1a: Neither blocks nor log segments found. Creating new log.
I20260709 12:13:45.729420 16062 consensus_queue.cc:1048] T b9d9e76b8bfe4d6d930c95ad5bea4c7c P 8ce5c81915824c4596f577cda2b82c1a [LEADER]: Connected to new peer: Peer: permanent_uuid: "351a114db2bc42cab62d9bebc4eb3032" member_type: VOTER last_known_addr { host: "127.14.29.2" port: 44929 }, Status: LMP_MISMATCH, Last received: 0.0, Next index: 1, Last known committed idx: 0, Time since last communication: 0.001s
I20260709 12:13:45.754271 15807 tablet_bootstrap.cc:654] T 4f683a94bf6e4f4e8d762512c7b6a89b P 2bf7dc4c10b148088dc522cf2245d116: Neither blocks nor log segments found. Creating new log.
I20260709 12:13:45.798492 15808 tablet_bootstrap.cc:492] T 5e37d1f106ae43f79c324aafdd0a926e P 8ce5c81915824c4596f577cda2b82c1a: No bootstrap required, opened a new log
I20260709 12:13:45.782766 16070 raft_consensus.cc:493] T 260d6236796f4a2582ca0184c6795d6f P 2bf7dc4c10b148088dc522cf2245d116 [term 0 FOLLOWER]: Starting pre-election (no leader contacted us within the election timeout)
I20260709 12:13:45.799108 15808 ts_tablet_manager.cc:1403] T 5e37d1f106ae43f79c324aafdd0a926e P 8ce5c81915824c4596f577cda2b82c1a: Time spent bootstrapping tablet: real 0.158s	user 0.008s	sys 0.004s
I20260709 12:13:45.799224 16070 raft_consensus.cc:515] T 260d6236796f4a2582ca0184c6795d6f P 2bf7dc4c10b148088dc522cf2245d116 [term 0 FOLLOWER]: Starting pre-election with config: opid_index: -1 OBSOLETE_local: false peers { permanent_uuid: "2bf7dc4c10b148088dc522cf2245d116" member_type: VOTER last_known_addr { host: "127.14.29.1" port: 40991 } } peers { permanent_uuid: "351a114db2bc42cab62d9bebc4eb3032" member_type: VOTER last_known_addr { host: "127.14.29.2" port: 44929 } } peers { permanent_uuid: "8ce5c81915824c4596f577cda2b82c1a" member_type: VOTER last_known_addr { host: "127.14.29.3" port: 45753 } }
I20260709 12:13:45.802058 15693 tablet_service.cc:1917] Received RequestConsensusVote() RPC: tablet_id: "260d6236796f4a2582ca0184c6795d6f" candidate_uuid: "2bf7dc4c10b148088dc522cf2245d116" candidate_term: 1 candidate_status { last_received { term: 0 index: 0 } } ignore_live_leader: false dest_uuid: "351a114db2bc42cab62d9bebc4eb3032" is_pre_election: true
I20260709 12:13:45.801882 15808 raft_consensus.cc:359] T 5e37d1f106ae43f79c324aafdd0a926e P 8ce5c81915824c4596f577cda2b82c1a [term 0 FOLLOWER]: Replica starting. Triggering 0 pending ops. Active config: opid_index: -1 OBSOLETE_local: false peers { permanent_uuid: "2bf7dc4c10b148088dc522cf2245d116" member_type: VOTER last_known_addr { host: "127.14.29.1" port: 40991 } } peers { permanent_uuid: "351a114db2bc42cab62d9bebc4eb3032" member_type: VOTER last_known_addr { host: "127.14.29.2" port: 44929 } } peers { permanent_uuid: "8ce5c81915824c4596f577cda2b82c1a" member_type: VOTER last_known_addr { host: "127.14.29.3" port: 45753 } }
I20260709 12:13:45.801947 15879 consensus_queue.cc:1048] T 60419f080fde4969a2b41bdc3a36917c P 351a114db2bc42cab62d9bebc4eb3032 [LEADER]: Connected to new peer: Peer: permanent_uuid: "8ce5c81915824c4596f577cda2b82c1a" member_type: VOTER last_known_addr { host: "127.14.29.3" port: 45753 }, Status: LMP_MISMATCH, Last received: 0.0, Next index: 1, Last known committed idx: 0, Time since last communication: 0.001s
I20260709 12:13:45.802655 15808 raft_consensus.cc:385] T 5e37d1f106ae43f79c324aafdd0a926e P 8ce5c81915824c4596f577cda2b82c1a [term 0 FOLLOWER]: Consensus starting up: Expiring failure detector timer to make a prompt election more likely
I20260709 12:13:45.802896 15693 raft_consensus.cc:2393] T 260d6236796f4a2582ca0184c6795d6f P 351a114db2bc42cab62d9bebc4eb3032 [term 1 FOLLOWER]: Leader pre-election vote request: Denying vote to candidate 2bf7dc4c10b148088dc522cf2245d116 in current term 1: Already voted for candidate 8ce5c81915824c4596f577cda2b82c1a in this term.
I20260709 12:13:45.802942 15808 raft_consensus.cc:740] T 5e37d1f106ae43f79c324aafdd0a926e P 8ce5c81915824c4596f577cda2b82c1a [term 0 FOLLOWER]: Becoming Follower/Learner. State: Replica: 8ce5c81915824c4596f577cda2b82c1a, State: Initialized, Role: FOLLOWER
I20260709 12:13:45.805100 15766 raft_consensus.cc:3060] T b6507c1c27f144aaa156ced3f1b56fe0 P 8ce5c81915824c4596f577cda2b82c1a [term 0 FOLLOWER]: Advancing to term 1
I20260709 12:13:45.805343 15808 consensus_queue.cc:260] T 5e37d1f106ae43f79c324aafdd0a926e P 8ce5c81915824c4596f577cda2b82c1a [NON_LEADER]: Queue going to NON_LEADER mode. State: All replicated index: 0, Majority replicated index: 0, Committed index: 0, Last appended: 0.0, Last appended by leader: 0, Current term: 0, Majority size: -1, State: 0, Mode: NON_LEADER, active raft config: opid_index: -1 OBSOLETE_local: false peers { permanent_uuid: "2bf7dc4c10b148088dc522cf2245d116" member_type: VOTER last_known_addr { host: "127.14.29.1" port: 40991 } } peers { permanent_uuid: "351a114db2bc42cab62d9bebc4eb3032" member_type: VOTER last_known_addr { host: "127.14.29.2" port: 44929 } } peers { permanent_uuid: "8ce5c81915824c4596f577cda2b82c1a" member_type: VOTER last_known_addr { host: "127.14.29.3" port: 45753 } }
I20260709 12:13:45.806113 15764 tablet_service.cc:1917] Received RequestConsensusVote() RPC: tablet_id: "260d6236796f4a2582ca0184c6795d6f" candidate_uuid: "2bf7dc4c10b148088dc522cf2245d116" candidate_term: 1 candidate_status { last_received { term: 0 index: 0 } } ignore_live_leader: false dest_uuid: "8ce5c81915824c4596f577cda2b82c1a" is_pre_election: true
I20260709 12:13:45.807377 15808 ts_tablet_manager.cc:1434] T 5e37d1f106ae43f79c324aafdd0a926e P 8ce5c81915824c4596f577cda2b82c1a: Time spent starting tablet: real 0.008s	user 0.005s	sys 0.000s
I20260709 12:13:45.807619 15584 leader_election.cc:304] T 260d6236796f4a2582ca0184c6795d6f P 2bf7dc4c10b148088dc522cf2245d116 [CANDIDATE]: Term 1 pre-election: Election decided. Result: candidate lost. Election summary: received 3 responses out of 3 voters: 1 yes votes; 2 no votes. yes voters: 2bf7dc4c10b148088dc522cf2245d116; no voters: 351a114db2bc42cab62d9bebc4eb3032, 8ce5c81915824c4596f577cda2b82c1a
I20260709 12:13:45.808205 15808 tablet_bootstrap.cc:492] T f652c97d98ca4c9387e316b6762a2c9e P 8ce5c81915824c4596f577cda2b82c1a: Bootstrap starting.
I20260709 12:13:45.808429 15838 raft_consensus.cc:3060] T 260d6236796f4a2582ca0184c6795d6f P 2bf7dc4c10b148088dc522cf2245d116 [term 0 FOLLOWER]: Advancing to term 1
I20260709 12:13:45.809306 15809 ts_tablet_manager.cc:1434] T 42e4b824e6a44f05aedffacf44cd9453 P 351a114db2bc42cab62d9bebc4eb3032: Time spent starting tablet: real 0.150s	user 0.007s	sys 0.015s
I20260709 12:13:45.810328 15809 tablet_bootstrap.cc:492] T 1d0bca85cf3240f7a32f4bb27b60cf86 P 351a114db2bc42cab62d9bebc4eb3032: Bootstrap starting.
I20260709 12:13:45.825680 15838 raft_consensus.cc:2749] T 260d6236796f4a2582ca0184c6795d6f P 2bf7dc4c10b148088dc522cf2245d116 [term 1 FOLLOWER]: Leader pre-election lost for term 1. Reason: could not achieve majority
I20260709 12:13:45.826639 16070 leader_election.cc:290] T 260d6236796f4a2582ca0184c6795d6f P 2bf7dc4c10b148088dc522cf2245d116 [CANDIDATE]: Term 1 pre-election: Requested pre-vote from peers 351a114db2bc42cab62d9bebc4eb3032 (127.14.29.2:44929), 8ce5c81915824c4596f577cda2b82c1a (127.14.29.3:45753)
I20260709 12:13:45.832803 15879 consensus_queue.cc:1048] T 60419f080fde4969a2b41bdc3a36917c P 351a114db2bc42cab62d9bebc4eb3032 [LEADER]: Connected to new peer: Peer: permanent_uuid: "2bf7dc4c10b148088dc522cf2245d116" member_type: VOTER last_known_addr { host: "127.14.29.1" port: 40991 }, Status: LMP_MISMATCH, Last received: 0.0, Next index: 1, Last known committed idx: 0, Time since last communication: 0.000s
I20260709 12:13:45.841933 15809 tablet_bootstrap.cc:654] T 1d0bca85cf3240f7a32f4bb27b60cf86 P 351a114db2bc42cab62d9bebc4eb3032: Neither blocks nor log segments found. Creating new log.
I20260709 12:13:45.844478 15807 tablet_bootstrap.cc:492] T 4f683a94bf6e4f4e8d762512c7b6a89b P 2bf7dc4c10b148088dc522cf2245d116: No bootstrap required, opened a new log
I20260709 12:13:45.844990 15807 ts_tablet_manager.cc:1403] T 4f683a94bf6e4f4e8d762512c7b6a89b P 2bf7dc4c10b148088dc522cf2245d116: Time spent bootstrapping tablet: real 0.137s	user 0.015s	sys 0.015s
I20260709 12:13:45.847820 15807 raft_consensus.cc:359] T 4f683a94bf6e4f4e8d762512c7b6a89b P 2bf7dc4c10b148088dc522cf2245d116 [term 0 FOLLOWER]: Replica starting. Triggering 0 pending ops. Active config: opid_index: -1 OBSOLETE_local: false peers { permanent_uuid: "2bf7dc4c10b148088dc522cf2245d116" member_type: VOTER last_known_addr { host: "127.14.29.1" port: 40991 } } peers { permanent_uuid: "351a114db2bc42cab62d9bebc4eb3032" member_type: VOTER last_known_addr { host: "127.14.29.2" port: 44929 } } peers { permanent_uuid: "8ce5c81915824c4596f577cda2b82c1a" member_type: VOTER last_known_addr { host: "127.14.29.3" port: 45753 } }
I20260709 12:13:45.848556 15807 raft_consensus.cc:385] T 4f683a94bf6e4f4e8d762512c7b6a89b P 2bf7dc4c10b148088dc522cf2245d116 [term 0 FOLLOWER]: Consensus starting up: Expiring failure detector timer to make a prompt election more likely
I20260709 12:13:45.848869 15807 raft_consensus.cc:740] T 4f683a94bf6e4f4e8d762512c7b6a89b P 2bf7dc4c10b148088dc522cf2245d116 [term 0 FOLLOWER]: Becoming Follower/Learner. State: Replica: 2bf7dc4c10b148088dc522cf2245d116, State: Initialized, Role: FOLLOWER
I20260709 12:13:45.852102 15808 tablet_bootstrap.cc:654] T f652c97d98ca4c9387e316b6762a2c9e P 8ce5c81915824c4596f577cda2b82c1a: Neither blocks nor log segments found. Creating new log.
I20260709 12:13:45.866266 15809 tablet_bootstrap.cc:492] T 1d0bca85cf3240f7a32f4bb27b60cf86 P 351a114db2bc42cab62d9bebc4eb3032: No bootstrap required, opened a new log
I20260709 12:13:45.866739 15809 ts_tablet_manager.cc:1403] T 1d0bca85cf3240f7a32f4bb27b60cf86 P 351a114db2bc42cab62d9bebc4eb3032: Time spent bootstrapping tablet: real 0.057s	user 0.009s	sys 0.000s
I20260709 12:13:45.869489 15809 raft_consensus.cc:359] T 1d0bca85cf3240f7a32f4bb27b60cf86 P 351a114db2bc42cab62d9bebc4eb3032 [term 0 FOLLOWER]: Replica starting. Triggering 0 pending ops. Active config: opid_index: -1 OBSOLETE_local: false peers { permanent_uuid: "2bf7dc4c10b148088dc522cf2245d116" member_type: VOTER last_known_addr { host: "127.14.29.1" port: 40991 } } peers { permanent_uuid: "351a114db2bc42cab62d9bebc4eb3032" member_type: VOTER last_known_addr { host: "127.14.29.2" port: 44929 } } peers { permanent_uuid: "8ce5c81915824c4596f577cda2b82c1a" member_type: VOTER last_known_addr { host: "127.14.29.3" port: 45753 } }
I20260709 12:13:45.870134 15809 raft_consensus.cc:385] T 1d0bca85cf3240f7a32f4bb27b60cf86 P 351a114db2bc42cab62d9bebc4eb3032 [term 0 FOLLOWER]: Consensus starting up: Expiring failure detector timer to make a prompt election more likely
I20260709 12:13:45.870400 15809 raft_consensus.cc:740] T 1d0bca85cf3240f7a32f4bb27b60cf86 P 351a114db2bc42cab62d9bebc4eb3032 [term 0 FOLLOWER]: Becoming Follower/Learner. State: Replica: 351a114db2bc42cab62d9bebc4eb3032, State: Initialized, Role: FOLLOWER
I20260709 12:13:45.871004 15809 consensus_queue.cc:260] T 1d0bca85cf3240f7a32f4bb27b60cf86 P 351a114db2bc42cab62d9bebc4eb3032 [NON_LEADER]: Queue going to NON_LEADER mode. State: All replicated index: 0, Majority replicated index: 0, Committed index: 0, Last appended: 0.0, Last appended by leader: 0, Current term: 0, Majority size: -1, State: 0, Mode: NON_LEADER, active raft config: opid_index: -1 OBSOLETE_local: false peers { permanent_uuid: "2bf7dc4c10b148088dc522cf2245d116" member_type: VOTER last_known_addr { host: "127.14.29.1" port: 40991 } } peers { permanent_uuid: "351a114db2bc42cab62d9bebc4eb3032" member_type: VOTER last_known_addr { host: "127.14.29.2" port: 44929 } } peers { permanent_uuid: "8ce5c81915824c4596f577cda2b82c1a" member_type: VOTER last_known_addr { host: "127.14.29.3" port: 45753 } }
I20260709 12:13:45.875834 15808 tablet_bootstrap.cc:492] T f652c97d98ca4c9387e316b6762a2c9e P 8ce5c81915824c4596f577cda2b82c1a: No bootstrap required, opened a new log
I20260709 12:13:45.876293 15808 ts_tablet_manager.cc:1403] T f652c97d98ca4c9387e316b6762a2c9e P 8ce5c81915824c4596f577cda2b82c1a: Time spent bootstrapping tablet: real 0.068s	user 0.005s	sys 0.005s
I20260709 12:13:45.879004 15808 raft_consensus.cc:359] T f652c97d98ca4c9387e316b6762a2c9e P 8ce5c81915824c4596f577cda2b82c1a [term 0 FOLLOWER]: Replica starting. Triggering 0 pending ops. Active config: opid_index: -1 OBSOLETE_local: false peers { permanent_uuid: "2bf7dc4c10b148088dc522cf2245d116" member_type: VOTER last_known_addr { host: "127.14.29.1" port: 40991 } } peers { permanent_uuid: "351a114db2bc42cab62d9bebc4eb3032" member_type: VOTER last_known_addr { host: "127.14.29.2" port: 44929 } } peers { permanent_uuid: "8ce5c81915824c4596f577cda2b82c1a" member_type: VOTER last_known_addr { host: "127.14.29.3" port: 45753 } }
I20260709 12:13:45.879673 15808 raft_consensus.cc:385] T f652c97d98ca4c9387e316b6762a2c9e P 8ce5c81915824c4596f577cda2b82c1a [term 0 FOLLOWER]: Consensus starting up: Expiring failure detector timer to make a prompt election more likely
I20260709 12:13:45.879906 15808 raft_consensus.cc:740] T f652c97d98ca4c9387e316b6762a2c9e P 8ce5c81915824c4596f577cda2b82c1a [term 0 FOLLOWER]: Becoming Follower/Learner. State: Replica: 8ce5c81915824c4596f577cda2b82c1a, State: Initialized, Role: FOLLOWER
I20260709 12:13:45.880559 15808 consensus_queue.cc:260] T f652c97d98ca4c9387e316b6762a2c9e P 8ce5c81915824c4596f577cda2b82c1a [NON_LEADER]: Queue going to NON_LEADER mode. State: All replicated index: 0, Majority replicated index: 0, Committed index: 0, Last appended: 0.0, Last appended by leader: 0, Current term: 0, Majority size: -1, State: 0, Mode: NON_LEADER, active raft config: opid_index: -1 OBSOLETE_local: false peers { permanent_uuid: "2bf7dc4c10b148088dc522cf2245d116" member_type: VOTER last_known_addr { host: "127.14.29.1" port: 40991 } } peers { permanent_uuid: "351a114db2bc42cab62d9bebc4eb3032" member_type: VOTER last_known_addr { host: "127.14.29.2" port: 44929 } } peers { permanent_uuid: "8ce5c81915824c4596f577cda2b82c1a" member_type: VOTER last_known_addr { host: "127.14.29.3" port: 45753 } }
I20260709 12:13:45.884553 15807 consensus_queue.cc:260] T 4f683a94bf6e4f4e8d762512c7b6a89b P 2bf7dc4c10b148088dc522cf2245d116 [NON_LEADER]: Queue going to NON_LEADER mode. State: All replicated index: 0, Majority replicated index: 0, Committed index: 0, Last appended: 0.0, Last appended by leader: 0, Current term: 0, Majority size: -1, State: 0, Mode: NON_LEADER, active raft config: opid_index: -1 OBSOLETE_local: false peers { permanent_uuid: "2bf7dc4c10b148088dc522cf2245d116" member_type: VOTER last_known_addr { host: "127.14.29.1" port: 40991 } } peers { permanent_uuid: "351a114db2bc42cab62d9bebc4eb3032" member_type: VOTER last_known_addr { host: "127.14.29.2" port: 44929 } } peers { permanent_uuid: "8ce5c81915824c4596f577cda2b82c1a" member_type: VOTER last_known_addr { host: "127.14.29.3" port: 45753 } }
I20260709 12:13:45.886929 15809 ts_tablet_manager.cc:1434] T 1d0bca85cf3240f7a32f4bb27b60cf86 P 351a114db2bc42cab62d9bebc4eb3032: Time spent starting tablet: real 0.020s	user 0.008s	sys 0.000s
I20260709 12:13:45.887928 15809 tablet_bootstrap.cc:492] T 1faac311949b4cad9e38c878ae1d9927 P 351a114db2bc42cab62d9bebc4eb3032: Bootstrap starting.
I20260709 12:13:45.890633 15807 ts_tablet_manager.cc:1434] T 4f683a94bf6e4f4e8d762512c7b6a89b P 2bf7dc4c10b148088dc522cf2245d116: Time spent starting tablet: real 0.045s	user 0.005s	sys 0.000s
I20260709 12:13:45.893174 15807 tablet_bootstrap.cc:492] T b9d9e76b8bfe4d6d930c95ad5bea4c7c P 2bf7dc4c10b148088dc522cf2245d116: Bootstrap starting.
I20260709 12:13:45.894507 15808 ts_tablet_manager.cc:1434] T f652c97d98ca4c9387e316b6762a2c9e P 8ce5c81915824c4596f577cda2b82c1a: Time spent starting tablet: real 0.018s	user 0.007s	sys 0.000s
I20260709 12:13:45.895416 15808 tablet_bootstrap.cc:492] T 4f683a94bf6e4f4e8d762512c7b6a89b P 8ce5c81915824c4596f577cda2b82c1a: Bootstrap starting.
I20260709 12:13:45.910133 15809 tablet_bootstrap.cc:654] T 1faac311949b4cad9e38c878ae1d9927 P 351a114db2bc42cab62d9bebc4eb3032: Neither blocks nor log segments found. Creating new log.
I20260709 12:13:45.911221 15807 tablet_bootstrap.cc:654] T b9d9e76b8bfe4d6d930c95ad5bea4c7c P 2bf7dc4c10b148088dc522cf2245d116: Neither blocks nor log segments found. Creating new log.
I20260709 12:13:45.919622 15808 tablet_bootstrap.cc:654] T 4f683a94bf6e4f4e8d762512c7b6a89b P 8ce5c81915824c4596f577cda2b82c1a: Neither blocks nor log segments found. Creating new log.
I20260709 12:13:45.930948 15838 consensus_queue.cc:1048] T 9710806f902a48b6a726822a80301f6a P 2bf7dc4c10b148088dc522cf2245d116 [LEADER]: Connected to new peer: Peer: permanent_uuid: "351a114db2bc42cab62d9bebc4eb3032" member_type: VOTER last_known_addr { host: "127.14.29.2" port: 44929 }, Status: LMP_MISMATCH, Last received: 0.0, Next index: 1, Last known committed idx: 0, Time since last communication: 0.001s
I20260709 12:13:45.934240 15809 tablet_bootstrap.cc:492] T 1faac311949b4cad9e38c878ae1d9927 P 351a114db2bc42cab62d9bebc4eb3032: No bootstrap required, opened a new log
I20260709 12:13:45.934803 15809 ts_tablet_manager.cc:1403] T 1faac311949b4cad9e38c878ae1d9927 P 351a114db2bc42cab62d9bebc4eb3032: Time spent bootstrapping tablet: real 0.047s	user 0.008s	sys 0.004s
I20260709 12:13:45.938084 15809 raft_consensus.cc:359] T 1faac311949b4cad9e38c878ae1d9927 P 351a114db2bc42cab62d9bebc4eb3032 [term 0 FOLLOWER]: Replica starting. Triggering 0 pending ops. Active config: opid_index: -1 OBSOLETE_local: false peers { permanent_uuid: "2bf7dc4c10b148088dc522cf2245d116" member_type: VOTER last_known_addr { host: "127.14.29.1" port: 40991 } } peers { permanent_uuid: "351a114db2bc42cab62d9bebc4eb3032" member_type: VOTER last_known_addr { host: "127.14.29.2" port: 44929 } } peers { permanent_uuid: "8ce5c81915824c4596f577cda2b82c1a" member_type: VOTER last_known_addr { host: "127.14.29.3" port: 45753 } }
I20260709 12:13:45.938789 15809 raft_consensus.cc:385] T 1faac311949b4cad9e38c878ae1d9927 P 351a114db2bc42cab62d9bebc4eb3032 [term 0 FOLLOWER]: Consensus starting up: Expiring failure detector timer to make a prompt election more likely
I20260709 12:13:45.939082 15809 raft_consensus.cc:740] T 1faac311949b4cad9e38c878ae1d9927 P 351a114db2bc42cab62d9bebc4eb3032 [term 0 FOLLOWER]: Becoming Follower/Learner. State: Replica: 351a114db2bc42cab62d9bebc4eb3032, State: Initialized, Role: FOLLOWER
I20260709 12:13:45.939704 15809 consensus_queue.cc:260] T 1faac311949b4cad9e38c878ae1d9927 P 351a114db2bc42cab62d9bebc4eb3032 [NON_LEADER]: Queue going to NON_LEADER mode. State: All replicated index: 0, Majority replicated index: 0, Committed index: 0, Last appended: 0.0, Last appended by leader: 0, Current term: 0, Majority size: -1, State: 0, Mode: NON_LEADER, active raft config: opid_index: -1 OBSOLETE_local: false peers { permanent_uuid: "2bf7dc4c10b148088dc522cf2245d116" member_type: VOTER last_known_addr { host: "127.14.29.1" port: 40991 } } peers { permanent_uuid: "351a114db2bc42cab62d9bebc4eb3032" member_type: VOTER last_known_addr { host: "127.14.29.2" port: 44929 } } peers { permanent_uuid: "8ce5c81915824c4596f577cda2b82c1a" member_type: VOTER last_known_addr { host: "127.14.29.3" port: 45753 } }
I20260709 12:13:45.941473 15808 tablet_bootstrap.cc:492] T 4f683a94bf6e4f4e8d762512c7b6a89b P 8ce5c81915824c4596f577cda2b82c1a: No bootstrap required, opened a new log
I20260709 12:13:45.942024 15808 ts_tablet_manager.cc:1403] T 4f683a94bf6e4f4e8d762512c7b6a89b P 8ce5c81915824c4596f577cda2b82c1a: Time spent bootstrapping tablet: real 0.047s	user 0.007s	sys 0.003s
I20260709 12:13:45.943295 15826 raft_consensus.cc:493] T 1faac311949b4cad9e38c878ae1d9927 P 8ce5c81915824c4596f577cda2b82c1a [term 0 FOLLOWER]: Starting pre-election (no leader contacted us within the election timeout)
I20260709 12:13:45.943822 15826 raft_consensus.cc:515] T 1faac311949b4cad9e38c878ae1d9927 P 8ce5c81915824c4596f577cda2b82c1a [term 0 FOLLOWER]: Starting pre-election with config: opid_index: -1 OBSOLETE_local: false peers { permanent_uuid: "2bf7dc4c10b148088dc522cf2245d116" member_type: VOTER last_known_addr { host: "127.14.29.1" port: 40991 } } peers { permanent_uuid: "351a114db2bc42cab62d9bebc4eb3032" member_type: VOTER last_known_addr { host: "127.14.29.2" port: 44929 } } peers { permanent_uuid: "8ce5c81915824c4596f577cda2b82c1a" member_type: VOTER last_known_addr { host: "127.14.29.3" port: 45753 } }
I20260709 12:13:45.948071 15692 tablet_service.cc:1917] Received RequestConsensusVote() RPC: tablet_id: "1faac311949b4cad9e38c878ae1d9927" candidate_uuid: "8ce5c81915824c4596f577cda2b82c1a" candidate_term: 1 candidate_status { last_received { term: 0 index: 0 } } ignore_live_leader: false dest_uuid: "351a114db2bc42cab62d9bebc4eb3032" is_pre_election: true
I20260709 12:13:45.948937 15692 raft_consensus.cc:2468] T 1faac311949b4cad9e38c878ae1d9927 P 351a114db2bc42cab62d9bebc4eb3032 [term 0 FOLLOWER]: Leader pre-election vote request: Granting yes vote for candidate 8ce5c81915824c4596f577cda2b82c1a in term 0.
I20260709 12:13:45.950402 15807 tablet_bootstrap.cc:492] T b9d9e76b8bfe4d6d930c95ad5bea4c7c P 2bf7dc4c10b148088dc522cf2245d116: No bootstrap required, opened a new log
I20260709 12:13:45.950431 15730 leader_election.cc:304] T 1faac311949b4cad9e38c878ae1d9927 P 8ce5c81915824c4596f577cda2b82c1a [CANDIDATE]: Term 1 pre-election: Election decided. Result: candidate won. Election summary: received 2 responses out of 3 voters: 2 yes votes; 0 no votes. yes voters: 351a114db2bc42cab62d9bebc4eb3032, 8ce5c81915824c4596f577cda2b82c1a; no voters: 
I20260709 12:13:45.950929 15807 ts_tablet_manager.cc:1403] T b9d9e76b8bfe4d6d930c95ad5bea4c7c P 2bf7dc4c10b148088dc522cf2245d116: Time spent bootstrapping tablet: real 0.058s	user 0.007s	sys 0.006s
I20260709 12:13:45.951710 16022 raft_consensus.cc:2804] T 1faac311949b4cad9e38c878ae1d9927 P 8ce5c81915824c4596f577cda2b82c1a [term 0 FOLLOWER]: Leader pre-election won for term 1
I20260709 12:13:45.952108 16022 raft_consensus.cc:493] T 1faac311949b4cad9e38c878ae1d9927 P 8ce5c81915824c4596f577cda2b82c1a [term 0 FOLLOWER]: Starting leader election (no leader contacted us within the election timeout)
I20260709 12:13:45.952452 16022 raft_consensus.cc:3060] T 1faac311949b4cad9e38c878ae1d9927 P 8ce5c81915824c4596f577cda2b82c1a [term 0 FOLLOWER]: Advancing to term 1
I20260709 12:13:45.954480 15809 ts_tablet_manager.cc:1434] T 1faac311949b4cad9e38c878ae1d9927 P 351a114db2bc42cab62d9bebc4eb3032: Time spent starting tablet: real 0.019s	user 0.008s	sys 0.000s
I20260709 12:13:45.955513 15809 tablet_bootstrap.cc:492] T 97754b819ef24621adf78ae8b7d7b2c2 P 351a114db2bc42cab62d9bebc4eb3032: Bootstrap starting.
I20260709 12:13:45.957935 15807 raft_consensus.cc:359] T b9d9e76b8bfe4d6d930c95ad5bea4c7c P 2bf7dc4c10b148088dc522cf2245d116 [term 0 FOLLOWER]: Replica starting. Triggering 0 pending ops. Active config: opid_index: -1 OBSOLETE_local: false peers { permanent_uuid: "2bf7dc4c10b148088dc522cf2245d116" member_type: VOTER last_known_addr { host: "127.14.29.1" port: 40991 } } peers { permanent_uuid: "351a114db2bc42cab62d9bebc4eb3032" member_type: VOTER last_known_addr { host: "127.14.29.2" port: 44929 } } peers { permanent_uuid: "8ce5c81915824c4596f577cda2b82c1a" member_type: VOTER last_known_addr { host: "127.14.29.3" port: 45753 } }
I20260709 12:13:45.958649 15807 raft_consensus.cc:385] T b9d9e76b8bfe4d6d930c95ad5bea4c7c P 2bf7dc4c10b148088dc522cf2245d116 [term 0 FOLLOWER]: Consensus starting up: Expiring failure detector timer to make a prompt election more likely
I20260709 12:13:45.958954 15807 raft_consensus.cc:740] T b9d9e76b8bfe4d6d930c95ad5bea4c7c P 2bf7dc4c10b148088dc522cf2245d116 [term 0 FOLLOWER]: Becoming Follower/Learner. State: Replica: 2bf7dc4c10b148088dc522cf2245d116, State: Initialized, Role: FOLLOWER
I20260709 12:13:45.960111 15813 consensus_queue.cc:1048] T 9710806f902a48b6a726822a80301f6a P 2bf7dc4c10b148088dc522cf2245d116 [LEADER]: Connected to new peer: Peer: permanent_uuid: "8ce5c81915824c4596f577cda2b82c1a" member_type: VOTER last_known_addr { host: "127.14.29.3" port: 45753 }, Status: LMP_MISMATCH, Last received: 0.0, Next index: 1, Last known committed idx: 0, Time since last communication: 0.000s
I20260709 12:13:45.960966 15808 raft_consensus.cc:359] T 4f683a94bf6e4f4e8d762512c7b6a89b P 8ce5c81915824c4596f577cda2b82c1a [term 0 FOLLOWER]: Replica starting. Triggering 0 pending ops. Active config: opid_index: -1 OBSOLETE_local: false peers { permanent_uuid: "2bf7dc4c10b148088dc522cf2245d116" member_type: VOTER last_known_addr { host: "127.14.29.1" port: 40991 } } peers { permanent_uuid: "351a114db2bc42cab62d9bebc4eb3032" member_type: VOTER last_known_addr { host: "127.14.29.2" port: 44929 } } peers { permanent_uuid: "8ce5c81915824c4596f577cda2b82c1a" member_type: VOTER last_known_addr { host: "127.14.29.3" port: 45753 } }
I20260709 12:13:45.961426 15826 leader_election.cc:290] T 1faac311949b4cad9e38c878ae1d9927 P 8ce5c81915824c4596f577cda2b82c1a [CANDIDATE]: Term 1 pre-election: Requested pre-vote from peers 2bf7dc4c10b148088dc522cf2245d116 (127.14.29.1:40991), 351a114db2bc42cab62d9bebc4eb3032 (127.14.29.2:44929)
I20260709 12:13:45.961723 15808 raft_consensus.cc:385] T 4f683a94bf6e4f4e8d762512c7b6a89b P 8ce5c81915824c4596f577cda2b82c1a [term 0 FOLLOWER]: Consensus starting up: Expiring failure detector timer to make a prompt election more likely
I20260709 12:13:45.962060 15808 raft_consensus.cc:740] T 4f683a94bf6e4f4e8d762512c7b6a89b P 8ce5c81915824c4596f577cda2b82c1a [term 0 FOLLOWER]: Becoming Follower/Learner. State: Replica: 8ce5c81915824c4596f577cda2b82c1a, State: Initialized, Role: FOLLOWER
I20260709 12:13:45.962220 15616 tablet_service.cc:1917] Received RequestConsensusVote() RPC: tablet_id: "1faac311949b4cad9e38c878ae1d9927" candidate_uuid: "8ce5c81915824c4596f577cda2b82c1a" candidate_term: 1 candidate_status { last_received { term: 0 index: 0 } } ignore_live_leader: false dest_uuid: "2bf7dc4c10b148088dc522cf2245d116" is_pre_election: true
W20260709 12:13:45.963598 15732 leader_election.cc:343] T 1faac311949b4cad9e38c878ae1d9927 P 8ce5c81915824c4596f577cda2b82c1a [CANDIDATE]: Term 1 pre-election: Tablet error from VoteRequest() call to peer 2bf7dc4c10b148088dc522cf2245d116 (127.14.29.1:40991): Illegal state: must be running to vote when last-logged opid is not known
I20260709 12:13:45.964861 15807 consensus_queue.cc:260] T b9d9e76b8bfe4d6d930c95ad5bea4c7c P 2bf7dc4c10b148088dc522cf2245d116 [NON_LEADER]: Queue going to NON_LEADER mode. State: All replicated index: 0, Majority replicated index: 0, Committed index: 0, Last appended: 0.0, Last appended by leader: 0, Current term: 0, Majority size: -1, State: 0, Mode: NON_LEADER, active raft config: opid_index: -1 OBSOLETE_local: false peers { permanent_uuid: "2bf7dc4c10b148088dc522cf2245d116" member_type: VOTER last_known_addr { host: "127.14.29.1" port: 40991 } } peers { permanent_uuid: "351a114db2bc42cab62d9bebc4eb3032" member_type: VOTER last_known_addr { host: "127.14.29.2" port: 44929 } } peers { permanent_uuid: "8ce5c81915824c4596f577cda2b82c1a" member_type: VOTER last_known_addr { host: "127.14.29.3" port: 45753 } }
I20260709 12:13:45.969779 15808 consensus_queue.cc:260] T 4f683a94bf6e4f4e8d762512c7b6a89b P 8ce5c81915824c4596f577cda2b82c1a [NON_LEADER]: Queue going to NON_LEADER mode. State: All replicated index: 0, Majority replicated index: 0, Committed index: 0, Last appended: 0.0, Last appended by leader: 0, Current term: 0, Majority size: -1, State: 0, Mode: NON_LEADER, active raft config: opid_index: -1 OBSOLETE_local: false peers { permanent_uuid: "2bf7dc4c10b148088dc522cf2245d116" member_type: VOTER last_known_addr { host: "127.14.29.1" port: 40991 } } peers { permanent_uuid: "351a114db2bc42cab62d9bebc4eb3032" member_type: VOTER last_known_addr { host: "127.14.29.2" port: 44929 } } peers { permanent_uuid: "8ce5c81915824c4596f577cda2b82c1a" member_type: VOTER last_known_addr { host: "127.14.29.3" port: 45753 } }
I20260709 12:13:45.981338 15807 ts_tablet_manager.cc:1434] T b9d9e76b8bfe4d6d930c95ad5bea4c7c P 2bf7dc4c10b148088dc522cf2245d116: Time spent starting tablet: real 0.030s	user 0.008s	sys 0.001s
I20260709 12:13:45.983402 15807 tablet_bootstrap.cc:492] T 1faac311949b4cad9e38c878ae1d9927 P 2bf7dc4c10b148088dc522cf2245d116: Bootstrap starting.
I20260709 12:13:45.976962 16022 raft_consensus.cc:515] T 1faac311949b4cad9e38c878ae1d9927 P 8ce5c81915824c4596f577cda2b82c1a [term 1 FOLLOWER]: Starting leader election with config: opid_index: -1 OBSOLETE_local: false peers { permanent_uuid: "2bf7dc4c10b148088dc522cf2245d116" member_type: VOTER last_known_addr { host: "127.14.29.1" port: 40991 } } peers { permanent_uuid: "351a114db2bc42cab62d9bebc4eb3032" member_type: VOTER last_known_addr { host: "127.14.29.2" port: 44929 } } peers { permanent_uuid: "8ce5c81915824c4596f577cda2b82c1a" member_type: VOTER last_known_addr { host: "127.14.29.3" port: 45753 } }
I20260709 12:13:45.993592 16022 leader_election.cc:290] T 1faac311949b4cad9e38c878ae1d9927 P 8ce5c81915824c4596f577cda2b82c1a [CANDIDATE]: Term 1 election: Requested vote from peers 2bf7dc4c10b148088dc522cf2245d116 (127.14.29.1:40991), 351a114db2bc42cab62d9bebc4eb3032 (127.14.29.2:44929)
I20260709 12:13:45.996313 15692 tablet_service.cc:1917] Received RequestConsensusVote() RPC: tablet_id: "1faac311949b4cad9e38c878ae1d9927" candidate_uuid: "8ce5c81915824c4596f577cda2b82c1a" candidate_term: 1 candidate_status { last_received { term: 0 index: 0 } } ignore_live_leader: false dest_uuid: "351a114db2bc42cab62d9bebc4eb3032"
I20260709 12:13:45.996781 15692 raft_consensus.cc:3060] T 1faac311949b4cad9e38c878ae1d9927 P 351a114db2bc42cab62d9bebc4eb3032 [term 0 FOLLOWER]: Advancing to term 1
I20260709 12:13:45.995126 15616 tablet_service.cc:1917] Received RequestConsensusVote() RPC: tablet_id: "1faac311949b4cad9e38c878ae1d9927" candidate_uuid: "8ce5c81915824c4596f577cda2b82c1a" candidate_term: 1 candidate_status { last_received { term: 0 index: 0 } } ignore_live_leader: false dest_uuid: "2bf7dc4c10b148088dc522cf2245d116"
I20260709 12:13:45.999536 16028 raft_consensus.cc:493] T 1d0bca85cf3240f7a32f4bb27b60cf86 P 351a114db2bc42cab62d9bebc4eb3032 [term 0 FOLLOWER]: Starting pre-election (no leader contacted us within the election timeout)
I20260709 12:13:46.000103 16028 raft_consensus.cc:515] T 1d0bca85cf3240f7a32f4bb27b60cf86 P 351a114db2bc42cab62d9bebc4eb3032 [term 0 FOLLOWER]: Starting pre-election with config: opid_index: -1 OBSOLETE_local: false peers { permanent_uuid: "2bf7dc4c10b148088dc522cf2245d116" member_type: VOTER last_known_addr { host: "127.14.29.1" port: 40991 } } peers { permanent_uuid: "351a114db2bc42cab62d9bebc4eb3032" member_type: VOTER last_known_addr { host: "127.14.29.2" port: 44929 } } peers { permanent_uuid: "8ce5c81915824c4596f577cda2b82c1a" member_type: VOTER last_known_addr { host: "127.14.29.3" port: 45753 } }
I20260709 12:13:46.004108 15808 ts_tablet_manager.cc:1434] T 4f683a94bf6e4f4e8d762512c7b6a89b P 8ce5c81915824c4596f577cda2b82c1a: Time spent starting tablet: real 0.062s	user 0.006s	sys 0.002s
W20260709 12:13:46.005755 15732 leader_election.cc:343] T 1faac311949b4cad9e38c878ae1d9927 P 8ce5c81915824c4596f577cda2b82c1a [CANDIDATE]: Term 1 election: Tablet error from VoteRequest() call to peer 2bf7dc4c10b148088dc522cf2245d116 (127.14.29.1:40991): Illegal state: must be running to vote when last-logged opid is not known
I20260709 12:13:46.006866 15808 tablet_bootstrap.cc:492] T c7b05426dab040cfaa973e749fa820a1 P 8ce5c81915824c4596f577cda2b82c1a: Bootstrap starting.
I20260709 12:13:46.011538 16028 leader_election.cc:290] T 1d0bca85cf3240f7a32f4bb27b60cf86 P 351a114db2bc42cab62d9bebc4eb3032 [CANDIDATE]: Term 1 pre-election: Requested pre-vote from peers 2bf7dc4c10b148088dc522cf2245d116 (127.14.29.1:40991), 8ce5c81915824c4596f577cda2b82c1a (127.14.29.3:45753)
I20260709 12:13:46.017725 15766 tablet_service.cc:1917] Received RequestConsensusVote() RPC: tablet_id: "1d0bca85cf3240f7a32f4bb27b60cf86" candidate_uuid: "351a114db2bc42cab62d9bebc4eb3032" candidate_term: 1 candidate_status { last_received { term: 0 index: 0 } } ignore_live_leader: false dest_uuid: "8ce5c81915824c4596f577cda2b82c1a" is_pre_election: true
I20260709 12:13:46.018518 15616 tablet_service.cc:1917] Received RequestConsensusVote() RPC: tablet_id: "1d0bca85cf3240f7a32f4bb27b60cf86" candidate_uuid: "351a114db2bc42cab62d9bebc4eb3032" candidate_term: 1 candidate_status { last_received { term: 0 index: 0 } } ignore_live_leader: false dest_uuid: "2bf7dc4c10b148088dc522cf2245d116" is_pre_election: true
W20260709 12:13:46.019760 15659 leader_election.cc:343] T 1d0bca85cf3240f7a32f4bb27b60cf86 P 351a114db2bc42cab62d9bebc4eb3032 [CANDIDATE]: Term 1 pre-election: Tablet error from VoteRequest() call to peer 8ce5c81915824c4596f577cda2b82c1a (127.14.29.3:45753): Illegal state: must be running to vote when last-logged opid is not known
W20260709 12:13:46.020867 15658 leader_election.cc:343] T 1d0bca85cf3240f7a32f4bb27b60cf86 P 351a114db2bc42cab62d9bebc4eb3032 [CANDIDATE]: Term 1 pre-election: Tablet error from VoteRequest() call to peer 2bf7dc4c10b148088dc522cf2245d116 (127.14.29.1:40991): Illegal state: must be running to vote when last-logged opid is not known
I20260709 12:13:46.021304 15658 leader_election.cc:304] T 1d0bca85cf3240f7a32f4bb27b60cf86 P 351a114db2bc42cab62d9bebc4eb3032 [CANDIDATE]: Term 1 pre-election: Election decided. Result: candidate lost. Election summary: received 3 responses out of 3 voters: 1 yes votes; 2 no votes. yes voters: 351a114db2bc42cab62d9bebc4eb3032; no voters: 2bf7dc4c10b148088dc522cf2245d116, 8ce5c81915824c4596f577cda2b82c1a
I20260709 12:13:46.030303 15879 raft_consensus.cc:2749] T 1d0bca85cf3240f7a32f4bb27b60cf86 P 351a114db2bc42cab62d9bebc4eb3032 [term 0 FOLLOWER]: Leader pre-election lost for term 1. Reason: could not achieve majority
I20260709 12:13:46.031832 15809 tablet_bootstrap.cc:654] T 97754b819ef24621adf78ae8b7d7b2c2 P 351a114db2bc42cab62d9bebc4eb3032: Neither blocks nor log segments found. Creating new log.
I20260709 12:13:46.035574 15692 raft_consensus.cc:2468] T 1faac311949b4cad9e38c878ae1d9927 P 351a114db2bc42cab62d9bebc4eb3032 [term 1 FOLLOWER]: Leader election vote request: Granting yes vote for candidate 8ce5c81915824c4596f577cda2b82c1a in term 1.
I20260709 12:13:46.031136 16059 consensus_queue.cc:1048] T 260d6236796f4a2582ca0184c6795d6f P 8ce5c81915824c4596f577cda2b82c1a [LEADER]: Connected to new peer: Peer: permanent_uuid: "2bf7dc4c10b148088dc522cf2245d116" member_type: VOTER last_known_addr { host: "127.14.29.1" port: 40991 }, Status: LMP_MISMATCH, Last received: 0.0, Next index: 1, Last known committed idx: 0, Time since last communication: 0.005s
I20260709 12:13:46.040958 15730 leader_election.cc:304] T 1faac311949b4cad9e38c878ae1d9927 P 8ce5c81915824c4596f577cda2b82c1a [CANDIDATE]: Term 1 election: Election decided. Result: candidate won. Election summary: received 3 responses out of 3 voters: 2 yes votes; 1 no votes. yes voters: 351a114db2bc42cab62d9bebc4eb3032, 8ce5c81915824c4596f577cda2b82c1a; no voters: 2bf7dc4c10b148088dc522cf2245d116
I20260709 12:13:46.043167 16059 raft_consensus.cc:2804] T 1faac311949b4cad9e38c878ae1d9927 P 8ce5c81915824c4596f577cda2b82c1a [term 1 FOLLOWER]: Leader election won for term 1
I20260709 12:13:46.043696 16059 raft_consensus.cc:697] T 1faac311949b4cad9e38c878ae1d9927 P 8ce5c81915824c4596f577cda2b82c1a [term 1 LEADER]: Becoming Leader. State: Replica: 8ce5c81915824c4596f577cda2b82c1a, State: Running, Role: LEADER
I20260709 12:13:46.044523 16059 consensus_queue.cc:237] T 1faac311949b4cad9e38c878ae1d9927 P 8ce5c81915824c4596f577cda2b82c1a [LEADER]: Queue going to LEADER mode. State: All replicated index: 0, Majority replicated index: 0, Committed index: 0, Last appended: 0.0, Last appended by leader: 0, Current term: 1, Majority size: 2, State: 0, Mode: LEADER, active raft config: opid_index: -1 OBSOLETE_local: false peers { permanent_uuid: "2bf7dc4c10b148088dc522cf2245d116" member_type: VOTER last_known_addr { host: "127.14.29.1" port: 40991 } } peers { permanent_uuid: "351a114db2bc42cab62d9bebc4eb3032" member_type: VOTER last_known_addr { host: "127.14.29.2" port: 44929 } } peers { permanent_uuid: "8ce5c81915824c4596f577cda2b82c1a" member_type: VOTER last_known_addr { host: "127.14.29.3" port: 45753 } }
I20260709 12:13:46.063084 16070 consensus_queue.cc:1048] T 4c8e2c98cfba4f91b0d1df05e22deac1 P 2bf7dc4c10b148088dc522cf2245d116 [LEADER]: Connected to new peer: Peer: permanent_uuid: "351a114db2bc42cab62d9bebc4eb3032" member_type: VOTER last_known_addr { host: "127.14.29.2" port: 44929 }, Status: LMP_MISMATCH, Last received: 0.0, Next index: 1, Last known committed idx: 0, Time since last communication: 0.000s
I20260709 12:13:46.058001 16028 raft_consensus.cc:493] T 5e37d1f106ae43f79c324aafdd0a926e P 351a114db2bc42cab62d9bebc4eb3032 [term 0 FOLLOWER]: Starting pre-election (no leader contacted us within the election timeout)
I20260709 12:13:46.065485 16028 raft_consensus.cc:515] T 5e37d1f106ae43f79c324aafdd0a926e P 351a114db2bc42cab62d9bebc4eb3032 [term 0 FOLLOWER]: Starting pre-election with config: opid_index: -1 OBSOLETE_local: false peers { permanent_uuid: "2bf7dc4c10b148088dc522cf2245d116" member_type: VOTER last_known_addr { host: "127.14.29.1" port: 40991 } } peers { permanent_uuid: "351a114db2bc42cab62d9bebc4eb3032" member_type: VOTER last_known_addr { host: "127.14.29.2" port: 44929 } } peers { permanent_uuid: "8ce5c81915824c4596f577cda2b82c1a" member_type: VOTER last_known_addr { host: "127.14.29.3" port: 45753 } }
I20260709 12:13:46.067684 16028 leader_election.cc:290] T 5e37d1f106ae43f79c324aafdd0a926e P 351a114db2bc42cab62d9bebc4eb3032 [CANDIDATE]: Term 1 pre-election: Requested pre-vote from peers 2bf7dc4c10b148088dc522cf2245d116 (127.14.29.1:40991), 8ce5c81915824c4596f577cda2b82c1a (127.14.29.3:45753)
I20260709 12:13:46.068602 15617 tablet_service.cc:1917] Received RequestConsensusVote() RPC: tablet_id: "5e37d1f106ae43f79c324aafdd0a926e" candidate_uuid: "351a114db2bc42cab62d9bebc4eb3032" candidate_term: 1 candidate_status { last_received { term: 0 index: 0 } } ignore_live_leader: false dest_uuid: "2bf7dc4c10b148088dc522cf2245d116" is_pre_election: true
I20260709 12:13:46.069056 15766 tablet_service.cc:1917] Received RequestConsensusVote() RPC: tablet_id: "5e37d1f106ae43f79c324aafdd0a926e" candidate_uuid: "351a114db2bc42cab62d9bebc4eb3032" candidate_term: 1 candidate_status { last_received { term: 0 index: 0 } } ignore_live_leader: false dest_uuid: "8ce5c81915824c4596f577cda2b82c1a" is_pre_election: true
I20260709 12:13:46.070094 15766 raft_consensus.cc:2468] T 5e37d1f106ae43f79c324aafdd0a926e P 8ce5c81915824c4596f577cda2b82c1a [term 0 FOLLOWER]: Leader pre-election vote request: Granting yes vote for candidate 351a114db2bc42cab62d9bebc4eb3032 in term 0.
I20260709 12:13:46.071503 15659 leader_election.cc:304] T 5e37d1f106ae43f79c324aafdd0a926e P 351a114db2bc42cab62d9bebc4eb3032 [CANDIDATE]: Term 1 pre-election: Election decided. Result: candidate won. Election summary: received 2 responses out of 3 voters: 2 yes votes; 0 no votes. yes voters: 351a114db2bc42cab62d9bebc4eb3032, 8ce5c81915824c4596f577cda2b82c1a; no voters: 
W20260709 12:13:46.072192 15658 leader_election.cc:343] T 5e37d1f106ae43f79c324aafdd0a926e P 351a114db2bc42cab62d9bebc4eb3032 [CANDIDATE]: Term 1 pre-election: Tablet error from VoteRequest() call to peer 2bf7dc4c10b148088dc522cf2245d116 (127.14.29.1:40991): Illegal state: must be running to vote when last-logged opid is not known
