I20260709 12:12:50.097766  7212 consensus_queue.cc:237] T f2f0eeaf4bbb407181fabe00cea3daf9 P 0c03de6b9b754ab2abf7aaaeb0164ca1 [LEADER]: Queue going to LEADER mode. State: All replicated index: 0, Majority replicated index: 1, Committed index: 1, Last appended: 1.1, Last appended by leader: 1, Current term: 2, Majority size: 2, State: 0, Mode: LEADER, active raft config: opid_index: -1 OBSOLETE_local: false peers { permanent_uuid: "0c03de6b9b754ab2abf7aaaeb0164ca1" member_type: VOTER last_known_addr { host: "127.6.144.193" port: 33313 } } peers { permanent_uuid: "c9d5d2437ff747bcaca914b5093f7d8c" member_type: VOTER last_known_addr { host: "127.6.144.194" port: 42393 } } peers { permanent_uuid: "7cfd7381e7484ef0a9ff458fdfd31124" member_type: VOTER last_known_addr { host: "127.6.144.195" port: 38057 } }
I20260709 12:12:50.104399  6752 catalog_manager.cc:5697] T f2f0eeaf4bbb407181fabe00cea3daf9 P 0c03de6b9b754ab2abf7aaaeb0164ca1 reported cstate change: term changed from 1 to 2, leader changed from c9d5d2437ff747bcaca914b5093f7d8c (127.6.144.194) to 0c03de6b9b754ab2abf7aaaeb0164ca1 (127.6.144.193). New cstate: current_term: 2 leader_uuid: "0c03de6b9b754ab2abf7aaaeb0164ca1" committed_config { opid_index: -1 OBSOLETE_local: false peers { permanent_uuid: "0c03de6b9b754ab2abf7aaaeb0164ca1" member_type: VOTER last_known_addr { host: "127.6.144.193" port: 33313 } health_report { overall_health: HEALTHY } } peers { permanent_uuid: "c9d5d2437ff747bcaca914b5093f7d8c" member_type: VOTER last_known_addr { host: "127.6.144.194" port: 42393 } health_report { overall_health: UNKNOWN } } peers { permanent_uuid: "7cfd7381e7484ef0a9ff458fdfd31124" member_type: VOTER last_known_addr { host: "127.6.144.195" port: 38057 } health_report { overall_health: UNKNOWN } } }
I20260709 12:12:50.111445  7164 raft_consensus.cc:993] T 5fbb087533684775b640a868c4f4d99e P c9d5d2437ff747bcaca914b5093f7d8c: : Instructing follower 0c03de6b9b754ab2abf7aaaeb0164ca1 to start an election
I20260709 12:12:50.112020  7205 raft_consensus.cc:1081] T 5fbb087533684775b640a868c4f4d99e P c9d5d2437ff747bcaca914b5093f7d8c [term 3 LEADER]: Signalling peer 0c03de6b9b754ab2abf7aaaeb0164ca1 to start an election
I20260709 12:12:50.113600  6858 tablet_service.cc:2044] Received Run Leader Election RPC: tablet_id: "5fbb087533684775b640a868c4f4d99e"
dest_uuid: "0c03de6b9b754ab2abf7aaaeb0164ca1"
 from {username='slave'} at 127.0.0.1:45142
I20260709 12:12:50.113998  6858 raft_consensus.cc:493] T 5fbb087533684775b640a868c4f4d99e P 0c03de6b9b754ab2abf7aaaeb0164ca1 [term 3 FOLLOWER]: Starting forced leader election (received explicit request)
I20260709 12:12:50.114223  6858 raft_consensus.cc:3060] T 5fbb087533684775b640a868c4f4d99e P 0c03de6b9b754ab2abf7aaaeb0164ca1 [term 3 FOLLOWER]: Advancing to term 4
I20260709 12:12:50.119463  6858 raft_consensus.cc:515] T 5fbb087533684775b640a868c4f4d99e P 0c03de6b9b754ab2abf7aaaeb0164ca1 [term 4 FOLLOWER]: Starting forced leader election with config: opid_index: -1 OBSOLETE_local: false peers { permanent_uuid: "7cfd7381e7484ef0a9ff458fdfd31124" member_type: VOTER last_known_addr { host: "127.6.144.195" port: 38057 } } peers { permanent_uuid: "0c03de6b9b754ab2abf7aaaeb0164ca1" member_type: VOTER last_known_addr { host: "127.6.144.193" port: 33313 } } peers { permanent_uuid: "c9d5d2437ff747bcaca914b5093f7d8c" member_type: VOTER last_known_addr { host: "127.6.144.194" port: 42393 } }
I20260709 12:12:50.120970  6858 leader_election.cc:290] T 5fbb087533684775b640a868c4f4d99e P 0c03de6b9b754ab2abf7aaaeb0164ca1 [CANDIDATE]: Term 4 election: Requested vote from peers 7cfd7381e7484ef0a9ff458fdfd31124 (127.6.144.195:38057), c9d5d2437ff747bcaca914b5093f7d8c (127.6.144.194:42393)
I20260709 12:12:50.121876  6932 tablet_service.cc:1917] Received RequestConsensusVote() RPC: tablet_id: "5fbb087533684775b640a868c4f4d99e" candidate_uuid: "0c03de6b9b754ab2abf7aaaeb0164ca1" candidate_term: 4 candidate_status { last_received { term: 3 index: 3 } } ignore_live_leader: true dest_uuid: "c9d5d2437ff747bcaca914b5093f7d8c"
I20260709 12:12:50.121845  7007 tablet_service.cc:1917] Received RequestConsensusVote() RPC: tablet_id: "5fbb087533684775b640a868c4f4d99e" candidate_uuid: "0c03de6b9b754ab2abf7aaaeb0164ca1" candidate_term: 4 candidate_status { last_received { term: 3 index: 3 } } ignore_live_leader: true dest_uuid: "7cfd7381e7484ef0a9ff458fdfd31124"
I20260709 12:12:50.122517  6932 raft_consensus.cc:3055] T 5fbb087533684775b640a868c4f4d99e P c9d5d2437ff747bcaca914b5093f7d8c [term 3 LEADER]: Stepping down as leader of term 3
I20260709 12:12:50.122566  7007 raft_consensus.cc:3060] T 5fbb087533684775b640a868c4f4d99e P 7cfd7381e7484ef0a9ff458fdfd31124 [term 3 FOLLOWER]: Advancing to term 4
I20260709 12:12:50.122786  6932 raft_consensus.cc:740] T 5fbb087533684775b640a868c4f4d99e P c9d5d2437ff747bcaca914b5093f7d8c [term 3 LEADER]: Becoming Follower/Learner. State: Replica: c9d5d2437ff747bcaca914b5093f7d8c, State: Running, Role: LEADER
I20260709 12:12:50.123492  6932 consensus_queue.cc:260] T 5fbb087533684775b640a868c4f4d99e P c9d5d2437ff747bcaca914b5093f7d8c [NON_LEADER]: Queue going to NON_LEADER mode. State: All replicated index: 0, Majority replicated index: 3, Committed index: 3, Last appended: 3.3, Last appended by leader: 3, Current term: 3, Majority size: -1, State: 0, Mode: NON_LEADER, active raft config: opid_index: -1 OBSOLETE_local: false peers { permanent_uuid: "7cfd7381e7484ef0a9ff458fdfd31124" member_type: VOTER last_known_addr { host: "127.6.144.195" port: 38057 } } peers { permanent_uuid: "0c03de6b9b754ab2abf7aaaeb0164ca1" member_type: VOTER last_known_addr { host: "127.6.144.193" port: 33313 } } peers { permanent_uuid: "c9d5d2437ff747bcaca914b5093f7d8c" member_type: VOTER last_known_addr { host: "127.6.144.194" port: 42393 } }
I20260709 12:12:50.124518  6932 raft_consensus.cc:3060] T 5fbb087533684775b640a868c4f4d99e P c9d5d2437ff747bcaca914b5093f7d8c [term 3 FOLLOWER]: Advancing to term 4
I20260709 12:12:50.126864  7007 raft_consensus.cc:2468] T 5fbb087533684775b640a868c4f4d99e P 7cfd7381e7484ef0a9ff458fdfd31124 [term 4 FOLLOWER]: Leader election vote request: Granting yes vote for candidate 0c03de6b9b754ab2abf7aaaeb0164ca1 in term 4.
I20260709 12:12:50.127717  6823 leader_election.cc:304] T 5fbb087533684775b640a868c4f4d99e P 0c03de6b9b754ab2abf7aaaeb0164ca1 [CANDIDATE]: Term 4 election: Election decided. Result: candidate won. Election summary: received 2 responses out of 3 voters: 2 yes votes; 0 no votes. yes voters: 0c03de6b9b754ab2abf7aaaeb0164ca1, 7cfd7381e7484ef0a9ff458fdfd31124; no voters: 
I20260709 12:12:50.128566  7212 raft_consensus.cc:2804] T 5fbb087533684775b640a868c4f4d99e P 0c03de6b9b754ab2abf7aaaeb0164ca1 [term 4 FOLLOWER]: Leader election won for term 4
I20260709 12:12:50.129015  7212 raft_consensus.cc:697] T 5fbb087533684775b640a868c4f4d99e P 0c03de6b9b754ab2abf7aaaeb0164ca1 [term 4 LEADER]: Becoming Leader. State: Replica: 0c03de6b9b754ab2abf7aaaeb0164ca1, State: Running, Role: LEADER
I20260709 12:12:50.129271  6932 raft_consensus.cc:2468] T 5fbb087533684775b640a868c4f4d99e P c9d5d2437ff747bcaca914b5093f7d8c [term 4 FOLLOWER]: Leader election vote request: Granting yes vote for candidate 0c03de6b9b754ab2abf7aaaeb0164ca1 in term 4.
I20260709 12:12:50.129999  7212 consensus_queue.cc:237] T 5fbb087533684775b640a868c4f4d99e P 0c03de6b9b754ab2abf7aaaeb0164ca1 [LEADER]: Queue going to LEADER mode. State: All replicated index: 0, Majority replicated index: 3, Committed index: 3, Last appended: 3.3, Last appended by leader: 3, Current term: 4, Majority size: 2, State: 0, Mode: LEADER, active raft config: opid_index: -1 OBSOLETE_local: false peers { permanent_uuid: "7cfd7381e7484ef0a9ff458fdfd31124" member_type: VOTER last_known_addr { host: "127.6.144.195" port: 38057 } } peers { permanent_uuid: "0c03de6b9b754ab2abf7aaaeb0164ca1" member_type: VOTER last_known_addr { host: "127.6.144.193" port: 33313 } } peers { permanent_uuid: "c9d5d2437ff747bcaca914b5093f7d8c" member_type: VOTER last_known_addr { host: "127.6.144.194" port: 42393 } }
I20260709 12:12:50.137234  6752 catalog_manager.cc:5697] T 5fbb087533684775b640a868c4f4d99e P 0c03de6b9b754ab2abf7aaaeb0164ca1 reported cstate change: term changed from 3 to 4, leader changed from c9d5d2437ff747bcaca914b5093f7d8c (127.6.144.194) to 0c03de6b9b754ab2abf7aaaeb0164ca1 (127.6.144.193). New cstate: current_term: 4 leader_uuid: "0c03de6b9b754ab2abf7aaaeb0164ca1" committed_config { opid_index: -1 OBSOLETE_local: false peers { permanent_uuid: "7cfd7381e7484ef0a9ff458fdfd31124" member_type: VOTER last_known_addr { host: "127.6.144.195" port: 38057 } health_report { overall_health: UNKNOWN } } peers { permanent_uuid: "0c03de6b9b754ab2abf7aaaeb0164ca1" member_type: VOTER last_known_addr { host: "127.6.144.193" port: 33313 } health_report { overall_health: HEALTHY } } peers { permanent_uuid: "c9d5d2437ff747bcaca914b5093f7d8c" member_type: VOTER last_known_addr { host: "127.6.144.194" port: 42393 } health_report { overall_health: UNKNOWN } } }
I20260709 12:12:50.169400  7007 raft_consensus.cc:1275] T 369b249adf6a4e069750177ceff9ab05 P 7cfd7381e7484ef0a9ff458fdfd31124 [term 2 FOLLOWER]: Refusing update from remote peer 0c03de6b9b754ab2abf7aaaeb0164ca1: Log matching property violated. Preceding OpId in replica: term: 1 index: 1. Preceding OpId from leader: term: 2 index: 2. (index mismatch)
I20260709 12:12:50.170622  7212 consensus_queue.cc:1048] T 369b249adf6a4e069750177ceff9ab05 P 0c03de6b9b754ab2abf7aaaeb0164ca1 [LEADER]: Connected to new peer: Peer: permanent_uuid: "7cfd7381e7484ef0a9ff458fdfd31124" member_type: VOTER last_known_addr { host: "127.6.144.195" port: 38057 }, Status: LMP_MISMATCH, Last received: 0.0, Next index: 2, Last known committed idx: 1, Time since last communication: 0.000s
I20260709 12:12:50.181056  6932 raft_consensus.cc:1275] T 369b249adf6a4e069750177ceff9ab05 P c9d5d2437ff747bcaca914b5093f7d8c [term 2 FOLLOWER]: Refusing update from remote peer 0c03de6b9b754ab2abf7aaaeb0164ca1: Log matching property violated. Preceding OpId in replica: term: 1 index: 1. Preceding OpId from leader: term: 2 index: 2. (index mismatch)
I20260709 12:12:50.182533  7212 consensus_queue.cc:1048] T 369b249adf6a4e069750177ceff9ab05 P 0c03de6b9b754ab2abf7aaaeb0164ca1 [LEADER]: Connected to new peer: Peer: permanent_uuid: "c9d5d2437ff747bcaca914b5093f7d8c" member_type: VOTER last_known_addr { host: "127.6.144.194" port: 42393 }, Status: LMP_MISMATCH, Last received: 0.0, Next index: 2, Last known committed idx: 1, Time since last communication: 0.000s
I20260709 12:12:50.351946  6858 raft_consensus.cc:1275] T 2c45e0e8f6994c52bdb9988bcd629588 P 0c03de6b9b754ab2abf7aaaeb0164ca1 [term 3 FOLLOWER]: Refusing update from remote peer 7cfd7381e7484ef0a9ff458fdfd31124: Log matching property violated. Preceding OpId in replica: term: 2 index: 2. Preceding OpId from leader: term: 3 index: 3. (index mismatch)
I20260709 12:12:50.353215  7175 consensus_queue.cc:1048] T 2c45e0e8f6994c52bdb9988bcd629588 P 7cfd7381e7484ef0a9ff458fdfd31124 [LEADER]: Connected to new peer: Peer: permanent_uuid: "0c03de6b9b754ab2abf7aaaeb0164ca1" member_type: VOTER last_known_addr { host: "127.6.144.193" port: 33313 }, Status: LMP_MISMATCH, Last received: 0.0, Next index: 3, Last known committed idx: 2, Time since last communication: 0.000s
I20260709 12:12:50.362375  6932 raft_consensus.cc:1275] T 2c45e0e8f6994c52bdb9988bcd629588 P c9d5d2437ff747bcaca914b5093f7d8c [term 3 FOLLOWER]: Refusing update from remote peer 7cfd7381e7484ef0a9ff458fdfd31124: Log matching property violated. Preceding OpId in replica: term: 2 index: 2. Preceding OpId from leader: term: 3 index: 3. (index mismatch)
I20260709 12:12:50.364466  7175 consensus_queue.cc:1048] T 2c45e0e8f6994c52bdb9988bcd629588 P 7cfd7381e7484ef0a9ff458fdfd31124 [LEADER]: Connected to new peer: Peer: permanent_uuid: "c9d5d2437ff747bcaca914b5093f7d8c" member_type: VOTER last_known_addr { host: "127.6.144.194" port: 42393 }, Status: LMP_MISMATCH, Last received: 0.0, Next index: 3, Last known committed idx: 2, Time since last communication: 0.000s
I20260709 12:12:50.551483  6858 raft_consensus.cc:1275] T d787c6f5626e486aaa1e035c14434356 P 0c03de6b9b754ab2abf7aaaeb0164ca1 [term 2 FOLLOWER]: Refusing update from remote peer 7cfd7381e7484ef0a9ff458fdfd31124: Log matching property violated. Preceding OpId in replica: term: 1 index: 1. Preceding OpId from leader: term: 2 index: 2. (index mismatch)
I20260709 12:12:50.552915  7175 consensus_queue.cc:1048] T d787c6f5626e486aaa1e035c14434356 P 7cfd7381e7484ef0a9ff458fdfd31124 [LEADER]: Connected to new peer: Peer: permanent_uuid: "0c03de6b9b754ab2abf7aaaeb0164ca1" member_type: VOTER last_known_addr { host: "127.6.144.193" port: 33313 }, Status: LMP_MISMATCH, Last received: 0.0, Next index: 2, Last known committed idx: 1, Time since last communication: 0.000s
I20260709 12:12:50.562377  6932 raft_consensus.cc:1275] T d787c6f5626e486aaa1e035c14434356 P c9d5d2437ff747bcaca914b5093f7d8c [term 2 FOLLOWER]: Refusing update from remote peer 7cfd7381e7484ef0a9ff458fdfd31124: Log matching property violated. Preceding OpId in replica: term: 1 index: 1. Preceding OpId from leader: term: 2 index: 2. (index mismatch)
I20260709 12:12:50.563988  7175 consensus_queue.cc:1048] T d787c6f5626e486aaa1e035c14434356 P 7cfd7381e7484ef0a9ff458fdfd31124 [LEADER]: Connected to new peer: Peer: permanent_uuid: "c9d5d2437ff747bcaca914b5093f7d8c" member_type: VOTER last_known_addr { host: "127.6.144.194" port: 42393 }, Status: LMP_MISMATCH, Last received: 0.0, Next index: 2, Last known committed idx: 1, Time since last communication: 0.000s
I20260709 12:12:50.585307  6932 raft_consensus.cc:1275] T f2f0eeaf4bbb407181fabe00cea3daf9 P c9d5d2437ff747bcaca914b5093f7d8c [term 2 FOLLOWER]: Refusing update from remote peer 0c03de6b9b754ab2abf7aaaeb0164ca1: Log matching property violated. Preceding OpId in replica: term: 1 index: 1. Preceding OpId from leader: term: 2 index: 2. (index mismatch)
I20260709 12:12:50.586520  7212 consensus_queue.cc:1048] T f2f0eeaf4bbb407181fabe00cea3daf9 P 0c03de6b9b754ab2abf7aaaeb0164ca1 [LEADER]: Connected to new peer: Peer: permanent_uuid: "c9d5d2437ff747bcaca914b5093f7d8c" member_type: VOTER last_known_addr { host: "127.6.144.194" port: 42393 }, Status: LMP_MISMATCH, Last received: 0.0, Next index: 2, Last known committed idx: 1, Time since last communication: 0.000s
I20260709 12:12:50.588063  7007 raft_consensus.cc:1275] T 5fbb087533684775b640a868c4f4d99e P 7cfd7381e7484ef0a9ff458fdfd31124 [term 4 FOLLOWER]: Refusing update from remote peer 0c03de6b9b754ab2abf7aaaeb0164ca1: Log matching property violated. Preceding OpId in replica: term: 3 index: 3. Preceding OpId from leader: term: 4 index: 4. (index mismatch)
I20260709 12:12:50.589236  7212 consensus_queue.cc:1048] T 5fbb087533684775b640a868c4f4d99e P 0c03de6b9b754ab2abf7aaaeb0164ca1 [LEADER]: Connected to new peer: Peer: permanent_uuid: "7cfd7381e7484ef0a9ff458fdfd31124" member_type: VOTER last_known_addr { host: "127.6.144.195" port: 38057 }, Status: LMP_MISMATCH, Last received: 0.0, Next index: 4, Last known committed idx: 3, Time since last communication: 0.000s
I20260709 12:12:50.614216  6932 raft_consensus.cc:1275] T 5fbb087533684775b640a868c4f4d99e P c9d5d2437ff747bcaca914b5093f7d8c [term 4 FOLLOWER]: Refusing update from remote peer 0c03de6b9b754ab2abf7aaaeb0164ca1: Log matching property violated. Preceding OpId in replica: term: 3 index: 3. Preceding OpId from leader: term: 4 index: 4. (index mismatch)
I20260709 12:12:50.617161  7231 consensus_queue.cc:1048] T 5fbb087533684775b640a868c4f4d99e P 0c03de6b9b754ab2abf7aaaeb0164ca1 [LEADER]: Connected to new peer: Peer: permanent_uuid: "c9d5d2437ff747bcaca914b5093f7d8c" member_type: VOTER last_known_addr { host: "127.6.144.194" port: 42393 }, Status: LMP_MISMATCH, Last received: 0.0, Next index: 4, Last known committed idx: 3, Time since last communication: 0.001s
I20260709 12:12:50.622786  7007 raft_consensus.cc:1275] T f2f0eeaf4bbb407181fabe00cea3daf9 P 7cfd7381e7484ef0a9ff458fdfd31124 [term 2 FOLLOWER]: Refusing update from remote peer 0c03de6b9b754ab2abf7aaaeb0164ca1: Log matching property violated. Preceding OpId in replica: term: 1 index: 1. Preceding OpId from leader: term: 2 index: 2. (index mismatch)
I20260709 12:12:50.628036  7234 consensus_queue.cc:1048] T f2f0eeaf4bbb407181fabe00cea3daf9 P 0c03de6b9b754ab2abf7aaaeb0164ca1 [LEADER]: Connected to new peer: Peer: permanent_uuid: "7cfd7381e7484ef0a9ff458fdfd31124" member_type: VOTER last_known_addr { host: "127.6.144.195" port: 38057 }, Status: LMP_MISMATCH, Last received: 0.0, Next index: 2, Last known committed idx: 1, Time since last communication: 0.001s
I20260709 12:12:50.781083  6723 auto_leader_rebalancer.cc:141] leader rebalance for table test-workload
I20260709 12:12:50.786527  6723 auto_leader_rebalancer.cc:440] table: test-workload, leader rebalance finish, leader transfer count: 0
I20260709 12:12:50.786994  6723 auto_leader_rebalancer.cc:515] All tables' leader rebalancing finished this round
W20260709 12:12:50.982880  6879 debug-util.cc:398] Leaking SignalData structure 0x7b08000e5060 after lost signal to thread 6726
W20260709 12:12:50.983775  6879 debug-util.cc:398] Leaking SignalData structure 0x7b08000e5740 after lost signal to thread 6789
W20260709 12:12:50.984714  6879 debug-util.cc:398] Leaking SignalData structure 0x7b0800157fa0 after lost signal to thread 6882
W20260709 12:12:50.985563  6879 debug-util.cc:398] Leaking SignalData structure 0x7b08001a1a80 after lost signal to thread 6957
W20260709 12:12:50.986285  6879 debug-util.cc:398] Leaking SignalData structure 0x7b08001bc680 after lost signal to thread 7031
I20260709 12:12:51.787982  6723 auto_leader_rebalancer.cc:141] leader rebalance for table test-workload
I20260709 12:12:51.793906  6723 auto_leader_rebalancer.cc:440] table: test-workload, leader rebalance finish, leader transfer count: 0
I20260709 12:12:51.794358  6723 auto_leader_rebalancer.cc:515] All tables' leader rebalancing finished this round
I20260709 12:12:52.795524  6723 auto_leader_rebalancer.cc:141] leader rebalance for table test-workload
I20260709 12:12:52.800840  6723 auto_leader_rebalancer.cc:440] table: test-workload, leader rebalance finish, leader transfer count: 0
I20260709 12:12:52.801286  6723 auto_leader_rebalancer.cc:515] All tables' leader rebalancing finished this round
I20260709 12:12:53.802307  6723 auto_leader_rebalancer.cc:141] leader rebalance for table test-workload
I20260709 12:12:53.807758  6723 auto_leader_rebalancer.cc:440] table: test-workload, leader rebalance finish, leader transfer count: 0
I20260709 12:12:53.808202  6723 auto_leader_rebalancer.cc:515] All tables' leader rebalancing finished this round
I20260709 12:12:54.809397  6723 auto_leader_rebalancer.cc:141] leader rebalance for table test-workload
I20260709 12:12:54.814278  6723 auto_leader_rebalancer.cc:440] table: test-workload, leader rebalance finish, leader transfer count: 0
I20260709 12:12:54.814734  6723 auto_leader_rebalancer.cc:515] All tables' leader rebalancing finished this round
I20260709 12:12:55.815869  6723 auto_leader_rebalancer.cc:141] leader rebalance for table test-workload
I20260709 12:12:55.820945  6723 auto_leader_rebalancer.cc:440] table: test-workload, leader rebalance finish, leader transfer count: 0
I20260709 12:12:55.821383  6723 auto_leader_rebalancer.cc:515] All tables' leader rebalancing finished this round
I20260709 12:12:56.822454  6723 auto_leader_rebalancer.cc:141] leader rebalance for table test-workload
I20260709 12:12:56.828389  6723 auto_leader_rebalancer.cc:440] table: test-workload, leader rebalance finish, leader transfer count: 0
I20260709 12:12:56.828809  6723 auto_leader_rebalancer.cc:515] All tables' leader rebalancing finished this round
I20260709 12:12:57.829998  6723 auto_leader_rebalancer.cc:141] leader rebalance for table test-workload
I20260709 12:12:57.834996  6723 auto_leader_rebalancer.cc:440] table: test-workload, leader rebalance finish, leader transfer count: 0
I20260709 12:12:57.835443  6723 auto_leader_rebalancer.cc:515] All tables' leader rebalancing finished this round
I20260709 12:12:59.304283  6723 auto_leader_rebalancer.cc:141] leader rebalance for table test-workload
I20260709 12:12:59.310369  6723 auto_leader_rebalancer.cc:440] table: test-workload, leader rebalance finish, leader transfer count: 0
I20260709 12:12:59.310846  6723 auto_leader_rebalancer.cc:515] All tables' leader rebalancing finished this round
W20260709 12:12:59.893936  6879 debug-util.cc:398] Leaking SignalData structure 0x7b08001e89a0 after lost signal to thread 6726
W20260709 12:12:59.894785  6879 debug-util.cc:398] Leaking SignalData structure 0x7b08000f2180 after lost signal to thread 6789
W20260709 12:12:59.895671  6879 debug-util.cc:398] Leaking SignalData structure 0x7b08000e52a0 after lost signal to thread 6882
W20260709 12:12:59.896385  6879 debug-util.cc:398] Leaking SignalData structure 0x7b08000c1980 after lost signal to thread 6957
W20260709 12:12:59.897092  6879 debug-util.cc:398] Leaking SignalData structure 0x7b08001e0500 after lost signal to thread 7031
I20260709 12:13:00.344640  6723 auto_leader_rebalancer-test.cc:340] The leader distribution is 
I20260709 12:13:00.345360  6723 tablet_server.cc:179] TabletServer@127.6.144.193:0 shutting down...
W20260709 12:13:00.368094  6970 proxy.cc:239] Call had error, refreshing address and retrying: Remote error: Service unavailable: service kudu.consensus.ConsensusService not registered on TabletServer
W20260709 12:13:00.373217  6970 consensus_peers.cc:597] T 4a6ddc32080b4e639d7d34e3ab6240f8 P 7cfd7381e7484ef0a9ff458fdfd31124 -> Peer 0c03de6b9b754ab2abf7aaaeb0164ca1 (127.6.144.193:33313): Couldn't send request to peer 0c03de6b9b754ab2abf7aaaeb0164ca1. Status: Remote error: Service unavailable: service kudu.consensus.ConsensusService not registered on TabletServer. This is attempt 1: this message will repeat every 5th retry.
I20260709 12:13:00.378060  6723 ts_tablet_manager.cc:1507] Shutting down tablet manager...
I20260709 12:13:00.379081  6723 tablet_replica.cc:333] T f2f0eeaf4bbb407181fabe00cea3daf9 P 0c03de6b9b754ab2abf7aaaeb0164ca1: stopping tablet replica
I20260709 12:13:00.380000  6723 raft_consensus.cc:2243] T f2f0eeaf4bbb407181fabe00cea3daf9 P 0c03de6b9b754ab2abf7aaaeb0164ca1 [term 2 LEADER]: Raft consensus shutting down.
I20260709 12:13:00.381050  6723 raft_consensus.cc:2272] T f2f0eeaf4bbb407181fabe00cea3daf9 P 0c03de6b9b754ab2abf7aaaeb0164ca1 [term 2 FOLLOWER]: Raft consensus is shut down!
I20260709 12:13:00.383450  6723 tablet_replica.cc:333] T 2c45e0e8f6994c52bdb9988bcd629588 P 0c03de6b9b754ab2abf7aaaeb0164ca1: stopping tablet replica
I20260709 12:13:00.384160  6723 raft_consensus.cc:2243] T 2c45e0e8f6994c52bdb9988bcd629588 P 0c03de6b9b754ab2abf7aaaeb0164ca1 [term 3 FOLLOWER]: Raft consensus shutting down.
I20260709 12:13:00.384759  6723 raft_consensus.cc:2272] T 2c45e0e8f6994c52bdb9988bcd629588 P 0c03de6b9b754ab2abf7aaaeb0164ca1 [term 3 FOLLOWER]: Raft consensus is shut down!
I20260709 12:13:00.387135  6723 tablet_replica.cc:333] T ae609d10992642ec9c12ee3d137cd40d P 0c03de6b9b754ab2abf7aaaeb0164ca1: stopping tablet replica
W20260709 12:13:00.387130  6970 consensus_peers.cc:597] T d787c6f5626e486aaa1e035c14434356 P 7cfd7381e7484ef0a9ff458fdfd31124 -> Peer 0c03de6b9b754ab2abf7aaaeb0164ca1 (127.6.144.193:33313): Couldn't send request to peer 0c03de6b9b754ab2abf7aaaeb0164ca1. Status: Remote error: Service unavailable: service kudu.consensus.ConsensusService not registered on TabletServer. This is attempt 1: this message will repeat every 5th retry.
I20260709 12:13:00.387710  6723 raft_consensus.cc:2243] T ae609d10992642ec9c12ee3d137cd40d P 0c03de6b9b754ab2abf7aaaeb0164ca1 [term 2 FOLLOWER]: Raft consensus shutting down.
I20260709 12:13:00.388183  6723 raft_consensus.cc:2272] T ae609d10992642ec9c12ee3d137cd40d P 0c03de6b9b754ab2abf7aaaeb0164ca1 [term 2 FOLLOWER]: Raft consensus is shut down!
I20260709 12:13:00.390093  6723 tablet_replica.cc:333] T 5fbb087533684775b640a868c4f4d99e P 0c03de6b9b754ab2abf7aaaeb0164ca1: stopping tablet replica
I20260709 12:13:00.390610  6723 raft_consensus.cc:2243] T 5fbb087533684775b640a868c4f4d99e P 0c03de6b9b754ab2abf7aaaeb0164ca1 [term 4 LEADER]: Raft consensus shutting down.
I20260709 12:13:00.391342  6723 raft_consensus.cc:2272] T 5fbb087533684775b640a868c4f4d99e P 0c03de6b9b754ab2abf7aaaeb0164ca1 [term 4 FOLLOWER]: Raft consensus is shut down!
I20260709 12:13:00.393091  6723 tablet_replica.cc:333] T 369b249adf6a4e069750177ceff9ab05 P 0c03de6b9b754ab2abf7aaaeb0164ca1: stopping tablet replica
I20260709 12:13:00.393563  6723 raft_consensus.cc:2243] T 369b249adf6a4e069750177ceff9ab05 P 0c03de6b9b754ab2abf7aaaeb0164ca1 [term 2 LEADER]: Raft consensus shutting down.
I20260709 12:13:00.394277  6723 raft_consensus.cc:2272] T 369b249adf6a4e069750177ceff9ab05 P 0c03de6b9b754ab2abf7aaaeb0164ca1 [term 2 FOLLOWER]: Raft consensus is shut down!
I20260709 12:13:00.396219  6723 tablet_replica.cc:333] T 4a6ddc32080b4e639d7d34e3ab6240f8 P 0c03de6b9b754ab2abf7aaaeb0164ca1: stopping tablet replica
I20260709 12:13:00.396785  6723 raft_consensus.cc:2243] T 4a6ddc32080b4e639d7d34e3ab6240f8 P 0c03de6b9b754ab2abf7aaaeb0164ca1 [term 2 FOLLOWER]: Raft consensus shutting down.
I20260709 12:13:00.397217  6723 raft_consensus.cc:2272] T 4a6ddc32080b4e639d7d34e3ab6240f8 P 0c03de6b9b754ab2abf7aaaeb0164ca1 [term 2 FOLLOWER]: Raft consensus is shut down!
I20260709 12:13:00.398847  6723 tablet_replica.cc:333] T b0d953f9dbbb4b3c824dd2a76481bde5 P 0c03de6b9b754ab2abf7aaaeb0164ca1: stopping tablet replica
I20260709 12:13:00.399333  6723 raft_consensus.cc:2243] T b0d953f9dbbb4b3c824dd2a76481bde5 P 0c03de6b9b754ab2abf7aaaeb0164ca1 [term 4 FOLLOWER]: Raft consensus shutting down.
I20260709 12:13:00.399807  6723 raft_consensus.cc:2272] T b0d953f9dbbb4b3c824dd2a76481bde5 P 0c03de6b9b754ab2abf7aaaeb0164ca1 [term 4 FOLLOWER]: Raft consensus is shut down!
I20260709 12:13:00.402207  6723 tablet_replica.cc:333] T 578dfc916b28481ca7e51aa8e71e8c6d P 0c03de6b9b754ab2abf7aaaeb0164ca1: stopping tablet replica
I20260709 12:13:00.402941  6723 raft_consensus.cc:2243] T 578dfc916b28481ca7e51aa8e71e8c6d P 0c03de6b9b754ab2abf7aaaeb0164ca1 [term 3 FOLLOWER]: Raft consensus shutting down.
I20260709 12:13:00.403530  6723 raft_consensus.cc:2272] T 578dfc916b28481ca7e51aa8e71e8c6d P 0c03de6b9b754ab2abf7aaaeb0164ca1 [term 3 FOLLOWER]: Raft consensus is shut down!
I20260709 12:13:00.405256  6723 tablet_replica.cc:333] T d787c6f5626e486aaa1e035c14434356 P 0c03de6b9b754ab2abf7aaaeb0164ca1: stopping tablet replica
I20260709 12:13:00.405689  6723 raft_consensus.cc:2243] T d787c6f5626e486aaa1e035c14434356 P 0c03de6b9b754ab2abf7aaaeb0164ca1 [term 2 FOLLOWER]: Raft consensus shutting down.
I20260709 12:13:00.406133  6723 raft_consensus.cc:2272] T d787c6f5626e486aaa1e035c14434356 P 0c03de6b9b754ab2abf7aaaeb0164ca1 [term 2 FOLLOWER]: Raft consensus is shut down!
I20260709 12:13:00.520469  6723 tablet_server.cc:196] TabletServer@127.6.144.193:0 shutdown complete.
I20260709 12:13:00.541659  6723 tablet_server.cc:179] TabletServer@127.6.144.194:0 shutting down...
W20260709 12:13:00.550175  6972 consensus_peers.cc:597] T 2c45e0e8f6994c52bdb9988bcd629588 P 7cfd7381e7484ef0a9ff458fdfd31124 -> Peer c9d5d2437ff747bcaca914b5093f7d8c (127.6.144.194:42393): Couldn't send request to peer c9d5d2437ff747bcaca914b5093f7d8c. Status: Remote error: Service unavailable: service kudu.consensus.ConsensusService not registered on TabletServer. This is attempt 1: this message will repeat every 5th retry.
W20260709 12:13:00.562463  6896 consensus_peers.cc:597] T ae609d10992642ec9c12ee3d137cd40d P c9d5d2437ff747bcaca914b5093f7d8c -> Peer 0c03de6b9b754ab2abf7aaaeb0164ca1 (127.6.144.193:33313): Couldn't send request to peer 0c03de6b9b754ab2abf7aaaeb0164ca1. Status: Network error: Client connection negotiation failed: client connection to 127.6.144.193:33313: connect: Connection refused (error 111). This is attempt 1: this message will repeat every 5th retry.
I20260709 12:13:00.575963  6723 ts_tablet_manager.cc:1507] Shutting down tablet manager...
I20260709 12:13:00.576690  6723 tablet_replica.cc:333] T d787c6f5626e486aaa1e035c14434356 P c9d5d2437ff747bcaca914b5093f7d8c: stopping tablet replica
I20260709 12:13:00.577418  6723 raft_consensus.cc:2243] T d787c6f5626e486aaa1e035c14434356 P c9d5d2437ff747bcaca914b5093f7d8c [term 2 FOLLOWER]: Raft consensus shutting down.
I20260709 12:13:00.578085  6723 raft_consensus.cc:2272] T d787c6f5626e486aaa1e035c14434356 P c9d5d2437ff747bcaca914b5093f7d8c [term 2 FOLLOWER]: Raft consensus is shut down!
I20260709 12:13:00.580170  6723 tablet_replica.cc:333] T 4a6ddc32080b4e639d7d34e3ab6240f8 P c9d5d2437ff747bcaca914b5093f7d8c: stopping tablet replica
I20260709 12:13:00.580761  6723 raft_consensus.cc:2243] T 4a6ddc32080b4e639d7d34e3ab6240f8 P c9d5d2437ff747bcaca914b5093f7d8c [term 2 FOLLOWER]: Raft consensus shutting down.
I20260709 12:13:00.581216  6723 raft_consensus.cc:2272] T 4a6ddc32080b4e639d7d34e3ab6240f8 P c9d5d2437ff747bcaca914b5093f7d8c [term 2 FOLLOWER]: Raft consensus is shut down!
I20260709 12:13:00.582967  6723 tablet_replica.cc:333] T ae609d10992642ec9c12ee3d137cd40d P c9d5d2437ff747bcaca914b5093f7d8c: stopping tablet replica
I20260709 12:13:00.583463  6723 raft_consensus.cc:2243] T ae609d10992642ec9c12ee3d137cd40d P c9d5d2437ff747bcaca914b5093f7d8c [term 2 LEADER]: Raft consensus shutting down.
I20260709 12:13:00.584302  6723 raft_consensus.cc:2272] T ae609d10992642ec9c12ee3d137cd40d P c9d5d2437ff747bcaca914b5093f7d8c [term 2 FOLLOWER]: Raft consensus is shut down!
I20260709 12:13:00.586016  6723 tablet_replica.cc:333] T 5fbb087533684775b640a868c4f4d99e P c9d5d2437ff747bcaca914b5093f7d8c: stopping tablet replica
I20260709 12:13:00.586522  6723 raft_consensus.cc:2243] T 5fbb087533684775b640a868c4f4d99e P c9d5d2437ff747bcaca914b5093f7d8c [term 4 FOLLOWER]: Raft consensus shutting down.
I20260709 12:13:00.586957  6723 raft_consensus.cc:2272] T 5fbb087533684775b640a868c4f4d99e P c9d5d2437ff747bcaca914b5093f7d8c [term 4 FOLLOWER]: Raft consensus is shut down!
I20260709 12:13:00.588691  6723 tablet_replica.cc:333] T 369b249adf6a4e069750177ceff9ab05 P c9d5d2437ff747bcaca914b5093f7d8c: stopping tablet replica
I20260709 12:13:00.589193  6723 raft_consensus.cc:2243] T 369b249adf6a4e069750177ceff9ab05 P c9d5d2437ff747bcaca914b5093f7d8c [term 2 FOLLOWER]: Raft consensus shutting down.
I20260709 12:13:00.589632  6723 raft_consensus.cc:2272] T 369b249adf6a4e069750177ceff9ab05 P c9d5d2437ff747bcaca914b5093f7d8c [term 2 FOLLOWER]: Raft consensus is shut down!
I20260709 12:13:00.591276  6723 tablet_replica.cc:333] T b0d953f9dbbb4b3c824dd2a76481bde5 P c9d5d2437ff747bcaca914b5093f7d8c: stopping tablet replica
I20260709 12:13:00.591799  6723 raft_consensus.cc:2243] T b0d953f9dbbb4b3c824dd2a76481bde5 P c9d5d2437ff747bcaca914b5093f7d8c [term 4 LEADER]: Raft consensus shutting down.
I20260709 12:13:00.592629  6723 raft_consensus.cc:2272] T b0d953f9dbbb4b3c824dd2a76481bde5 P c9d5d2437ff747bcaca914b5093f7d8c [term 4 FOLLOWER]: Raft consensus is shut down!
I20260709 12:13:00.594321  6723 tablet_replica.cc:333] T 578dfc916b28481ca7e51aa8e71e8c6d P c9d5d2437ff747bcaca914b5093f7d8c: stopping tablet replica
I20260709 12:13:00.594831  6723 raft_consensus.cc:2243] T 578dfc916b28481ca7e51aa8e71e8c6d P c9d5d2437ff747bcaca914b5093f7d8c [term 3 LEADER]: Raft consensus shutting down.
I20260709 12:13:00.595582  6723 raft_consensus.cc:2272] T 578dfc916b28481ca7e51aa8e71e8c6d P c9d5d2437ff747bcaca914b5093f7d8c [term 3 FOLLOWER]: Raft consensus is shut down!
I20260709 12:13:00.597194  6723 tablet_replica.cc:333] T f2f0eeaf4bbb407181fabe00cea3daf9 P c9d5d2437ff747bcaca914b5093f7d8c: stopping tablet replica
I20260709 12:13:00.597641  6723 raft_consensus.cc:2243] T f2f0eeaf4bbb407181fabe00cea3daf9 P c9d5d2437ff747bcaca914b5093f7d8c [term 2 FOLLOWER]: Raft consensus shutting down.
I20260709 12:13:00.598059  6723 raft_consensus.cc:2272] T f2f0eeaf4bbb407181fabe00cea3daf9 P c9d5d2437ff747bcaca914b5093f7d8c [term 2 FOLLOWER]: Raft consensus is shut down!
I20260709 12:13:00.599526  6723 tablet_replica.cc:333] T 2c45e0e8f6994c52bdb9988bcd629588 P c9d5d2437ff747bcaca914b5093f7d8c: stopping tablet replica
I20260709 12:13:00.599960  6723 raft_consensus.cc:2243] T 2c45e0e8f6994c52bdb9988bcd629588 P c9d5d2437ff747bcaca914b5093f7d8c [term 3 FOLLOWER]: Raft consensus shutting down.
I20260709 12:13:00.600421  6723 raft_consensus.cc:2272] T 2c45e0e8f6994c52bdb9988bcd629588 P c9d5d2437ff747bcaca914b5093f7d8c [term 3 FOLLOWER]: Raft consensus is shut down!
I20260709 12:13:00.629618  6723 tablet_server.cc:196] TabletServer@127.6.144.194:0 shutdown complete.
W20260709 12:13:00.644490  6970 consensus_peers.cc:597] T 2c45e0e8f6994c52bdb9988bcd629588 P 7cfd7381e7484ef0a9ff458fdfd31124 -> Peer 0c03de6b9b754ab2abf7aaaeb0164ca1 (127.6.144.193:33313): Couldn't send request to peer 0c03de6b9b754ab2abf7aaaeb0164ca1. Status: Network error: Client connection negotiation failed: client connection to 127.6.144.193:33313: connect: Connection refused (error 111). This is attempt 1: this message will repeat every 5th retry.
W20260709 12:13:00.648793  6972 consensus_peers.cc:597] T d787c6f5626e486aaa1e035c14434356 P 7cfd7381e7484ef0a9ff458fdfd31124 -> Peer c9d5d2437ff747bcaca914b5093f7d8c (127.6.144.194:42393): Couldn't send request to peer c9d5d2437ff747bcaca914b5093f7d8c. Status: Network error: Client connection negotiation failed: client connection to 127.6.144.194:42393: connect: Connection refused (error 111). This is attempt 1: this message will repeat every 5th retry.
I20260709 12:13:00.651424  6723 tablet_server.cc:179] TabletServer@127.6.144.195:0 shutting down...
I20260709 12:13:00.684089  6723 ts_tablet_manager.cc:1507] Shutting down tablet manager...
I20260709 12:13:00.684815  6723 tablet_replica.cc:333] T d787c6f5626e486aaa1e035c14434356 P 7cfd7381e7484ef0a9ff458fdfd31124: stopping tablet replica
I20260709 12:13:00.685639  6723 raft_consensus.cc:2243] T d787c6f5626e486aaa1e035c14434356 P 7cfd7381e7484ef0a9ff458fdfd31124 [term 2 LEADER]: Raft consensus shutting down.
I20260709 12:13:00.686497  6723 raft_consensus.cc:2272] T d787c6f5626e486aaa1e035c14434356 P 7cfd7381e7484ef0a9ff458fdfd31124 [term 2 FOLLOWER]: Raft consensus is shut down!
I20260709 12:13:00.688453  6723 tablet_replica.cc:333] T 4a6ddc32080b4e639d7d34e3ab6240f8 P 7cfd7381e7484ef0a9ff458fdfd31124: stopping tablet replica
I20260709 12:13:00.688968  6723 raft_consensus.cc:2243] T 4a6ddc32080b4e639d7d34e3ab6240f8 P 7cfd7381e7484ef0a9ff458fdfd31124 [term 2 LEADER]: Raft consensus shutting down.
I20260709 12:13:00.689741  6723 raft_consensus.cc:2272] T 4a6ddc32080b4e639d7d34e3ab6240f8 P 7cfd7381e7484ef0a9ff458fdfd31124 [term 2 FOLLOWER]: Raft consensus is shut down!
I20260709 12:13:00.691346  6723 tablet_replica.cc:333] T 2c45e0e8f6994c52bdb9988bcd629588 P 7cfd7381e7484ef0a9ff458fdfd31124: stopping tablet replica
I20260709 12:13:00.691795  6723 raft_consensus.cc:2243] T 2c45e0e8f6994c52bdb9988bcd629588 P 7cfd7381e7484ef0a9ff458fdfd31124 [term 3 LEADER]: Raft consensus shutting down.
I20260709 12:13:00.692657  6723 raft_consensus.cc:2272] T 2c45e0e8f6994c52bdb9988bcd629588 P 7cfd7381e7484ef0a9ff458fdfd31124 [term 3 FOLLOWER]: Raft consensus is shut down!
I20260709 12:13:00.694459  6723 tablet_replica.cc:333] T f2f0eeaf4bbb407181fabe00cea3daf9 P 7cfd7381e7484ef0a9ff458fdfd31124: stopping tablet replica
I20260709 12:13:00.694917  6723 raft_consensus.cc:2243] T f2f0eeaf4bbb407181fabe00cea3daf9 P 7cfd7381e7484ef0a9ff458fdfd31124 [term 2 FOLLOWER]: Raft consensus shutting down.
I20260709 12:13:00.695292  6723 raft_consensus.cc:2272] T f2f0eeaf4bbb407181fabe00cea3daf9 P 7cfd7381e7484ef0a9ff458fdfd31124 [term 2 FOLLOWER]: Raft consensus is shut down!
I20260709 12:13:00.697000  6723 tablet_replica.cc:333] T 5fbb087533684775b640a868c4f4d99e P 7cfd7381e7484ef0a9ff458fdfd31124: stopping tablet replica
I20260709 12:13:00.697434  6723 raft_consensus.cc:2243] T 5fbb087533684775b640a868c4f4d99e P 7cfd7381e7484ef0a9ff458fdfd31124 [term 4 FOLLOWER]: Raft consensus shutting down.
I20260709 12:13:00.697819  6723 raft_consensus.cc:2272] T 5fbb087533684775b640a868c4f4d99e P 7cfd7381e7484ef0a9ff458fdfd31124 [term 4 FOLLOWER]: Raft consensus is shut down!
I20260709 12:13:00.699517  6723 tablet_replica.cc:333] T 369b249adf6a4e069750177ceff9ab05 P 7cfd7381e7484ef0a9ff458fdfd31124: stopping tablet replica
I20260709 12:13:00.699995  6723 raft_consensus.cc:2243] T 369b249adf6a4e069750177ceff9ab05 P 7cfd7381e7484ef0a9ff458fdfd31124 [term 2 FOLLOWER]: Raft consensus shutting down.
I20260709 12:13:00.700419  6723 raft_consensus.cc:2272] T 369b249adf6a4e069750177ceff9ab05 P 7cfd7381e7484ef0a9ff458fdfd31124 [term 2 FOLLOWER]: Raft consensus is shut down!
I20260709 12:13:00.701939  6723 tablet_replica.cc:333] T ae609d10992642ec9c12ee3d137cd40d P 7cfd7381e7484ef0a9ff458fdfd31124: stopping tablet replica
I20260709 12:13:00.702414  6723 raft_consensus.cc:2243] T ae609d10992642ec9c12ee3d137cd40d P 7cfd7381e7484ef0a9ff458fdfd31124 [term 2 FOLLOWER]: Raft consensus shutting down.
I20260709 12:13:00.702857  6723 raft_consensus.cc:2272] T ae609d10992642ec9c12ee3d137cd40d P 7cfd7381e7484ef0a9ff458fdfd31124 [term 2 FOLLOWER]: Raft consensus is shut down!
I20260709 12:13:00.704440  6723 tablet_replica.cc:333] T b0d953f9dbbb4b3c824dd2a76481bde5 P 7cfd7381e7484ef0a9ff458fdfd31124: stopping tablet replica
I20260709 12:13:00.704867  6723 raft_consensus.cc:2243] T b0d953f9dbbb4b3c824dd2a76481bde5 P 7cfd7381e7484ef0a9ff458fdfd31124 [term 4 FOLLOWER]: Raft consensus shutting down.
I20260709 12:13:00.705201  6723 raft_consensus.cc:2272] T b0d953f9dbbb4b3c824dd2a76481bde5 P 7cfd7381e7484ef0a9ff458fdfd31124 [term 4 FOLLOWER]: Raft consensus is shut down!
I20260709 12:13:00.706892  6723 tablet_replica.cc:333] T 578dfc916b28481ca7e51aa8e71e8c6d P 7cfd7381e7484ef0a9ff458fdfd31124: stopping tablet replica
I20260709 12:13:00.707270  6723 raft_consensus.cc:2243] T 578dfc916b28481ca7e51aa8e71e8c6d P 7cfd7381e7484ef0a9ff458fdfd31124 [term 3 FOLLOWER]: Raft consensus shutting down.
I20260709 12:13:00.707597  6723 raft_consensus.cc:2272] T 578dfc916b28481ca7e51aa8e71e8c6d P 7cfd7381e7484ef0a9ff458fdfd31124 [term 3 FOLLOWER]: Raft consensus is shut down!
I20260709 12:13:00.735507  6723 tablet_server.cc:196] TabletServer@127.6.144.195:0 shutdown complete.
I20260709 12:13:00.753527  6723 master.cc:562] Master@127.6.144.254:41293 shutting down...
I20260709 12:13:00.869566  6810 catalog_manager.cc:805] Waiting for catalog manager background task thread to start: Service unavailable: Catalog manager is not initialized. State: Closing
I20260709 12:13:00.878547  6723 raft_consensus.cc:2243] T 00000000000000000000000000000000 P 7653045b74524a02b0917815a969b8a6 [term 1 LEADER]: Raft consensus shutting down.
I20260709 12:13:00.879173  6723 raft_consensus.cc:2272] T 00000000000000000000000000000000 P 7653045b74524a02b0917815a969b8a6 [term 1 FOLLOWER]: Raft consensus is shut down!
I20260709 12:13:00.879525  6723 tablet_replica.cc:333] T 00000000000000000000000000000000 P 7653045b74524a02b0917815a969b8a6: stopping tablet replica
I20260709 12:13:00.915257  6723 master.cc:584] Master@127.6.144.254:41293 shutdown complete.
0c03de6b9b754ab2abf7aaaeb0164ca1  4
7cfd7381e7484ef0a9ff458fdfd31124  1
c9d5d2437ff747bcaca914b5093f7d8c  4
0c03de6b9b754ab2abf7aaaeb0164ca1  3
7cfd7381e7484ef0a9ff458fdfd31124  3
c9d5d2437ff747bcaca914b5093f7d8c  3
0c03de6b9b754ab2abf7aaaeb0164ca1  0
7cfd7381e7484ef0a9ff458fdfd31124  1
c9d5d2437ff747bcaca914b5093f7d8c  8
0c03de6b9b754ab2abf7aaaeb0164ca1  3
7cfd7381e7484ef0a9ff458fdfd31124  3
c9d5d2437ff747bcaca914b5093f7d8c  3
[       OK ] LeaderRebalancerTest.FunctionalTestForDivided (32136 ms)
[ RUN      ] LeaderRebalancerTest.FunctionalTestForNotDivided
I20260709 12:13:00.962942  6723 internal_mini_cluster.cc:156] Creating distributed mini masters. Addrs: 127.6.144.254:32953
I20260709 12:13:00.964141  6723 file_cache.cc:504] Constructed file cache file cache with capacity 419430
W20260709 12:13:00.970315  7252 instance_detector.cc:116] could not retrieve AWS instance metadata: Network error: curl error: HTTP response code said error: The requested URL returned error: 404
W20260709 12:13:00.970568  7253 instance_detector.cc:116] could not retrieve Azure instance metadata: Network error: curl error: HTTP response code said error: The requested URL returned error: 404
W20260709 12:13:00.971235  7255 instance_detector.cc:116] could not retrieve OpenStack instance metadata: Network error: curl error: HTTP response code said error: The requested URL returned error: 404
I20260709 12:13:00.973184  6723 server_base.cc:1061] running on GCE node
I20260709 12:13:00.974378  6723 hybrid_clock.cc:584] initializing the hybrid clock with 'system_unsync' time source
W20260709 12:13:00.974601  6723 system_unsync_time.cc:38] NTP support is disabled. Clock error bounds will not be accurate. This configuration is not suitable for distributed clusters.
I20260709 12:13:00.974783  6723 hybrid_clock.cc:648] HybridClock initialized: now 1783599180974769 us; error 0 us; skew 500 ppm
I20260709 12:13:00.975358  6723 server_base.cc:861] Flag tcmalloc_max_total_thread_cache_bytes is not working since tcmalloc is not enabled.
I20260709 12:13:00.978118  6723 webserver.cc:533] Webserver started at http://127.6.144.254:42951/ using document root <none> and password file <none>
I20260709 12:13:00.978601  6723 fs_manager.cc:362] Metadata directory not provided
I20260709 12:13:00.978760  6723 fs_manager.cc:368] Using write-ahead log directory (fs_wal_dir) as metadata directory
I20260709 12:13:00.979081  6723 server_base.cc:909] This appears to be a new deployment of Kudu; creating new FS layout
I20260709 12:13:00.980219  6723 fs_manager.cc:1068] Generated new instance metadata in path /tmp/dist-test-taskgPuCja/test-tmp/auto_leader_rebalancer-test.0.LeaderRebalancerTest.FunctionalTestForNotDivided.1783599148654630-6723-0/minicluster-data/master-0-root/instance:
uuid: "f392b5c3b5b645538f46d502ace08d3b"
format_stamp: "Formatted at 2026-07-09 12:13:00 on dist-test-slave-3zgk"
I20260709 12:13:00.984951  6723 fs_manager.cc:696] Time spent creating directory manager: real 0.004s	user 0.002s	sys 0.002s
I20260709 12:13:00.988495  7260 log_block_manager.cc:4127] Time spent loading block containers with low live blocks: real 0.000s	user 0.000s	sys 0.000s
I20260709 12:13:00.989218  6723 fs_manager.cc:730] Time spent opening block manager: real 0.002s	user 0.002s	sys 0.001s
I20260709 12:13:00.989567  6723 fs_manager.cc:647] Opened local filesystem: /tmp/dist-test-taskgPuCja/test-tmp/auto_leader_rebalancer-test.0.LeaderRebalancerTest.FunctionalTestForNotDivided.1783599148654630-6723-0/minicluster-data/master-0-root
uuid: "f392b5c3b5b645538f46d502ace08d3b"
format_stamp: "Formatted at 2026-07-09 12:13:00 on dist-test-slave-3zgk"
I20260709 12:13:00.989847  6723 fs_report.cc:389] FS layout report
--------------------
wal directory: /tmp/dist-test-taskgPuCja/test-tmp/auto_leader_rebalancer-test.0.LeaderRebalancerTest.FunctionalTestForNotDivided.1783599148654630-6723-0/minicluster-data/master-0-root
metadata directory: /tmp/dist-test-taskgPuCja/test-tmp/auto_leader_rebalancer-test.0.LeaderRebalancerTest.FunctionalTestForNotDivided.1783599148654630-6723-0/minicluster-data/master-0-root
1 data directories: /tmp/dist-test-taskgPuCja/test-tmp/auto_leader_rebalancer-test.0.LeaderRebalancerTest.FunctionalTestForNotDivided.1783599148654630-6723-0/minicluster-data/master-0-root/data
Total live blocks: 0
Total live bytes: 0
Total live bytes (after alignment): 0
Total number of LBM containers: 0 (0 full)
Did not check for missing blocks
Did not check for orphaned blocks
Total full LBM containers with extra space: 0 (0 repaired)
Total full LBM container extra space in bytes: 0 (0 repaired)
Total incomplete LBM containers: 0 (0 repaired)
Total LBM partial records: 0 (0 repaired)
Total corrupted LBM metadata records in RocksDB: 0 (0 repaired)
I20260709 12:13:01.007336  6723 rpc_server.cc:225] running with OpenSSL 1.1.1  11 Sep 2018
I20260709 12:13:01.008632  6723 kserver.cc:163] Server-wide thread pool size limit: 3276
I20260709 12:13:01.049768  6723 rpc_server.cc:307] RPC server started. Bound to: 127.6.144.254:32953
I20260709 12:13:01.049914  7311 acceptor_pool.cc:272] collecting diagnostics on the listening RPC socket 127.6.144.254:32953 every 8 connection(s)
I20260709 12:13:01.053900  7312 data_dirs.cc:400] Could only allocate 1 dirs of requested 3 for tablet 00000000000000000000000000000000. 1 dirs total, 0 dirs full, 0 dirs failed
I20260709 12:13:01.064618  7312 tablet_bootstrap.cc:492] T 00000000000000000000000000000000 P f392b5c3b5b645538f46d502ace08d3b: Bootstrap starting.
I20260709 12:13:01.069509  7312 tablet_bootstrap.cc:654] T 00000000000000000000000000000000 P f392b5c3b5b645538f46d502ace08d3b: Neither blocks nor log segments found. Creating new log.
I20260709 12:13:01.074035  7312 tablet_bootstrap.cc:492] T 00000000000000000000000000000000 P f392b5c3b5b645538f46d502ace08d3b: No bootstrap required, opened a new log
I20260709 12:13:01.076324  7312 raft_consensus.cc:359] T 00000000000000000000000000000000 P f392b5c3b5b645538f46d502ace08d3b [term 0 FOLLOWER]: Replica starting. Triggering 0 pending ops. Active config: opid_index: -1 OBSOLETE_local: true peers { permanent_uuid: "f392b5c3b5b645538f46d502ace08d3b" member_type: VOTER }
I20260709 12:13:01.076768  7312 raft_consensus.cc:385] T 00000000000000000000000000000000 P f392b5c3b5b645538f46d502ace08d3b [term 0 FOLLOWER]: Consensus starting up: Expiring failure detector timer to make a prompt election more likely
I20260709 12:13:01.076953  7312 raft_consensus.cc:740] T 00000000000000000000000000000000 P f392b5c3b5b645538f46d502ace08d3b [term 0 FOLLOWER]: Becoming Follower/Learner. State: Replica: f392b5c3b5b645538f46d502ace08d3b, State: Initialized, Role: FOLLOWER
I20260709 12:13:01.077575  7312 consensus_queue.cc:260] T 00000000000000000000000000000000 P f392b5c3b5b645538f46d502ace08d3b [NON_LEADER]: Queue going to NON_LEADER mode. State: All replicated index: 0, Majority replicated index: 0, Committed index: 0, Last appended: 0.0, Last appended by leader: 0, Current term: 0, Majority size: -1, State: 0, Mode: NON_LEADER, active raft config: opid_index: -1 OBSOLETE_local: true peers { permanent_uuid: "f392b5c3b5b645538f46d502ace08d3b" member_type: VOTER }
I20260709 12:13:01.078030  7312 raft_consensus.cc:399] T 00000000000000000000000000000000 P f392b5c3b5b645538f46d502ace08d3b [term 0 FOLLOWER]: Only one voter in the Raft config. Triggering election immediately
I20260709 12:13:01.078241  7312 raft_consensus.cc:493] T 00000000000000000000000000000000 P f392b5c3b5b645538f46d502ace08d3b [term 0 FOLLOWER]: Starting leader election (initial election of a single-replica configuration)
I20260709 12:13:01.078449  7312 raft_consensus.cc:3060] T 00000000000000000000000000000000 P f392b5c3b5b645538f46d502ace08d3b [term 0 FOLLOWER]: Advancing to term 1
I20260709 12:13:01.082319  7312 raft_consensus.cc:515] T 00000000000000000000000000000000 P f392b5c3b5b645538f46d502ace08d3b [term 1 FOLLOWER]: Starting leader election with config: opid_index: -1 OBSOLETE_local: true peers { permanent_uuid: "f392b5c3b5b645538f46d502ace08d3b" member_type: VOTER }
I20260709 12:13:01.082808  7312 leader_election.cc:304] T 00000000000000000000000000000000 P f392b5c3b5b645538f46d502ace08d3b [CANDIDATE]: Term 1 election: Election decided. Result: candidate won. Election summary: received 1 responses out of 1 voters: 1 yes votes; 0 no votes. yes voters: f392b5c3b5b645538f46d502ace08d3b; no voters: 
I20260709 12:13:01.084010  7312 leader_election.cc:290] T 00000000000000000000000000000000 P f392b5c3b5b645538f46d502ace08d3b [CANDIDATE]: Term 1 election: Requested vote from peers 
I20260709 12:13:01.084348  7315 raft_consensus.cc:2804] T 00000000000000000000000000000000 P f392b5c3b5b645538f46d502ace08d3b [term 1 FOLLOWER]: Leader election won for term 1
I20260709 12:13:01.085655  7315 raft_consensus.cc:697] T 00000000000000000000000000000000 P f392b5c3b5b645538f46d502ace08d3b [term 1 LEADER]: Becoming Leader. State: Replica: f392b5c3b5b645538f46d502ace08d3b, State: Running, Role: LEADER
I20260709 12:13:01.086297  7315 consensus_queue.cc:237] T 00000000000000000000000000000000 P f392b5c3b5b645538f46d502ace08d3b [LEADER]: Queue going to LEADER mode. State: All replicated index: 0, Majority replicated index: 0, Committed index: 0, Last appended: 0.0, Last appended by leader: 0, Current term: 1, Majority size: 1, State: 0, Mode: LEADER, active raft config: opid_index: -1 OBSOLETE_local: true peers { permanent_uuid: "f392b5c3b5b645538f46d502ace08d3b" member_type: VOTER }
I20260709 12:13:01.087040  7312 sys_catalog.cc:565] T 00000000000000000000000000000000 P f392b5c3b5b645538f46d502ace08d3b [sys.catalog]: configured and running, proceeding with master startup.
I20260709 12:13:01.091109  7316 sys_catalog.cc:455] T 00000000000000000000000000000000 P f392b5c3b5b645538f46d502ace08d3b [sys.catalog]: SysCatalogTable state changed. Reason: RaftConsensus started. Latest consensus state: current_term: 1 leader_uuid: "f392b5c3b5b645538f46d502ace08d3b" committed_config { opid_index: -1 OBSOLETE_local: true peers { permanent_uuid: "f392b5c3b5b645538f46d502ace08d3b" member_type: VOTER } }
I20260709 12:13:01.091360  7317 sys_catalog.cc:455] T 00000000000000000000000000000000 P f392b5c3b5b645538f46d502ace08d3b [sys.catalog]: SysCatalogTable state changed. Reason: New leader f392b5c3b5b645538f46d502ace08d3b. Latest consensus state: current_term: 1 leader_uuid: "f392b5c3b5b645538f46d502ace08d3b" committed_config { opid_index: -1 OBSOLETE_local: true peers { permanent_uuid: "f392b5c3b5b645538f46d502ace08d3b" member_type: VOTER } }
