I20260709 12:12:12.667531 29745 raft_consensus.cc:2468] T e33ac1c4f3e846abaf11614b181ef53c P b8d27224e8644f3db26da807cbdae231 [term 1 FOLLOWER]: Leader election vote request: Granting yes vote for candidate 5c4d96ace4974bbb9b857d75e731cb34 in term 1.
I20260709 12:12:12.669941 29671 raft_consensus.cc:3060] T e1cf130175f24097989605f7d279f891 P 5c4d96ace4974bbb9b857d75e731cb34 [term 0 FOLLOWER]: Advancing to term 1
W20260709 12:12:12.674654 29542 auto_rebalancer.cc:288] Could not retrieve cluster info: Service unavailable: Tablet not running
I20260709 12:12:12.685191 29802 raft_consensus.cc:493] T 2bd2d06358b3408a90f3502d9e4c0104 P b8d27224e8644f3db26da807cbdae231 [term 0 FOLLOWER]: Starting pre-election (no leader contacted us within the election timeout)
I20260709 12:12:12.685930 29671 raft_consensus.cc:2468] T e1cf130175f24097989605f7d279f891 P 5c4d96ace4974bbb9b857d75e731cb34 [term 1 FOLLOWER]: Leader election vote request: Granting yes vote for candidate b8d27224e8644f3db26da807cbdae231 in term 1.
I20260709 12:12:12.685873 29802 raft_consensus.cc:515] T 2bd2d06358b3408a90f3502d9e4c0104 P b8d27224e8644f3db26da807cbdae231 [term 0 FOLLOWER]: Starting pre-election with config: opid_index: -1 OBSOLETE_local: false peers { permanent_uuid: "c7dd3066bb05421eb120977336dc5f11" member_type: VOTER last_known_addr { host: "127.28.197.129" port: 44639 } } peers { permanent_uuid: "5c4d96ace4974bbb9b857d75e731cb34" member_type: VOTER last_known_addr { host: "127.28.197.130" port: 36373 } } peers { permanent_uuid: "b8d27224e8644f3db26da807cbdae231" member_type: VOTER last_known_addr { host: "127.28.197.131" port: 41391 } }
I20260709 12:12:12.689296 29597 tablet_service.cc:1917] Received RequestConsensusVote() RPC: tablet_id: "2bd2d06358b3408a90f3502d9e4c0104" candidate_uuid: "b8d27224e8644f3db26da807cbdae231" candidate_term: 1 candidate_status { last_received { term: 0 index: 0 } } ignore_live_leader: false dest_uuid: "c7dd3066bb05421eb120977336dc5f11" is_pre_election: true
I20260709 12:12:12.690253 29597 raft_consensus.cc:2393] T 2bd2d06358b3408a90f3502d9e4c0104 P c7dd3066bb05421eb120977336dc5f11 [term 1 FOLLOWER]: Leader pre-election vote request: Denying vote to candidate b8d27224e8644f3db26da807cbdae231 in current term 1: Already voted for candidate 5c4d96ace4974bbb9b857d75e731cb34 in this term.
I20260709 12:12:12.690537 29802 leader_election.cc:290] T 2bd2d06358b3408a90f3502d9e4c0104 P b8d27224e8644f3db26da807cbdae231 [CANDIDATE]: Term 1 pre-election: Requested pre-vote from peers c7dd3066bb05421eb120977336dc5f11 (127.28.197.129:44639), 5c4d96ace4974bbb9b857d75e731cb34 (127.28.197.130:36373)
I20260709 12:12:12.693276 29795 raft_consensus.cc:697] T e1cf130175f24097989605f7d279f891 P b8d27224e8644f3db26da807cbdae231 [term 1 LEADER]: Becoming Leader. State: Replica: b8d27224e8644f3db26da807cbdae231, State: Running, Role: LEADER
I20260709 12:12:12.694216 29795 consensus_queue.cc:237] T e1cf130175f24097989605f7d279f891 P b8d27224e8644f3db26da807cbdae231 [LEADER]: Queue going to LEADER mode. State: All replicated index: 0, Majority replicated index: 0, Committed index: 0, Last appended: 0.0, Last appended by leader: 0, Current term: 1, Majority size: 2, State: 0, Mode: LEADER, active raft config: opid_index: -1 OBSOLETE_local: false peers { permanent_uuid: "c7dd3066bb05421eb120977336dc5f11" member_type: VOTER last_known_addr { host: "127.28.197.129" port: 44639 } } peers { permanent_uuid: "5c4d96ace4974bbb9b857d75e731cb34" member_type: VOTER last_known_addr { host: "127.28.197.130" port: 36373 } } peers { permanent_uuid: "b8d27224e8644f3db26da807cbdae231" member_type: VOTER last_known_addr { host: "127.28.197.131" port: 41391 } }
I20260709 12:12:12.696498 29850 consensus_queue.cc:1048] T 0812d5eb3e9e4da7af6df1484a3bd45d P b8d27224e8644f3db26da807cbdae231 [LEADER]: Connected to new peer: Peer: permanent_uuid: "c7dd3066bb05421eb120977336dc5f11" member_type: VOTER last_known_addr { host: "127.28.197.129" port: 44639 }, Status: LMP_MISMATCH, Last received: 0.0, Next index: 1, Last known committed idx: 0, Time since last communication: 0.001s
I20260709 12:12:12.693073 29491 catalog_manager.cc:5697] T e33ac1c4f3e846abaf11614b181ef53c P 5c4d96ace4974bbb9b857d75e731cb34 reported cstate change: term changed from 0 to 1, leader changed from <none> to 5c4d96ace4974bbb9b857d75e731cb34 (127.28.197.130). New cstate: current_term: 1 leader_uuid: "5c4d96ace4974bbb9b857d75e731cb34" committed_config { opid_index: -1 OBSOLETE_local: false peers { permanent_uuid: "c7dd3066bb05421eb120977336dc5f11" member_type: VOTER last_known_addr { host: "127.28.197.129" port: 44639 } health_report { overall_health: UNKNOWN } } peers { permanent_uuid: "5c4d96ace4974bbb9b857d75e731cb34" member_type: VOTER last_known_addr { host: "127.28.197.130" port: 36373 } health_report { overall_health: HEALTHY } } peers { permanent_uuid: "b8d27224e8644f3db26da807cbdae231" member_type: VOTER last_known_addr { host: "127.28.197.131" port: 41391 } health_report { overall_health: UNKNOWN } } }
I20260709 12:12:12.709625 29596 raft_consensus.cc:3060] T e99bb32e7ce9457d8e33a3b72d4ce891 P c7dd3066bb05421eb120977336dc5f11 [term 0 FOLLOWER]: Advancing to term 1
I20260709 12:12:12.721397 29822 consensus_queue.cc:1048] T e99bb32e7ce9457d8e33a3b72d4ce891 P 5c4d96ace4974bbb9b857d75e731cb34 [LEADER]: Connected to new peer: Peer: permanent_uuid: "c7dd3066bb05421eb120977336dc5f11" member_type: VOTER last_known_addr { host: "127.28.197.129" port: 44639 }, Status: LMP_MISMATCH, Last received: 0.0, Next index: 1, Last known committed idx: 0, Time since last communication: 0.001s
I20260709 12:12:12.724834 29671 tablet_service.cc:1917] Received RequestConsensusVote() RPC: tablet_id: "2bd2d06358b3408a90f3502d9e4c0104" candidate_uuid: "b8d27224e8644f3db26da807cbdae231" candidate_term: 1 candidate_status { last_received { term: 0 index: 0 } } ignore_live_leader: false dest_uuid: "5c4d96ace4974bbb9b857d75e731cb34" is_pre_election: true
I20260709 12:12:12.729496 29709 leader_election.cc:304] T 2bd2d06358b3408a90f3502d9e4c0104 P b8d27224e8644f3db26da807cbdae231 [CANDIDATE]: Term 1 pre-election: Election decided. Result: candidate lost. Election summary: received 3 responses out of 3 voters: 1 yes votes; 2 no votes. yes voters: b8d27224e8644f3db26da807cbdae231; no voters: 5c4d96ace4974bbb9b857d75e731cb34, c7dd3066bb05421eb120977336dc5f11
I20260709 12:12:12.730345 29795 raft_consensus.cc:3060] T 2bd2d06358b3408a90f3502d9e4c0104 P b8d27224e8644f3db26da807cbdae231 [term 0 FOLLOWER]: Advancing to term 1
I20260709 12:12:12.737983 29795 raft_consensus.cc:2749] T 2bd2d06358b3408a90f3502d9e4c0104 P b8d27224e8644f3db26da807cbdae231 [term 1 FOLLOWER]: Leader pre-election lost for term 1. Reason: could not achieve majority
I20260709 12:12:12.737156 29491 catalog_manager.cc:5697] T e1cf130175f24097989605f7d279f891 P b8d27224e8644f3db26da807cbdae231 reported cstate change: term changed from 0 to 1, leader changed from <none> to b8d27224e8644f3db26da807cbdae231 (127.28.197.131). New cstate: current_term: 1 leader_uuid: "b8d27224e8644f3db26da807cbdae231" committed_config { opid_index: -1 OBSOLETE_local: false peers { permanent_uuid: "c7dd3066bb05421eb120977336dc5f11" member_type: VOTER last_known_addr { host: "127.28.197.129" port: 44639 } health_report { overall_health: UNKNOWN } } peers { permanent_uuid: "5c4d96ace4974bbb9b857d75e731cb34" member_type: VOTER last_known_addr { host: "127.28.197.130" port: 36373 } health_report { overall_health: UNKNOWN } } peers { permanent_uuid: "b8d27224e8644f3db26da807cbdae231" member_type: VOTER last_known_addr { host: "127.28.197.131" port: 41391 } health_report { overall_health: HEALTHY } } }
I20260709 12:12:12.757475 29795 raft_consensus.cc:493] T 3b3c2d83822e48f4b2cea9d7ae51afb8 P b8d27224e8644f3db26da807cbdae231 [term 0 FOLLOWER]: Starting pre-election (no leader contacted us within the election timeout)
I20260709 12:12:12.758009 29795 raft_consensus.cc:515] T 3b3c2d83822e48f4b2cea9d7ae51afb8 P b8d27224e8644f3db26da807cbdae231 [term 0 FOLLOWER]: Starting pre-election with config: opid_index: -1 OBSOLETE_local: false peers { permanent_uuid: "c7dd3066bb05421eb120977336dc5f11" member_type: VOTER last_known_addr { host: "127.28.197.129" port: 44639 } } peers { permanent_uuid: "5c4d96ace4974bbb9b857d75e731cb34" member_type: VOTER last_known_addr { host: "127.28.197.130" port: 36373 } } peers { permanent_uuid: "b8d27224e8644f3db26da807cbdae231" member_type: VOTER last_known_addr { host: "127.28.197.131" port: 41391 } }
I20260709 12:12:12.760190 29795 leader_election.cc:290] T 3b3c2d83822e48f4b2cea9d7ae51afb8 P b8d27224e8644f3db26da807cbdae231 [CANDIDATE]: Term 1 pre-election: Requested pre-vote from peers c7dd3066bb05421eb120977336dc5f11 (127.28.197.129:44639), 5c4d96ace4974bbb9b857d75e731cb34 (127.28.197.130:36373)
I20260709 12:12:12.760800 29597 tablet_service.cc:1917] Received RequestConsensusVote() RPC: tablet_id: "3b3c2d83822e48f4b2cea9d7ae51afb8" candidate_uuid: "b8d27224e8644f3db26da807cbdae231" candidate_term: 1 candidate_status { last_received { term: 0 index: 0 } } ignore_live_leader: false dest_uuid: "c7dd3066bb05421eb120977336dc5f11" is_pre_election: true
I20260709 12:12:12.761503 29597 raft_consensus.cc:2468] T 3b3c2d83822e48f4b2cea9d7ae51afb8 P c7dd3066bb05421eb120977336dc5f11 [term 0 FOLLOWER]: Leader pre-election vote request: Granting yes vote for candidate b8d27224e8644f3db26da807cbdae231 in term 0.
I20260709 12:12:12.761730 29671 tablet_service.cc:1917] Received RequestConsensusVote() RPC: tablet_id: "3b3c2d83822e48f4b2cea9d7ae51afb8" candidate_uuid: "b8d27224e8644f3db26da807cbdae231" candidate_term: 1 candidate_status { last_received { term: 0 index: 0 } } ignore_live_leader: false dest_uuid: "5c4d96ace4974bbb9b857d75e731cb34" is_pre_election: true
I20260709 12:12:12.762396 29671 raft_consensus.cc:2468] T 3b3c2d83822e48f4b2cea9d7ae51afb8 P 5c4d96ace4974bbb9b857d75e731cb34 [term 0 FOLLOWER]: Leader pre-election vote request: Granting yes vote for candidate b8d27224e8644f3db26da807cbdae231 in term 0.
I20260709 12:12:12.762342 29822 consensus_queue.cc:1048] T 699989cc7c8c4662baa81125639a8d25 P 5c4d96ace4974bbb9b857d75e731cb34 [LEADER]: Connected to new peer: Peer: permanent_uuid: "c7dd3066bb05421eb120977336dc5f11" member_type: VOTER last_known_addr { host: "127.28.197.129" port: 44639 }, Status: LMP_MISMATCH, Last received: 0.0, Next index: 1, Last known committed idx: 0, Time since last communication: 0.000s
I20260709 12:12:12.762626 29709 leader_election.cc:304] T 3b3c2d83822e48f4b2cea9d7ae51afb8 P b8d27224e8644f3db26da807cbdae231 [CANDIDATE]: Term 1 pre-election: Election decided. Result: candidate won. Election summary: received 2 responses out of 3 voters: 2 yes votes; 0 no votes. yes voters: b8d27224e8644f3db26da807cbdae231, c7dd3066bb05421eb120977336dc5f11; no voters: 
I20260709 12:12:12.764014 29795 raft_consensus.cc:2804] T 3b3c2d83822e48f4b2cea9d7ae51afb8 P b8d27224e8644f3db26da807cbdae231 [term 0 FOLLOWER]: Leader pre-election won for term 1
I20260709 12:12:12.764377 29795 raft_consensus.cc:493] T 3b3c2d83822e48f4b2cea9d7ae51afb8 P b8d27224e8644f3db26da807cbdae231 [term 0 FOLLOWER]: Starting leader election (no leader contacted us within the election timeout)
I20260709 12:12:12.764710 29795 raft_consensus.cc:3060] T 3b3c2d83822e48f4b2cea9d7ae51afb8 P b8d27224e8644f3db26da807cbdae231 [term 0 FOLLOWER]: Advancing to term 1
I20260709 12:12:12.771605 29795 raft_consensus.cc:515] T 3b3c2d83822e48f4b2cea9d7ae51afb8 P b8d27224e8644f3db26da807cbdae231 [term 1 FOLLOWER]: Starting leader election with config: opid_index: -1 OBSOLETE_local: false peers { permanent_uuid: "c7dd3066bb05421eb120977336dc5f11" member_type: VOTER last_known_addr { host: "127.28.197.129" port: 44639 } } peers { permanent_uuid: "5c4d96ace4974bbb9b857d75e731cb34" member_type: VOTER last_known_addr { host: "127.28.197.130" port: 36373 } } peers { permanent_uuid: "b8d27224e8644f3db26da807cbdae231" member_type: VOTER last_known_addr { host: "127.28.197.131" port: 41391 } }
I20260709 12:12:12.774693 29597 tablet_service.cc:1917] Received RequestConsensusVote() RPC: tablet_id: "3b3c2d83822e48f4b2cea9d7ae51afb8" candidate_uuid: "b8d27224e8644f3db26da807cbdae231" candidate_term: 1 candidate_status { last_received { term: 0 index: 0 } } ignore_live_leader: false dest_uuid: "c7dd3066bb05421eb120977336dc5f11"
I20260709 12:12:12.775290 29597 raft_consensus.cc:3060] T 3b3c2d83822e48f4b2cea9d7ae51afb8 P c7dd3066bb05421eb120977336dc5f11 [term 0 FOLLOWER]: Advancing to term 1
I20260709 12:12:12.776576 29795 leader_election.cc:290] T 3b3c2d83822e48f4b2cea9d7ae51afb8 P b8d27224e8644f3db26da807cbdae231 [CANDIDATE]: Term 1 election: Requested vote from peers c7dd3066bb05421eb120977336dc5f11 (127.28.197.129:44639), 5c4d96ace4974bbb9b857d75e731cb34 (127.28.197.130:36373)
I20260709 12:12:12.777664 29671 tablet_service.cc:1917] Received RequestConsensusVote() RPC: tablet_id: "3b3c2d83822e48f4b2cea9d7ae51afb8" candidate_uuid: "b8d27224e8644f3db26da807cbdae231" candidate_term: 1 candidate_status { last_received { term: 0 index: 0 } } ignore_live_leader: false dest_uuid: "5c4d96ace4974bbb9b857d75e731cb34"
I20260709 12:12:12.778223 29671 raft_consensus.cc:3060] T 3b3c2d83822e48f4b2cea9d7ae51afb8 P 5c4d96ace4974bbb9b857d75e731cb34 [term 0 FOLLOWER]: Advancing to term 1
I20260709 12:12:12.782546 29796 consensus_queue.cc:1048] T 699989cc7c8c4662baa81125639a8d25 P 5c4d96ace4974bbb9b857d75e731cb34 [LEADER]: Connected to new peer: Peer: permanent_uuid: "b8d27224e8644f3db26da807cbdae231" member_type: VOTER last_known_addr { host: "127.28.197.131" port: 41391 }, Status: LMP_MISMATCH, Last received: 0.0, Next index: 1, Last known committed idx: 0, Time since last communication: 0.000s
I20260709 12:12:12.790779 29671 raft_consensus.cc:2468] T 3b3c2d83822e48f4b2cea9d7ae51afb8 P 5c4d96ace4974bbb9b857d75e731cb34 [term 1 FOLLOWER]: Leader election vote request: Granting yes vote for candidate b8d27224e8644f3db26da807cbdae231 in term 1.
I20260709 12:12:12.792460 29709 leader_election.cc:304] T 3b3c2d83822e48f4b2cea9d7ae51afb8 P b8d27224e8644f3db26da807cbdae231 [CANDIDATE]: Term 1 election: Election decided. Result: candidate won. Election summary: received 2 responses out of 3 voters: 2 yes votes; 0 no votes. yes voters: 5c4d96ace4974bbb9b857d75e731cb34, b8d27224e8644f3db26da807cbdae231; no voters: 
I20260709 12:12:12.793258 29597 raft_consensus.cc:2468] T 3b3c2d83822e48f4b2cea9d7ae51afb8 P c7dd3066bb05421eb120977336dc5f11 [term 1 FOLLOWER]: Leader election vote request: Granting yes vote for candidate b8d27224e8644f3db26da807cbdae231 in term 1.
I20260709 12:12:12.793383 29795 raft_consensus.cc:2804] T 3b3c2d83822e48f4b2cea9d7ae51afb8 P b8d27224e8644f3db26da807cbdae231 [term 1 FOLLOWER]: Leader election won for term 1
I20260709 12:12:12.793919 29795 raft_consensus.cc:697] T 3b3c2d83822e48f4b2cea9d7ae51afb8 P b8d27224e8644f3db26da807cbdae231 [term 1 LEADER]: Becoming Leader. State: Replica: b8d27224e8644f3db26da807cbdae231, State: Running, Role: LEADER
I20260709 12:12:12.795457 29795 consensus_queue.cc:237] T 3b3c2d83822e48f4b2cea9d7ae51afb8 P b8d27224e8644f3db26da807cbdae231 [LEADER]: Queue going to LEADER mode. State: All replicated index: 0, Majority replicated index: 0, Committed index: 0, Last appended: 0.0, Last appended by leader: 0, Current term: 1, Majority size: 2, State: 0, Mode: LEADER, active raft config: opid_index: -1 OBSOLETE_local: false peers { permanent_uuid: "c7dd3066bb05421eb120977336dc5f11" member_type: VOTER last_known_addr { host: "127.28.197.129" port: 44639 } } peers { permanent_uuid: "5c4d96ace4974bbb9b857d75e731cb34" member_type: VOTER last_known_addr { host: "127.28.197.130" port: 36373 } } peers { permanent_uuid: "b8d27224e8644f3db26da807cbdae231" member_type: VOTER last_known_addr { host: "127.28.197.131" port: 41391 } }
I20260709 12:12:12.809726 29493 catalog_manager.cc:5697] T 3b3c2d83822e48f4b2cea9d7ae51afb8 P b8d27224e8644f3db26da807cbdae231 reported cstate change: term changed from 0 to 1, leader changed from <none> to b8d27224e8644f3db26da807cbdae231 (127.28.197.131). New cstate: current_term: 1 leader_uuid: "b8d27224e8644f3db26da807cbdae231" committed_config { opid_index: -1 OBSOLETE_local: false peers { permanent_uuid: "c7dd3066bb05421eb120977336dc5f11" member_type: VOTER last_known_addr { host: "127.28.197.129" port: 44639 } health_report { overall_health: UNKNOWN } } peers { permanent_uuid: "5c4d96ace4974bbb9b857d75e731cb34" member_type: VOTER last_known_addr { host: "127.28.197.130" port: 36373 } health_report { overall_health: UNKNOWN } } peers { permanent_uuid: "b8d27224e8644f3db26da807cbdae231" member_type: VOTER last_known_addr { host: "127.28.197.131" port: 41391 } health_report { overall_health: HEALTHY } } }
I20260709 12:12:12.873792 29796 consensus_queue.cc:1048] T 2bd2d06358b3408a90f3502d9e4c0104 P 5c4d96ace4974bbb9b857d75e731cb34 [LEADER]: Connected to new peer: Peer: permanent_uuid: "c7dd3066bb05421eb120977336dc5f11" member_type: VOTER last_known_addr { host: "127.28.197.129" port: 44639 }, Status: LMP_MISMATCH, Last received: 0.0, Next index: 1, Last known committed idx: 0, Time since last communication: 0.000s
I20260709 12:12:12.895624 29822 consensus_queue.cc:1048] T 2bd2d06358b3408a90f3502d9e4c0104 P 5c4d96ace4974bbb9b857d75e731cb34 [LEADER]: Connected to new peer: Peer: permanent_uuid: "b8d27224e8644f3db26da807cbdae231" member_type: VOTER last_known_addr { host: "127.28.197.131" port: 41391 }, Status: LMP_MISMATCH, Last received: 0.0, Next index: 1, Last known committed idx: 0, Time since last communication: 0.000s
I20260709 12:12:12.907711 29671 tablet_service.cc:2072] Received LeaderStepDown RPC: tablet_id: "699989cc7c8c4662baa81125639a8d25"
dest_uuid: "5c4d96ace4974bbb9b857d75e731cb34"
mode: GRACEFUL
new_leader_uuid: "c7dd3066bb05421eb120977336dc5f11"
 from {username='slave'} at 127.0.0.1:40746
I20260709 12:12:12.908535 29671 raft_consensus.cc:606] T 699989cc7c8c4662baa81125639a8d25 P 5c4d96ace4974bbb9b857d75e731cb34 [term 1 LEADER]: Received request to transfer leadership to TS c7dd3066bb05421eb120977336dc5f11
I20260709 12:12:12.926260 29745 tablet_service.cc:2072] Received LeaderStepDown RPC: tablet_id: "0812d5eb3e9e4da7af6df1484a3bd45d"
dest_uuid: "b8d27224e8644f3db26da807cbdae231"
mode: GRACEFUL
new_leader_uuid: "c7dd3066bb05421eb120977336dc5f11"
 from {username='slave'} at 127.0.0.1:60936
I20260709 12:12:12.926851 29745 raft_consensus.cc:606] T 0812d5eb3e9e4da7af6df1484a3bd45d P b8d27224e8644f3db26da807cbdae231 [term 1 LEADER]: Received request to transfer leadership to TS c7dd3066bb05421eb120977336dc5f11
I20260709 12:12:12.932250 29745 tablet_service.cc:2072] Received LeaderStepDown RPC: tablet_id: "e1cf130175f24097989605f7d279f891"
dest_uuid: "b8d27224e8644f3db26da807cbdae231"
mode: GRACEFUL
new_leader_uuid: "c7dd3066bb05421eb120977336dc5f11"
 from {username='slave'} at 127.0.0.1:60936
I20260709 12:12:12.932935 29745 raft_consensus.cc:606] T e1cf130175f24097989605f7d279f891 P b8d27224e8644f3db26da807cbdae231 [term 1 LEADER]: Received request to transfer leadership to TS c7dd3066bb05421eb120977336dc5f11
I20260709 12:12:12.935393 29843 consensus_queue.cc:1048] T 0cc5436909ec456bbb99199513087e20 P c7dd3066bb05421eb120977336dc5f11 [LEADER]: Connected to new peer: Peer: permanent_uuid: "b8d27224e8644f3db26da807cbdae231" member_type: VOTER last_known_addr { host: "127.28.197.131" port: 41391 }, Status: LMP_MISMATCH, Last received: 0.0, Next index: 1, Last known committed idx: 0, Time since last communication: 0.000s
I20260709 12:12:12.951417 29842 consensus_queue.cc:1048] T 0cc5436909ec456bbb99199513087e20 P c7dd3066bb05421eb120977336dc5f11 [LEADER]: Connected to new peer: Peer: permanent_uuid: "5c4d96ace4974bbb9b857d75e731cb34" member_type: VOTER last_known_addr { host: "127.28.197.130" port: 36373 }, Status: LMP_MISMATCH, Last received: 0.0, Next index: 1, Last known committed idx: 0, Time since last communication: 0.001s
I20260709 12:12:12.970849 29597 tablet_service.cc:2072] Received LeaderStepDown RPC: tablet_id: "0cc5436909ec456bbb99199513087e20"
dest_uuid: "c7dd3066bb05421eb120977336dc5f11"
mode: GRACEFUL
new_leader_uuid: "5c4d96ace4974bbb9b857d75e731cb34"
 from {username='slave'} at 127.0.0.1:37692
I20260709 12:12:12.971503 29597 raft_consensus.cc:606] T 0cc5436909ec456bbb99199513087e20 P c7dd3066bb05421eb120977336dc5f11 [term 1 LEADER]: Received request to transfer leadership to TS 5c4d96ace4974bbb9b857d75e731cb34
I20260709 12:12:12.977486 29745 tablet_service.cc:2072] Received LeaderStepDown RPC: tablet_id: "3b3c2d83822e48f4b2cea9d7ae51afb8"
dest_uuid: "b8d27224e8644f3db26da807cbdae231"
mode: GRACEFUL
new_leader_uuid: "5c4d96ace4974bbb9b857d75e731cb34"
 from {username='slave'} at 127.0.0.1:60936
I20260709 12:12:12.978129 29745 raft_consensus.cc:606] T 3b3c2d83822e48f4b2cea9d7ae51afb8 P b8d27224e8644f3db26da807cbdae231 [term 1 LEADER]: Received request to transfer leadership to TS 5c4d96ace4974bbb9b857d75e731cb34
I20260709 12:12:12.985075 29671 tablet_service.cc:2072] Received LeaderStepDown RPC: tablet_id: "e33ac1c4f3e846abaf11614b181ef53c"
dest_uuid: "5c4d96ace4974bbb9b857d75e731cb34"
mode: GRACEFUL
new_leader_uuid: "b8d27224e8644f3db26da807cbdae231"
 from {username='slave'} at 127.0.0.1:40746
I20260709 12:12:12.985699 29671 raft_consensus.cc:606] T e33ac1c4f3e846abaf11614b181ef53c P 5c4d96ace4974bbb9b857d75e731cb34 [term 1 LEADER]: Received request to transfer leadership to TS b8d27224e8644f3db26da807cbdae231
I20260709 12:12:13.053692 29843 consensus_queue.cc:1048] T b8f710c37aac433a87e7bf3ae1e353f3 P c7dd3066bb05421eb120977336dc5f11 [LEADER]: Connected to new peer: Peer: permanent_uuid: "b8d27224e8644f3db26da807cbdae231" member_type: VOTER last_known_addr { host: "127.28.197.131" port: 41391 }, Status: LMP_MISMATCH, Last received: 0.0, Next index: 1, Last known committed idx: 0, Time since last communication: 0.000s
I20260709 12:12:13.065325 29842 consensus_queue.cc:1048] T b8f710c37aac433a87e7bf3ae1e353f3 P c7dd3066bb05421eb120977336dc5f11 [LEADER]: Connected to new peer: Peer: permanent_uuid: "5c4d96ace4974bbb9b857d75e731cb34" member_type: VOTER last_known_addr { host: "127.28.197.130" port: 36373 }, Status: LMP_MISMATCH, Last received: 0.0, Next index: 1, Last known committed idx: 0, Time since last communication: 0.000s
I20260709 12:12:13.099406 29795 consensus_queue.cc:1048] T e1cf130175f24097989605f7d279f891 P b8d27224e8644f3db26da807cbdae231 [LEADER]: Connected to new peer: Peer: permanent_uuid: "c7dd3066bb05421eb120977336dc5f11" member_type: VOTER last_known_addr { host: "127.28.197.129" port: 44639 }, Status: LMP_MISMATCH, Last received: 0.0, Next index: 1, Last known committed idx: 0, Time since last communication: 0.000s
I20260709 12:12:13.103384 29795 consensus_queue.cc:1048] T e1cf130175f24097989605f7d279f891 P b8d27224e8644f3db26da807cbdae231 [LEADER]: Connected to new peer: Peer: permanent_uuid: "5c4d96ace4974bbb9b857d75e731cb34" member_type: VOTER last_known_addr { host: "127.28.197.130" port: 36373 }, Status: LMP_MISMATCH, Last received: 0.0, Next index: 1, Last known committed idx: 0, Time since last communication: 0.000s
I20260709 12:12:13.107451 29850 raft_consensus.cc:993] T e1cf130175f24097989605f7d279f891 P b8d27224e8644f3db26da807cbdae231: : Instructing follower c7dd3066bb05421eb120977336dc5f11 to start an election
I20260709 12:12:13.107908 29851 raft_consensus.cc:1081] T e1cf130175f24097989605f7d279f891 P b8d27224e8644f3db26da807cbdae231 [term 1 LEADER]: Signalling peer c7dd3066bb05421eb120977336dc5f11 to start an election
I20260709 12:12:13.112273 29596 tablet_service.cc:2044] Received Run Leader Election RPC: tablet_id: "e1cf130175f24097989605f7d279f891"
dest_uuid: "c7dd3066bb05421eb120977336dc5f11"
 from {username='slave'} at 127.0.0.1:37672
I20260709 12:12:13.113479 29596 raft_consensus.cc:493] T e1cf130175f24097989605f7d279f891 P c7dd3066bb05421eb120977336dc5f11 [term 1 FOLLOWER]: Starting forced leader election (received explicit request)
I20260709 12:12:13.113884 29596 raft_consensus.cc:3060] T e1cf130175f24097989605f7d279f891 P c7dd3066bb05421eb120977336dc5f11 [term 1 FOLLOWER]: Advancing to term 2
I20260709 12:12:13.118139 29822 consensus_queue.cc:1048] T e33ac1c4f3e846abaf11614b181ef53c P 5c4d96ace4974bbb9b857d75e731cb34 [LEADER]: Connected to new peer: Peer: permanent_uuid: "c7dd3066bb05421eb120977336dc5f11" member_type: VOTER last_known_addr { host: "127.28.197.129" port: 44639 }, Status: LMP_MISMATCH, Last received: 0.0, Next index: 1, Last known committed idx: 0, Time since last communication: 0.000s
I20260709 12:12:13.120880 29596 raft_consensus.cc:515] T e1cf130175f24097989605f7d279f891 P c7dd3066bb05421eb120977336dc5f11 [term 2 FOLLOWER]: Starting forced leader election with config: opid_index: -1 OBSOLETE_local: false peers { permanent_uuid: "c7dd3066bb05421eb120977336dc5f11" member_type: VOTER last_known_addr { host: "127.28.197.129" port: 44639 } } peers { permanent_uuid: "5c4d96ace4974bbb9b857d75e731cb34" member_type: VOTER last_known_addr { host: "127.28.197.130" port: 36373 } } peers { permanent_uuid: "b8d27224e8644f3db26da807cbdae231" member_type: VOTER last_known_addr { host: "127.28.197.131" port: 41391 } }
I20260709 12:12:13.128835 29596 leader_election.cc:290] T e1cf130175f24097989605f7d279f891 P c7dd3066bb05421eb120977336dc5f11 [CANDIDATE]: Term 2 election: Requested vote from peers 5c4d96ace4974bbb9b857d75e731cb34 (127.28.197.130:36373), b8d27224e8644f3db26da807cbdae231 (127.28.197.131:41391)
I20260709 12:12:13.131255 29671 tablet_service.cc:1917] Received RequestConsensusVote() RPC: tablet_id: "e1cf130175f24097989605f7d279f891" candidate_uuid: "c7dd3066bb05421eb120977336dc5f11" candidate_term: 2 candidate_status { last_received { term: 1 index: 1 } } ignore_live_leader: true dest_uuid: "5c4d96ace4974bbb9b857d75e731cb34"
I20260709 12:12:13.131947 29671 raft_consensus.cc:3060] T e1cf130175f24097989605f7d279f891 P 5c4d96ace4974bbb9b857d75e731cb34 [term 1 FOLLOWER]: Advancing to term 2
I20260709 12:12:13.136312 29745 tablet_service.cc:1917] Received RequestConsensusVote() RPC: tablet_id: "e1cf130175f24097989605f7d279f891" candidate_uuid: "c7dd3066bb05421eb120977336dc5f11" candidate_term: 2 candidate_status { last_received { term: 1 index: 1 } } ignore_live_leader: true dest_uuid: "b8d27224e8644f3db26da807cbdae231"
I20260709 12:12:13.136957 29745 raft_consensus.cc:3055] T e1cf130175f24097989605f7d279f891 P b8d27224e8644f3db26da807cbdae231 [term 1 LEADER]: Stepping down as leader of term 1
I20260709 12:12:13.137331 29745 raft_consensus.cc:740] T e1cf130175f24097989605f7d279f891 P b8d27224e8644f3db26da807cbdae231 [term 1 LEADER]: Becoming Follower/Learner. State: Replica: b8d27224e8644f3db26da807cbdae231, State: Running, Role: LEADER
I20260709 12:12:13.138160 29745 consensus_queue.cc:260] T e1cf130175f24097989605f7d279f891 P b8d27224e8644f3db26da807cbdae231 [NON_LEADER]: Queue going to NON_LEADER mode. State: All replicated index: 0, Majority replicated index: 1, Committed index: 1, Last appended: 1.1, Last appended by leader: 1, Current term: 1, Majority size: -1, State: 0, Mode: NON_LEADER, active raft config: opid_index: -1 OBSOLETE_local: false peers { permanent_uuid: "c7dd3066bb05421eb120977336dc5f11" member_type: VOTER last_known_addr { host: "127.28.197.129" port: 44639 } } peers { permanent_uuid: "5c4d96ace4974bbb9b857d75e731cb34" member_type: VOTER last_known_addr { host: "127.28.197.130" port: 36373 } } peers { permanent_uuid: "b8d27224e8644f3db26da807cbdae231" member_type: VOTER last_known_addr { host: "127.28.197.131" port: 41391 } }
I20260709 12:12:13.139475 29745 raft_consensus.cc:3060] T e1cf130175f24097989605f7d279f891 P b8d27224e8644f3db26da807cbdae231 [term 1 FOLLOWER]: Advancing to term 2
I20260709 12:12:13.146545 29745 raft_consensus.cc:2468] T e1cf130175f24097989605f7d279f891 P b8d27224e8644f3db26da807cbdae231 [term 2 FOLLOWER]: Leader election vote request: Granting yes vote for candidate c7dd3066bb05421eb120977336dc5f11 in term 2.
I20260709 12:12:13.146607 29671 raft_consensus.cc:2468] T e1cf130175f24097989605f7d279f891 P 5c4d96ace4974bbb9b857d75e731cb34 [term 2 FOLLOWER]: Leader election vote request: Granting yes vote for candidate c7dd3066bb05421eb120977336dc5f11 in term 2.
I20260709 12:12:13.147998 29561 leader_election.cc:304] T e1cf130175f24097989605f7d279f891 P c7dd3066bb05421eb120977336dc5f11 [CANDIDATE]: Term 2 election: Election decided. Result: candidate won. Election summary: received 2 responses out of 3 voters: 2 yes votes; 0 no votes. yes voters: b8d27224e8644f3db26da807cbdae231, c7dd3066bb05421eb120977336dc5f11; no voters: 
I20260709 12:12:13.148020 29672 raft_consensus.cc:1240] T e1cf130175f24097989605f7d279f891 P 5c4d96ace4974bbb9b857d75e731cb34 [term 2 FOLLOWER]: Rejecting Update request from peer b8d27224e8644f3db26da807cbdae231 for earlier term 1. Current term is 2. Ops: []
I20260709 12:12:13.148913 29871 raft_consensus.cc:2804] T e1cf130175f24097989605f7d279f891 P c7dd3066bb05421eb120977336dc5f11 [term 2 FOLLOWER]: Leader election won for term 2
I20260709 12:12:13.149448 29871 raft_consensus.cc:697] T e1cf130175f24097989605f7d279f891 P c7dd3066bb05421eb120977336dc5f11 [term 2 LEADER]: Becoming Leader. State: Replica: c7dd3066bb05421eb120977336dc5f11, State: Running, Role: LEADER
I20260709 12:12:13.150353 29871 consensus_queue.cc:237] T e1cf130175f24097989605f7d279f891 P c7dd3066bb05421eb120977336dc5f11 [LEADER]: Queue going to LEADER mode. State: All replicated index: 0, Majority replicated index: 1, Committed index: 1, Last appended: 1.1, Last appended by leader: 1, Current term: 2, Majority size: 2, State: 0, Mode: LEADER, active raft config: opid_index: -1 OBSOLETE_local: false peers { permanent_uuid: "c7dd3066bb05421eb120977336dc5f11" member_type: VOTER last_known_addr { host: "127.28.197.129" port: 44639 } } peers { permanent_uuid: "5c4d96ace4974bbb9b857d75e731cb34" member_type: VOTER last_known_addr { host: "127.28.197.130" port: 36373 } } peers { permanent_uuid: "b8d27224e8644f3db26da807cbdae231" member_type: VOTER last_known_addr { host: "127.28.197.131" port: 41391 } }
I20260709 12:12:13.152226 29822 consensus_queue.cc:1048] T e33ac1c4f3e846abaf11614b181ef53c P 5c4d96ace4974bbb9b857d75e731cb34 [LEADER]: Connected to new peer: Peer: permanent_uuid: "b8d27224e8644f3db26da807cbdae231" member_type: VOTER last_known_addr { host: "127.28.197.131" port: 41391 }, Status: LMP_MISMATCH, Last received: 0.0, Next index: 1, Last known committed idx: 0, Time since last communication: 0.000s
I20260709 12:12:13.166157 29492 catalog_manager.cc:5697] T e1cf130175f24097989605f7d279f891 P c7dd3066bb05421eb120977336dc5f11 reported cstate change: term changed from 1 to 2, leader changed from b8d27224e8644f3db26da807cbdae231 (127.28.197.131) to c7dd3066bb05421eb120977336dc5f11 (127.28.197.129). New cstate: current_term: 2 leader_uuid: "c7dd3066bb05421eb120977336dc5f11" committed_config { opid_index: -1 OBSOLETE_local: false peers { permanent_uuid: "c7dd3066bb05421eb120977336dc5f11" member_type: VOTER last_known_addr { host: "127.28.197.129" port: 44639 } health_report { overall_health: HEALTHY } } peers { permanent_uuid: "5c4d96ace4974bbb9b857d75e731cb34" member_type: VOTER last_known_addr { host: "127.28.197.130" port: 36373 } health_report { overall_health: UNKNOWN } } peers { permanent_uuid: "b8d27224e8644f3db26da807cbdae231" member_type: VOTER last_known_addr { host: "127.28.197.131" port: 41391 } health_report { overall_health: UNKNOWN } } }
I20260709 12:12:13.170835 29820 raft_consensus.cc:993] T e33ac1c4f3e846abaf11614b181ef53c P 5c4d96ace4974bbb9b857d75e731cb34: : Instructing follower b8d27224e8644f3db26da807cbdae231 to start an election
I20260709 12:12:13.171353 29820 raft_consensus.cc:1081] T e33ac1c4f3e846abaf11614b181ef53c P 5c4d96ace4974bbb9b857d75e731cb34 [term 1 LEADER]: Signalling peer b8d27224e8644f3db26da807cbdae231 to start an election
I20260709 12:12:13.174742 29744 tablet_service.cc:2044] Received Run Leader Election RPC: tablet_id: "e33ac1c4f3e846abaf11614b181ef53c"
dest_uuid: "b8d27224e8644f3db26da807cbdae231"
 from {username='slave'} at 127.0.0.1:60926
I20260709 12:12:13.175328 29744 raft_consensus.cc:493] T e33ac1c4f3e846abaf11614b181ef53c P b8d27224e8644f3db26da807cbdae231 [term 1 FOLLOWER]: Starting forced leader election (received explicit request)
I20260709 12:12:13.175726 29744 raft_consensus.cc:3060] T e33ac1c4f3e846abaf11614b181ef53c P b8d27224e8644f3db26da807cbdae231 [term 1 FOLLOWER]: Advancing to term 2
I20260709 12:12:13.177661 29850 raft_consensus.cc:993] T 0812d5eb3e9e4da7af6df1484a3bd45d P b8d27224e8644f3db26da807cbdae231: : Instructing follower c7dd3066bb05421eb120977336dc5f11 to start an election
I20260709 12:12:13.178110 29795 raft_consensus.cc:1081] T 0812d5eb3e9e4da7af6df1484a3bd45d P b8d27224e8644f3db26da807cbdae231 [term 1 LEADER]: Signalling peer c7dd3066bb05421eb120977336dc5f11 to start an election
I20260709 12:12:13.179368 29822 raft_consensus.cc:993] T 699989cc7c8c4662baa81125639a8d25 P 5c4d96ace4974bbb9b857d75e731cb34: : Instructing follower c7dd3066bb05421eb120977336dc5f11 to start an election
I20260709 12:12:13.179783 29822 raft_consensus.cc:1081] T 699989cc7c8c4662baa81125639a8d25 P 5c4d96ace4974bbb9b857d75e731cb34 [term 1 LEADER]: Signalling peer c7dd3066bb05421eb120977336dc5f11 to start an election
I20260709 12:12:13.179839 29596 tablet_service.cc:2044] Received Run Leader Election RPC: tablet_id: "0812d5eb3e9e4da7af6df1484a3bd45d"
dest_uuid: "c7dd3066bb05421eb120977336dc5f11"
 from {username='slave'} at 127.0.0.1:37672
I20260709 12:12:13.180501 29596 raft_consensus.cc:493] T 0812d5eb3e9e4da7af6df1484a3bd45d P c7dd3066bb05421eb120977336dc5f11 [term 1 FOLLOWER]: Starting forced leader election (received explicit request)
I20260709 12:12:13.180893 29596 raft_consensus.cc:3060] T 0812d5eb3e9e4da7af6df1484a3bd45d P c7dd3066bb05421eb120977336dc5f11 [term 1 FOLLOWER]: Advancing to term 2
I20260709 12:12:13.182729 29744 raft_consensus.cc:515] T e33ac1c4f3e846abaf11614b181ef53c P b8d27224e8644f3db26da807cbdae231 [term 2 FOLLOWER]: Starting forced leader election with config: opid_index: -1 OBSOLETE_local: false peers { permanent_uuid: "c7dd3066bb05421eb120977336dc5f11" member_type: VOTER last_known_addr { host: "127.28.197.129" port: 44639 } } peers { permanent_uuid: "5c4d96ace4974bbb9b857d75e731cb34" member_type: VOTER last_known_addr { host: "127.28.197.130" port: 36373 } } peers { permanent_uuid: "b8d27224e8644f3db26da807cbdae231" member_type: VOTER last_known_addr { host: "127.28.197.131" port: 41391 } }
I20260709 12:12:13.186265 29595 tablet_service.cc:2044] Received Run Leader Election RPC: tablet_id: "699989cc7c8c4662baa81125639a8d25"
dest_uuid: "c7dd3066bb05421eb120977336dc5f11"
 from {username='slave'} at 127.0.0.1:37676
I20260709 12:12:13.186470 29672 tablet_service.cc:1917] Received RequestConsensusVote() RPC: tablet_id: "e33ac1c4f3e846abaf11614b181ef53c" candidate_uuid: "b8d27224e8644f3db26da807cbdae231" candidate_term: 2 candidate_status { last_received { term: 1 index: 1 } } ignore_live_leader: true dest_uuid: "5c4d96ace4974bbb9b857d75e731cb34"
I20260709 12:12:13.186821 29595 raft_consensus.cc:493] T 699989cc7c8c4662baa81125639a8d25 P c7dd3066bb05421eb120977336dc5f11 [term 1 FOLLOWER]: Starting forced leader election (received explicit request)
I20260709 12:12:13.187083 29672 raft_consensus.cc:3055] T e33ac1c4f3e846abaf11614b181ef53c P 5c4d96ace4974bbb9b857d75e731cb34 [term 1 LEADER]: Stepping down as leader of term 1
I20260709 12:12:13.187237 29595 raft_consensus.cc:3060] T 699989cc7c8c4662baa81125639a8d25 P c7dd3066bb05421eb120977336dc5f11 [term 1 FOLLOWER]: Advancing to term 2
I20260709 12:12:13.187474 29672 raft_consensus.cc:740] T e33ac1c4f3e846abaf11614b181ef53c P 5c4d96ace4974bbb9b857d75e731cb34 [term 1 LEADER]: Becoming Follower/Learner. State: Replica: 5c4d96ace4974bbb9b857d75e731cb34, State: Running, Role: LEADER
I20260709 12:12:13.188385 29672 consensus_queue.cc:260] T e33ac1c4f3e846abaf11614b181ef53c P 5c4d96ace4974bbb9b857d75e731cb34 [NON_LEADER]: Queue going to NON_LEADER mode. State: All replicated index: 0, Majority replicated index: 1, Committed index: 1, Last appended: 1.1, Last appended by leader: 1, Current term: 1, Majority size: -1, State: 0, Mode: NON_LEADER, active raft config: opid_index: -1 OBSOLETE_local: false peers { permanent_uuid: "c7dd3066bb05421eb120977336dc5f11" member_type: VOTER last_known_addr { host: "127.28.197.129" port: 44639 } } peers { permanent_uuid: "5c4d96ace4974bbb9b857d75e731cb34" member_type: VOTER last_known_addr { host: "127.28.197.130" port: 36373 } } peers { permanent_uuid: "b8d27224e8644f3db26da807cbdae231" member_type: VOTER last_known_addr { host: "127.28.197.131" port: 41391 } }
I20260709 12:12:13.189508 29672 raft_consensus.cc:3060] T e33ac1c4f3e846abaf11614b181ef53c P 5c4d96ace4974bbb9b857d75e731cb34 [term 1 FOLLOWER]: Advancing to term 2
I20260709 12:12:13.193538 29597 tablet_service.cc:1917] Received RequestConsensusVote() RPC: tablet_id: "e33ac1c4f3e846abaf11614b181ef53c" candidate_uuid: "b8d27224e8644f3db26da807cbdae231" candidate_term: 2 candidate_status { last_received { term: 1 index: 1 } } ignore_live_leader: true dest_uuid: "c7dd3066bb05421eb120977336dc5f11"
I20260709 12:12:13.194167 29597 raft_consensus.cc:3060] T e33ac1c4f3e846abaf11614b181ef53c P c7dd3066bb05421eb120977336dc5f11 [term 1 FOLLOWER]: Advancing to term 2
I20260709 12:12:13.195837 29672 raft_consensus.cc:2468] T e33ac1c4f3e846abaf11614b181ef53c P 5c4d96ace4974bbb9b857d75e731cb34 [term 2 FOLLOWER]: Leader election vote request: Granting yes vote for candidate b8d27224e8644f3db26da807cbdae231 in term 2.
I20260709 12:12:13.196293 29744 leader_election.cc:290] T e33ac1c4f3e846abaf11614b181ef53c P b8d27224e8644f3db26da807cbdae231 [CANDIDATE]: Term 2 election: Requested vote from peers c7dd3066bb05421eb120977336dc5f11 (127.28.197.129:44639), 5c4d96ace4974bbb9b857d75e731cb34 (127.28.197.130:36373)
I20260709 12:12:13.197100 29709 leader_election.cc:304] T e33ac1c4f3e846abaf11614b181ef53c P b8d27224e8644f3db26da807cbdae231 [CANDIDATE]: Term 2 election: Election decided. Result: candidate won. Election summary: received 2 responses out of 3 voters: 2 yes votes; 0 no votes. yes voters: 5c4d96ace4974bbb9b857d75e731cb34, b8d27224e8644f3db26da807cbdae231; no voters: 
I20260709 12:12:13.197989 29795 raft_consensus.cc:2804] T e33ac1c4f3e846abaf11614b181ef53c P b8d27224e8644f3db26da807cbdae231 [term 2 FOLLOWER]: Leader election won for term 2
I20260709 12:12:13.198493 29795 raft_consensus.cc:697] T e33ac1c4f3e846abaf11614b181ef53c P b8d27224e8644f3db26da807cbdae231 [term 2 LEADER]: Becoming Leader. State: Replica: b8d27224e8644f3db26da807cbdae231, State: Running, Role: LEADER
I20260709 12:12:13.199338 29795 consensus_queue.cc:237] T e33ac1c4f3e846abaf11614b181ef53c P b8d27224e8644f3db26da807cbdae231 [LEADER]: Queue going to LEADER mode. State: All replicated index: 0, Majority replicated index: 1, Committed index: 1, Last appended: 1.1, Last appended by leader: 1, Current term: 2, Majority size: 2, State: 0, Mode: LEADER, active raft config: opid_index: -1 OBSOLETE_local: false peers { permanent_uuid: "c7dd3066bb05421eb120977336dc5f11" member_type: VOTER last_known_addr { host: "127.28.197.129" port: 44639 } } peers { permanent_uuid: "5c4d96ace4974bbb9b857d75e731cb34" member_type: VOTER last_known_addr { host: "127.28.197.130" port: 36373 } } peers { permanent_uuid: "b8d27224e8644f3db26da807cbdae231" member_type: VOTER last_known_addr { host: "127.28.197.131" port: 41391 } }
I20260709 12:12:13.201778 29595 raft_consensus.cc:515] T 699989cc7c8c4662baa81125639a8d25 P c7dd3066bb05421eb120977336dc5f11 [term 2 FOLLOWER]: Starting forced leader election with config: opid_index: -1 OBSOLETE_local: false peers { permanent_uuid: "c7dd3066bb05421eb120977336dc5f11" member_type: VOTER last_known_addr { host: "127.28.197.129" port: 44639 } } peers { permanent_uuid: "b8d27224e8644f3db26da807cbdae231" member_type: VOTER last_known_addr { host: "127.28.197.131" port: 41391 } } peers { permanent_uuid: "5c4d96ace4974bbb9b857d75e731cb34" member_type: VOTER last_known_addr { host: "127.28.197.130" port: 36373 } }
I20260709 12:12:13.204259 29597 raft_consensus.cc:2468] T e33ac1c4f3e846abaf11614b181ef53c P c7dd3066bb05421eb120977336dc5f11 [term 2 FOLLOWER]: Leader election vote request: Granting yes vote for candidate b8d27224e8644f3db26da807cbdae231 in term 2.
I20260709 12:12:13.206097 29596 raft_consensus.cc:515] T 0812d5eb3e9e4da7af6df1484a3bd45d P c7dd3066bb05421eb120977336dc5f11 [term 2 FOLLOWER]: Starting forced leader election with config: opid_index: -1 OBSOLETE_local: false peers { permanent_uuid: "c7dd3066bb05421eb120977336dc5f11" member_type: VOTER last_known_addr { host: "127.28.197.129" port: 44639 } } peers { permanent_uuid: "5c4d96ace4974bbb9b857d75e731cb34" member_type: VOTER last_known_addr { host: "127.28.197.130" port: 36373 } } peers { permanent_uuid: "b8d27224e8644f3db26da807cbdae231" member_type: VOTER last_known_addr { host: "127.28.197.131" port: 41391 } }
I20260709 12:12:13.206372 29744 tablet_service.cc:1917] Received RequestConsensusVote() RPC: tablet_id: "699989cc7c8c4662baa81125639a8d25" candidate_uuid: "c7dd3066bb05421eb120977336dc5f11" candidate_term: 2 candidate_status { last_received { term: 1 index: 1 } } ignore_live_leader: true dest_uuid: "b8d27224e8644f3db26da807cbdae231"
I20260709 12:12:13.206982 29744 raft_consensus.cc:3060] T 699989cc7c8c4662baa81125639a8d25 P b8d27224e8644f3db26da807cbdae231 [term 1 FOLLOWER]: Advancing to term 2
I20260709 12:12:13.209059 29596 leader_election.cc:290] T 0812d5eb3e9e4da7af6df1484a3bd45d P c7dd3066bb05421eb120977336dc5f11 [CANDIDATE]: Term 2 election: Requested vote from peers 5c4d96ace4974bbb9b857d75e731cb34 (127.28.197.130:36373), b8d27224e8644f3db26da807cbdae231 (127.28.197.131:41391)
I20260709 12:12:13.210310 29672 tablet_service.cc:1917] Received RequestConsensusVote() RPC: tablet_id: "0812d5eb3e9e4da7af6df1484a3bd45d" candidate_uuid: "c7dd3066bb05421eb120977336dc5f11" candidate_term: 2 candidate_status { last_received { term: 1 index: 1 } } ignore_live_leader: true dest_uuid: "5c4d96ace4974bbb9b857d75e731cb34"
I20260709 12:12:13.210541 29745 tablet_service.cc:1917] Received RequestConsensusVote() RPC: tablet_id: "0812d5eb3e9e4da7af6df1484a3bd45d" candidate_uuid: "c7dd3066bb05421eb120977336dc5f11" candidate_term: 2 candidate_status { last_received { term: 1 index: 1 } } ignore_live_leader: true dest_uuid: "b8d27224e8644f3db26da807cbdae231"
I20260709 12:12:13.210881 29672 raft_consensus.cc:3060] T 0812d5eb3e9e4da7af6df1484a3bd45d P 5c4d96ace4974bbb9b857d75e731cb34 [term 1 FOLLOWER]: Advancing to term 2
I20260709 12:12:13.209998 29492 catalog_manager.cc:5697] T e33ac1c4f3e846abaf11614b181ef53c P b8d27224e8644f3db26da807cbdae231 reported cstate change: term changed from 1 to 2, leader changed from 5c4d96ace4974bbb9b857d75e731cb34 (127.28.197.130) to b8d27224e8644f3db26da807cbdae231 (127.28.197.131). New cstate: current_term: 2 leader_uuid: "b8d27224e8644f3db26da807cbdae231" committed_config { opid_index: -1 OBSOLETE_local: false peers { permanent_uuid: "c7dd3066bb05421eb120977336dc5f11" member_type: VOTER last_known_addr { host: "127.28.197.129" port: 44639 } health_report { overall_health: UNKNOWN } } peers { permanent_uuid: "5c4d96ace4974bbb9b857d75e731cb34" member_type: VOTER last_known_addr { host: "127.28.197.130" port: 36373 } health_report { overall_health: UNKNOWN } } peers { permanent_uuid: "b8d27224e8644f3db26da807cbdae231" member_type: VOTER last_known_addr { host: "127.28.197.131" port: 41391 } health_report { overall_health: HEALTHY } } }
I20260709 12:12:13.211123 29745 raft_consensus.cc:3055] T 0812d5eb3e9e4da7af6df1484a3bd45d P b8d27224e8644f3db26da807cbdae231 [term 1 LEADER]: Stepping down as leader of term 1
I20260709 12:12:13.211495 29745 raft_consensus.cc:740] T 0812d5eb3e9e4da7af6df1484a3bd45d P b8d27224e8644f3db26da807cbdae231 [term 1 LEADER]: Becoming Follower/Learner. State: Replica: b8d27224e8644f3db26da807cbdae231, State: Running, Role: LEADER
I20260709 12:12:13.212329 29745 consensus_queue.cc:260] T 0812d5eb3e9e4da7af6df1484a3bd45d P b8d27224e8644f3db26da807cbdae231 [NON_LEADER]: Queue going to NON_LEADER mode. State: All replicated index: 0, Majority replicated index: 1, Committed index: 1, Last appended: 1.1, Last appended by leader: 1, Current term: 1, Majority size: -1, State: 0, Mode: NON_LEADER, active raft config: opid_index: -1 OBSOLETE_local: false peers { permanent_uuid: "c7dd3066bb05421eb120977336dc5f11" member_type: VOTER last_known_addr { host: "127.28.197.129" port: 44639 } } peers { permanent_uuid: "5c4d96ace4974bbb9b857d75e731cb34" member_type: VOTER last_known_addr { host: "127.28.197.130" port: 36373 } } peers { permanent_uuid: "b8d27224e8644f3db26da807cbdae231" member_type: VOTER last_known_addr { host: "127.28.197.131" port: 41391 } }
I20260709 12:12:13.213574 29745 raft_consensus.cc:3060] T 0812d5eb3e9e4da7af6df1484a3bd45d P b8d27224e8644f3db26da807cbdae231 [term 1 FOLLOWER]: Advancing to term 2
I20260709 12:12:13.216728 29595 leader_election.cc:290] T 699989cc7c8c4662baa81125639a8d25 P c7dd3066bb05421eb120977336dc5f11 [CANDIDATE]: Term 2 election: Requested vote from peers b8d27224e8644f3db26da807cbdae231 (127.28.197.131:41391), 5c4d96ace4974bbb9b857d75e731cb34 (127.28.197.130:36373)
I20260709 12:12:13.220387 29745 raft_consensus.cc:2468] T 0812d5eb3e9e4da7af6df1484a3bd45d P b8d27224e8644f3db26da807cbdae231 [term 2 FOLLOWER]: Leader election vote request: Granting yes vote for candidate c7dd3066bb05421eb120977336dc5f11 in term 2.
I20260709 12:12:13.220680 29671 tablet_service.cc:1917] Received RequestConsensusVote() RPC: tablet_id: "699989cc7c8c4662baa81125639a8d25" candidate_uuid: "c7dd3066bb05421eb120977336dc5f11" candidate_term: 2 candidate_status { last_received { term: 1 index: 1 } } ignore_live_leader: true dest_uuid: "5c4d96ace4974bbb9b857d75e731cb34"
I20260709 12:12:13.221334 29671 raft_consensus.cc:3055] T 699989cc7c8c4662baa81125639a8d25 P 5c4d96ace4974bbb9b857d75e731cb34 [term 1 LEADER]: Stepping down as leader of term 1
I20260709 12:12:13.221663 29671 raft_consensus.cc:740] T 699989cc7c8c4662baa81125639a8d25 P 5c4d96ace4974bbb9b857d75e731cb34 [term 1 LEADER]: Becoming Follower/Learner. State: Replica: 5c4d96ace4974bbb9b857d75e731cb34, State: Running, Role: LEADER
I20260709 12:12:13.221773 29561 leader_election.cc:304] T 0812d5eb3e9e4da7af6df1484a3bd45d P c7dd3066bb05421eb120977336dc5f11 [CANDIDATE]: Term 2 election: Election decided. Result: candidate won. Election summary: received 2 responses out of 3 voters: 2 yes votes; 0 no votes. yes voters: b8d27224e8644f3db26da807cbdae231, c7dd3066bb05421eb120977336dc5f11; no voters: 
I20260709 12:12:13.222679 29871 raft_consensus.cc:2804] T 0812d5eb3e9e4da7af6df1484a3bd45d P c7dd3066bb05421eb120977336dc5f11 [term 2 FOLLOWER]: Leader election won for term 2
I20260709 12:12:13.222684 29744 raft_consensus.cc:2468] T 699989cc7c8c4662baa81125639a8d25 P b8d27224e8644f3db26da807cbdae231 [term 2 FOLLOWER]: Leader election vote request: Granting yes vote for candidate c7dd3066bb05421eb120977336dc5f11 in term 2.
I20260709 12:12:13.223204 29871 raft_consensus.cc:697] T 0812d5eb3e9e4da7af6df1484a3bd45d P c7dd3066bb05421eb120977336dc5f11 [term 2 LEADER]: Becoming Leader. State: Replica: c7dd3066bb05421eb120977336dc5f11, State: Running, Role: LEADER
I20260709 12:12:13.222499 29671 consensus_queue.cc:260] T 699989cc7c8c4662baa81125639a8d25 P 5c4d96ace4974bbb9b857d75e731cb34 [NON_LEADER]: Queue going to NON_LEADER mode. State: All replicated index: 0, Majority replicated index: 1, Committed index: 1, Last appended: 1.1, Last appended by leader: 1, Current term: 1, Majority size: -1, State: 0, Mode: NON_LEADER, active raft config: opid_index: -1 OBSOLETE_local: false peers { permanent_uuid: "c7dd3066bb05421eb120977336dc5f11" member_type: VOTER last_known_addr { host: "127.28.197.129" port: 44639 } } peers { permanent_uuid: "b8d27224e8644f3db26da807cbdae231" member_type: VOTER last_known_addr { host: "127.28.197.131" port: 41391 } } peers { permanent_uuid: "5c4d96ace4974bbb9b857d75e731cb34" member_type: VOTER last_known_addr { host: "127.28.197.130" port: 36373 } }
I20260709 12:12:13.224057 29871 consensus_queue.cc:237] T 0812d5eb3e9e4da7af6df1484a3bd45d P c7dd3066bb05421eb120977336dc5f11 [LEADER]: Queue going to LEADER mode. State: All replicated index: 0, Majority replicated index: 1, Committed index: 1, Last appended: 1.1, Last appended by leader: 1, Current term: 2, Majority size: 2, State: 0, Mode: LEADER, active raft config: opid_index: -1 OBSOLETE_local: false peers { permanent_uuid: "c7dd3066bb05421eb120977336dc5f11" member_type: VOTER last_known_addr { host: "127.28.197.129" port: 44639 } } peers { permanent_uuid: "5c4d96ace4974bbb9b857d75e731cb34" member_type: VOTER last_known_addr { host: "127.28.197.130" port: 36373 } } peers { permanent_uuid: "b8d27224e8644f3db26da807cbdae231" member_type: VOTER last_known_addr { host: "127.28.197.131" port: 41391 } }
I20260709 12:12:13.224478 29561 leader_election.cc:304] T 699989cc7c8c4662baa81125639a8d25 P c7dd3066bb05421eb120977336dc5f11 [CANDIDATE]: Term 2 election: Election decided. Result: candidate won. Election summary: received 2 responses out of 3 voters: 2 yes votes; 0 no votes. yes voters: b8d27224e8644f3db26da807cbdae231, c7dd3066bb05421eb120977336dc5f11; no voters: 
I20260709 12:12:13.224776 29671 raft_consensus.cc:3060] T 699989cc7c8c4662baa81125639a8d25 P 5c4d96ace4974bbb9b857d75e731cb34 [term 1 FOLLOWER]: Advancing to term 2
I20260709 12:12:13.225342 29842 raft_consensus.cc:2804] T 699989cc7c8c4662baa81125639a8d25 P c7dd3066bb05421eb120977336dc5f11 [term 2 FOLLOWER]: Leader election won for term 2
