I20260709 12:12:41.123344 30308 raft_consensus.cc:359] T 2e6ebf831fde414f8404eea8a7589286 P cacce84584f84c6abafa267b8e2d06bc [term 0 FOLLOWER]: Replica starting. Triggering 0 pending ops. Active config: opid_index: -1 OBSOLETE_local: false peers { permanent_uuid: "58282959f8904098834ca66e2c118c8a" member_type: VOTER last_known_addr { host: "127.28.197.129" port: 39291 } } peers { permanent_uuid: "cacce84584f84c6abafa267b8e2d06bc" member_type: VOTER last_known_addr { host: "127.28.197.130" port: 43873 } } peers { permanent_uuid: "513dad303b2d4891adb49f6a72e8a527" member_type: VOTER last_known_addr { host: "127.28.197.131" port: 40197 } }
I20260709 12:12:41.124158 30308 raft_consensus.cc:385] T 2e6ebf831fde414f8404eea8a7589286 P cacce84584f84c6abafa267b8e2d06bc [term 0 FOLLOWER]: Consensus starting up: Expiring failure detector timer to make a prompt election more likely
I20260709 12:12:41.124467 30308 raft_consensus.cc:740] T 2e6ebf831fde414f8404eea8a7589286 P cacce84584f84c6abafa267b8e2d06bc [term 0 FOLLOWER]: Becoming Follower/Learner. State: Replica: cacce84584f84c6abafa267b8e2d06bc, State: Initialized, Role: FOLLOWER
I20260709 12:12:41.125468 30308 consensus_queue.cc:260] T 2e6ebf831fde414f8404eea8a7589286 P cacce84584f84c6abafa267b8e2d06bc [NON_LEADER]: Queue going to NON_LEADER mode. State: All replicated index: 0, Majority replicated index: 0, Committed index: 0, Last appended: 0.0, Last appended by leader: 0, Current term: 0, Majority size: -1, State: 0, Mode: NON_LEADER, active raft config: opid_index: -1 OBSOLETE_local: false peers { permanent_uuid: "58282959f8904098834ca66e2c118c8a" member_type: VOTER last_known_addr { host: "127.28.197.129" port: 39291 } } peers { permanent_uuid: "cacce84584f84c6abafa267b8e2d06bc" member_type: VOTER last_known_addr { host: "127.28.197.130" port: 43873 } } peers { permanent_uuid: "513dad303b2d4891adb49f6a72e8a527" member_type: VOTER last_known_addr { host: "127.28.197.131" port: 40197 } }
W20260709 12:12:41.126076 30083 leader_election.cc:343] T 4b949b3f1e554e9d97f76fe3e541dc22 P 58282959f8904098834ca66e2c118c8a [CANDIDATE]: Term 1 pre-election: Tablet error from VoteRequest() call to peer 513dad303b2d4891adb49f6a72e8a527 (127.28.197.131:40197): Illegal state: must be running to vote when last-logged opid is not known
I20260709 12:12:41.126705 30083 leader_election.cc:304] T 4b949b3f1e554e9d97f76fe3e541dc22 P 58282959f8904098834ca66e2c118c8a [CANDIDATE]: Term 1 pre-election: Election decided. Result: candidate lost. Election summary: received 3 responses out of 3 voters: 1 yes votes; 2 no votes. yes voters: 58282959f8904098834ca66e2c118c8a; no voters: 513dad303b2d4891adb49f6a72e8a527, cacce84584f84c6abafa267b8e2d06bc
I20260709 12:12:41.126658 30307 raft_consensus.cc:359] T 6f9912b6b2954bdbb2fdbbf0f0f94bad P 58282959f8904098834ca66e2c118c8a [term 0 FOLLOWER]: Replica starting. Triggering 0 pending ops. Active config: opid_index: -1 OBSOLETE_local: false peers { permanent_uuid: "58282959f8904098834ca66e2c118c8a" member_type: VOTER last_known_addr { host: "127.28.197.129" port: 39291 } } peers { permanent_uuid: "cacce84584f84c6abafa267b8e2d06bc" member_type: VOTER last_known_addr { host: "127.28.197.130" port: 43873 } } peers { permanent_uuid: "513dad303b2d4891adb49f6a72e8a527" member_type: VOTER last_known_addr { host: "127.28.197.131" port: 40197 } }
I20260709 12:12:41.127641 30307 raft_consensus.cc:385] T 6f9912b6b2954bdbb2fdbbf0f0f94bad P 58282959f8904098834ca66e2c118c8a [term 0 FOLLOWER]: Consensus starting up: Expiring failure detector timer to make a prompt election more likely
I20260709 12:12:41.128049 30307 raft_consensus.cc:740] T 6f9912b6b2954bdbb2fdbbf0f0f94bad P 58282959f8904098834ca66e2c118c8a [term 0 FOLLOWER]: Becoming Follower/Learner. State: Replica: 58282959f8904098834ca66e2c118c8a, State: Initialized, Role: FOLLOWER
I20260709 12:12:41.128528 30266 tablet_service.cc:1917] Received RequestConsensusVote() RPC: tablet_id: "f9926d59647341338d501d321dbd68bf" candidate_uuid: "58282959f8904098834ca66e2c118c8a" candidate_term: 1 candidate_status { last_received { term: 0 index: 0 } } ignore_live_leader: false dest_uuid: "513dad303b2d4891adb49f6a72e8a527" is_pre_election: true
I20260709 12:12:41.129374 30312 raft_consensus.cc:2749] T 4b949b3f1e554e9d97f76fe3e541dc22 P 58282959f8904098834ca66e2c118c8a [term 0 FOLLOWER]: Leader pre-election lost for term 1. Reason: could not achieve majority
I20260709 12:12:41.131081 30308 ts_tablet_manager.cc:1434] T 2e6ebf831fde414f8404eea8a7589286 P cacce84584f84c6abafa267b8e2d06bc: Time spent starting tablet: real 0.018s	user 0.003s	sys 0.003s
I20260709 12:12:41.132220 30308 tablet_bootstrap.cc:492] T 4b949b3f1e554e9d97f76fe3e541dc22 P cacce84584f84c6abafa267b8e2d06bc: Bootstrap starting.
I20260709 12:12:41.130880 30266 raft_consensus.cc:2468] T f9926d59647341338d501d321dbd68bf P 513dad303b2d4891adb49f6a72e8a527 [term 0 FOLLOWER]: Leader pre-election vote request: Granting yes vote for candidate 58282959f8904098834ca66e2c118c8a in term 0.
I20260709 12:12:41.128913 30307 consensus_queue.cc:260] T 6f9912b6b2954bdbb2fdbbf0f0f94bad P 58282959f8904098834ca66e2c118c8a [NON_LEADER]: Queue going to NON_LEADER mode. State: All replicated index: 0, Majority replicated index: 0, Committed index: 0, Last appended: 0.0, Last appended by leader: 0, Current term: 0, Majority size: -1, State: 0, Mode: NON_LEADER, active raft config: opid_index: -1 OBSOLETE_local: false peers { permanent_uuid: "58282959f8904098834ca66e2c118c8a" member_type: VOTER last_known_addr { host: "127.28.197.129" port: 39291 } } peers { permanent_uuid: "cacce84584f84c6abafa267b8e2d06bc" member_type: VOTER last_known_addr { host: "127.28.197.130" port: 43873 } } peers { permanent_uuid: "513dad303b2d4891adb49f6a72e8a527" member_type: VOTER last_known_addr { host: "127.28.197.131" port: 40197 } }
I20260709 12:12:41.136906 30307 ts_tablet_manager.cc:1434] T 6f9912b6b2954bdbb2fdbbf0f0f94bad P 58282959f8904098834ca66e2c118c8a: Time spent starting tablet: real 0.014s	user 0.003s	sys 0.004s
I20260709 12:12:41.137256 30083 leader_election.cc:304] T f9926d59647341338d501d321dbd68bf P 58282959f8904098834ca66e2c118c8a [CANDIDATE]: Term 1 pre-election: Election decided. Result: candidate won. Election summary: received 3 responses out of 3 voters: 2 yes votes; 1 no votes. yes voters: 513dad303b2d4891adb49f6a72e8a527, 58282959f8904098834ca66e2c118c8a; no voters: cacce84584f84c6abafa267b8e2d06bc
I20260709 12:12:41.138614 30307 tablet_bootstrap.cc:492] T 2e6ebf831fde414f8404eea8a7589286 P 58282959f8904098834ca66e2c118c8a: Bootstrap starting.
I20260709 12:12:41.138652 30312 raft_consensus.cc:2804] T f9926d59647341338d501d321dbd68bf P 58282959f8904098834ca66e2c118c8a [term 0 FOLLOWER]: Leader pre-election won for term 1
I20260709 12:12:41.139112 30312 raft_consensus.cc:493] T f9926d59647341338d501d321dbd68bf P 58282959f8904098834ca66e2c118c8a [term 0 FOLLOWER]: Starting leader election (no leader contacted us within the election timeout)
I20260709 12:12:41.139480 30312 raft_consensus.cc:3060] T f9926d59647341338d501d321dbd68bf P 58282959f8904098834ca66e2c118c8a [term 0 FOLLOWER]: Advancing to term 1
I20260709 12:12:41.150471 30308 tablet_bootstrap.cc:654] T 4b949b3f1e554e9d97f76fe3e541dc22 P cacce84584f84c6abafa267b8e2d06bc: Neither blocks nor log segments found. Creating new log.
I20260709 12:12:41.151998 30306 tablet_bootstrap.cc:492] T 2a3160caa60b418b9e34746bb3eee067 P 513dad303b2d4891adb49f6a72e8a527: No bootstrap required, opened a new log
I20260709 12:12:41.152626 30306 ts_tablet_manager.cc:1403] T 2a3160caa60b418b9e34746bb3eee067 P 513dad303b2d4891adb49f6a72e8a527: Time spent bootstrapping tablet: real 0.061s	user 0.013s	sys 0.010s
W20260709 12:12:41.157258 30064 auto_rebalancer.cc:288] Could not retrieve cluster info: Service unavailable: Tablet not running
I20260709 12:12:41.158985 30312 raft_consensus.cc:515] T f9926d59647341338d501d321dbd68bf P 58282959f8904098834ca66e2c118c8a [term 1 FOLLOWER]: Starting leader election with config: opid_index: -1 OBSOLETE_local: false peers { permanent_uuid: "58282959f8904098834ca66e2c118c8a" member_type: VOTER last_known_addr { host: "127.28.197.129" port: 39291 } } peers { permanent_uuid: "cacce84584f84c6abafa267b8e2d06bc" member_type: VOTER last_known_addr { host: "127.28.197.130" port: 43873 } } peers { permanent_uuid: "513dad303b2d4891adb49f6a72e8a527" member_type: VOTER last_known_addr { host: "127.28.197.131" port: 40197 } }
I20260709 12:12:41.155939 30306 raft_consensus.cc:359] T 2a3160caa60b418b9e34746bb3eee067 P 513dad303b2d4891adb49f6a72e8a527 [term 0 FOLLOWER]: Replica starting. Triggering 0 pending ops. Active config: opid_index: -1 OBSOLETE_local: false peers { permanent_uuid: "58282959f8904098834ca66e2c118c8a" member_type: VOTER last_known_addr { host: "127.28.197.129" port: 39291 } } peers { permanent_uuid: "cacce84584f84c6abafa267b8e2d06bc" member_type: VOTER last_known_addr { host: "127.28.197.130" port: 43873 } } peers { permanent_uuid: "513dad303b2d4891adb49f6a72e8a527" member_type: VOTER last_known_addr { host: "127.28.197.131" port: 40197 } }
I20260709 12:12:41.160527 30306 raft_consensus.cc:385] T 2a3160caa60b418b9e34746bb3eee067 P 513dad303b2d4891adb49f6a72e8a527 [term 0 FOLLOWER]: Consensus starting up: Expiring failure detector timer to make a prompt election more likely
I20260709 12:12:41.160972 30306 raft_consensus.cc:740] T 2a3160caa60b418b9e34746bb3eee067 P 513dad303b2d4891adb49f6a72e8a527 [term 0 FOLLOWER]: Becoming Follower/Learner. State: Replica: 513dad303b2d4891adb49f6a72e8a527, State: Initialized, Role: FOLLOWER
I20260709 12:12:41.161955 30306 consensus_queue.cc:260] T 2a3160caa60b418b9e34746bb3eee067 P 513dad303b2d4891adb49f6a72e8a527 [NON_LEADER]: Queue going to NON_LEADER mode. State: All replicated index: 0, Majority replicated index: 0, Committed index: 0, Last appended: 0.0, Last appended by leader: 0, Current term: 0, Majority size: -1, State: 0, Mode: NON_LEADER, active raft config: opid_index: -1 OBSOLETE_local: false peers { permanent_uuid: "58282959f8904098834ca66e2c118c8a" member_type: VOTER last_known_addr { host: "127.28.197.129" port: 39291 } } peers { permanent_uuid: "cacce84584f84c6abafa267b8e2d06bc" member_type: VOTER last_known_addr { host: "127.28.197.130" port: 43873 } } peers { permanent_uuid: "513dad303b2d4891adb49f6a72e8a527" member_type: VOTER last_known_addr { host: "127.28.197.131" port: 40197 } }
I20260709 12:12:41.163421 30118 tablet_service.cc:1917] Received RequestConsensusVote() RPC: tablet_id: "d29b95e1dc194aafa6ecfe6ab47c4ace" candidate_uuid: "513dad303b2d4891adb49f6a72e8a527" candidate_term: 1 candidate_status { last_received { term: 0 index: 0 } } ignore_live_leader: false dest_uuid: "58282959f8904098834ca66e2c118c8a" is_pre_election: true
I20260709 12:12:41.164263 30118 raft_consensus.cc:2468] T d29b95e1dc194aafa6ecfe6ab47c4ace P 58282959f8904098834ca66e2c118c8a [term 0 FOLLOWER]: Leader pre-election vote request: Granting yes vote for candidate 513dad303b2d4891adb49f6a72e8a527 in term 0.
I20260709 12:12:41.165598 30192 tablet_service.cc:1917] Received RequestConsensusVote() RPC: tablet_id: "f9926d59647341338d501d321dbd68bf" candidate_uuid: "58282959f8904098834ca66e2c118c8a" candidate_term: 1 candidate_status { last_received { term: 0 index: 0 } } ignore_live_leader: false dest_uuid: "cacce84584f84c6abafa267b8e2d06bc"
I20260709 12:12:41.159252 30307 tablet_bootstrap.cc:654] T 2e6ebf831fde414f8404eea8a7589286 P 58282959f8904098834ca66e2c118c8a: Neither blocks nor log segments found. Creating new log.
W20260709 12:12:41.167711 30084 leader_election.cc:343] T f9926d59647341338d501d321dbd68bf P 58282959f8904098834ca66e2c118c8a [CANDIDATE]: Term 1 election: Tablet error from VoteRequest() call to peer cacce84584f84c6abafa267b8e2d06bc (127.28.197.130:43873): Illegal state: must be running to vote when last-logged opid is not known
I20260709 12:12:41.169039 30233 leader_election.cc:304] T d29b95e1dc194aafa6ecfe6ab47c4ace P 513dad303b2d4891adb49f6a72e8a527 [CANDIDATE]: Term 1 pre-election: Election decided. Result: candidate won. Election summary: received 2 responses out of 3 voters: 2 yes votes; 0 no votes. yes voters: 513dad303b2d4891adb49f6a72e8a527, 58282959f8904098834ca66e2c118c8a; no voters: 
I20260709 12:12:41.169988 30311 raft_consensus.cc:2804] T d29b95e1dc194aafa6ecfe6ab47c4ace P 513dad303b2d4891adb49f6a72e8a527 [term 0 FOLLOWER]: Leader pre-election won for term 1
I20260709 12:12:41.170400 30311 raft_consensus.cc:493] T d29b95e1dc194aafa6ecfe6ab47c4ace P 513dad303b2d4891adb49f6a72e8a527 [term 0 FOLLOWER]: Starting leader election (no leader contacted us within the election timeout)
I20260709 12:12:41.170754 30311 raft_consensus.cc:3060] T d29b95e1dc194aafa6ecfe6ab47c4ace P 513dad303b2d4891adb49f6a72e8a527 [term 0 FOLLOWER]: Advancing to term 1
I20260709 12:12:41.173574 30306 ts_tablet_manager.cc:1434] T 2a3160caa60b418b9e34746bb3eee067 P 513dad303b2d4891adb49f6a72e8a527: Time spent starting tablet: real 0.021s	user 0.008s	sys 0.000s
I20260709 12:12:41.177961 30311 raft_consensus.cc:515] T d29b95e1dc194aafa6ecfe6ab47c4ace P 513dad303b2d4891adb49f6a72e8a527 [term 1 FOLLOWER]: Starting leader election with config: opid_index: -1 OBSOLETE_local: false peers { permanent_uuid: "58282959f8904098834ca66e2c118c8a" member_type: VOTER last_known_addr { host: "127.28.197.129" port: 39291 } } peers { permanent_uuid: "cacce84584f84c6abafa267b8e2d06bc" member_type: VOTER last_known_addr { host: "127.28.197.130" port: 43873 } } peers { permanent_uuid: "513dad303b2d4891adb49f6a72e8a527" member_type: VOTER last_known_addr { host: "127.28.197.131" port: 40197 } }
I20260709 12:12:41.180434 30266 tablet_service.cc:1917] Received RequestConsensusVote() RPC: tablet_id: "f9926d59647341338d501d321dbd68bf" candidate_uuid: "58282959f8904098834ca66e2c118c8a" candidate_term: 1 candidate_status { last_received { term: 0 index: 0 } } ignore_live_leader: false dest_uuid: "513dad303b2d4891adb49f6a72e8a527"
I20260709 12:12:41.181046 30266 raft_consensus.cc:3060] T f9926d59647341338d501d321dbd68bf P 513dad303b2d4891adb49f6a72e8a527 [term 0 FOLLOWER]: Advancing to term 1
I20260709 12:12:41.183491 30306 tablet_bootstrap.cc:492] T 77b20596484840a2a225a3c7c1f7bf24 P 513dad303b2d4891adb49f6a72e8a527: Bootstrap starting.
I20260709 12:12:41.190064 30311 leader_election.cc:290] T d29b95e1dc194aafa6ecfe6ab47c4ace P 513dad303b2d4891adb49f6a72e8a527 [CANDIDATE]: Term 1 election: Requested vote from peers 58282959f8904098834ca66e2c118c8a (127.28.197.129:39291), cacce84584f84c6abafa267b8e2d06bc (127.28.197.130:43873)
I20260709 12:12:41.194018 30192 tablet_service.cc:1917] Received RequestConsensusVote() RPC: tablet_id: "d29b95e1dc194aafa6ecfe6ab47c4ace" candidate_uuid: "513dad303b2d4891adb49f6a72e8a527" candidate_term: 1 candidate_status { last_received { term: 0 index: 0 } } ignore_live_leader: false dest_uuid: "cacce84584f84c6abafa267b8e2d06bc" is_pre_election: true
I20260709 12:12:41.196026 30118 tablet_service.cc:1917] Received RequestConsensusVote() RPC: tablet_id: "d29b95e1dc194aafa6ecfe6ab47c4ace" candidate_uuid: "513dad303b2d4891adb49f6a72e8a527" candidate_term: 1 candidate_status { last_received { term: 0 index: 0 } } ignore_live_leader: false dest_uuid: "58282959f8904098834ca66e2c118c8a"
I20260709 12:12:41.196653 30118 raft_consensus.cc:3060] T d29b95e1dc194aafa6ecfe6ab47c4ace P 58282959f8904098834ca66e2c118c8a [term 0 FOLLOWER]: Advancing to term 1
I20260709 12:12:41.199204 30316 raft_consensus.cc:493] T aaf35205be1648679600de57ef58a0d4 P cacce84584f84c6abafa267b8e2d06bc [term 0 FOLLOWER]: Starting pre-election (no leader contacted us within the election timeout)
I20260709 12:12:41.199659 30266 raft_consensus.cc:2468] T f9926d59647341338d501d321dbd68bf P 513dad303b2d4891adb49f6a72e8a527 [term 1 FOLLOWER]: Leader election vote request: Granting yes vote for candidate 58282959f8904098834ca66e2c118c8a in term 1.
I20260709 12:12:41.199783 30316 raft_consensus.cc:515] T aaf35205be1648679600de57ef58a0d4 P cacce84584f84c6abafa267b8e2d06bc [term 0 FOLLOWER]: Starting pre-election with config: opid_index: -1 OBSOLETE_local: false peers { permanent_uuid: "513dad303b2d4891adb49f6a72e8a527" member_type: VOTER last_known_addr { host: "127.28.197.131" port: 40197 } } peers { permanent_uuid: "cacce84584f84c6abafa267b8e2d06bc" member_type: VOTER last_known_addr { host: "127.28.197.130" port: 43873 } } peers { permanent_uuid: "58282959f8904098834ca66e2c118c8a" member_type: VOTER last_known_addr { host: "127.28.197.129" port: 39291 } }
I20260709 12:12:41.200995 30083 leader_election.cc:304] T f9926d59647341338d501d321dbd68bf P 58282959f8904098834ca66e2c118c8a [CANDIDATE]: Term 1 election: Election decided. Result: candidate won. Election summary: received 3 responses out of 3 voters: 2 yes votes; 1 no votes. yes voters: 513dad303b2d4891adb49f6a72e8a527, 58282959f8904098834ca66e2c118c8a; no voters: cacce84584f84c6abafa267b8e2d06bc
W20260709 12:12:41.202404 30233 leader_election.cc:343] T d29b95e1dc194aafa6ecfe6ab47c4ace P 513dad303b2d4891adb49f6a72e8a527 [CANDIDATE]: Term 1 pre-election: Tablet error from VoteRequest() call to peer cacce84584f84c6abafa267b8e2d06bc (127.28.197.130:43873): Illegal state: must be running to vote when last-logged opid is not known
I20260709 12:12:41.204633 30312 leader_election.cc:290] T f9926d59647341338d501d321dbd68bf P 58282959f8904098834ca66e2c118c8a [CANDIDATE]: Term 1 election: Requested vote from peers cacce84584f84c6abafa267b8e2d06bc (127.28.197.130:43873), 513dad303b2d4891adb49f6a72e8a527 (127.28.197.131:40197)
I20260709 12:12:41.205251 30312 raft_consensus.cc:2804] T f9926d59647341338d501d321dbd68bf P 58282959f8904098834ca66e2c118c8a [term 1 FOLLOWER]: Leader election won for term 1
I20260709 12:12:41.205705 30312 raft_consensus.cc:697] T f9926d59647341338d501d321dbd68bf P 58282959f8904098834ca66e2c118c8a [term 1 LEADER]: Becoming Leader. State: Replica: 58282959f8904098834ca66e2c118c8a, State: Running, Role: LEADER
I20260709 12:12:41.206545 30312 consensus_queue.cc:237] T f9926d59647341338d501d321dbd68bf P 58282959f8904098834ca66e2c118c8a [LEADER]: Queue going to LEADER mode. State: All replicated index: 0, Majority replicated index: 0, Committed index: 0, Last appended: 0.0, Last appended by leader: 0, Current term: 1, Majority size: 2, State: 0, Mode: LEADER, active raft config: opid_index: -1 OBSOLETE_local: false peers { permanent_uuid: "58282959f8904098834ca66e2c118c8a" member_type: VOTER last_known_addr { host: "127.28.197.129" port: 39291 } } peers { permanent_uuid: "cacce84584f84c6abafa267b8e2d06bc" member_type: VOTER last_known_addr { host: "127.28.197.130" port: 43873 } } peers { permanent_uuid: "513dad303b2d4891adb49f6a72e8a527" member_type: VOTER last_known_addr { host: "127.28.197.131" port: 40197 } }
I20260709 12:12:41.209607 30316 leader_election.cc:290] T aaf35205be1648679600de57ef58a0d4 P cacce84584f84c6abafa267b8e2d06bc [CANDIDATE]: Term 1 pre-election: Requested pre-vote from peers 513dad303b2d4891adb49f6a72e8a527 (127.28.197.131:40197), 58282959f8904098834ca66e2c118c8a (127.28.197.129:39291)
I20260709 12:12:41.196022 30306 tablet_bootstrap.cc:654] T 77b20596484840a2a225a3c7c1f7bf24 P 513dad303b2d4891adb49f6a72e8a527: Neither blocks nor log segments found. Creating new log.
I20260709 12:12:41.220059 30307 tablet_bootstrap.cc:492] T 2e6ebf831fde414f8404eea8a7589286 P 58282959f8904098834ca66e2c118c8a: No bootstrap required, opened a new log
I20260709 12:12:41.220593 30307 ts_tablet_manager.cc:1403] T 2e6ebf831fde414f8404eea8a7589286 P 58282959f8904098834ca66e2c118c8a: Time spent bootstrapping tablet: real 0.083s	user 0.012s	sys 0.048s
I20260709 12:12:41.227013 30307 raft_consensus.cc:359] T 2e6ebf831fde414f8404eea8a7589286 P 58282959f8904098834ca66e2c118c8a [term 0 FOLLOWER]: Replica starting. Triggering 0 pending ops. Active config: opid_index: -1 OBSOLETE_local: false peers { permanent_uuid: "58282959f8904098834ca66e2c118c8a" member_type: VOTER last_known_addr { host: "127.28.197.129" port: 39291 } } peers { permanent_uuid: "cacce84584f84c6abafa267b8e2d06bc" member_type: VOTER last_known_addr { host: "127.28.197.130" port: 43873 } } peers { permanent_uuid: "513dad303b2d4891adb49f6a72e8a527" member_type: VOTER last_known_addr { host: "127.28.197.131" port: 40197 } }
I20260709 12:12:41.227898 30307 raft_consensus.cc:385] T 2e6ebf831fde414f8404eea8a7589286 P 58282959f8904098834ca66e2c118c8a [term 0 FOLLOWER]: Consensus starting up: Expiring failure detector timer to make a prompt election more likely
I20260709 12:12:41.228323 30307 raft_consensus.cc:740] T 2e6ebf831fde414f8404eea8a7589286 P 58282959f8904098834ca66e2c118c8a [term 0 FOLLOWER]: Becoming Follower/Learner. State: Replica: 58282959f8904098834ca66e2c118c8a, State: Initialized, Role: FOLLOWER
I20260709 12:12:41.228734 30308 tablet_bootstrap.cc:492] T 4b949b3f1e554e9d97f76fe3e541dc22 P cacce84584f84c6abafa267b8e2d06bc: No bootstrap required, opened a new log
I20260709 12:12:41.229344 30307 consensus_queue.cc:260] T 2e6ebf831fde414f8404eea8a7589286 P 58282959f8904098834ca66e2c118c8a [NON_LEADER]: Queue going to NON_LEADER mode. State: All replicated index: 0, Majority replicated index: 0, Committed index: 0, Last appended: 0.0, Last appended by leader: 0, Current term: 0, Majority size: -1, State: 0, Mode: NON_LEADER, active raft config: opid_index: -1 OBSOLETE_local: false peers { permanent_uuid: "58282959f8904098834ca66e2c118c8a" member_type: VOTER last_known_addr { host: "127.28.197.129" port: 39291 } } peers { permanent_uuid: "cacce84584f84c6abafa267b8e2d06bc" member_type: VOTER last_known_addr { host: "127.28.197.130" port: 43873 } } peers { permanent_uuid: "513dad303b2d4891adb49f6a72e8a527" member_type: VOTER last_known_addr { host: "127.28.197.131" port: 40197 } }
I20260709 12:12:41.230813 30118 raft_consensus.cc:2468] T d29b95e1dc194aafa6ecfe6ab47c4ace P 58282959f8904098834ca66e2c118c8a [term 1 FOLLOWER]: Leader election vote request: Granting yes vote for candidate 513dad303b2d4891adb49f6a72e8a527 in term 1.
I20260709 12:12:41.232122 30307 ts_tablet_manager.cc:1434] T 2e6ebf831fde414f8404eea8a7589286 P 58282959f8904098834ca66e2c118c8a: Time spent starting tablet: real 0.011s	user 0.003s	sys 0.007s
I20260709 12:12:41.232226 30308 ts_tablet_manager.cc:1403] T 4b949b3f1e554e9d97f76fe3e541dc22 P cacce84584f84c6abafa267b8e2d06bc: Time spent bootstrapping tablet: real 0.100s	user 0.040s	sys 0.033s
I20260709 12:12:41.232679 30192 tablet_service.cc:1917] Received RequestConsensusVote() RPC: tablet_id: "d29b95e1dc194aafa6ecfe6ab47c4ace" candidate_uuid: "513dad303b2d4891adb49f6a72e8a527" candidate_term: 1 candidate_status { last_received { term: 0 index: 0 } } ignore_live_leader: false dest_uuid: "cacce84584f84c6abafa267b8e2d06bc"
I20260709 12:12:41.233377 30307 tablet_bootstrap.cc:492] T aaf35205be1648679600de57ef58a0d4 P 58282959f8904098834ca66e2c118c8a: Bootstrap starting.
W20260709 12:12:41.234006 30233 leader_election.cc:343] T d29b95e1dc194aafa6ecfe6ab47c4ace P 513dad303b2d4891adb49f6a72e8a527 [CANDIDATE]: Term 1 election: Tablet error from VoteRequest() call to peer cacce84584f84c6abafa267b8e2d06bc (127.28.197.130:43873): Illegal state: must be running to vote when last-logged opid is not known
I20260709 12:12:41.235380 30308 raft_consensus.cc:359] T 4b949b3f1e554e9d97f76fe3e541dc22 P cacce84584f84c6abafa267b8e2d06bc [term 0 FOLLOWER]: Replica starting. Triggering 0 pending ops. Active config: opid_index: -1 OBSOLETE_local: false peers { permanent_uuid: "58282959f8904098834ca66e2c118c8a" member_type: VOTER last_known_addr { host: "127.28.197.129" port: 39291 } } peers { permanent_uuid: "cacce84584f84c6abafa267b8e2d06bc" member_type: VOTER last_known_addr { host: "127.28.197.130" port: 43873 } } peers { permanent_uuid: "513dad303b2d4891adb49f6a72e8a527" member_type: VOTER last_known_addr { host: "127.28.197.131" port: 40197 } }
I20260709 12:12:41.236147 30308 raft_consensus.cc:385] T 4b949b3f1e554e9d97f76fe3e541dc22 P cacce84584f84c6abafa267b8e2d06bc [term 0 FOLLOWER]: Consensus starting up: Expiring failure detector timer to make a prompt election more likely
I20260709 12:12:41.236465 30308 raft_consensus.cc:740] T 4b949b3f1e554e9d97f76fe3e541dc22 P cacce84584f84c6abafa267b8e2d06bc [term 0 FOLLOWER]: Becoming Follower/Learner. State: Replica: cacce84584f84c6abafa267b8e2d06bc, State: Initialized, Role: FOLLOWER
I20260709 12:12:41.238384 30266 tablet_service.cc:1917] Received RequestConsensusVote() RPC: tablet_id: "aaf35205be1648679600de57ef58a0d4" candidate_uuid: "cacce84584f84c6abafa267b8e2d06bc" candidate_term: 1 candidate_status { last_received { term: 0 index: 0 } } ignore_live_leader: false dest_uuid: "513dad303b2d4891adb49f6a72e8a527" is_pre_election: true
I20260709 12:12:41.239102 30266 raft_consensus.cc:2468] T aaf35205be1648679600de57ef58a0d4 P 513dad303b2d4891adb49f6a72e8a527 [term 0 FOLLOWER]: Leader pre-election vote request: Granting yes vote for candidate cacce84584f84c6abafa267b8e2d06bc in term 0.
I20260709 12:12:41.240875 30307 tablet_bootstrap.cc:654] T aaf35205be1648679600de57ef58a0d4 P 58282959f8904098834ca66e2c118c8a: Neither blocks nor log segments found. Creating new log.
I20260709 12:12:41.240625 30158 leader_election.cc:304] T aaf35205be1648679600de57ef58a0d4 P cacce84584f84c6abafa267b8e2d06bc [CANDIDATE]: Term 1 pre-election: Election decided. Result: candidate won. Election summary: received 2 responses out of 3 voters: 2 yes votes; 0 no votes. yes voters: 513dad303b2d4891adb49f6a72e8a527, cacce84584f84c6abafa267b8e2d06bc; no voters: 
I20260709 12:12:41.240448 30016 catalog_manager.cc:5697] T f9926d59647341338d501d321dbd68bf P 58282959f8904098834ca66e2c118c8a reported cstate change: term changed from 0 to 1, leader changed from <none> to 58282959f8904098834ca66e2c118c8a (127.28.197.129). New cstate: current_term: 1 leader_uuid: "58282959f8904098834ca66e2c118c8a" committed_config { opid_index: -1 OBSOLETE_local: false peers { permanent_uuid: "58282959f8904098834ca66e2c118c8a" member_type: VOTER last_known_addr { host: "127.28.197.129" port: 39291 } health_report { overall_health: HEALTHY } } peers { permanent_uuid: "cacce84584f84c6abafa267b8e2d06bc" member_type: VOTER last_known_addr { host: "127.28.197.130" port: 43873 } health_report { overall_health: UNKNOWN } } peers { permanent_uuid: "513dad303b2d4891adb49f6a72e8a527" member_type: VOTER last_known_addr { host: "127.28.197.131" port: 40197 } health_report { overall_health: UNKNOWN } } }
I20260709 12:12:41.242161 30316 raft_consensus.cc:2804] T aaf35205be1648679600de57ef58a0d4 P cacce84584f84c6abafa267b8e2d06bc [term 0 FOLLOWER]: Leader pre-election won for term 1
I20260709 12:12:41.242594 30316 raft_consensus.cc:493] T aaf35205be1648679600de57ef58a0d4 P cacce84584f84c6abafa267b8e2d06bc [term 0 FOLLOWER]: Starting leader election (no leader contacted us within the election timeout)
I20260709 12:12:41.242300 30308 consensus_queue.cc:260] T 4b949b3f1e554e9d97f76fe3e541dc22 P cacce84584f84c6abafa267b8e2d06bc [NON_LEADER]: Queue going to NON_LEADER mode. State: All replicated index: 0, Majority replicated index: 0, Committed index: 0, Last appended: 0.0, Last appended by leader: 0, Current term: 0, Majority size: -1, State: 0, Mode: NON_LEADER, active raft config: opid_index: -1 OBSOLETE_local: false peers { permanent_uuid: "58282959f8904098834ca66e2c118c8a" member_type: VOTER last_known_addr { host: "127.28.197.129" port: 39291 } } peers { permanent_uuid: "cacce84584f84c6abafa267b8e2d06bc" member_type: VOTER last_known_addr { host: "127.28.197.130" port: 43873 } } peers { permanent_uuid: "513dad303b2d4891adb49f6a72e8a527" member_type: VOTER last_known_addr { host: "127.28.197.131" port: 40197 } }
I20260709 12:12:41.242985 30316 raft_consensus.cc:3060] T aaf35205be1648679600de57ef58a0d4 P cacce84584f84c6abafa267b8e2d06bc [term 0 FOLLOWER]: Advancing to term 1
I20260709 12:12:41.245359 30233 leader_election.cc:304] T d29b95e1dc194aafa6ecfe6ab47c4ace P 513dad303b2d4891adb49f6a72e8a527 [CANDIDATE]: Term 1 election: Election decided. Result: candidate won. Election summary: received 3 responses out of 3 voters: 2 yes votes; 1 no votes. yes voters: 513dad303b2d4891adb49f6a72e8a527, 58282959f8904098834ca66e2c118c8a; no voters: cacce84584f84c6abafa267b8e2d06bc
I20260709 12:12:41.246490 30311 raft_consensus.cc:2804] T d29b95e1dc194aafa6ecfe6ab47c4ace P 513dad303b2d4891adb49f6a72e8a527 [term 1 FOLLOWER]: Leader election won for term 1
I20260709 12:12:41.257532 30118 tablet_service.cc:1917] Received RequestConsensusVote() RPC: tablet_id: "aaf35205be1648679600de57ef58a0d4" candidate_uuid: "cacce84584f84c6abafa267b8e2d06bc" candidate_term: 1 candidate_status { last_received { term: 0 index: 0 } } ignore_live_leader: false dest_uuid: "58282959f8904098834ca66e2c118c8a" is_pre_election: true
W20260709 12:12:41.259770 30159 leader_election.cc:343] T aaf35205be1648679600de57ef58a0d4 P cacce84584f84c6abafa267b8e2d06bc [CANDIDATE]: Term 1 pre-election: Tablet error from VoteRequest() call to peer 58282959f8904098834ca66e2c118c8a (127.28.197.129:39291): Illegal state: must be running to vote when last-logged opid is not known
I20260709 12:12:41.263677 30311 raft_consensus.cc:697] T d29b95e1dc194aafa6ecfe6ab47c4ace P 513dad303b2d4891adb49f6a72e8a527 [term 1 LEADER]: Becoming Leader. State: Replica: 513dad303b2d4891adb49f6a72e8a527, State: Running, Role: LEADER
I20260709 12:12:41.264611 30311 consensus_queue.cc:237] T d29b95e1dc194aafa6ecfe6ab47c4ace P 513dad303b2d4891adb49f6a72e8a527 [LEADER]: Queue going to LEADER mode. State: All replicated index: 0, Majority replicated index: 0, Committed index: 0, Last appended: 0.0, Last appended by leader: 0, Current term: 1, Majority size: 2, State: 0, Mode: LEADER, active raft config: opid_index: -1 OBSOLETE_local: false peers { permanent_uuid: "58282959f8904098834ca66e2c118c8a" member_type: VOTER last_known_addr { host: "127.28.197.129" port: 39291 } } peers { permanent_uuid: "cacce84584f84c6abafa267b8e2d06bc" member_type: VOTER last_known_addr { host: "127.28.197.130" port: 43873 } } peers { permanent_uuid: "513dad303b2d4891adb49f6a72e8a527" member_type: VOTER last_known_addr { host: "127.28.197.131" port: 40197 } }
I20260709 12:12:41.265187 30306 tablet_bootstrap.cc:492] T 77b20596484840a2a225a3c7c1f7bf24 P 513dad303b2d4891adb49f6a72e8a527: No bootstrap required, opened a new log
I20260709 12:12:41.263072 30316 raft_consensus.cc:515] T aaf35205be1648679600de57ef58a0d4 P cacce84584f84c6abafa267b8e2d06bc [term 1 FOLLOWER]: Starting leader election with config: opid_index: -1 OBSOLETE_local: false peers { permanent_uuid: "513dad303b2d4891adb49f6a72e8a527" member_type: VOTER last_known_addr { host: "127.28.197.131" port: 40197 } } peers { permanent_uuid: "cacce84584f84c6abafa267b8e2d06bc" member_type: VOTER last_known_addr { host: "127.28.197.130" port: 43873 } } peers { permanent_uuid: "58282959f8904098834ca66e2c118c8a" member_type: VOTER last_known_addr { host: "127.28.197.129" port: 39291 } }
I20260709 12:12:41.265679 30306 ts_tablet_manager.cc:1403] T 77b20596484840a2a225a3c7c1f7bf24 P 513dad303b2d4891adb49f6a72e8a527: Time spent bootstrapping tablet: real 0.082s	user 0.007s	sys 0.021s
I20260709 12:12:41.266794 30340 raft_consensus.cc:493] T 6f9912b6b2954bdbb2fdbbf0f0f94bad P 513dad303b2d4891adb49f6a72e8a527 [term 0 FOLLOWER]: Starting pre-election (no leader contacted us within the election timeout)
I20260709 12:12:41.267488 30340 raft_consensus.cc:515] T 6f9912b6b2954bdbb2fdbbf0f0f94bad P 513dad303b2d4891adb49f6a72e8a527 [term 0 FOLLOWER]: Starting pre-election with config: opid_index: -1 OBSOLETE_local: false peers { permanent_uuid: "58282959f8904098834ca66e2c118c8a" member_type: VOTER last_known_addr { host: "127.28.197.129" port: 39291 } } peers { permanent_uuid: "cacce84584f84c6abafa267b8e2d06bc" member_type: VOTER last_known_addr { host: "127.28.197.130" port: 43873 } } peers { permanent_uuid: "513dad303b2d4891adb49f6a72e8a527" member_type: VOTER last_known_addr { host: "127.28.197.131" port: 40197 } }
I20260709 12:12:41.268790 30306 raft_consensus.cc:359] T 77b20596484840a2a225a3c7c1f7bf24 P 513dad303b2d4891adb49f6a72e8a527 [term 0 FOLLOWER]: Replica starting. Triggering 0 pending ops. Active config: opid_index: -1 OBSOLETE_local: false peers { permanent_uuid: "58282959f8904098834ca66e2c118c8a" member_type: VOTER last_known_addr { host: "127.28.197.129" port: 39291 } } peers { permanent_uuid: "cacce84584f84c6abafa267b8e2d06bc" member_type: VOTER last_known_addr { host: "127.28.197.130" port: 43873 } } peers { permanent_uuid: "513dad303b2d4891adb49f6a72e8a527" member_type: VOTER last_known_addr { host: "127.28.197.131" port: 40197 } }
I20260709 12:12:41.269552 30306 raft_consensus.cc:385] T 77b20596484840a2a225a3c7c1f7bf24 P 513dad303b2d4891adb49f6a72e8a527 [term 0 FOLLOWER]: Consensus starting up: Expiring failure detector timer to make a prompt election more likely
I20260709 12:12:41.269865 30306 raft_consensus.cc:740] T 77b20596484840a2a225a3c7c1f7bf24 P 513dad303b2d4891adb49f6a72e8a527 [term 0 FOLLOWER]: Becoming Follower/Learner. State: Replica: 513dad303b2d4891adb49f6a72e8a527, State: Initialized, Role: FOLLOWER
I20260709 12:12:41.270579 30306 consensus_queue.cc:260] T 77b20596484840a2a225a3c7c1f7bf24 P 513dad303b2d4891adb49f6a72e8a527 [NON_LEADER]: Queue going to NON_LEADER mode. State: All replicated index: 0, Majority replicated index: 0, Committed index: 0, Last appended: 0.0, Last appended by leader: 0, Current term: 0, Majority size: -1, State: 0, Mode: NON_LEADER, active raft config: opid_index: -1 OBSOLETE_local: false peers { permanent_uuid: "58282959f8904098834ca66e2c118c8a" member_type: VOTER last_known_addr { host: "127.28.197.129" port: 39291 } } peers { permanent_uuid: "cacce84584f84c6abafa267b8e2d06bc" member_type: VOTER last_known_addr { host: "127.28.197.130" port: 43873 } } peers { permanent_uuid: "513dad303b2d4891adb49f6a72e8a527" member_type: VOTER last_known_addr { host: "127.28.197.131" port: 40197 } }
I20260709 12:12:41.271564 30118 tablet_service.cc:1917] Received RequestConsensusVote() RPC: tablet_id: "6f9912b6b2954bdbb2fdbbf0f0f94bad" candidate_uuid: "513dad303b2d4891adb49f6a72e8a527" candidate_term: 1 candidate_status { last_received { term: 0 index: 0 } } ignore_live_leader: false dest_uuid: "58282959f8904098834ca66e2c118c8a" is_pre_election: true
I20260709 12:12:41.272437 30118 raft_consensus.cc:2468] T 6f9912b6b2954bdbb2fdbbf0f0f94bad P 58282959f8904098834ca66e2c118c8a [term 0 FOLLOWER]: Leader pre-election vote request: Granting yes vote for candidate 513dad303b2d4891adb49f6a72e8a527 in term 0.
I20260709 12:12:41.273885 30233 leader_election.cc:304] T 6f9912b6b2954bdbb2fdbbf0f0f94bad P 513dad303b2d4891adb49f6a72e8a527 [CANDIDATE]: Term 1 pre-election: Election decided. Result: candidate won. Election summary: received 2 responses out of 3 voters: 2 yes votes; 0 no votes. yes voters: 513dad303b2d4891adb49f6a72e8a527, 58282959f8904098834ca66e2c118c8a; no voters: 
I20260709 12:12:41.276458 30344 raft_consensus.cc:2804] T 6f9912b6b2954bdbb2fdbbf0f0f94bad P 513dad303b2d4891adb49f6a72e8a527 [term 0 FOLLOWER]: Leader pre-election won for term 1
I20260709 12:12:41.282411 30344 raft_consensus.cc:493] T 6f9912b6b2954bdbb2fdbbf0f0f94bad P 513dad303b2d4891adb49f6a72e8a527 [term 0 FOLLOWER]: Starting leader election (no leader contacted us within the election timeout)
I20260709 12:12:41.283392 30344 raft_consensus.cc:3060] T 6f9912b6b2954bdbb2fdbbf0f0f94bad P 513dad303b2d4891adb49f6a72e8a527 [term 0 FOLLOWER]: Advancing to term 1
I20260709 12:12:41.279852 30266 tablet_service.cc:1917] Received RequestConsensusVote() RPC: tablet_id: "aaf35205be1648679600de57ef58a0d4" candidate_uuid: "cacce84584f84c6abafa267b8e2d06bc" candidate_term: 1 candidate_status { last_received { term: 0 index: 0 } } ignore_live_leader: false dest_uuid: "513dad303b2d4891adb49f6a72e8a527"
I20260709 12:12:41.287252 30266 raft_consensus.cc:3060] T aaf35205be1648679600de57ef58a0d4 P 513dad303b2d4891adb49f6a72e8a527 [term 0 FOLLOWER]: Advancing to term 1
I20260709 12:12:41.280259 30337 raft_consensus.cc:493] T 2e6ebf831fde414f8404eea8a7589286 P cacce84584f84c6abafa267b8e2d06bc [term 0 FOLLOWER]: Starting pre-election (no leader contacted us within the election timeout)
I20260709 12:12:41.281340 30192 tablet_service.cc:1917] Received RequestConsensusVote() RPC: tablet_id: "6f9912b6b2954bdbb2fdbbf0f0f94bad" candidate_uuid: "513dad303b2d4891adb49f6a72e8a527" candidate_term: 1 candidate_status { last_received { term: 0 index: 0 } } ignore_live_leader: false dest_uuid: "cacce84584f84c6abafa267b8e2d06bc" is_pre_election: true
I20260709 12:12:41.281607 30308 ts_tablet_manager.cc:1434] T 4b949b3f1e554e9d97f76fe3e541dc22 P cacce84584f84c6abafa267b8e2d06bc: Time spent starting tablet: real 0.049s	user 0.008s	sys 0.014s
I20260709 12:12:41.277717 30340 leader_election.cc:290] T 6f9912b6b2954bdbb2fdbbf0f0f94bad P 513dad303b2d4891adb49f6a72e8a527 [CANDIDATE]: Term 1 pre-election: Requested pre-vote from peers 58282959f8904098834ca66e2c118c8a (127.28.197.129:39291), cacce84584f84c6abafa267b8e2d06bc (127.28.197.130:43873)
I20260709 12:12:41.289021 30192 raft_consensus.cc:2468] T 6f9912b6b2954bdbb2fdbbf0f0f94bad P cacce84584f84c6abafa267b8e2d06bc [term 0 FOLLOWER]: Leader pre-election vote request: Granting yes vote for candidate 513dad303b2d4891adb49f6a72e8a527 in term 0.
I20260709 12:12:41.289728 30308 tablet_bootstrap.cc:492] T af3a6470444e4024b31c83cdb4b8780b P cacce84584f84c6abafa267b8e2d06bc: Bootstrap starting.
I20260709 12:12:41.289955 30337 raft_consensus.cc:515] T 2e6ebf831fde414f8404eea8a7589286 P cacce84584f84c6abafa267b8e2d06bc [term 0 FOLLOWER]: Starting pre-election with config: opid_index: -1 OBSOLETE_local: false peers { permanent_uuid: "58282959f8904098834ca66e2c118c8a" member_type: VOTER last_known_addr { host: "127.28.197.129" port: 39291 } } peers { permanent_uuid: "cacce84584f84c6abafa267b8e2d06bc" member_type: VOTER last_known_addr { host: "127.28.197.130" port: 43873 } } peers { permanent_uuid: "513dad303b2d4891adb49f6a72e8a527" member_type: VOTER last_known_addr { host: "127.28.197.131" port: 40197 } }
I20260709 12:12:41.297325 30118 tablet_service.cc:1917] Received RequestConsensusVote() RPC: tablet_id: "aaf35205be1648679600de57ef58a0d4" candidate_uuid: "cacce84584f84c6abafa267b8e2d06bc" candidate_term: 1 candidate_status { last_received { term: 0 index: 0 } } ignore_live_leader: false dest_uuid: "58282959f8904098834ca66e2c118c8a"
W20260709 12:12:41.299528 30159 leader_election.cc:343] T aaf35205be1648679600de57ef58a0d4 P cacce84584f84c6abafa267b8e2d06bc [CANDIDATE]: Term 1 election: Tablet error from VoteRequest() call to peer 58282959f8904098834ca66e2c118c8a (127.28.197.129:39291): Illegal state: must be running to vote when last-logged opid is not known
I20260709 12:12:41.304584 30316 leader_election.cc:290] T aaf35205be1648679600de57ef58a0d4 P cacce84584f84c6abafa267b8e2d06bc [CANDIDATE]: Term 1 election: Requested vote from peers 513dad303b2d4891adb49f6a72e8a527 (127.28.197.131:40197), 58282959f8904098834ca66e2c118c8a (127.28.197.129:39291)
I20260709 12:12:41.304738 30332 raft_consensus.cc:493] T 2e6ebf831fde414f8404eea8a7589286 P 58282959f8904098834ca66e2c118c8a [term 0 FOLLOWER]: Starting pre-election (no leader contacted us within the election timeout)
I20260709 12:12:41.305262 30332 raft_consensus.cc:515] T 2e6ebf831fde414f8404eea8a7589286 P 58282959f8904098834ca66e2c118c8a [term 0 FOLLOWER]: Starting pre-election with config: opid_index: -1 OBSOLETE_local: false peers { permanent_uuid: "58282959f8904098834ca66e2c118c8a" member_type: VOTER last_known_addr { host: "127.28.197.129" port: 39291 } } peers { permanent_uuid: "cacce84584f84c6abafa267b8e2d06bc" member_type: VOTER last_known_addr { host: "127.28.197.130" port: 43873 } } peers { permanent_uuid: "513dad303b2d4891adb49f6a72e8a527" member_type: VOTER last_known_addr { host: "127.28.197.131" port: 40197 } }
I20260709 12:12:41.308724 30332 leader_election.cc:290] T 2e6ebf831fde414f8404eea8a7589286 P 58282959f8904098834ca66e2c118c8a [CANDIDATE]: Term 1 pre-election: Requested pre-vote from peers cacce84584f84c6abafa267b8e2d06bc (127.28.197.130:43873), 513dad303b2d4891adb49f6a72e8a527 (127.28.197.131:40197)
I20260709 12:12:41.310747 30267 tablet_service.cc:1917] Received RequestConsensusVote() RPC: tablet_id: "2e6ebf831fde414f8404eea8a7589286" candidate_uuid: "58282959f8904098834ca66e2c118c8a" candidate_term: 1 candidate_status { last_received { term: 0 index: 0 } } ignore_live_leader: false dest_uuid: "513dad303b2d4891adb49f6a72e8a527" is_pre_election: true
W20260709 12:12:41.314445 30083 leader_election.cc:343] T 2e6ebf831fde414f8404eea8a7589286 P 58282959f8904098834ca66e2c118c8a [CANDIDATE]: Term 1 pre-election: Tablet error from VoteRequest() call to peer 513dad303b2d4891adb49f6a72e8a527 (127.28.197.131:40197): Illegal state: must be running to vote when last-logged opid is not known
I20260709 12:12:41.314628 30192 tablet_service.cc:1917] Received RequestConsensusVote() RPC: tablet_id: "2e6ebf831fde414f8404eea8a7589286" candidate_uuid: "58282959f8904098834ca66e2c118c8a" candidate_term: 1 candidate_status { last_received { term: 0 index: 0 } } ignore_live_leader: false dest_uuid: "cacce84584f84c6abafa267b8e2d06bc" is_pre_election: true
I20260709 12:12:41.315403 30308 tablet_bootstrap.cc:654] T af3a6470444e4024b31c83cdb4b8780b P cacce84584f84c6abafa267b8e2d06bc: Neither blocks nor log segments found. Creating new log.
I20260709 12:12:41.315339 30192 raft_consensus.cc:2468] T 2e6ebf831fde414f8404eea8a7589286 P cacce84584f84c6abafa267b8e2d06bc [term 0 FOLLOWER]: Leader pre-election vote request: Granting yes vote for candidate 58282959f8904098834ca66e2c118c8a in term 0.
I20260709 12:12:41.316548 30084 leader_election.cc:304] T 2e6ebf831fde414f8404eea8a7589286 P 58282959f8904098834ca66e2c118c8a [CANDIDATE]: Term 1 pre-election: Election decided. Result: candidate won. Election summary: received 3 responses out of 3 voters: 2 yes votes; 1 no votes. yes voters: 58282959f8904098834ca66e2c118c8a, cacce84584f84c6abafa267b8e2d06bc; no voters: 513dad303b2d4891adb49f6a72e8a527
I20260709 12:12:41.316794 30118 tablet_service.cc:1917] Received RequestConsensusVote() RPC: tablet_id: "2e6ebf831fde414f8404eea8a7589286" candidate_uuid: "cacce84584f84c6abafa267b8e2d06bc" candidate_term: 1 candidate_status { last_received { term: 0 index: 0 } } ignore_live_leader: false dest_uuid: "58282959f8904098834ca66e2c118c8a" is_pre_election: true
I20260709 12:12:41.317732 30118 raft_consensus.cc:2468] T 2e6ebf831fde414f8404eea8a7589286 P 58282959f8904098834ca66e2c118c8a [term 0 FOLLOWER]: Leader pre-election vote request: Granting yes vote for candidate cacce84584f84c6abafa267b8e2d06bc in term 0.
I20260709 12:12:41.319662 30306 ts_tablet_manager.cc:1434] T 77b20596484840a2a225a3c7c1f7bf24 P 513dad303b2d4891adb49f6a72e8a527: Time spent starting tablet: real 0.054s	user 0.014s	sys 0.005s
I20260709 12:12:41.320223 30266 raft_consensus.cc:2468] T aaf35205be1648679600de57ef58a0d4 P 513dad303b2d4891adb49f6a72e8a527 [term 1 FOLLOWER]: Leader election vote request: Granting yes vote for candidate cacce84584f84c6abafa267b8e2d06bc in term 1.
I20260709 12:12:41.320873 30306 tablet_bootstrap.cc:492] T 2e6ebf831fde414f8404eea8a7589286 P 513dad303b2d4891adb49f6a72e8a527: Bootstrap starting.
I20260709 12:12:41.320973 30332 raft_consensus.cc:2804] T 2e6ebf831fde414f8404eea8a7589286 P 58282959f8904098834ca66e2c118c8a [term 0 FOLLOWER]: Leader pre-election won for term 1
I20260709 12:12:41.322598 30159 leader_election.cc:304] T 2e6ebf831fde414f8404eea8a7589286 P cacce84584f84c6abafa267b8e2d06bc [CANDIDATE]: Term 1 pre-election: Election decided. Result: candidate won. Election summary: received 2 responses out of 3 voters: 2 yes votes; 0 no votes. yes voters: 58282959f8904098834ca66e2c118c8a, cacce84584f84c6abafa267b8e2d06bc; no voters: 
I20260709 12:12:41.322072 30014 catalog_manager.cc:5697] T d29b95e1dc194aafa6ecfe6ab47c4ace P 513dad303b2d4891adb49f6a72e8a527 reported cstate change: term changed from 0 to 1, leader changed from <none> to 513dad303b2d4891adb49f6a72e8a527 (127.28.197.131). New cstate: current_term: 1 leader_uuid: "513dad303b2d4891adb49f6a72e8a527" committed_config { opid_index: -1 OBSOLETE_local: false peers { permanent_uuid: "58282959f8904098834ca66e2c118c8a" member_type: VOTER last_known_addr { host: "127.28.197.129" port: 39291 } health_report { overall_health: UNKNOWN } } peers { permanent_uuid: "cacce84584f84c6abafa267b8e2d06bc" member_type: VOTER last_known_addr { host: "127.28.197.130" port: 43873 } health_report { overall_health: UNKNOWN } } peers { permanent_uuid: "513dad303b2d4891adb49f6a72e8a527" member_type: VOTER last_known_addr { host: "127.28.197.131" port: 40197 } health_report { overall_health: HEALTHY } } }
I20260709 12:12:41.323113 30332 raft_consensus.cc:493] T 2e6ebf831fde414f8404eea8a7589286 P 58282959f8904098834ca66e2c118c8a [term 0 FOLLOWER]: Starting leader election (no leader contacted us within the election timeout)
I20260709 12:12:41.323532 30332 raft_consensus.cc:3060] T 2e6ebf831fde414f8404eea8a7589286 P 58282959f8904098834ca66e2c118c8a [term 0 FOLLOWER]: Advancing to term 1
I20260709 12:12:41.324131 30158 leader_election.cc:304] T aaf35205be1648679600de57ef58a0d4 P cacce84584f84c6abafa267b8e2d06bc [CANDIDATE]: Term 1 election: Election decided. Result: candidate won. Election summary: received 3 responses out of 3 voters: 2 yes votes; 1 no votes. yes voters: 513dad303b2d4891adb49f6a72e8a527, cacce84584f84c6abafa267b8e2d06bc; no voters: 58282959f8904098834ca66e2c118c8a
I20260709 12:12:41.325405 30345 raft_consensus.cc:2804] T 2e6ebf831fde414f8404eea8a7589286 P cacce84584f84c6abafa267b8e2d06bc [term 0 FOLLOWER]: Leader pre-election won for term 1
I20260709 12:12:41.325632 30316 raft_consensus.cc:2804] T aaf35205be1648679600de57ef58a0d4 P cacce84584f84c6abafa267b8e2d06bc [term 1 FOLLOWER]: Leader election won for term 1
I20260709 12:12:41.325793 30345 raft_consensus.cc:493] T 2e6ebf831fde414f8404eea8a7589286 P cacce84584f84c6abafa267b8e2d06bc [term 0 FOLLOWER]: Starting leader election (no leader contacted us within the election timeout)
I20260709 12:12:41.326155 30345 raft_consensus.cc:3060] T 2e6ebf831fde414f8404eea8a7589286 P cacce84584f84c6abafa267b8e2d06bc [term 0 FOLLOWER]: Advancing to term 1
I20260709 12:12:41.333060 30266 tablet_service.cc:1917] Received RequestConsensusVote() RPC: tablet_id: "2e6ebf831fde414f8404eea8a7589286" candidate_uuid: "cacce84584f84c6abafa267b8e2d06bc" candidate_term: 1 candidate_status { last_received { term: 0 index: 0 } } ignore_live_leader: false dest_uuid: "513dad303b2d4891adb49f6a72e8a527" is_pre_election: true
W20260709 12:12:41.334528 30158 leader_election.cc:343] T 2e6ebf831fde414f8404eea8a7589286 P cacce84584f84c6abafa267b8e2d06bc [CANDIDATE]: Term 1 pre-election: Tablet error from VoteRequest() call to peer 513dad303b2d4891adb49f6a72e8a527 (127.28.197.131:40197): Illegal state: must be running to vote when last-logged opid is not known
I20260709 12:12:41.339123 30307 tablet_bootstrap.cc:492] T aaf35205be1648679600de57ef58a0d4 P 58282959f8904098834ca66e2c118c8a: No bootstrap required, opened a new log
I20260709 12:12:41.339609 30307 ts_tablet_manager.cc:1403] T aaf35205be1648679600de57ef58a0d4 P 58282959f8904098834ca66e2c118c8a: Time spent bootstrapping tablet: real 0.107s	user 0.031s	sys 0.039s
I20260709 12:12:41.336238 30337 leader_election.cc:290] T 2e6ebf831fde414f8404eea8a7589286 P cacce84584f84c6abafa267b8e2d06bc [CANDIDATE]: Term 1 pre-election: Requested pre-vote from peers 58282959f8904098834ca66e2c118c8a (127.28.197.129:39291), 513dad303b2d4891adb49f6a72e8a527 (127.28.197.131:40197)
I20260709 12:12:41.344552 30306 tablet_bootstrap.cc:654] T 2e6ebf831fde414f8404eea8a7589286 P 513dad303b2d4891adb49f6a72e8a527: Neither blocks nor log segments found. Creating new log.
I20260709 12:12:41.349025 30344 raft_consensus.cc:515] T 6f9912b6b2954bdbb2fdbbf0f0f94bad P 513dad303b2d4891adb49f6a72e8a527 [term 1 FOLLOWER]: Starting leader election with config: opid_index: -1 OBSOLETE_local: false peers { permanent_uuid: "58282959f8904098834ca66e2c118c8a" member_type: VOTER last_known_addr { host: "127.28.197.129" port: 39291 } } peers { permanent_uuid: "cacce84584f84c6abafa267b8e2d06bc" member_type: VOTER last_known_addr { host: "127.28.197.130" port: 43873 } } peers { permanent_uuid: "513dad303b2d4891adb49f6a72e8a527" member_type: VOTER last_known_addr { host: "127.28.197.131" port: 40197 } }
I20260709 12:12:41.347903 30345 raft_consensus.cc:515] T 2e6ebf831fde414f8404eea8a7589286 P cacce84584f84c6abafa267b8e2d06bc [term 1 FOLLOWER]: Starting leader election with config: opid_index: -1 OBSOLETE_local: false peers { permanent_uuid: "58282959f8904098834ca66e2c118c8a" member_type: VOTER last_known_addr { host: "127.28.197.129" port: 39291 } } peers { permanent_uuid: "cacce84584f84c6abafa267b8e2d06bc" member_type: VOTER last_known_addr { host: "127.28.197.130" port: 43873 } } peers { permanent_uuid: "513dad303b2d4891adb49f6a72e8a527" member_type: VOTER last_known_addr { host: "127.28.197.131" port: 40197 } }
I20260709 12:12:41.351114 30307 raft_consensus.cc:359] T aaf35205be1648679600de57ef58a0d4 P 58282959f8904098834ca66e2c118c8a [term 0 FOLLOWER]: Replica starting. Triggering 0 pending ops. Active config: opid_index: -1 OBSOLETE_local: false peers { permanent_uuid: "513dad303b2d4891adb49f6a72e8a527" member_type: VOTER last_known_addr { host: "127.28.197.131" port: 40197 } } peers { permanent_uuid: "cacce84584f84c6abafa267b8e2d06bc" member_type: VOTER last_known_addr { host: "127.28.197.130" port: 43873 } } peers { permanent_uuid: "58282959f8904098834ca66e2c118c8a" member_type: VOTER last_known_addr { host: "127.28.197.129" port: 39291 } }
