new_leader_uuid: "10e5cc891a274365875267c17caa8781"
 from {username='slave'} at 127.0.0.1:34714
I20260709 12:08:33.238456 12865 raft_consensus.cc:606] T f91534bd29ee4e9b9c4d01a27cd5b9f6 P 4363eeb1167345b2932be3a8fda243e9 [term 3 LEADER]: Received request to transfer leadership to TS 10e5cc891a274365875267c17caa8781
I20260709 12:08:33.368266 13058 raft_consensus.cc:993] T 7e186fc1b5504bceb0498c12597dd6a9 P 4363eeb1167345b2932be3a8fda243e9: : Instructing follower 10e5cc891a274365875267c17caa8781 to start an election
I20260709 12:08:33.368844 13057 raft_consensus.cc:1081] T 7e186fc1b5504bceb0498c12597dd6a9 P 4363eeb1167345b2932be3a8fda243e9 [term 2 LEADER]: Signalling peer 10e5cc891a274365875267c17caa8781 to start an election
I20260709 12:08:33.370790 12791 tablet_service.cc:2044] Received Run Leader Election RPC: tablet_id: "7e186fc1b5504bceb0498c12597dd6a9"
dest_uuid: "10e5cc891a274365875267c17caa8781"
 from {username='slave'} at 127.0.0.1:38698
I20260709 12:08:33.371291 12791 raft_consensus.cc:493] T 7e186fc1b5504bceb0498c12597dd6a9 P 10e5cc891a274365875267c17caa8781 [term 2 FOLLOWER]: Starting forced leader election (received explicit request)
I20260709 12:08:33.371629 12791 raft_consensus.cc:3060] T 7e186fc1b5504bceb0498c12597dd6a9 P 10e5cc891a274365875267c17caa8781 [term 2 FOLLOWER]: Advancing to term 3
I20260709 12:08:33.376605 12791 raft_consensus.cc:515] T 7e186fc1b5504bceb0498c12597dd6a9 P 10e5cc891a274365875267c17caa8781 [term 3 FOLLOWER]: Starting forced leader election with config: opid_index: -1 OBSOLETE_local: false peers { permanent_uuid: "063b828195cf4572953a11fae2c916a0" member_type: VOTER last_known_addr { host: "127.12.73.65" port: 43191 } } peers { permanent_uuid: "10e5cc891a274365875267c17caa8781" member_type: VOTER last_known_addr { host: "127.12.73.66" port: 46241 } } peers { permanent_uuid: "4363eeb1167345b2932be3a8fda243e9" member_type: VOTER last_known_addr { host: "127.12.73.67" port: 45937 } }
I20260709 12:08:33.379127 12791 leader_election.cc:290] T 7e186fc1b5504bceb0498c12597dd6a9 P 10e5cc891a274365875267c17caa8781 [CANDIDATE]: Term 3 election: Requested vote from peers 063b828195cf4572953a11fae2c916a0 (127.12.73.65:43191), 4363eeb1167345b2932be3a8fda243e9 (127.12.73.67:45937)
I20260709 12:08:33.380332 12865 tablet_service.cc:1917] Received RequestConsensusVote() RPC: tablet_id: "7e186fc1b5504bceb0498c12597dd6a9" candidate_uuid: "10e5cc891a274365875267c17caa8781" candidate_term: 3 candidate_status { last_received { term: 2 index: 2 } } ignore_live_leader: true dest_uuid: "4363eeb1167345b2932be3a8fda243e9"
I20260709 12:08:33.380589 12713 tablet_service.cc:1917] Received RequestConsensusVote() RPC: tablet_id: "7e186fc1b5504bceb0498c12597dd6a9" candidate_uuid: "10e5cc891a274365875267c17caa8781" candidate_term: 3 candidate_status { last_received { term: 2 index: 2 } } ignore_live_leader: true dest_uuid: "063b828195cf4572953a11fae2c916a0"
I20260709 12:08:33.381098 12865 raft_consensus.cc:3055] T 7e186fc1b5504bceb0498c12597dd6a9 P 4363eeb1167345b2932be3a8fda243e9 [term 2 LEADER]: Stepping down as leader of term 2
I20260709 12:08:33.381254 12713 raft_consensus.cc:3060] T 7e186fc1b5504bceb0498c12597dd6a9 P 063b828195cf4572953a11fae2c916a0 [term 2 FOLLOWER]: Advancing to term 3
I20260709 12:08:33.381440 12865 raft_consensus.cc:740] T 7e186fc1b5504bceb0498c12597dd6a9 P 4363eeb1167345b2932be3a8fda243e9 [term 2 LEADER]: Becoming Follower/Learner. State: Replica: 4363eeb1167345b2932be3a8fda243e9, State: Running, Role: LEADER
I20260709 12:08:33.382433 12865 consensus_queue.cc:260] T 7e186fc1b5504bceb0498c12597dd6a9 P 4363eeb1167345b2932be3a8fda243e9 [NON_LEADER]: Queue going to NON_LEADER mode. State: All replicated index: 0, Majority replicated index: 2, Committed index: 2, Last appended: 2.2, Last appended by leader: 2, Current term: 2, Majority size: -1, State: 0, Mode: NON_LEADER, active raft config: opid_index: -1 OBSOLETE_local: false peers { permanent_uuid: "063b828195cf4572953a11fae2c916a0" member_type: VOTER last_known_addr { host: "127.12.73.65" port: 43191 } } peers { permanent_uuid: "10e5cc891a274365875267c17caa8781" member_type: VOTER last_known_addr { host: "127.12.73.66" port: 46241 } } peers { permanent_uuid: "4363eeb1167345b2932be3a8fda243e9" member_type: VOTER last_known_addr { host: "127.12.73.67" port: 45937 } }
I20260709 12:08:33.383601 12865 raft_consensus.cc:3060] T 7e186fc1b5504bceb0498c12597dd6a9 P 4363eeb1167345b2932be3a8fda243e9 [term 2 FOLLOWER]: Advancing to term 3
I20260709 12:08:33.388288 12865 raft_consensus.cc:2468] T 7e186fc1b5504bceb0498c12597dd6a9 P 4363eeb1167345b2932be3a8fda243e9 [term 3 FOLLOWER]: Leader election vote request: Granting yes vote for candidate 10e5cc891a274365875267c17caa8781 in term 3.
I20260709 12:08:33.388820 12713 raft_consensus.cc:2468] T 7e186fc1b5504bceb0498c12597dd6a9 P 063b828195cf4572953a11fae2c916a0 [term 3 FOLLOWER]: Leader election vote request: Granting yes vote for candidate 10e5cc891a274365875267c17caa8781 in term 3.
I20260709 12:08:33.389532 12754 leader_election.cc:304] T 7e186fc1b5504bceb0498c12597dd6a9 P 10e5cc891a274365875267c17caa8781 [CANDIDATE]: Term 3 election: Election decided. Result: candidate won. Election summary: received 2 responses out of 3 voters: 2 yes votes; 0 no votes. yes voters: 10e5cc891a274365875267c17caa8781, 4363eeb1167345b2932be3a8fda243e9; no voters: 
I20260709 12:08:33.390450 13016 raft_consensus.cc:2804] T 7e186fc1b5504bceb0498c12597dd6a9 P 10e5cc891a274365875267c17caa8781 [term 3 FOLLOWER]: Leader election won for term 3
I20260709 12:08:33.391459 13016 raft_consensus.cc:697] T 7e186fc1b5504bceb0498c12597dd6a9 P 10e5cc891a274365875267c17caa8781 [term 3 LEADER]: Becoming Leader. State: Replica: 10e5cc891a274365875267c17caa8781, State: Running, Role: LEADER
I20260709 12:08:33.392258 13016 consensus_queue.cc:237] T 7e186fc1b5504bceb0498c12597dd6a9 P 10e5cc891a274365875267c17caa8781 [LEADER]: Queue going to LEADER mode. State: All replicated index: 0, Majority replicated index: 2, Committed index: 2, Last appended: 2.2, Last appended by leader: 2, Current term: 3, Majority size: 2, State: 0, Mode: LEADER, active raft config: opid_index: -1 OBSOLETE_local: false peers { permanent_uuid: "063b828195cf4572953a11fae2c916a0" member_type: VOTER last_known_addr { host: "127.12.73.65" port: 43191 } } peers { permanent_uuid: "10e5cc891a274365875267c17caa8781" member_type: VOTER last_known_addr { host: "127.12.73.66" port: 46241 } } peers { permanent_uuid: "4363eeb1167345b2932be3a8fda243e9" member_type: VOTER last_known_addr { host: "127.12.73.67" port: 45937 } }
I20260709 12:08:33.402227 12613 catalog_manager.cc:5697] T 7e186fc1b5504bceb0498c12597dd6a9 P 10e5cc891a274365875267c17caa8781 reported cstate change: term changed from 2 to 3, leader changed from 4363eeb1167345b2932be3a8fda243e9 (127.12.73.67) to 10e5cc891a274365875267c17caa8781 (127.12.73.66). New cstate: current_term: 3 leader_uuid: "10e5cc891a274365875267c17caa8781" committed_config { opid_index: -1 OBSOLETE_local: false peers { permanent_uuid: "063b828195cf4572953a11fae2c916a0" member_type: VOTER last_known_addr { host: "127.12.73.65" port: 43191 } health_report { overall_health: UNKNOWN } } peers { permanent_uuid: "10e5cc891a274365875267c17caa8781" member_type: VOTER last_known_addr { host: "127.12.73.66" port: 46241 } health_report { overall_health: HEALTHY } } peers { permanent_uuid: "4363eeb1167345b2932be3a8fda243e9" member_type: VOTER last_known_addr { host: "127.12.73.67" port: 45937 } health_report { overall_health: UNKNOWN } } }
I20260709 12:08:33.443843 13054 raft_consensus.cc:993] T 5773fad4272541bdbc078ea292fa7a7b P 063b828195cf4572953a11fae2c916a0: : Instructing follower 10e5cc891a274365875267c17caa8781 to start an election
I20260709 12:08:33.444516 13065 raft_consensus.cc:1081] T 5773fad4272541bdbc078ea292fa7a7b P 063b828195cf4572953a11fae2c916a0 [term 1 LEADER]: Signalling peer 10e5cc891a274365875267c17caa8781 to start an election
I20260709 12:08:33.446283 12791 tablet_service.cc:2044] Received Run Leader Election RPC: tablet_id: "5773fad4272541bdbc078ea292fa7a7b"
dest_uuid: "10e5cc891a274365875267c17caa8781"
 from {username='slave'} at 127.0.0.1:38688
I20260709 12:08:33.446765 12791 raft_consensus.cc:493] T 5773fad4272541bdbc078ea292fa7a7b P 10e5cc891a274365875267c17caa8781 [term 1 FOLLOWER]: Starting forced leader election (received explicit request)
I20260709 12:08:33.447024 12791 raft_consensus.cc:3060] T 5773fad4272541bdbc078ea292fa7a7b P 10e5cc891a274365875267c17caa8781 [term 1 FOLLOWER]: Advancing to term 2
I20260709 12:08:33.451339 12791 raft_consensus.cc:515] T 5773fad4272541bdbc078ea292fa7a7b P 10e5cc891a274365875267c17caa8781 [term 2 FOLLOWER]: Starting forced leader election with config: opid_index: -1 OBSOLETE_local: false peers { permanent_uuid: "063b828195cf4572953a11fae2c916a0" member_type: VOTER last_known_addr { host: "127.12.73.65" port: 43191 } } peers { permanent_uuid: "10e5cc891a274365875267c17caa8781" member_type: VOTER last_known_addr { host: "127.12.73.66" port: 46241 } } peers { permanent_uuid: "4363eeb1167345b2932be3a8fda243e9" member_type: VOTER last_known_addr { host: "127.12.73.67" port: 45937 } }
I20260709 12:08:33.453039 12791 leader_election.cc:290] T 5773fad4272541bdbc078ea292fa7a7b P 10e5cc891a274365875267c17caa8781 [CANDIDATE]: Term 2 election: Requested vote from peers 063b828195cf4572953a11fae2c916a0 (127.12.73.65:43191), 4363eeb1167345b2932be3a8fda243e9 (127.12.73.67:45937)
I20260709 12:08:33.453913 12713 tablet_service.cc:1917] Received RequestConsensusVote() RPC: tablet_id: "5773fad4272541bdbc078ea292fa7a7b" candidate_uuid: "10e5cc891a274365875267c17caa8781" candidate_term: 2 candidate_status { last_received { term: 1 index: 1 } } ignore_live_leader: true dest_uuid: "063b828195cf4572953a11fae2c916a0"
I20260709 12:08:33.454248 12865 tablet_service.cc:1917] Received RequestConsensusVote() RPC: tablet_id: "5773fad4272541bdbc078ea292fa7a7b" candidate_uuid: "10e5cc891a274365875267c17caa8781" candidate_term: 2 candidate_status { last_received { term: 1 index: 1 } } ignore_live_leader: true dest_uuid: "4363eeb1167345b2932be3a8fda243e9"
I20260709 12:08:33.454648 12713 raft_consensus.cc:3055] T 5773fad4272541bdbc078ea292fa7a7b P 063b828195cf4572953a11fae2c916a0 [term 1 LEADER]: Stepping down as leader of term 1
I20260709 12:08:33.454813 12865 raft_consensus.cc:3060] T 5773fad4272541bdbc078ea292fa7a7b P 4363eeb1167345b2932be3a8fda243e9 [term 1 FOLLOWER]: Advancing to term 2
I20260709 12:08:33.455000 12713 raft_consensus.cc:740] T 5773fad4272541bdbc078ea292fa7a7b P 063b828195cf4572953a11fae2c916a0 [term 1 LEADER]: Becoming Follower/Learner. State: Replica: 063b828195cf4572953a11fae2c916a0, State: Running, Role: LEADER
I20260709 12:08:33.455747 12713 consensus_queue.cc:260] T 5773fad4272541bdbc078ea292fa7a7b P 063b828195cf4572953a11fae2c916a0 [NON_LEADER]: Queue going to NON_LEADER mode. State: All replicated index: 0, Majority replicated index: 1, Committed index: 1, Last appended: 1.1, Last appended by leader: 1, Current term: 1, Majority size: -1, State: 0, Mode: NON_LEADER, active raft config: opid_index: -1 OBSOLETE_local: false peers { permanent_uuid: "063b828195cf4572953a11fae2c916a0" member_type: VOTER last_known_addr { host: "127.12.73.65" port: 43191 } } peers { permanent_uuid: "10e5cc891a274365875267c17caa8781" member_type: VOTER last_known_addr { host: "127.12.73.66" port: 46241 } } peers { permanent_uuid: "4363eeb1167345b2932be3a8fda243e9" member_type: VOTER last_known_addr { host: "127.12.73.67" port: 45937 } }
I20260709 12:08:33.456702 12713 raft_consensus.cc:3060] T 5773fad4272541bdbc078ea292fa7a7b P 063b828195cf4572953a11fae2c916a0 [term 1 FOLLOWER]: Advancing to term 2
I20260709 12:08:33.461400 12865 raft_consensus.cc:2468] T 5773fad4272541bdbc078ea292fa7a7b P 4363eeb1167345b2932be3a8fda243e9 [term 2 FOLLOWER]: Leader election vote request: Granting yes vote for candidate 10e5cc891a274365875267c17caa8781 in term 2.
I20260709 12:08:33.462906 12754 leader_election.cc:304] T 5773fad4272541bdbc078ea292fa7a7b P 10e5cc891a274365875267c17caa8781 [CANDIDATE]: Term 2 election: Election decided. Result: candidate won. Election summary: received 2 responses out of 3 voters: 2 yes votes; 0 no votes. yes voters: 10e5cc891a274365875267c17caa8781, 4363eeb1167345b2932be3a8fda243e9; no voters: 
I20260709 12:08:33.463064 12713 raft_consensus.cc:2468] T 5773fad4272541bdbc078ea292fa7a7b P 063b828195cf4572953a11fae2c916a0 [term 2 FOLLOWER]: Leader election vote request: Granting yes vote for candidate 10e5cc891a274365875267c17caa8781 in term 2.
I20260709 12:08:33.463851 13016 raft_consensus.cc:2804] T 5773fad4272541bdbc078ea292fa7a7b P 10e5cc891a274365875267c17caa8781 [term 2 FOLLOWER]: Leader election won for term 2
I20260709 12:08:33.464288 13016 raft_consensus.cc:697] T 5773fad4272541bdbc078ea292fa7a7b P 10e5cc891a274365875267c17caa8781 [term 2 LEADER]: Becoming Leader. State: Replica: 10e5cc891a274365875267c17caa8781, State: Running, Role: LEADER
I20260709 12:08:33.465168 13016 consensus_queue.cc:237] T 5773fad4272541bdbc078ea292fa7a7b P 10e5cc891a274365875267c17caa8781 [LEADER]: Queue going to LEADER mode. State: All replicated index: 0, Majority replicated index: 1, Committed index: 1, Last appended: 1.1, Last appended by leader: 1, Current term: 2, Majority size: 2, State: 0, Mode: LEADER, active raft config: opid_index: -1 OBSOLETE_local: false peers { permanent_uuid: "063b828195cf4572953a11fae2c916a0" member_type: VOTER last_known_addr { host: "127.12.73.65" port: 43191 } } peers { permanent_uuid: "10e5cc891a274365875267c17caa8781" member_type: VOTER last_known_addr { host: "127.12.73.66" port: 46241 } } peers { permanent_uuid: "4363eeb1167345b2932be3a8fda243e9" member_type: VOTER last_known_addr { host: "127.12.73.67" port: 45937 } }
I20260709 12:08:33.467054 13054 raft_consensus.cc:993] T 3517a769dbca4b78a0313fffb024f566 P 063b828195cf4572953a11fae2c916a0: : Instructing follower 10e5cc891a274365875267c17caa8781 to start an election
I20260709 12:08:33.467545 13065 raft_consensus.cc:1081] T 3517a769dbca4b78a0313fffb024f566 P 063b828195cf4572953a11fae2c916a0 [term 3 LEADER]: Signalling peer 10e5cc891a274365875267c17caa8781 to start an election
I20260709 12:08:33.469399 12791 tablet_service.cc:2044] Received Run Leader Election RPC: tablet_id: "3517a769dbca4b78a0313fffb024f566"
dest_uuid: "10e5cc891a274365875267c17caa8781"
 from {username='slave'} at 127.0.0.1:38688
I20260709 12:08:33.469980 12791 raft_consensus.cc:493] T 3517a769dbca4b78a0313fffb024f566 P 10e5cc891a274365875267c17caa8781 [term 3 FOLLOWER]: Starting forced leader election (received explicit request)
I20260709 12:08:33.470355 12791 raft_consensus.cc:3060] T 3517a769dbca4b78a0313fffb024f566 P 10e5cc891a274365875267c17caa8781 [term 3 FOLLOWER]: Advancing to term 4
I20260709 12:08:33.473893 12613 catalog_manager.cc:5697] T 5773fad4272541bdbc078ea292fa7a7b P 10e5cc891a274365875267c17caa8781 reported cstate change: term changed from 1 to 2, leader changed from 063b828195cf4572953a11fae2c916a0 (127.12.73.65) to 10e5cc891a274365875267c17caa8781 (127.12.73.66). New cstate: current_term: 2 leader_uuid: "10e5cc891a274365875267c17caa8781" committed_config { opid_index: -1 OBSOLETE_local: false peers { permanent_uuid: "063b828195cf4572953a11fae2c916a0" member_type: VOTER last_known_addr { host: "127.12.73.65" port: 43191 } health_report { overall_health: UNKNOWN } } peers { permanent_uuid: "10e5cc891a274365875267c17caa8781" member_type: VOTER last_known_addr { host: "127.12.73.66" port: 46241 } health_report { overall_health: HEALTHY } } peers { permanent_uuid: "4363eeb1167345b2932be3a8fda243e9" member_type: VOTER last_known_addr { host: "127.12.73.67" port: 45937 } health_report { overall_health: UNKNOWN } } }
I20260709 12:08:33.476310 12791 raft_consensus.cc:515] T 3517a769dbca4b78a0313fffb024f566 P 10e5cc891a274365875267c17caa8781 [term 4 FOLLOWER]: Starting forced leader election with config: opid_index: -1 OBSOLETE_local: false peers { permanent_uuid: "063b828195cf4572953a11fae2c916a0" member_type: VOTER last_known_addr { host: "127.12.73.65" port: 43191 } } peers { permanent_uuid: "10e5cc891a274365875267c17caa8781" member_type: VOTER last_known_addr { host: "127.12.73.66" port: 46241 } } peers { permanent_uuid: "4363eeb1167345b2932be3a8fda243e9" member_type: VOTER last_known_addr { host: "127.12.73.67" port: 45937 } }
I20260709 12:08:33.478953 12713 tablet_service.cc:1917] Received RequestConsensusVote() RPC: tablet_id: "3517a769dbca4b78a0313fffb024f566" candidate_uuid: "10e5cc891a274365875267c17caa8781" candidate_term: 4 candidate_status { last_received { term: 3 index: 2 } } ignore_live_leader: true dest_uuid: "063b828195cf4572953a11fae2c916a0"
I20260709 12:08:33.479411 12791 leader_election.cc:290] T 3517a769dbca4b78a0313fffb024f566 P 10e5cc891a274365875267c17caa8781 [CANDIDATE]: Term 4 election: Requested vote from peers 063b828195cf4572953a11fae2c916a0 (127.12.73.65:43191), 4363eeb1167345b2932be3a8fda243e9 (127.12.73.67:45937)
I20260709 12:08:33.479640 12713 raft_consensus.cc:3055] T 3517a769dbca4b78a0313fffb024f566 P 063b828195cf4572953a11fae2c916a0 [term 3 LEADER]: Stepping down as leader of term 3
I20260709 12:08:33.479998 12713 raft_consensus.cc:740] T 3517a769dbca4b78a0313fffb024f566 P 063b828195cf4572953a11fae2c916a0 [term 3 LEADER]: Becoming Follower/Learner. State: Replica: 063b828195cf4572953a11fae2c916a0, State: Running, Role: LEADER
I20260709 12:08:33.479069 12865 tablet_service.cc:1917] Received RequestConsensusVote() RPC: tablet_id: "3517a769dbca4b78a0313fffb024f566" candidate_uuid: "10e5cc891a274365875267c17caa8781" candidate_term: 4 candidate_status { last_received { term: 3 index: 2 } } ignore_live_leader: true dest_uuid: "4363eeb1167345b2932be3a8fda243e9"
I20260709 12:08:33.480786 12713 consensus_queue.cc:260] T 3517a769dbca4b78a0313fffb024f566 P 063b828195cf4572953a11fae2c916a0 [NON_LEADER]: Queue going to NON_LEADER mode. State: All replicated index: 0, Majority replicated index: 2, Committed index: 2, Last appended: 3.2, Last appended by leader: 2, Current term: 3, Majority size: -1, State: 0, Mode: NON_LEADER, active raft config: opid_index: -1 OBSOLETE_local: false peers { permanent_uuid: "063b828195cf4572953a11fae2c916a0" member_type: VOTER last_known_addr { host: "127.12.73.65" port: 43191 } } peers { permanent_uuid: "10e5cc891a274365875267c17caa8781" member_type: VOTER last_known_addr { host: "127.12.73.66" port: 46241 } } peers { permanent_uuid: "4363eeb1167345b2932be3a8fda243e9" member_type: VOTER last_known_addr { host: "127.12.73.67" port: 45937 } }
I20260709 12:08:33.481442 12865 raft_consensus.cc:3060] T 3517a769dbca4b78a0313fffb024f566 P 4363eeb1167345b2932be3a8fda243e9 [term 3 FOLLOWER]: Advancing to term 4
I20260709 12:08:33.482182 12713 raft_consensus.cc:3060] T 3517a769dbca4b78a0313fffb024f566 P 063b828195cf4572953a11fae2c916a0 [term 3 FOLLOWER]: Advancing to term 4
I20260709 12:08:33.487965 12865 raft_consensus.cc:2468] T 3517a769dbca4b78a0313fffb024f566 P 4363eeb1167345b2932be3a8fda243e9 [term 4 FOLLOWER]: Leader election vote request: Granting yes vote for candidate 10e5cc891a274365875267c17caa8781 in term 4.
I20260709 12:08:33.489159 12754 leader_election.cc:304] T 3517a769dbca4b78a0313fffb024f566 P 10e5cc891a274365875267c17caa8781 [CANDIDATE]: Term 4 election: Election decided. Result: candidate won. Election summary: received 2 responses out of 3 voters: 2 yes votes; 0 no votes. yes voters: 10e5cc891a274365875267c17caa8781, 4363eeb1167345b2932be3a8fda243e9; no voters: 
I20260709 12:08:33.489499 12713 raft_consensus.cc:2468] T 3517a769dbca4b78a0313fffb024f566 P 063b828195cf4572953a11fae2c916a0 [term 4 FOLLOWER]: Leader election vote request: Granting yes vote for candidate 10e5cc891a274365875267c17caa8781 in term 4.
I20260709 12:08:33.490023 13016 raft_consensus.cc:2804] T 3517a769dbca4b78a0313fffb024f566 P 10e5cc891a274365875267c17caa8781 [term 4 FOLLOWER]: Leader election won for term 4
I20260709 12:08:33.490517 13016 raft_consensus.cc:697] T 3517a769dbca4b78a0313fffb024f566 P 10e5cc891a274365875267c17caa8781 [term 4 LEADER]: Becoming Leader. State: Replica: 10e5cc891a274365875267c17caa8781, State: Running, Role: LEADER
I20260709 12:08:33.491338 13016 consensus_queue.cc:237] T 3517a769dbca4b78a0313fffb024f566 P 10e5cc891a274365875267c17caa8781 [LEADER]: Queue going to LEADER mode. State: All replicated index: 0, Majority replicated index: 2, Committed index: 2, Last appended: 3.2, Last appended by leader: 2, Current term: 4, Majority size: 2, State: 0, Mode: LEADER, active raft config: opid_index: -1 OBSOLETE_local: false peers { permanent_uuid: "063b828195cf4572953a11fae2c916a0" member_type: VOTER last_known_addr { host: "127.12.73.65" port: 43191 } } peers { permanent_uuid: "10e5cc891a274365875267c17caa8781" member_type: VOTER last_known_addr { host: "127.12.73.66" port: 46241 } } peers { permanent_uuid: "4363eeb1167345b2932be3a8fda243e9" member_type: VOTER last_known_addr { host: "127.12.73.67" port: 45937 } }
I20260709 12:08:33.498865 12613 catalog_manager.cc:5697] T 3517a769dbca4b78a0313fffb024f566 P 10e5cc891a274365875267c17caa8781 reported cstate change: term changed from 3 to 4, leader changed from 063b828195cf4572953a11fae2c916a0 (127.12.73.65) to 10e5cc891a274365875267c17caa8781 (127.12.73.66). New cstate: current_term: 4 leader_uuid: "10e5cc891a274365875267c17caa8781" committed_config { opid_index: -1 OBSOLETE_local: false peers { permanent_uuid: "063b828195cf4572953a11fae2c916a0" member_type: VOTER last_known_addr { host: "127.12.73.65" port: 43191 } health_report { overall_health: UNKNOWN } } peers { permanent_uuid: "10e5cc891a274365875267c17caa8781" member_type: VOTER last_known_addr { host: "127.12.73.66" port: 46241 } health_report { overall_health: HEALTHY } } peers { permanent_uuid: "4363eeb1167345b2932be3a8fda243e9" member_type: VOTER last_known_addr { host: "127.12.73.67" port: 45937 } health_report { overall_health: UNKNOWN } } }
I20260709 12:08:33.733016 13054 raft_consensus.cc:993] T e052d3c782df4a96b7340dbfec3a2460 P 063b828195cf4572953a11fae2c916a0: : Instructing follower 10e5cc891a274365875267c17caa8781 to start an election
I20260709 12:08:33.733453 13065 raft_consensus.cc:1081] T e052d3c782df4a96b7340dbfec3a2460 P 063b828195cf4572953a11fae2c916a0 [term 1 LEADER]: Signalling peer 10e5cc891a274365875267c17caa8781 to start an election
I20260709 12:08:33.735178 12791 tablet_service.cc:2044] Received Run Leader Election RPC: tablet_id: "e052d3c782df4a96b7340dbfec3a2460"
dest_uuid: "10e5cc891a274365875267c17caa8781"
 from {username='slave'} at 127.0.0.1:38688
I20260709 12:08:33.735742 12791 raft_consensus.cc:493] T e052d3c782df4a96b7340dbfec3a2460 P 10e5cc891a274365875267c17caa8781 [term 1 FOLLOWER]: Starting forced leader election (received explicit request)
I20260709 12:08:33.736096 12791 raft_consensus.cc:3060] T e052d3c782df4a96b7340dbfec3a2460 P 10e5cc891a274365875267c17caa8781 [term 1 FOLLOWER]: Advancing to term 2
I20260709 12:08:33.742689 12791 raft_consensus.cc:515] T e052d3c782df4a96b7340dbfec3a2460 P 10e5cc891a274365875267c17caa8781 [term 2 FOLLOWER]: Starting forced leader election with config: opid_index: -1 OBSOLETE_local: false peers { permanent_uuid: "10e5cc891a274365875267c17caa8781" member_type: VOTER last_known_addr { host: "127.12.73.66" port: 46241 } } peers { permanent_uuid: "4363eeb1167345b2932be3a8fda243e9" member_type: VOTER last_known_addr { host: "127.12.73.67" port: 45937 } } peers { permanent_uuid: "063b828195cf4572953a11fae2c916a0" member_type: VOTER last_known_addr { host: "127.12.73.65" port: 43191 } }
I20260709 12:08:33.744786 12791 leader_election.cc:290] T e052d3c782df4a96b7340dbfec3a2460 P 10e5cc891a274365875267c17caa8781 [CANDIDATE]: Term 2 election: Requested vote from peers 4363eeb1167345b2932be3a8fda243e9 (127.12.73.67:45937), 063b828195cf4572953a11fae2c916a0 (127.12.73.65:43191)
I20260709 12:08:33.745831 12713 tablet_service.cc:1917] Received RequestConsensusVote() RPC: tablet_id: "e052d3c782df4a96b7340dbfec3a2460" candidate_uuid: "10e5cc891a274365875267c17caa8781" candidate_term: 2 candidate_status { last_received { term: 1 index: 1 } } ignore_live_leader: true dest_uuid: "063b828195cf4572953a11fae2c916a0"
I20260709 12:08:33.745934 12865 tablet_service.cc:1917] Received RequestConsensusVote() RPC: tablet_id: "e052d3c782df4a96b7340dbfec3a2460" candidate_uuid: "10e5cc891a274365875267c17caa8781" candidate_term: 2 candidate_status { last_received { term: 1 index: 1 } } ignore_live_leader: true dest_uuid: "4363eeb1167345b2932be3a8fda243e9"
I20260709 12:08:33.746613 12865 raft_consensus.cc:3060] T e052d3c782df4a96b7340dbfec3a2460 P 4363eeb1167345b2932be3a8fda243e9 [term 1 FOLLOWER]: Advancing to term 2
I20260709 12:08:33.746583 12713 raft_consensus.cc:3055] T e052d3c782df4a96b7340dbfec3a2460 P 063b828195cf4572953a11fae2c916a0 [term 1 LEADER]: Stepping down as leader of term 1
I20260709 12:08:33.747165 12713 raft_consensus.cc:740] T e052d3c782df4a96b7340dbfec3a2460 P 063b828195cf4572953a11fae2c916a0 [term 1 LEADER]: Becoming Follower/Learner. State: Replica: 063b828195cf4572953a11fae2c916a0, State: Running, Role: LEADER
I20260709 12:08:33.748026 12713 consensus_queue.cc:260] T e052d3c782df4a96b7340dbfec3a2460 P 063b828195cf4572953a11fae2c916a0 [NON_LEADER]: Queue going to NON_LEADER mode. State: All replicated index: 0, Majority replicated index: 1, Committed index: 1, Last appended: 1.1, Last appended by leader: 1, Current term: 1, Majority size: -1, State: 0, Mode: NON_LEADER, active raft config: opid_index: -1 OBSOLETE_local: false peers { permanent_uuid: "10e5cc891a274365875267c17caa8781" member_type: VOTER last_known_addr { host: "127.12.73.66" port: 46241 } } peers { permanent_uuid: "4363eeb1167345b2932be3a8fda243e9" member_type: VOTER last_known_addr { host: "127.12.73.67" port: 45937 } } peers { permanent_uuid: "063b828195cf4572953a11fae2c916a0" member_type: VOTER last_known_addr { host: "127.12.73.65" port: 43191 } }
I20260709 12:08:33.749325 12713 raft_consensus.cc:3060] T e052d3c782df4a96b7340dbfec3a2460 P 063b828195cf4572953a11fae2c916a0 [term 1 FOLLOWER]: Advancing to term 2
I20260709 12:08:33.753448 12865 raft_consensus.cc:2468] T e052d3c782df4a96b7340dbfec3a2460 P 4363eeb1167345b2932be3a8fda243e9 [term 2 FOLLOWER]: Leader election vote request: Granting yes vote for candidate 10e5cc891a274365875267c17caa8781 in term 2.
I20260709 12:08:33.754688 12754 leader_election.cc:304] T e052d3c782df4a96b7340dbfec3a2460 P 10e5cc891a274365875267c17caa8781 [CANDIDATE]: Term 2 election: Election decided. Result: candidate won. Election summary: received 2 responses out of 3 voters: 2 yes votes; 0 no votes. yes voters: 10e5cc891a274365875267c17caa8781, 4363eeb1167345b2932be3a8fda243e9; no voters: 
I20260709 12:08:33.755565 13016 raft_consensus.cc:2804] T e052d3c782df4a96b7340dbfec3a2460 P 10e5cc891a274365875267c17caa8781 [term 2 FOLLOWER]: Leader election won for term 2
I20260709 12:08:33.755975 12713 raft_consensus.cc:2468] T e052d3c782df4a96b7340dbfec3a2460 P 063b828195cf4572953a11fae2c916a0 [term 2 FOLLOWER]: Leader election vote request: Granting yes vote for candidate 10e5cc891a274365875267c17caa8781 in term 2.
I20260709 12:08:33.756042 13016 raft_consensus.cc:697] T e052d3c782df4a96b7340dbfec3a2460 P 10e5cc891a274365875267c17caa8781 [term 2 LEADER]: Becoming Leader. State: Replica: 10e5cc891a274365875267c17caa8781, State: Running, Role: LEADER
I20260709 12:08:33.757077 13016 consensus_queue.cc:237] T e052d3c782df4a96b7340dbfec3a2460 P 10e5cc891a274365875267c17caa8781 [LEADER]: Queue going to LEADER mode. State: All replicated index: 0, Majority replicated index: 1, Committed index: 1, Last appended: 1.1, Last appended by leader: 1, Current term: 2, Majority size: 2, State: 0, Mode: LEADER, active raft config: opid_index: -1 OBSOLETE_local: false peers { permanent_uuid: "10e5cc891a274365875267c17caa8781" member_type: VOTER last_known_addr { host: "127.12.73.66" port: 46241 } } peers { permanent_uuid: "4363eeb1167345b2932be3a8fda243e9" member_type: VOTER last_known_addr { host: "127.12.73.67" port: 45937 } } peers { permanent_uuid: "063b828195cf4572953a11fae2c916a0" member_type: VOTER last_known_addr { host: "127.12.73.65" port: 43191 } }
I20260709 12:08:33.765410 12613 catalog_manager.cc:5697] T e052d3c782df4a96b7340dbfec3a2460 P 10e5cc891a274365875267c17caa8781 reported cstate change: term changed from 1 to 2, leader changed from 063b828195cf4572953a11fae2c916a0 (127.12.73.65) to 10e5cc891a274365875267c17caa8781 (127.12.73.66). New cstate: current_term: 2 leader_uuid: "10e5cc891a274365875267c17caa8781" committed_config { opid_index: -1 OBSOLETE_local: false peers { permanent_uuid: "10e5cc891a274365875267c17caa8781" member_type: VOTER last_known_addr { host: "127.12.73.66" port: 46241 } health_report { overall_health: HEALTHY } } peers { permanent_uuid: "4363eeb1167345b2932be3a8fda243e9" member_type: VOTER last_known_addr { host: "127.12.73.67" port: 45937 } health_report { overall_health: UNKNOWN } } peers { permanent_uuid: "063b828195cf4572953a11fae2c916a0" member_type: VOTER last_known_addr { host: "127.12.73.65" port: 43191 } health_report { overall_health: UNKNOWN } } }
I20260709 12:08:33.777002 13058 raft_consensus.cc:993] T f91534bd29ee4e9b9c4d01a27cd5b9f6 P 4363eeb1167345b2932be3a8fda243e9: : Instructing follower 10e5cc891a274365875267c17caa8781 to start an election
I20260709 12:08:33.777451 13057 raft_consensus.cc:1081] T f91534bd29ee4e9b9c4d01a27cd5b9f6 P 4363eeb1167345b2932be3a8fda243e9 [term 3 LEADER]: Signalling peer 10e5cc891a274365875267c17caa8781 to start an election
I20260709 12:08:33.778997 12791 tablet_service.cc:2044] Received Run Leader Election RPC: tablet_id: "f91534bd29ee4e9b9c4d01a27cd5b9f6"
dest_uuid: "10e5cc891a274365875267c17caa8781"
 from {username='slave'} at 127.0.0.1:38698
I20260709 12:08:33.779449 12791 raft_consensus.cc:493] T f91534bd29ee4e9b9c4d01a27cd5b9f6 P 10e5cc891a274365875267c17caa8781 [term 3 FOLLOWER]: Starting forced leader election (received explicit request)
I20260709 12:08:33.779700 12791 raft_consensus.cc:3060] T f91534bd29ee4e9b9c4d01a27cd5b9f6 P 10e5cc891a274365875267c17caa8781 [term 3 FOLLOWER]: Advancing to term 4
I20260709 12:08:33.783648 12791 raft_consensus.cc:515] T f91534bd29ee4e9b9c4d01a27cd5b9f6 P 10e5cc891a274365875267c17caa8781 [term 4 FOLLOWER]: Starting forced leader election with config: opid_index: -1 OBSOLETE_local: false peers { permanent_uuid: "063b828195cf4572953a11fae2c916a0" member_type: VOTER last_known_addr { host: "127.12.73.65" port: 43191 } } peers { permanent_uuid: "10e5cc891a274365875267c17caa8781" member_type: VOTER last_known_addr { host: "127.12.73.66" port: 46241 } } peers { permanent_uuid: "4363eeb1167345b2932be3a8fda243e9" member_type: VOTER last_known_addr { host: "127.12.73.67" port: 45937 } }
I20260709 12:08:33.785030 12791 leader_election.cc:290] T f91534bd29ee4e9b9c4d01a27cd5b9f6 P 10e5cc891a274365875267c17caa8781 [CANDIDATE]: Term 4 election: Requested vote from peers 063b828195cf4572953a11fae2c916a0 (127.12.73.65:43191), 4363eeb1167345b2932be3a8fda243e9 (127.12.73.67:45937)
I20260709 12:08:33.785929 12713 tablet_service.cc:1917] Received RequestConsensusVote() RPC: tablet_id: "f91534bd29ee4e9b9c4d01a27cd5b9f6" candidate_uuid: "10e5cc891a274365875267c17caa8781" candidate_term: 4 candidate_status { last_received { term: 3 index: 3 } } ignore_live_leader: true dest_uuid: "063b828195cf4572953a11fae2c916a0"
I20260709 12:08:33.786110 12865 tablet_service.cc:1917] Received RequestConsensusVote() RPC: tablet_id: "f91534bd29ee4e9b9c4d01a27cd5b9f6" candidate_uuid: "10e5cc891a274365875267c17caa8781" candidate_term: 4 candidate_status { last_received { term: 3 index: 3 } } ignore_live_leader: true dest_uuid: "4363eeb1167345b2932be3a8fda243e9"
I20260709 12:08:33.786674 12865 raft_consensus.cc:3055] T f91534bd29ee4e9b9c4d01a27cd5b9f6 P 4363eeb1167345b2932be3a8fda243e9 [term 3 LEADER]: Stepping down as leader of term 3
I20260709 12:08:33.786553 12713 raft_consensus.cc:3060] T f91534bd29ee4e9b9c4d01a27cd5b9f6 P 063b828195cf4572953a11fae2c916a0 [term 3 FOLLOWER]: Advancing to term 4
I20260709 12:08:33.786943 12865 raft_consensus.cc:740] T f91534bd29ee4e9b9c4d01a27cd5b9f6 P 4363eeb1167345b2932be3a8fda243e9 [term 3 LEADER]: Becoming Follower/Learner. State: Replica: 4363eeb1167345b2932be3a8fda243e9, State: Running, Role: LEADER
I20260709 12:08:33.787638 12865 consensus_queue.cc:260] T f91534bd29ee4e9b9c4d01a27cd5b9f6 P 4363eeb1167345b2932be3a8fda243e9 [NON_LEADER]: Queue going to NON_LEADER mode. State: All replicated index: 0, Majority replicated index: 3, Committed index: 3, Last appended: 3.3, Last appended by leader: 3, Current term: 3, Majority size: -1, State: 0, Mode: NON_LEADER, active raft config: opid_index: -1 OBSOLETE_local: false peers { permanent_uuid: "063b828195cf4572953a11fae2c916a0" member_type: VOTER last_known_addr { host: "127.12.73.65" port: 43191 } } peers { permanent_uuid: "10e5cc891a274365875267c17caa8781" member_type: VOTER last_known_addr { host: "127.12.73.66" port: 46241 } } peers { permanent_uuid: "4363eeb1167345b2932be3a8fda243e9" member_type: VOTER last_known_addr { host: "127.12.73.67" port: 45937 } }
I20260709 12:08:33.788492 12865 raft_consensus.cc:3060] T f91534bd29ee4e9b9c4d01a27cd5b9f6 P 4363eeb1167345b2932be3a8fda243e9 [term 3 FOLLOWER]: Advancing to term 4
I20260709 12:08:33.791553 12713 raft_consensus.cc:2468] T f91534bd29ee4e9b9c4d01a27cd5b9f6 P 063b828195cf4572953a11fae2c916a0 [term 4 FOLLOWER]: Leader election vote request: Granting yes vote for candidate 10e5cc891a274365875267c17caa8781 in term 4.
I20260709 12:08:33.792819 12756 leader_election.cc:304] T f91534bd29ee4e9b9c4d01a27cd5b9f6 P 10e5cc891a274365875267c17caa8781 [CANDIDATE]: Term 4 election: Election decided. Result: candidate won. Election summary: received 2 responses out of 3 voters: 2 yes votes; 0 no votes. yes voters: 063b828195cf4572953a11fae2c916a0, 10e5cc891a274365875267c17caa8781; no voters: 
I20260709 12:08:33.793102 12865 raft_consensus.cc:2468] T f91534bd29ee4e9b9c4d01a27cd5b9f6 P 4363eeb1167345b2932be3a8fda243e9 [term 4 FOLLOWER]: Leader election vote request: Granting yes vote for candidate 10e5cc891a274365875267c17caa8781 in term 4.
I20260709 12:08:33.793467 13016 raft_consensus.cc:2804] T f91534bd29ee4e9b9c4d01a27cd5b9f6 P 10e5cc891a274365875267c17caa8781 [term 4 FOLLOWER]: Leader election won for term 4
I20260709 12:08:33.793896 13016 raft_consensus.cc:697] T f91534bd29ee4e9b9c4d01a27cd5b9f6 P 10e5cc891a274365875267c17caa8781 [term 4 LEADER]: Becoming Leader. State: Replica: 10e5cc891a274365875267c17caa8781, State: Running, Role: LEADER
I20260709 12:08:33.794574 13016 consensus_queue.cc:237] T f91534bd29ee4e9b9c4d01a27cd5b9f6 P 10e5cc891a274365875267c17caa8781 [LEADER]: Queue going to LEADER mode. State: All replicated index: 0, Majority replicated index: 3, Committed index: 3, Last appended: 3.3, Last appended by leader: 3, Current term: 4, Majority size: 2, State: 0, Mode: LEADER, active raft config: opid_index: -1 OBSOLETE_local: false peers { permanent_uuid: "063b828195cf4572953a11fae2c916a0" member_type: VOTER last_known_addr { host: "127.12.73.65" port: 43191 } } peers { permanent_uuid: "10e5cc891a274365875267c17caa8781" member_type: VOTER last_known_addr { host: "127.12.73.66" port: 46241 } } peers { permanent_uuid: "4363eeb1167345b2932be3a8fda243e9" member_type: VOTER last_known_addr { host: "127.12.73.67" port: 45937 } }
I20260709 12:08:33.801889 12613 catalog_manager.cc:5697] T f91534bd29ee4e9b9c4d01a27cd5b9f6 P 10e5cc891a274365875267c17caa8781 reported cstate change: term changed from 3 to 4, leader changed from 4363eeb1167345b2932be3a8fda243e9 (127.12.73.67) to 10e5cc891a274365875267c17caa8781 (127.12.73.66). New cstate: current_term: 4 leader_uuid: "10e5cc891a274365875267c17caa8781" committed_config { opid_index: -1 OBSOLETE_local: false peers { permanent_uuid: "063b828195cf4572953a11fae2c916a0" member_type: VOTER last_known_addr { host: "127.12.73.65" port: 43191 } health_report { overall_health: UNKNOWN } } peers { permanent_uuid: "10e5cc891a274365875267c17caa8781" member_type: VOTER last_known_addr { host: "127.12.73.66" port: 46241 } health_report { overall_health: HEALTHY } } peers { permanent_uuid: "4363eeb1167345b2932be3a8fda243e9" member_type: VOTER last_known_addr { host: "127.12.73.67" port: 45937 } health_report { overall_health: UNKNOWN } } }
I20260709 12:08:33.869800 12865 raft_consensus.cc:1275] T 5773fad4272541bdbc078ea292fa7a7b P 4363eeb1167345b2932be3a8fda243e9 [term 2 FOLLOWER]: Refusing update from remote peer 10e5cc891a274365875267c17caa8781: Log matching property violated. Preceding OpId in replica: term: 1 index: 1. Preceding OpId from leader: term: 2 index: 2. (index mismatch)
I20260709 12:08:33.870994 13016 consensus_queue.cc:1048] T 5773fad4272541bdbc078ea292fa7a7b P 10e5cc891a274365875267c17caa8781 [LEADER]: Connected to new peer: Peer: permanent_uuid: "4363eeb1167345b2932be3a8fda243e9" member_type: VOTER last_known_addr { host: "127.12.73.67" port: 45937 }, Status: LMP_MISMATCH, Last received: 0.0, Next index: 2, Last known committed idx: 1, Time since last communication: 0.000s
I20260709 12:08:33.881155 12713 raft_consensus.cc:1275] T 5773fad4272541bdbc078ea292fa7a7b P 063b828195cf4572953a11fae2c916a0 [term 2 FOLLOWER]: Refusing update from remote peer 10e5cc891a274365875267c17caa8781: Log matching property violated. Preceding OpId in replica: term: 1 index: 1. Preceding OpId from leader: term: 2 index: 2. (index mismatch)
I20260709 12:08:33.883900 13059 consensus_queue.cc:1048] T 5773fad4272541bdbc078ea292fa7a7b P 10e5cc891a274365875267c17caa8781 [LEADER]: Connected to new peer: Peer: permanent_uuid: "063b828195cf4572953a11fae2c916a0" member_type: VOTER last_known_addr { host: "127.12.73.65" port: 43191 }, Status: LMP_MISMATCH, Last received: 0.0, Next index: 2, Last known committed idx: 1, Time since last communication: 0.001s
I20260709 12:08:33.884526 12865 raft_consensus.cc:1275] T 7e186fc1b5504bceb0498c12597dd6a9 P 4363eeb1167345b2932be3a8fda243e9 [term 3 FOLLOWER]: Refusing update from remote peer 10e5cc891a274365875267c17caa8781: Log matching property violated. Preceding OpId in replica: term: 2 index: 2. Preceding OpId from leader: term: 3 index: 3. (index mismatch)
I20260709 12:08:33.886448 13016 consensus_queue.cc:1048] T 7e186fc1b5504bceb0498c12597dd6a9 P 10e5cc891a274365875267c17caa8781 [LEADER]: Connected to new peer: Peer: permanent_uuid: "4363eeb1167345b2932be3a8fda243e9" member_type: VOTER last_known_addr { host: "127.12.73.67" port: 45937 }, Status: LMP_MISMATCH, Last received: 0.0, Next index: 3, Last known committed idx: 2, Time since last communication: 0.001s
I20260709 12:08:33.902933 12713 raft_consensus.cc:1275] T 7e186fc1b5504bceb0498c12597dd6a9 P 063b828195cf4572953a11fae2c916a0 [term 3 FOLLOWER]: Refusing update from remote peer 10e5cc891a274365875267c17caa8781: Log matching property violated. Preceding OpId in replica: term: 2 index: 2. Preceding OpId from leader: term: 3 index: 3. (index mismatch)
I20260709 12:08:33.905028 13059 consensus_queue.cc:1048] T 7e186fc1b5504bceb0498c12597dd6a9 P 10e5cc891a274365875267c17caa8781 [LEADER]: Connected to new peer: Peer: permanent_uuid: "063b828195cf4572953a11fae2c916a0" member_type: VOTER last_known_addr { host: "127.12.73.65" port: 43191 }, Status: LMP_MISMATCH, Last received: 0.0, Next index: 3, Last known committed idx: 2, Time since last communication: 0.000s
I20260709 12:08:33.974263 12863 raft_consensus.cc:1275] T 3517a769dbca4b78a0313fffb024f566 P 4363eeb1167345b2932be3a8fda243e9 [term 4 FOLLOWER]: Refusing update from remote peer 10e5cc891a274365875267c17caa8781: Log matching property violated. Preceding OpId in replica: term: 3 index: 2. Preceding OpId from leader: term: 4 index: 3. (index mismatch)
I20260709 12:08:33.975747 13059 consensus_queue.cc:1048] T 3517a769dbca4b78a0313fffb024f566 P 10e5cc891a274365875267c17caa8781 [LEADER]: Connected to new peer: Peer: permanent_uuid: "4363eeb1167345b2932be3a8fda243e9" member_type: VOTER last_known_addr { host: "127.12.73.67" port: 45937 }, Status: LMP_MISMATCH, Last received: 0.0, Next index: 3, Last known committed idx: 2, Time since last communication: 0.000s
I20260709 12:08:33.985479 12713 raft_consensus.cc:1275] T 3517a769dbca4b78a0313fffb024f566 P 063b828195cf4572953a11fae2c916a0 [term 4 FOLLOWER]: Refusing update from remote peer 10e5cc891a274365875267c17caa8781: Log matching property violated. Preceding OpId in replica: term: 3 index: 2. Preceding OpId from leader: term: 4 index: 3. (index mismatch)
I20260709 12:08:33.987490 13059 consensus_queue.cc:1048] T 3517a769dbca4b78a0313fffb024f566 P 10e5cc891a274365875267c17caa8781 [LEADER]: Connected to new peer: Peer: permanent_uuid: "063b828195cf4572953a11fae2c916a0" member_type: VOTER last_known_addr { host: "127.12.73.65" port: 43191 }, Status: LMP_MISMATCH, Last received: 0.0, Next index: 3, Last known committed idx: 2, Time since last communication: 0.000s
I20260709 12:08:34.148998 12863 raft_consensus.cc:1275] T e052d3c782df4a96b7340dbfec3a2460 P 4363eeb1167345b2932be3a8fda243e9 [term 2 FOLLOWER]: Refusing update from remote peer 10e5cc891a274365875267c17caa8781: Log matching property violated. Preceding OpId in replica: term: 1 index: 1. Preceding OpId from leader: term: 2 index: 2. (index mismatch)
I20260709 12:08:34.150565 13073 consensus_queue.cc:1048] T e052d3c782df4a96b7340dbfec3a2460 P 10e5cc891a274365875267c17caa8781 [LEADER]: Connected to new peer: Peer: permanent_uuid: "4363eeb1167345b2932be3a8fda243e9" member_type: VOTER last_known_addr { host: "127.12.73.67" port: 45937 }, Status: LMP_MISMATCH, Last received: 0.0, Next index: 2, Last known committed idx: 1, Time since last communication: 0.000s
I20260709 12:08:34.155248 12713 raft_consensus.cc:1275] T e052d3c782df4a96b7340dbfec3a2460 P 063b828195cf4572953a11fae2c916a0 [term 2 FOLLOWER]: Refusing update from remote peer 10e5cc891a274365875267c17caa8781: Log matching property violated. Preceding OpId in replica: term: 1 index: 1. Preceding OpId from leader: term: 2 index: 2. (index mismatch)
I20260709 12:08:34.156845 13073 consensus_queue.cc:1048] T e052d3c782df4a96b7340dbfec3a2460 P 10e5cc891a274365875267c17caa8781 [LEADER]: Connected to new peer: Peer: permanent_uuid: "063b828195cf4572953a11fae2c916a0" member_type: VOTER last_known_addr { host: "127.12.73.65" port: 43191 }, Status: LMP_MISMATCH, Last received: 0.0, Next index: 2, Last known committed idx: 1, Time since last communication: 0.000s
I20260709 12:08:34.207603 12863 raft_consensus.cc:1275] T f91534bd29ee4e9b9c4d01a27cd5b9f6 P 4363eeb1167345b2932be3a8fda243e9 [term 4 FOLLOWER]: Refusing update from remote peer 10e5cc891a274365875267c17caa8781: Log matching property violated. Preceding OpId in replica: term: 3 index: 3. Preceding OpId from leader: term: 4 index: 4. (index mismatch)
I20260709 12:08:34.209039 13059 consensus_queue.cc:1048] T f91534bd29ee4e9b9c4d01a27cd5b9f6 P 10e5cc891a274365875267c17caa8781 [LEADER]: Connected to new peer: Peer: permanent_uuid: "4363eeb1167345b2932be3a8fda243e9" member_type: VOTER last_known_addr { host: "127.12.73.67" port: 45937 }, Status: LMP_MISMATCH, Last received: 0.0, Next index: 4, Last known committed idx: 3, Time since last communication: 0.000s
I20260709 12:08:34.219134 12713 raft_consensus.cc:1275] T f91534bd29ee4e9b9c4d01a27cd5b9f6 P 063b828195cf4572953a11fae2c916a0 [term 4 FOLLOWER]: Refusing update from remote peer 10e5cc891a274365875267c17caa8781: Log matching property violated. Preceding OpId in replica: term: 3 index: 3. Preceding OpId from leader: term: 4 index: 4. (index mismatch)
I20260709 12:08:34.222034 13059 consensus_queue.cc:1048] T f91534bd29ee4e9b9c4d01a27cd5b9f6 P 10e5cc891a274365875267c17caa8781 [LEADER]: Connected to new peer: Peer: permanent_uuid: "063b828195cf4572953a11fae2c916a0" member_type: VOTER last_known_addr { host: "127.12.73.65" port: 43191 }, Status: LMP_MISMATCH, Last received: 0.0, Next index: 4, Last known committed idx: 3, Time since last communication: 0.000s
I20260709 12:08:36.283818 12581 auto_leader_rebalancer-test.cc:328] The leader distribution is 
I20260709 12:08:36.284701 12581 auto_leader_rebalancer.cc:141] leader rebalance for table test-workload
I20260709 12:08:36.291601 12791 tablet_service.cc:2072] Received LeaderStepDown RPC: tablet_id: "44cbd28f2fa94584a332377ac8c0cd53"
dest_uuid: "10e5cc891a274365875267c17caa8781"
mode: GRACEFUL
new_leader_uuid: "063b828195cf4572953a11fae2c916a0"
 from {username='slave'} at 127.0.0.1:60442
I20260709 12:08:36.292273 12791 raft_consensus.cc:606] T 44cbd28f2fa94584a332377ac8c0cd53 P 10e5cc891a274365875267c17caa8781 [term 2 LEADER]: Received request to transfer leadership to TS 063b828195cf4572953a11fae2c916a0
I20260709 12:08:36.294903 12791 tablet_service.cc:2072] Received LeaderStepDown RPC: tablet_id: "5773fad4272541bdbc078ea292fa7a7b"
dest_uuid: "10e5cc891a274365875267c17caa8781"
mode: GRACEFUL
new_leader_uuid: "063b828195cf4572953a11fae2c916a0"
 from {username='slave'} at 127.0.0.1:60442
I20260709 12:08:36.295362 12791 raft_consensus.cc:606] T 5773fad4272541bdbc078ea292fa7a7b P 10e5cc891a274365875267c17caa8781 [term 2 LEADER]: Received request to transfer leadership to TS 063b828195cf4572953a11fae2c916a0
I20260709 12:08:36.297650 12791 tablet_service.cc:2072] Received LeaderStepDown RPC: tablet_id: "69ef565b4b7d48689356e2a7f70f64f0"
dest_uuid: "10e5cc891a274365875267c17caa8781"
mode: GRACEFUL
new_leader_uuid: "4363eeb1167345b2932be3a8fda243e9"
 from {username='slave'} at 127.0.0.1:60442
I20260709 12:08:36.298125 12791 raft_consensus.cc:606] T 69ef565b4b7d48689356e2a7f70f64f0 P 10e5cc891a274365875267c17caa8781 [term 2 LEADER]: Received request to transfer leadership to TS 4363eeb1167345b2932be3a8fda243e9
I20260709 12:08:36.300385 12791 tablet_service.cc:2072] Received LeaderStepDown RPC: tablet_id: "bdd38e1fa4f941e18822e5f7607488cd"
dest_uuid: "10e5cc891a274365875267c17caa8781"
mode: GRACEFUL
new_leader_uuid: "063b828195cf4572953a11fae2c916a0"
 from {username='slave'} at 127.0.0.1:60442
I20260709 12:08:36.300837 12791 raft_consensus.cc:606] T bdd38e1fa4f941e18822e5f7607488cd P 10e5cc891a274365875267c17caa8781 [term 1 LEADER]: Received request to transfer leadership to TS 063b828195cf4572953a11fae2c916a0
I20260709 12:08:36.303263 12791 tablet_service.cc:2072] Received LeaderStepDown RPC: tablet_id: "f91534bd29ee4e9b9c4d01a27cd5b9f6"
dest_uuid: "10e5cc891a274365875267c17caa8781"
mode: GRACEFUL
new_leader_uuid: "4363eeb1167345b2932be3a8fda243e9"
 from {username='slave'} at 127.0.0.1:60442
I20260709 12:08:36.303715 12791 raft_consensus.cc:606] T f91534bd29ee4e9b9c4d01a27cd5b9f6 P 10e5cc891a274365875267c17caa8781 [term 4 LEADER]: Received request to transfer leadership to TS 4363eeb1167345b2932be3a8fda243e9
I20260709 12:08:36.304764 12581 auto_leader_rebalancer.cc:440] table: test-workload, leader rebalance finish, leader transfer count: 5
I20260709 12:08:36.305308 12581 auto_leader_rebalancer.cc:515] All tables' leader rebalancing finished this round
I20260709 12:08:36.397679 13059 raft_consensus.cc:993] T f91534bd29ee4e9b9c4d01a27cd5b9f6 P 10e5cc891a274365875267c17caa8781: : Instructing follower 4363eeb1167345b2932be3a8fda243e9 to start an election
I20260709 12:08:36.398240 13085 raft_consensus.cc:1081] T f91534bd29ee4e9b9c4d01a27cd5b9f6 P 10e5cc891a274365875267c17caa8781 [term 4 LEADER]: Signalling peer 4363eeb1167345b2932be3a8fda243e9 to start an election
I20260709 12:08:36.400002 12863 tablet_service.cc:2044] Received Run Leader Election RPC: tablet_id: "f91534bd29ee4e9b9c4d01a27cd5b9f6"
dest_uuid: "4363eeb1167345b2932be3a8fda243e9"
 from {username='slave'} at 127.0.0.1:55488
I20260709 12:08:36.400553 12863 raft_consensus.cc:493] T f91534bd29ee4e9b9c4d01a27cd5b9f6 P 4363eeb1167345b2932be3a8fda243e9 [term 4 FOLLOWER]: Starting forced leader election (received explicit request)
I20260709 12:08:36.400887 12863 raft_consensus.cc:3060] T f91534bd29ee4e9b9c4d01a27cd5b9f6 P 4363eeb1167345b2932be3a8fda243e9 [term 4 FOLLOWER]: Advancing to term 5
I20260709 12:08:36.406121 12863 raft_consensus.cc:515] T f91534bd29ee4e9b9c4d01a27cd5b9f6 P 4363eeb1167345b2932be3a8fda243e9 [term 5 FOLLOWER]: Starting forced leader election with config: opid_index: -1 OBSOLETE_local: false peers { permanent_uuid: "063b828195cf4572953a11fae2c916a0" member_type: VOTER last_known_addr { host: "127.12.73.65" port: 43191 } } peers { permanent_uuid: "10e5cc891a274365875267c17caa8781" member_type: VOTER last_known_addr { host: "127.12.73.66" port: 46241 } } peers { permanent_uuid: "4363eeb1167345b2932be3a8fda243e9" member_type: VOTER last_known_addr { host: "127.12.73.67" port: 45937 } }
I20260709 12:08:36.408496 12863 leader_election.cc:290] T f91534bd29ee4e9b9c4d01a27cd5b9f6 P 4363eeb1167345b2932be3a8fda243e9 [CANDIDATE]: Term 5 election: Requested vote from peers 063b828195cf4572953a11fae2c916a0 (127.12.73.65:43191), 10e5cc891a274365875267c17caa8781 (127.12.73.66:46241)
I20260709 12:08:36.409473 12713 tablet_service.cc:1917] Received RequestConsensusVote() RPC: tablet_id: "f91534bd29ee4e9b9c4d01a27cd5b9f6" candidate_uuid: "4363eeb1167345b2932be3a8fda243e9" candidate_term: 5 candidate_status { last_received { term: 4 index: 4 } } ignore_live_leader: true dest_uuid: "063b828195cf4572953a11fae2c916a0"
I20260709 12:08:36.409650 12791 tablet_service.cc:1917] Received RequestConsensusVote() RPC: tablet_id: "f91534bd29ee4e9b9c4d01a27cd5b9f6" candidate_uuid: "4363eeb1167345b2932be3a8fda243e9" candidate_term: 5 candidate_status { last_received { term: 4 index: 4 } } ignore_live_leader: true dest_uuid: "10e5cc891a274365875267c17caa8781"
I20260709 12:08:36.410266 12713 raft_consensus.cc:3060] T f91534bd29ee4e9b9c4d01a27cd5b9f6 P 063b828195cf4572953a11fae2c916a0 [term 4 FOLLOWER]: Advancing to term 5
