I20260709 12:08:53.006075 13299 raft_consensus.cc:3060] T 4e61aa900ac74bfcb02242b72e849591 P 52b416f0556c49f79b5a54205f3ff1ec [term 1 FOLLOWER]: Advancing to term 2
I20260709 12:08:53.010071 13448 raft_consensus.cc:2468] T 4e61aa900ac74bfcb02242b72e849591 P 6c7feafc70dd4f48a8108ff527bfb368 [term 2 FOLLOWER]: Leader election vote request: Granting yes vote for candidate 1f479b8fb69a42b2af3a776da9f16b4b in term 2.
I20260709 12:08:53.011308 13337 leader_election.cc:304] T 4e61aa900ac74bfcb02242b72e849591 P 1f479b8fb69a42b2af3a776da9f16b4b [CANDIDATE]: Term 2 election: Election decided. Result: candidate won. Election summary: received 2 responses out of 3 voters: 2 yes votes; 0 no votes. yes voters: 1f479b8fb69a42b2af3a776da9f16b4b, 6c7feafc70dd4f48a8108ff527bfb368; no voters: 
I20260709 12:08:53.011394 13299 raft_consensus.cc:2468] T 4e61aa900ac74bfcb02242b72e849591 P 52b416f0556c49f79b5a54205f3ff1ec [term 2 FOLLOWER]: Leader election vote request: Granting yes vote for candidate 1f479b8fb69a42b2af3a776da9f16b4b in term 2.
I20260709 12:08:53.012039 13543 raft_consensus.cc:2804] T 4e61aa900ac74bfcb02242b72e849591 P 1f479b8fb69a42b2af3a776da9f16b4b [term 2 FOLLOWER]: Leader election won for term 2
I20260709 12:08:53.012547 13543 raft_consensus.cc:697] T 4e61aa900ac74bfcb02242b72e849591 P 1f479b8fb69a42b2af3a776da9f16b4b [term 2 LEADER]: Becoming Leader. State: Replica: 1f479b8fb69a42b2af3a776da9f16b4b, State: Running, Role: LEADER
I20260709 12:08:53.013293 13543 consensus_queue.cc:237] T 4e61aa900ac74bfcb02242b72e849591 P 1f479b8fb69a42b2af3a776da9f16b4b [LEADER]: Queue going to LEADER mode. State: All replicated index: 0, Majority replicated index: 1, Committed index: 1, Last appended: 1.1, Last appended by leader: 1, Current term: 2, Majority size: 2, State: 0, Mode: LEADER, active raft config: opid_index: -1 OBSOLETE_local: false peers { permanent_uuid: "52b416f0556c49f79b5a54205f3ff1ec" member_type: VOTER last_known_addr { host: "127.12.73.65" port: 40913 } } peers { permanent_uuid: "1f479b8fb69a42b2af3a776da9f16b4b" member_type: VOTER last_known_addr { host: "127.12.73.66" port: 42867 } } peers { permanent_uuid: "6c7feafc70dd4f48a8108ff527bfb368" member_type: VOTER last_known_addr { host: "127.12.73.67" port: 40179 } }
I20260709 12:08:53.019474 13196 catalog_manager.cc:5697] T 4e61aa900ac74bfcb02242b72e849591 P 1f479b8fb69a42b2af3a776da9f16b4b reported cstate change: term changed from 1 to 2, leader changed from 52b416f0556c49f79b5a54205f3ff1ec (127.12.73.65) to 1f479b8fb69a42b2af3a776da9f16b4b (127.12.73.66). New cstate: current_term: 2 leader_uuid: "1f479b8fb69a42b2af3a776da9f16b4b" committed_config { opid_index: -1 OBSOLETE_local: false peers { permanent_uuid: "52b416f0556c49f79b5a54205f3ff1ec" member_type: VOTER last_known_addr { host: "127.12.73.65" port: 40913 } health_report { overall_health: UNKNOWN } } peers { permanent_uuid: "1f479b8fb69a42b2af3a776da9f16b4b" member_type: VOTER last_known_addr { host: "127.12.73.66" port: 42867 } health_report { overall_health: HEALTHY } } peers { permanent_uuid: "6c7feafc70dd4f48a8108ff527bfb368" member_type: VOTER last_known_addr { host: "127.12.73.67" port: 40179 } health_report { overall_health: UNKNOWN } } }
I20260709 12:08:53.045049 13533 raft_consensus.cc:993] T 8e310daed4c0442eb449c57335b75f95 P 6c7feafc70dd4f48a8108ff527bfb368: : Instructing follower 52b416f0556c49f79b5a54205f3ff1ec to start an election
I20260709 12:08:53.045473 13509 raft_consensus.cc:1081] T 8e310daed4c0442eb449c57335b75f95 P 6c7feafc70dd4f48a8108ff527bfb368 [term 1 LEADER]: Signalling peer 52b416f0556c49f79b5a54205f3ff1ec to start an election
I20260709 12:08:53.047084 13299 tablet_service.cc:2044] Received Run Leader Election RPC: tablet_id: "8e310daed4c0442eb449c57335b75f95"
dest_uuid: "52b416f0556c49f79b5a54205f3ff1ec"
 from {username='slave'} at 127.0.0.1:41128
I20260709 12:08:53.047688 13299 raft_consensus.cc:493] T 8e310daed4c0442eb449c57335b75f95 P 52b416f0556c49f79b5a54205f3ff1ec [term 1 FOLLOWER]: Starting forced leader election (received explicit request)
I20260709 12:08:53.048076 13299 raft_consensus.cc:3060] T 8e310daed4c0442eb449c57335b75f95 P 52b416f0556c49f79b5a54205f3ff1ec [term 1 FOLLOWER]: Advancing to term 2
I20260709 12:08:53.053304 13299 raft_consensus.cc:515] T 8e310daed4c0442eb449c57335b75f95 P 52b416f0556c49f79b5a54205f3ff1ec [term 2 FOLLOWER]: Starting forced leader election with config: opid_index: -1 OBSOLETE_local: false peers { permanent_uuid: "52b416f0556c49f79b5a54205f3ff1ec" member_type: VOTER last_known_addr { host: "127.12.73.65" port: 40913 } } peers { permanent_uuid: "1f479b8fb69a42b2af3a776da9f16b4b" member_type: VOTER last_known_addr { host: "127.12.73.66" port: 42867 } } peers { permanent_uuid: "6c7feafc70dd4f48a8108ff527bfb368" member_type: VOTER last_known_addr { host: "127.12.73.67" port: 40179 } }
I20260709 12:08:53.054982 13299 leader_election.cc:290] T 8e310daed4c0442eb449c57335b75f95 P 52b416f0556c49f79b5a54205f3ff1ec [CANDIDATE]: Term 2 election: Requested vote from peers 1f479b8fb69a42b2af3a776da9f16b4b (127.12.73.66:42867), 6c7feafc70dd4f48a8108ff527bfb368 (127.12.73.67:40179)
I20260709 12:08:53.056056 13448 tablet_service.cc:1917] Received RequestConsensusVote() RPC: tablet_id: "8e310daed4c0442eb449c57335b75f95" candidate_uuid: "52b416f0556c49f79b5a54205f3ff1ec" candidate_term: 2 candidate_status { last_received { term: 1 index: 1 } } ignore_live_leader: true dest_uuid: "6c7feafc70dd4f48a8108ff527bfb368"
I20260709 12:08:53.056223 13374 tablet_service.cc:1917] Received RequestConsensusVote() RPC: tablet_id: "8e310daed4c0442eb449c57335b75f95" candidate_uuid: "52b416f0556c49f79b5a54205f3ff1ec" candidate_term: 2 candidate_status { last_received { term: 1 index: 1 } } ignore_live_leader: true dest_uuid: "1f479b8fb69a42b2af3a776da9f16b4b"
I20260709 12:08:53.056555 13448 raft_consensus.cc:3055] T 8e310daed4c0442eb449c57335b75f95 P 6c7feafc70dd4f48a8108ff527bfb368 [term 1 LEADER]: Stepping down as leader of term 1
I20260709 12:08:53.056785 13374 raft_consensus.cc:3060] T 8e310daed4c0442eb449c57335b75f95 P 1f479b8fb69a42b2af3a776da9f16b4b [term 1 FOLLOWER]: Advancing to term 2
I20260709 12:08:53.056871 13448 raft_consensus.cc:740] T 8e310daed4c0442eb449c57335b75f95 P 6c7feafc70dd4f48a8108ff527bfb368 [term 1 LEADER]: Becoming Follower/Learner. State: Replica: 6c7feafc70dd4f48a8108ff527bfb368, State: Running, Role: LEADER
I20260709 12:08:53.057610 13448 consensus_queue.cc:260] T 8e310daed4c0442eb449c57335b75f95 P 6c7feafc70dd4f48a8108ff527bfb368 [NON_LEADER]: Queue going to NON_LEADER mode. State: All replicated index: 0, Majority replicated index: 1, Committed index: 1, Last appended: 1.1, Last appended by leader: 1, Current term: 1, Majority size: -1, State: 0, Mode: NON_LEADER, active raft config: opid_index: -1 OBSOLETE_local: false peers { permanent_uuid: "52b416f0556c49f79b5a54205f3ff1ec" member_type: VOTER last_known_addr { host: "127.12.73.65" port: 40913 } } peers { permanent_uuid: "1f479b8fb69a42b2af3a776da9f16b4b" member_type: VOTER last_known_addr { host: "127.12.73.66" port: 42867 } } peers { permanent_uuid: "6c7feafc70dd4f48a8108ff527bfb368" member_type: VOTER last_known_addr { host: "127.12.73.67" port: 40179 } }
I20260709 12:08:53.058624 13448 raft_consensus.cc:3060] T 8e310daed4c0442eb449c57335b75f95 P 6c7feafc70dd4f48a8108ff527bfb368 [term 1 FOLLOWER]: Advancing to term 2
I20260709 12:08:53.062026 13374 raft_consensus.cc:2468] T 8e310daed4c0442eb449c57335b75f95 P 1f479b8fb69a42b2af3a776da9f16b4b [term 2 FOLLOWER]: Leader election vote request: Granting yes vote for candidate 52b416f0556c49f79b5a54205f3ff1ec in term 2.
I20260709 12:08:53.063333 13263 leader_election.cc:304] T 8e310daed4c0442eb449c57335b75f95 P 52b416f0556c49f79b5a54205f3ff1ec [CANDIDATE]: Term 2 election: Election decided. Result: candidate won. Election summary: received 2 responses out of 3 voters: 2 yes votes; 0 no votes. yes voters: 1f479b8fb69a42b2af3a776da9f16b4b, 52b416f0556c49f79b5a54205f3ff1ec; no voters: 
I20260709 12:08:53.064160 13515 raft_consensus.cc:2804] T 8e310daed4c0442eb449c57335b75f95 P 52b416f0556c49f79b5a54205f3ff1ec [term 2 FOLLOWER]: Leader election won for term 2
I20260709 12:08:53.064116 13448 raft_consensus.cc:2468] T 8e310daed4c0442eb449c57335b75f95 P 6c7feafc70dd4f48a8108ff527bfb368 [term 2 FOLLOWER]: Leader election vote request: Granting yes vote for candidate 52b416f0556c49f79b5a54205f3ff1ec in term 2.
I20260709 12:08:53.064707 13515 raft_consensus.cc:697] T 8e310daed4c0442eb449c57335b75f95 P 52b416f0556c49f79b5a54205f3ff1ec [term 2 LEADER]: Becoming Leader. State: Replica: 52b416f0556c49f79b5a54205f3ff1ec, State: Running, Role: LEADER
I20260709 12:08:53.065531 13515 consensus_queue.cc:237] T 8e310daed4c0442eb449c57335b75f95 P 52b416f0556c49f79b5a54205f3ff1ec [LEADER]: Queue going to LEADER mode. State: All replicated index: 0, Majority replicated index: 1, Committed index: 1, Last appended: 1.1, Last appended by leader: 1, Current term: 2, Majority size: 2, State: 0, Mode: LEADER, active raft config: opid_index: -1 OBSOLETE_local: false peers { permanent_uuid: "52b416f0556c49f79b5a54205f3ff1ec" member_type: VOTER last_known_addr { host: "127.12.73.65" port: 40913 } } peers { permanent_uuid: "1f479b8fb69a42b2af3a776da9f16b4b" member_type: VOTER last_known_addr { host: "127.12.73.66" port: 42867 } } peers { permanent_uuid: "6c7feafc70dd4f48a8108ff527bfb368" member_type: VOTER last_known_addr { host: "127.12.73.67" port: 40179 } }
I20260709 12:08:53.071923 13196 catalog_manager.cc:5697] T 8e310daed4c0442eb449c57335b75f95 P 52b416f0556c49f79b5a54205f3ff1ec reported cstate change: term changed from 1 to 2, leader changed from 6c7feafc70dd4f48a8108ff527bfb368 (127.12.73.67) to 52b416f0556c49f79b5a54205f3ff1ec (127.12.73.65). New cstate: current_term: 2 leader_uuid: "52b416f0556c49f79b5a54205f3ff1ec" committed_config { opid_index: -1 OBSOLETE_local: false peers { permanent_uuid: "52b416f0556c49f79b5a54205f3ff1ec" member_type: VOTER last_known_addr { host: "127.12.73.65" port: 40913 } health_report { overall_health: HEALTHY } } peers { permanent_uuid: "1f479b8fb69a42b2af3a776da9f16b4b" member_type: VOTER last_known_addr { host: "127.12.73.66" port: 42867 } health_report { overall_health: UNKNOWN } } peers { permanent_uuid: "6c7feafc70dd4f48a8108ff527bfb368" member_type: VOTER last_known_addr { host: "127.12.73.67" port: 40179 } health_report { overall_health: UNKNOWN } } }
I20260709 12:08:53.113601 13533 raft_consensus.cc:993] T 53fbe11fc4264987b065e9c0d72eaf2f P 6c7feafc70dd4f48a8108ff527bfb368: : Instructing follower 52b416f0556c49f79b5a54205f3ff1ec to start an election
I20260709 12:08:53.114022 13509 raft_consensus.cc:1081] T 53fbe11fc4264987b065e9c0d72eaf2f P 6c7feafc70dd4f48a8108ff527bfb368 [term 1 LEADER]: Signalling peer 52b416f0556c49f79b5a54205f3ff1ec to start an election
I20260709 12:08:53.115569 13299 tablet_service.cc:2044] Received Run Leader Election RPC: tablet_id: "53fbe11fc4264987b065e9c0d72eaf2f"
dest_uuid: "52b416f0556c49f79b5a54205f3ff1ec"
 from {username='slave'} at 127.0.0.1:41128
I20260709 12:08:53.116127 13299 raft_consensus.cc:493] T 53fbe11fc4264987b065e9c0d72eaf2f P 52b416f0556c49f79b5a54205f3ff1ec [term 1 FOLLOWER]: Starting forced leader election (received explicit request)
I20260709 12:08:53.116405 13299 raft_consensus.cc:3060] T 53fbe11fc4264987b065e9c0d72eaf2f P 52b416f0556c49f79b5a54205f3ff1ec [term 1 FOLLOWER]: Advancing to term 2
I20260709 12:08:53.121224 13299 raft_consensus.cc:515] T 53fbe11fc4264987b065e9c0d72eaf2f P 52b416f0556c49f79b5a54205f3ff1ec [term 2 FOLLOWER]: Starting forced leader election with config: opid_index: -1 OBSOLETE_local: false peers { permanent_uuid: "6c7feafc70dd4f48a8108ff527bfb368" member_type: VOTER last_known_addr { host: "127.12.73.67" port: 40179 } } peers { permanent_uuid: "52b416f0556c49f79b5a54205f3ff1ec" member_type: VOTER last_known_addr { host: "127.12.73.65" port: 40913 } } peers { permanent_uuid: "1f479b8fb69a42b2af3a776da9f16b4b" member_type: VOTER last_known_addr { host: "127.12.73.66" port: 42867 } }
I20260709 12:08:53.122936 13299 leader_election.cc:290] T 53fbe11fc4264987b065e9c0d72eaf2f P 52b416f0556c49f79b5a54205f3ff1ec [CANDIDATE]: Term 2 election: Requested vote from peers 6c7feafc70dd4f48a8108ff527bfb368 (127.12.73.67:40179), 1f479b8fb69a42b2af3a776da9f16b4b (127.12.73.66:42867)
I20260709 12:08:53.123899 13448 tablet_service.cc:1917] Received RequestConsensusVote() RPC: tablet_id: "53fbe11fc4264987b065e9c0d72eaf2f" candidate_uuid: "52b416f0556c49f79b5a54205f3ff1ec" candidate_term: 2 candidate_status { last_received { term: 1 index: 1 } } ignore_live_leader: true dest_uuid: "6c7feafc70dd4f48a8108ff527bfb368"
I20260709 12:08:53.123960 13374 tablet_service.cc:1917] Received RequestConsensusVote() RPC: tablet_id: "53fbe11fc4264987b065e9c0d72eaf2f" candidate_uuid: "52b416f0556c49f79b5a54205f3ff1ec" candidate_term: 2 candidate_status { last_received { term: 1 index: 1 } } ignore_live_leader: true dest_uuid: "1f479b8fb69a42b2af3a776da9f16b4b"
I20260709 12:08:53.124606 13448 raft_consensus.cc:3055] T 53fbe11fc4264987b065e9c0d72eaf2f P 6c7feafc70dd4f48a8108ff527bfb368 [term 1 LEADER]: Stepping down as leader of term 1
I20260709 12:08:53.124687 13374 raft_consensus.cc:3060] T 53fbe11fc4264987b065e9c0d72eaf2f P 1f479b8fb69a42b2af3a776da9f16b4b [term 1 FOLLOWER]: Advancing to term 2
I20260709 12:08:53.124945 13448 raft_consensus.cc:740] T 53fbe11fc4264987b065e9c0d72eaf2f P 6c7feafc70dd4f48a8108ff527bfb368 [term 1 LEADER]: Becoming Follower/Learner. State: Replica: 6c7feafc70dd4f48a8108ff527bfb368, State: Running, Role: LEADER
I20260709 12:08:53.125664 13448 consensus_queue.cc:260] T 53fbe11fc4264987b065e9c0d72eaf2f P 6c7feafc70dd4f48a8108ff527bfb368 [NON_LEADER]: Queue going to NON_LEADER mode. State: All replicated index: 0, Majority replicated index: 1, Committed index: 1, Last appended: 1.1, Last appended by leader: 1, Current term: 1, Majority size: -1, State: 0, Mode: NON_LEADER, active raft config: opid_index: -1 OBSOLETE_local: false peers { permanent_uuid: "6c7feafc70dd4f48a8108ff527bfb368" member_type: VOTER last_known_addr { host: "127.12.73.67" port: 40179 } } peers { permanent_uuid: "52b416f0556c49f79b5a54205f3ff1ec" member_type: VOTER last_known_addr { host: "127.12.73.65" port: 40913 } } peers { permanent_uuid: "1f479b8fb69a42b2af3a776da9f16b4b" member_type: VOTER last_known_addr { host: "127.12.73.66" port: 42867 } }
I20260709 12:08:53.126641 13448 raft_consensus.cc:3060] T 53fbe11fc4264987b065e9c0d72eaf2f P 6c7feafc70dd4f48a8108ff527bfb368 [term 1 FOLLOWER]: Advancing to term 2
I20260709 12:08:53.129668 13374 raft_consensus.cc:2468] T 53fbe11fc4264987b065e9c0d72eaf2f P 1f479b8fb69a42b2af3a776da9f16b4b [term 2 FOLLOWER]: Leader election vote request: Granting yes vote for candidate 52b416f0556c49f79b5a54205f3ff1ec in term 2.
I20260709 12:08:53.131150 13263 leader_election.cc:304] T 53fbe11fc4264987b065e9c0d72eaf2f P 52b416f0556c49f79b5a54205f3ff1ec [CANDIDATE]: Term 2 election: Election decided. Result: candidate won. Election summary: received 2 responses out of 3 voters: 2 yes votes; 0 no votes. yes voters: 1f479b8fb69a42b2af3a776da9f16b4b, 52b416f0556c49f79b5a54205f3ff1ec; no voters: 
I20260709 12:08:53.131346 13448 raft_consensus.cc:2468] T 53fbe11fc4264987b065e9c0d72eaf2f P 6c7feafc70dd4f48a8108ff527bfb368 [term 2 FOLLOWER]: Leader election vote request: Granting yes vote for candidate 52b416f0556c49f79b5a54205f3ff1ec in term 2.
I20260709 12:08:53.131855 13515 raft_consensus.cc:2804] T 53fbe11fc4264987b065e9c0d72eaf2f P 52b416f0556c49f79b5a54205f3ff1ec [term 2 FOLLOWER]: Leader election won for term 2
I20260709 12:08:53.132349 13515 raft_consensus.cc:697] T 53fbe11fc4264987b065e9c0d72eaf2f P 52b416f0556c49f79b5a54205f3ff1ec [term 2 LEADER]: Becoming Leader. State: Replica: 52b416f0556c49f79b5a54205f3ff1ec, State: Running, Role: LEADER
I20260709 12:08:53.133127 13515 consensus_queue.cc:237] T 53fbe11fc4264987b065e9c0d72eaf2f P 52b416f0556c49f79b5a54205f3ff1ec [LEADER]: Queue going to LEADER mode. State: All replicated index: 0, Majority replicated index: 1, Committed index: 1, Last appended: 1.1, Last appended by leader: 1, Current term: 2, Majority size: 2, State: 0, Mode: LEADER, active raft config: opid_index: -1 OBSOLETE_local: false peers { permanent_uuid: "6c7feafc70dd4f48a8108ff527bfb368" member_type: VOTER last_known_addr { host: "127.12.73.67" port: 40179 } } peers { permanent_uuid: "52b416f0556c49f79b5a54205f3ff1ec" member_type: VOTER last_known_addr { host: "127.12.73.65" port: 40913 } } peers { permanent_uuid: "1f479b8fb69a42b2af3a776da9f16b4b" member_type: VOTER last_known_addr { host: "127.12.73.66" port: 42867 } }
I20260709 12:08:53.139295 13196 catalog_manager.cc:5697] T 53fbe11fc4264987b065e9c0d72eaf2f P 52b416f0556c49f79b5a54205f3ff1ec reported cstate change: term changed from 1 to 2, leader changed from 6c7feafc70dd4f48a8108ff527bfb368 (127.12.73.67) to 52b416f0556c49f79b5a54205f3ff1ec (127.12.73.65). New cstate: current_term: 2 leader_uuid: "52b416f0556c49f79b5a54205f3ff1ec" committed_config { opid_index: -1 OBSOLETE_local: false peers { permanent_uuid: "6c7feafc70dd4f48a8108ff527bfb368" member_type: VOTER last_known_addr { host: "127.12.73.67" port: 40179 } health_report { overall_health: UNKNOWN } } peers { permanent_uuid: "52b416f0556c49f79b5a54205f3ff1ec" member_type: VOTER last_known_addr { host: "127.12.73.65" port: 40913 } health_report { overall_health: HEALTHY } } peers { permanent_uuid: "1f479b8fb69a42b2af3a776da9f16b4b" member_type: VOTER last_known_addr { host: "127.12.73.66" port: 42867 } health_report { overall_health: UNKNOWN } } }
I20260709 12:08:53.237775 13533 raft_consensus.cc:993] T 724dc322f87945e883996ac6bc2eac99 P 6c7feafc70dd4f48a8108ff527bfb368: : Instructing follower 1f479b8fb69a42b2af3a776da9f16b4b to start an election
I20260709 12:08:53.238229 13533 raft_consensus.cc:1081] T 724dc322f87945e883996ac6bc2eac99 P 6c7feafc70dd4f48a8108ff527bfb368 [term 1 LEADER]: Signalling peer 1f479b8fb69a42b2af3a776da9f16b4b to start an election
I20260709 12:08:53.239737 13373 tablet_service.cc:2044] Received Run Leader Election RPC: tablet_id: "724dc322f87945e883996ac6bc2eac99"
dest_uuid: "1f479b8fb69a42b2af3a776da9f16b4b"
 from {username='slave'} at 127.0.0.1:55370
I20260709 12:08:53.240303 13373 raft_consensus.cc:493] T 724dc322f87945e883996ac6bc2eac99 P 1f479b8fb69a42b2af3a776da9f16b4b [term 1 FOLLOWER]: Starting forced leader election (received explicit request)
I20260709 12:08:53.240679 13373 raft_consensus.cc:3060] T 724dc322f87945e883996ac6bc2eac99 P 1f479b8fb69a42b2af3a776da9f16b4b [term 1 FOLLOWER]: Advancing to term 2
I20260709 12:08:53.245765 13373 raft_consensus.cc:515] T 724dc322f87945e883996ac6bc2eac99 P 1f479b8fb69a42b2af3a776da9f16b4b [term 2 FOLLOWER]: Starting forced leader election with config: opid_index: -1 OBSOLETE_local: false peers { permanent_uuid: "52b416f0556c49f79b5a54205f3ff1ec" member_type: VOTER last_known_addr { host: "127.12.73.65" port: 40913 } } peers { permanent_uuid: "1f479b8fb69a42b2af3a776da9f16b4b" member_type: VOTER last_known_addr { host: "127.12.73.66" port: 42867 } } peers { permanent_uuid: "6c7feafc70dd4f48a8108ff527bfb368" member_type: VOTER last_known_addr { host: "127.12.73.67" port: 40179 } }
I20260709 12:08:53.247587 13373 leader_election.cc:290] T 724dc322f87945e883996ac6bc2eac99 P 1f479b8fb69a42b2af3a776da9f16b4b [CANDIDATE]: Term 2 election: Requested vote from peers 52b416f0556c49f79b5a54205f3ff1ec (127.12.73.65:40913), 6c7feafc70dd4f48a8108ff527bfb368 (127.12.73.67:40179)
I20260709 12:08:53.248435 13299 tablet_service.cc:1917] Received RequestConsensusVote() RPC: tablet_id: "724dc322f87945e883996ac6bc2eac99" candidate_uuid: "1f479b8fb69a42b2af3a776da9f16b4b" candidate_term: 2 candidate_status { last_received { term: 1 index: 1 } } ignore_live_leader: true dest_uuid: "52b416f0556c49f79b5a54205f3ff1ec"
I20260709 12:08:53.248668 13448 tablet_service.cc:1917] Received RequestConsensusVote() RPC: tablet_id: "724dc322f87945e883996ac6bc2eac99" candidate_uuid: "1f479b8fb69a42b2af3a776da9f16b4b" candidate_term: 2 candidate_status { last_received { term: 1 index: 1 } } ignore_live_leader: true dest_uuid: "6c7feafc70dd4f48a8108ff527bfb368"
I20260709 12:08:53.248958 13299 raft_consensus.cc:3060] T 724dc322f87945e883996ac6bc2eac99 P 52b416f0556c49f79b5a54205f3ff1ec [term 1 FOLLOWER]: Advancing to term 2
I20260709 12:08:53.249176 13448 raft_consensus.cc:3055] T 724dc322f87945e883996ac6bc2eac99 P 6c7feafc70dd4f48a8108ff527bfb368 [term 1 LEADER]: Stepping down as leader of term 1
I20260709 12:08:53.249481 13448 raft_consensus.cc:740] T 724dc322f87945e883996ac6bc2eac99 P 6c7feafc70dd4f48a8108ff527bfb368 [term 1 LEADER]: Becoming Follower/Learner. State: Replica: 6c7feafc70dd4f48a8108ff527bfb368, State: Running, Role: LEADER
I20260709 12:08:53.250350 13448 consensus_queue.cc:260] T 724dc322f87945e883996ac6bc2eac99 P 6c7feafc70dd4f48a8108ff527bfb368 [NON_LEADER]: Queue going to NON_LEADER mode. State: All replicated index: 0, Majority replicated index: 1, Committed index: 1, Last appended: 1.1, Last appended by leader: 1, Current term: 1, Majority size: -1, State: 0, Mode: NON_LEADER, active raft config: opid_index: -1 OBSOLETE_local: false peers { permanent_uuid: "52b416f0556c49f79b5a54205f3ff1ec" member_type: VOTER last_known_addr { host: "127.12.73.65" port: 40913 } } peers { permanent_uuid: "1f479b8fb69a42b2af3a776da9f16b4b" member_type: VOTER last_known_addr { host: "127.12.73.66" port: 42867 } } peers { permanent_uuid: "6c7feafc70dd4f48a8108ff527bfb368" member_type: VOTER last_known_addr { host: "127.12.73.67" port: 40179 } }
I20260709 12:08:53.251271 13448 raft_consensus.cc:3060] T 724dc322f87945e883996ac6bc2eac99 P 6c7feafc70dd4f48a8108ff527bfb368 [term 1 FOLLOWER]: Advancing to term 2
I20260709 12:08:53.254488 13299 raft_consensus.cc:2468] T 724dc322f87945e883996ac6bc2eac99 P 52b416f0556c49f79b5a54205f3ff1ec [term 2 FOLLOWER]: Leader election vote request: Granting yes vote for candidate 1f479b8fb69a42b2af3a776da9f16b4b in term 2.
I20260709 12:08:53.255772 13340 leader_election.cc:304] T 724dc322f87945e883996ac6bc2eac99 P 1f479b8fb69a42b2af3a776da9f16b4b [CANDIDATE]: Term 2 election: Election decided. Result: candidate won. Election summary: received 2 responses out of 3 voters: 2 yes votes; 0 no votes. yes voters: 1f479b8fb69a42b2af3a776da9f16b4b, 52b416f0556c49f79b5a54205f3ff1ec; no voters: 
I20260709 12:08:53.256587 13543 raft_consensus.cc:2804] T 724dc322f87945e883996ac6bc2eac99 P 1f479b8fb69a42b2af3a776da9f16b4b [term 2 FOLLOWER]: Leader election won for term 2
I20260709 12:08:53.256968 13543 raft_consensus.cc:697] T 724dc322f87945e883996ac6bc2eac99 P 1f479b8fb69a42b2af3a776da9f16b4b [term 2 LEADER]: Becoming Leader. State: Replica: 1f479b8fb69a42b2af3a776da9f16b4b, State: Running, Role: LEADER
I20260709 12:08:53.257222 13448 raft_consensus.cc:2468] T 724dc322f87945e883996ac6bc2eac99 P 6c7feafc70dd4f48a8108ff527bfb368 [term 2 FOLLOWER]: Leader election vote request: Granting yes vote for candidate 1f479b8fb69a42b2af3a776da9f16b4b in term 2.
I20260709 12:08:53.257705 13543 consensus_queue.cc:237] T 724dc322f87945e883996ac6bc2eac99 P 1f479b8fb69a42b2af3a776da9f16b4b [LEADER]: Queue going to LEADER mode. State: All replicated index: 0, Majority replicated index: 1, Committed index: 1, Last appended: 1.1, Last appended by leader: 1, Current term: 2, Majority size: 2, State: 0, Mode: LEADER, active raft config: opid_index: -1 OBSOLETE_local: false peers { permanent_uuid: "52b416f0556c49f79b5a54205f3ff1ec" member_type: VOTER last_known_addr { host: "127.12.73.65" port: 40913 } } peers { permanent_uuid: "1f479b8fb69a42b2af3a776da9f16b4b" member_type: VOTER last_known_addr { host: "127.12.73.66" port: 42867 } } peers { permanent_uuid: "6c7feafc70dd4f48a8108ff527bfb368" member_type: VOTER last_known_addr { host: "127.12.73.67" port: 40179 } }
I20260709 12:08:53.264183 13196 catalog_manager.cc:5697] T 724dc322f87945e883996ac6bc2eac99 P 1f479b8fb69a42b2af3a776da9f16b4b reported cstate change: term changed from 1 to 2, leader changed from 6c7feafc70dd4f48a8108ff527bfb368 (127.12.73.67) to 1f479b8fb69a42b2af3a776da9f16b4b (127.12.73.66). New cstate: current_term: 2 leader_uuid: "1f479b8fb69a42b2af3a776da9f16b4b" committed_config { opid_index: -1 OBSOLETE_local: false peers { permanent_uuid: "52b416f0556c49f79b5a54205f3ff1ec" member_type: VOTER last_known_addr { host: "127.12.73.65" port: 40913 } health_report { overall_health: UNKNOWN } } peers { permanent_uuid: "1f479b8fb69a42b2af3a776da9f16b4b" member_type: VOTER last_known_addr { host: "127.12.73.66" port: 42867 } health_report { overall_health: HEALTHY } } peers { permanent_uuid: "6c7feafc70dd4f48a8108ff527bfb368" member_type: VOTER last_known_addr { host: "127.12.73.67" port: 40179 } health_report { overall_health: UNKNOWN } } }
I20260709 12:08:53.289791 13509 raft_consensus.cc:993] T f9db0fe42d2849a599e42f2b65f6b644 P 6c7feafc70dd4f48a8108ff527bfb368: : Instructing follower 1f479b8fb69a42b2af3a776da9f16b4b to start an election
I20260709 12:08:53.290321 13533 raft_consensus.cc:1081] T f9db0fe42d2849a599e42f2b65f6b644 P 6c7feafc70dd4f48a8108ff527bfb368 [term 1 LEADER]: Signalling peer 1f479b8fb69a42b2af3a776da9f16b4b to start an election
I20260709 12:08:53.291873 13373 tablet_service.cc:2044] Received Run Leader Election RPC: tablet_id: "f9db0fe42d2849a599e42f2b65f6b644"
dest_uuid: "1f479b8fb69a42b2af3a776da9f16b4b"
 from {username='slave'} at 127.0.0.1:55370
I20260709 12:08:53.292357 13373 raft_consensus.cc:493] T f9db0fe42d2849a599e42f2b65f6b644 P 1f479b8fb69a42b2af3a776da9f16b4b [term 1 FOLLOWER]: Starting forced leader election (received explicit request)
I20260709 12:08:53.292734 13373 raft_consensus.cc:3060] T f9db0fe42d2849a599e42f2b65f6b644 P 1f479b8fb69a42b2af3a776da9f16b4b [term 1 FOLLOWER]: Advancing to term 2
I20260709 12:08:53.298910 13373 raft_consensus.cc:515] T f9db0fe42d2849a599e42f2b65f6b644 P 1f479b8fb69a42b2af3a776da9f16b4b [term 2 FOLLOWER]: Starting forced leader election with config: opid_index: -1 OBSOLETE_local: false peers { permanent_uuid: "52b416f0556c49f79b5a54205f3ff1ec" member_type: VOTER last_known_addr { host: "127.12.73.65" port: 40913 } } peers { permanent_uuid: "1f479b8fb69a42b2af3a776da9f16b4b" member_type: VOTER last_known_addr { host: "127.12.73.66" port: 42867 } } peers { permanent_uuid: "6c7feafc70dd4f48a8108ff527bfb368" member_type: VOTER last_known_addr { host: "127.12.73.67" port: 40179 } }
I20260709 12:08:53.300872 13373 leader_election.cc:290] T f9db0fe42d2849a599e42f2b65f6b644 P 1f479b8fb69a42b2af3a776da9f16b4b [CANDIDATE]: Term 2 election: Requested vote from peers 52b416f0556c49f79b5a54205f3ff1ec (127.12.73.65:40913), 6c7feafc70dd4f48a8108ff527bfb368 (127.12.73.67:40179)
I20260709 12:08:53.301755 13299 tablet_service.cc:1917] Received RequestConsensusVote() RPC: tablet_id: "f9db0fe42d2849a599e42f2b65f6b644" candidate_uuid: "1f479b8fb69a42b2af3a776da9f16b4b" candidate_term: 2 candidate_status { last_received { term: 1 index: 1 } } ignore_live_leader: true dest_uuid: "52b416f0556c49f79b5a54205f3ff1ec"
I20260709 12:08:53.302007 13448 tablet_service.cc:1917] Received RequestConsensusVote() RPC: tablet_id: "f9db0fe42d2849a599e42f2b65f6b644" candidate_uuid: "1f479b8fb69a42b2af3a776da9f16b4b" candidate_term: 2 candidate_status { last_received { term: 1 index: 1 } } ignore_live_leader: true dest_uuid: "6c7feafc70dd4f48a8108ff527bfb368"
I20260709 12:08:53.302412 13299 raft_consensus.cc:3060] T f9db0fe42d2849a599e42f2b65f6b644 P 52b416f0556c49f79b5a54205f3ff1ec [term 1 FOLLOWER]: Advancing to term 2
I20260709 12:08:53.302547 13448 raft_consensus.cc:3055] T f9db0fe42d2849a599e42f2b65f6b644 P 6c7feafc70dd4f48a8108ff527bfb368 [term 1 LEADER]: Stepping down as leader of term 1
I20260709 12:08:53.302896 13448 raft_consensus.cc:740] T f9db0fe42d2849a599e42f2b65f6b644 P 6c7feafc70dd4f48a8108ff527bfb368 [term 1 LEADER]: Becoming Follower/Learner. State: Replica: 6c7feafc70dd4f48a8108ff527bfb368, State: Running, Role: LEADER
I20260709 12:08:53.303810 13448 consensus_queue.cc:260] T f9db0fe42d2849a599e42f2b65f6b644 P 6c7feafc70dd4f48a8108ff527bfb368 [NON_LEADER]: Queue going to NON_LEADER mode. State: All replicated index: 0, Majority replicated index: 1, Committed index: 1, Last appended: 1.1, Last appended by leader: 1, Current term: 1, Majority size: -1, State: 0, Mode: NON_LEADER, active raft config: opid_index: -1 OBSOLETE_local: false peers { permanent_uuid: "52b416f0556c49f79b5a54205f3ff1ec" member_type: VOTER last_known_addr { host: "127.12.73.65" port: 40913 } } peers { permanent_uuid: "1f479b8fb69a42b2af3a776da9f16b4b" member_type: VOTER last_known_addr { host: "127.12.73.66" port: 42867 } } peers { permanent_uuid: "6c7feafc70dd4f48a8108ff527bfb368" member_type: VOTER last_known_addr { host: "127.12.73.67" port: 40179 } }
I20260709 12:08:53.305109 13448 raft_consensus.cc:3060] T f9db0fe42d2849a599e42f2b65f6b644 P 6c7feafc70dd4f48a8108ff527bfb368 [term 1 FOLLOWER]: Advancing to term 2
I20260709 12:08:53.309674 13299 raft_consensus.cc:2468] T f9db0fe42d2849a599e42f2b65f6b644 P 52b416f0556c49f79b5a54205f3ff1ec [term 2 FOLLOWER]: Leader election vote request: Granting yes vote for candidate 1f479b8fb69a42b2af3a776da9f16b4b in term 2.
I20260709 12:08:53.311134 13340 leader_election.cc:304] T f9db0fe42d2849a599e42f2b65f6b644 P 1f479b8fb69a42b2af3a776da9f16b4b [CANDIDATE]: Term 2 election: Election decided. Result: candidate won. Election summary: received 2 responses out of 3 voters: 2 yes votes; 0 no votes. yes voters: 1f479b8fb69a42b2af3a776da9f16b4b, 52b416f0556c49f79b5a54205f3ff1ec; no voters: 
I20260709 12:08:53.311848 13543 raft_consensus.cc:2804] T f9db0fe42d2849a599e42f2b65f6b644 P 1f479b8fb69a42b2af3a776da9f16b4b [term 2 FOLLOWER]: Leader election won for term 2
I20260709 12:08:53.311933 13448 raft_consensus.cc:2468] T f9db0fe42d2849a599e42f2b65f6b644 P 6c7feafc70dd4f48a8108ff527bfb368 [term 2 FOLLOWER]: Leader election vote request: Granting yes vote for candidate 1f479b8fb69a42b2af3a776da9f16b4b in term 2.
I20260709 12:08:53.312444 13543 raft_consensus.cc:697] T f9db0fe42d2849a599e42f2b65f6b644 P 1f479b8fb69a42b2af3a776da9f16b4b [term 2 LEADER]: Becoming Leader. State: Replica: 1f479b8fb69a42b2af3a776da9f16b4b, State: Running, Role: LEADER
I20260709 12:08:53.313035 13509 raft_consensus.cc:993] T 89e5479917be4294b0ce22c031df9698 P 6c7feafc70dd4f48a8108ff527bfb368: : Instructing follower 52b416f0556c49f79b5a54205f3ff1ec to start an election
I20260709 12:08:53.313485 13509 raft_consensus.cc:1081] T 89e5479917be4294b0ce22c031df9698 P 6c7feafc70dd4f48a8108ff527bfb368 [term 1 LEADER]: Signalling peer 52b416f0556c49f79b5a54205f3ff1ec to start an election
I20260709 12:08:53.313416 13543 consensus_queue.cc:237] T f9db0fe42d2849a599e42f2b65f6b644 P 1f479b8fb69a42b2af3a776da9f16b4b [LEADER]: Queue going to LEADER mode. State: All replicated index: 0, Majority replicated index: 1, Committed index: 1, Last appended: 1.1, Last appended by leader: 1, Current term: 2, Majority size: 2, State: 0, Mode: LEADER, active raft config: opid_index: -1 OBSOLETE_local: false peers { permanent_uuid: "52b416f0556c49f79b5a54205f3ff1ec" member_type: VOTER last_known_addr { host: "127.12.73.65" port: 40913 } } peers { permanent_uuid: "1f479b8fb69a42b2af3a776da9f16b4b" member_type: VOTER last_known_addr { host: "127.12.73.66" port: 42867 } } peers { permanent_uuid: "6c7feafc70dd4f48a8108ff527bfb368" member_type: VOTER last_known_addr { host: "127.12.73.67" port: 40179 } }
I20260709 12:08:53.315322 13299 tablet_service.cc:2044] Received Run Leader Election RPC: tablet_id: "89e5479917be4294b0ce22c031df9698"
dest_uuid: "52b416f0556c49f79b5a54205f3ff1ec"
 from {username='slave'} at 127.0.0.1:41128
I20260709 12:08:53.315793 13299 raft_consensus.cc:493] T 89e5479917be4294b0ce22c031df9698 P 52b416f0556c49f79b5a54205f3ff1ec [term 1 FOLLOWER]: Starting forced leader election (received explicit request)
I20260709 12:08:53.316061 13299 raft_consensus.cc:3060] T 89e5479917be4294b0ce22c031df9698 P 52b416f0556c49f79b5a54205f3ff1ec [term 1 FOLLOWER]: Advancing to term 2
I20260709 12:08:53.320848 13196 catalog_manager.cc:5697] T f9db0fe42d2849a599e42f2b65f6b644 P 1f479b8fb69a42b2af3a776da9f16b4b reported cstate change: term changed from 1 to 2, leader changed from 6c7feafc70dd4f48a8108ff527bfb368 (127.12.73.67) to 1f479b8fb69a42b2af3a776da9f16b4b (127.12.73.66). New cstate: current_term: 2 leader_uuid: "1f479b8fb69a42b2af3a776da9f16b4b" committed_config { opid_index: -1 OBSOLETE_local: false peers { permanent_uuid: "52b416f0556c49f79b5a54205f3ff1ec" member_type: VOTER last_known_addr { host: "127.12.73.65" port: 40913 } health_report { overall_health: UNKNOWN } } peers { permanent_uuid: "1f479b8fb69a42b2af3a776da9f16b4b" member_type: VOTER last_known_addr { host: "127.12.73.66" port: 42867 } health_report { overall_health: HEALTHY } } peers { permanent_uuid: "6c7feafc70dd4f48a8108ff527bfb368" member_type: VOTER last_known_addr { host: "127.12.73.67" port: 40179 } health_report { overall_health: UNKNOWN } } }
I20260709 12:08:53.322672 13299 raft_consensus.cc:515] T 89e5479917be4294b0ce22c031df9698 P 52b416f0556c49f79b5a54205f3ff1ec [term 2 FOLLOWER]: Starting forced leader election with config: opid_index: -1 OBSOLETE_local: false peers { permanent_uuid: "52b416f0556c49f79b5a54205f3ff1ec" member_type: VOTER last_known_addr { host: "127.12.73.65" port: 40913 } } peers { permanent_uuid: "1f479b8fb69a42b2af3a776da9f16b4b" member_type: VOTER last_known_addr { host: "127.12.73.66" port: 42867 } } peers { permanent_uuid: "6c7feafc70dd4f48a8108ff527bfb368" member_type: VOTER last_known_addr { host: "127.12.73.67" port: 40179 } }
I20260709 12:08:53.324568 13299 leader_election.cc:290] T 89e5479917be4294b0ce22c031df9698 P 52b416f0556c49f79b5a54205f3ff1ec [CANDIDATE]: Term 2 election: Requested vote from peers 1f479b8fb69a42b2af3a776da9f16b4b (127.12.73.66:42867), 6c7feafc70dd4f48a8108ff527bfb368 (127.12.73.67:40179)
I20260709 12:08:53.325673 13373 tablet_service.cc:1917] Received RequestConsensusVote() RPC: tablet_id: "89e5479917be4294b0ce22c031df9698" candidate_uuid: "52b416f0556c49f79b5a54205f3ff1ec" candidate_term: 2 candidate_status { last_received { term: 1 index: 1 } } ignore_live_leader: true dest_uuid: "1f479b8fb69a42b2af3a776da9f16b4b"
I20260709 12:08:53.325802 13448 tablet_service.cc:1917] Received RequestConsensusVote() RPC: tablet_id: "89e5479917be4294b0ce22c031df9698" candidate_uuid: "52b416f0556c49f79b5a54205f3ff1ec" candidate_term: 2 candidate_status { last_received { term: 1 index: 1 } } ignore_live_leader: true dest_uuid: "6c7feafc70dd4f48a8108ff527bfb368"
I20260709 12:08:53.326372 13373 raft_consensus.cc:3060] T 89e5479917be4294b0ce22c031df9698 P 1f479b8fb69a42b2af3a776da9f16b4b [term 1 FOLLOWER]: Advancing to term 2
I20260709 12:08:53.326474 13448 raft_consensus.cc:3055] T 89e5479917be4294b0ce22c031df9698 P 6c7feafc70dd4f48a8108ff527bfb368 [term 1 LEADER]: Stepping down as leader of term 1
I20260709 12:08:53.327075 13448 raft_consensus.cc:740] T 89e5479917be4294b0ce22c031df9698 P 6c7feafc70dd4f48a8108ff527bfb368 [term 1 LEADER]: Becoming Follower/Learner. State: Replica: 6c7feafc70dd4f48a8108ff527bfb368, State: Running, Role: LEADER
I20260709 12:08:53.327886 13448 consensus_queue.cc:260] T 89e5479917be4294b0ce22c031df9698 P 6c7feafc70dd4f48a8108ff527bfb368 [NON_LEADER]: Queue going to NON_LEADER mode. State: All replicated index: 0, Majority replicated index: 1, Committed index: 1, Last appended: 1.1, Last appended by leader: 1, Current term: 1, Majority size: -1, State: 0, Mode: NON_LEADER, active raft config: opid_index: -1 OBSOLETE_local: false peers { permanent_uuid: "52b416f0556c49f79b5a54205f3ff1ec" member_type: VOTER last_known_addr { host: "127.12.73.65" port: 40913 } } peers { permanent_uuid: "1f479b8fb69a42b2af3a776da9f16b4b" member_type: VOTER last_known_addr { host: "127.12.73.66" port: 42867 } } peers { permanent_uuid: "6c7feafc70dd4f48a8108ff527bfb368" member_type: VOTER last_known_addr { host: "127.12.73.67" port: 40179 } }
I20260709 12:08:53.328888 13448 raft_consensus.cc:3060] T 89e5479917be4294b0ce22c031df9698 P 6c7feafc70dd4f48a8108ff527bfb368 [term 1 FOLLOWER]: Advancing to term 2
I20260709 12:08:53.332383 13373 raft_consensus.cc:2468] T 89e5479917be4294b0ce22c031df9698 P 1f479b8fb69a42b2af3a776da9f16b4b [term 2 FOLLOWER]: Leader election vote request: Granting yes vote for candidate 52b416f0556c49f79b5a54205f3ff1ec in term 2.
I20260709 12:08:53.333487 13263 leader_election.cc:304] T 89e5479917be4294b0ce22c031df9698 P 52b416f0556c49f79b5a54205f3ff1ec [CANDIDATE]: Term 2 election: Election decided. Result: candidate won. Election summary: received 2 responses out of 3 voters: 2 yes votes; 0 no votes. yes voters: 1f479b8fb69a42b2af3a776da9f16b4b, 52b416f0556c49f79b5a54205f3ff1ec; no voters: 
I20260709 12:08:53.335759 13515 raft_consensus.cc:2804] T 89e5479917be4294b0ce22c031df9698 P 52b416f0556c49f79b5a54205f3ff1ec [term 2 FOLLOWER]: Leader election won for term 2
I20260709 12:08:53.336086 13448 raft_consensus.cc:2468] T 89e5479917be4294b0ce22c031df9698 P 6c7feafc70dd4f48a8108ff527bfb368 [term 2 FOLLOWER]: Leader election vote request: Granting yes vote for candidate 52b416f0556c49f79b5a54205f3ff1ec in term 2.
I20260709 12:08:53.336265 13515 raft_consensus.cc:697] T 89e5479917be4294b0ce22c031df9698 P 52b416f0556c49f79b5a54205f3ff1ec [term 2 LEADER]: Becoming Leader. State: Replica: 52b416f0556c49f79b5a54205f3ff1ec, State: Running, Role: LEADER
I20260709 12:08:53.337153 13515 consensus_queue.cc:237] T 89e5479917be4294b0ce22c031df9698 P 52b416f0556c49f79b5a54205f3ff1ec [LEADER]: Queue going to LEADER mode. State: All replicated index: 0, Majority replicated index: 1, Committed index: 1, Last appended: 1.1, Last appended by leader: 1, Current term: 2, Majority size: 2, State: 0, Mode: LEADER, active raft config: opid_index: -1 OBSOLETE_local: false peers { permanent_uuid: "52b416f0556c49f79b5a54205f3ff1ec" member_type: VOTER last_known_addr { host: "127.12.73.65" port: 40913 } } peers { permanent_uuid: "1f479b8fb69a42b2af3a776da9f16b4b" member_type: VOTER last_known_addr { host: "127.12.73.66" port: 42867 } } peers { permanent_uuid: "6c7feafc70dd4f48a8108ff527bfb368" member_type: VOTER last_known_addr { host: "127.12.73.67" port: 40179 } }
I20260709 12:08:53.343703 13196 catalog_manager.cc:5697] T 89e5479917be4294b0ce22c031df9698 P 52b416f0556c49f79b5a54205f3ff1ec reported cstate change: term changed from 1 to 2, leader changed from 6c7feafc70dd4f48a8108ff527bfb368 (127.12.73.67) to 52b416f0556c49f79b5a54205f3ff1ec (127.12.73.65). New cstate: current_term: 2 leader_uuid: "52b416f0556c49f79b5a54205f3ff1ec" committed_config { opid_index: -1 OBSOLETE_local: false peers { permanent_uuid: "52b416f0556c49f79b5a54205f3ff1ec" member_type: VOTER last_known_addr { host: "127.12.73.65" port: 40913 } health_report { overall_health: HEALTHY } } peers { permanent_uuid: "1f479b8fb69a42b2af3a776da9f16b4b" member_type: VOTER last_known_addr { host: "127.12.73.66" port: 42867 } health_report { overall_health: UNKNOWN } } peers { permanent_uuid: "6c7feafc70dd4f48a8108ff527bfb368" member_type: VOTER last_known_addr { host: "127.12.73.67" port: 40179 } health_report { overall_health: UNKNOWN } } }
I20260709 12:08:53.438758 13299 raft_consensus.cc:1275] T 4e61aa900ac74bfcb02242b72e849591 P 52b416f0556c49f79b5a54205f3ff1ec [term 2 FOLLOWER]: Refusing update from remote peer 1f479b8fb69a42b2af3a776da9f16b4b: Log matching property violated. Preceding OpId in replica: term: 1 index: 1. Preceding OpId from leader: term: 2 index: 2. (index mismatch)
I20260709 12:08:53.440016 13543 consensus_queue.cc:1048] T 4e61aa900ac74bfcb02242b72e849591 P 1f479b8fb69a42b2af3a776da9f16b4b [LEADER]: Connected to new peer: Peer: permanent_uuid: "52b416f0556c49f79b5a54205f3ff1ec" member_type: VOTER last_known_addr { host: "127.12.73.65" port: 40913 }, Status: LMP_MISMATCH, Last received: 0.0, Next index: 2, Last known committed idx: 1, Time since last communication: 0.000s
I20260709 12:08:53.448599 13448 raft_consensus.cc:1275] T 4e61aa900ac74bfcb02242b72e849591 P 6c7feafc70dd4f48a8108ff527bfb368 [term 2 FOLLOWER]: Refusing update from remote peer 1f479b8fb69a42b2af3a776da9f16b4b: Log matching property violated. Preceding OpId in replica: term: 1 index: 1. Preceding OpId from leader: term: 2 index: 2. (index mismatch)
I20260709 12:08:53.450229 13571 consensus_queue.cc:1048] T 4e61aa900ac74bfcb02242b72e849591 P 1f479b8fb69a42b2af3a776da9f16b4b [LEADER]: Connected to new peer: Peer: permanent_uuid: "6c7feafc70dd4f48a8108ff527bfb368" member_type: VOTER last_known_addr { host: "127.12.73.67" port: 40179 }, Status: LMP_MISMATCH, Last received: 0.0, Next index: 2, Last known committed idx: 1, Time since last communication: 0.001s
I20260709 12:08:53.469720 13448 raft_consensus.cc:1275] T 8e310daed4c0442eb449c57335b75f95 P 6c7feafc70dd4f48a8108ff527bfb368 [term 2 FOLLOWER]: Refusing update from remote peer 52b416f0556c49f79b5a54205f3ff1ec: Log matching property violated. Preceding OpId in replica: term: 1 index: 1. Preceding OpId from leader: term: 2 index: 2. (index mismatch)
I20260709 12:08:53.471026 13515 consensus_queue.cc:1048] T 8e310daed4c0442eb449c57335b75f95 P 52b416f0556c49f79b5a54205f3ff1ec [LEADER]: Connected to new peer: Peer: permanent_uuid: "6c7feafc70dd4f48a8108ff527bfb368" member_type: VOTER last_known_addr { host: "127.12.73.67" port: 40179 }, Status: LMP_MISMATCH, Last received: 0.0, Next index: 2, Last known committed idx: 1, Time since last communication: 0.000s
I20260709 12:08:53.479040 13373 raft_consensus.cc:1275] T 8e310daed4c0442eb449c57335b75f95 P 1f479b8fb69a42b2af3a776da9f16b4b [term 2 FOLLOWER]: Refusing update from remote peer 52b416f0556c49f79b5a54205f3ff1ec: Log matching property violated. Preceding OpId in replica: term: 1 index: 1. Preceding OpId from leader: term: 2 index: 2. (index mismatch)
I20260709 12:08:53.480660 13511 consensus_queue.cc:1048] T 8e310daed4c0442eb449c57335b75f95 P 52b416f0556c49f79b5a54205f3ff1ec [LEADER]: Connected to new peer: Peer: permanent_uuid: "1f479b8fb69a42b2af3a776da9f16b4b" member_type: VOTER last_known_addr { host: "127.12.73.66" port: 42867 }, Status: LMP_MISMATCH, Last received: 0.0, Next index: 2, Last known committed idx: 1, Time since last communication: 0.000s
I20260709 12:08:53.645313 13373 raft_consensus.cc:1275] T 53fbe11fc4264987b065e9c0d72eaf2f P 1f479b8fb69a42b2af3a776da9f16b4b [term 2 FOLLOWER]: Refusing update from remote peer 52b416f0556c49f79b5a54205f3ff1ec: Log matching property violated. Preceding OpId in replica: term: 1 index: 1. Preceding OpId from leader: term: 2 index: 2. (index mismatch)
I20260709 12:08:53.646658 13511 consensus_queue.cc:1048] T 53fbe11fc4264987b065e9c0d72eaf2f P 52b416f0556c49f79b5a54205f3ff1ec [LEADER]: Connected to new peer: Peer: permanent_uuid: "1f479b8fb69a42b2af3a776da9f16b4b" member_type: VOTER last_known_addr { host: "127.12.73.66" port: 42867 }, Status: LMP_MISMATCH, Last received: 0.0, Next index: 2, Last known committed idx: 1, Time since last communication: 0.000s
I20260709 12:08:53.659724 13448 raft_consensus.cc:1275] T 53fbe11fc4264987b065e9c0d72eaf2f P 6c7feafc70dd4f48a8108ff527bfb368 [term 2 FOLLOWER]: Refusing update from remote peer 52b416f0556c49f79b5a54205f3ff1ec: Log matching property violated. Preceding OpId in replica: term: 1 index: 1. Preceding OpId from leader: term: 2 index: 2. (index mismatch)
I20260709 12:08:53.659729 13299 raft_consensus.cc:1275] T 724dc322f87945e883996ac6bc2eac99 P 52b416f0556c49f79b5a54205f3ff1ec [term 2 FOLLOWER]: Refusing update from remote peer 1f479b8fb69a42b2af3a776da9f16b4b: Log matching property violated. Preceding OpId in replica: term: 1 index: 1. Preceding OpId from leader: term: 2 index: 2. (index mismatch)
I20260709 12:08:53.661401 13515 consensus_queue.cc:1048] T 53fbe11fc4264987b065e9c0d72eaf2f P 52b416f0556c49f79b5a54205f3ff1ec [LEADER]: Connected to new peer: Peer: permanent_uuid: "6c7feafc70dd4f48a8108ff527bfb368" member_type: VOTER last_known_addr { host: "127.12.73.67" port: 40179 }, Status: LMP_MISMATCH, Last received: 0.0, Next index: 2, Last known committed idx: 1, Time since last communication: 0.001s
I20260709 12:08:53.661456 13571 consensus_queue.cc:1048] T 724dc322f87945e883996ac6bc2eac99 P 1f479b8fb69a42b2af3a776da9f16b4b [LEADER]: Connected to new peer: Peer: permanent_uuid: "52b416f0556c49f79b5a54205f3ff1ec" member_type: VOTER last_known_addr { host: "127.12.73.65" port: 40913 }, Status: LMP_MISMATCH, Last received: 0.0, Next index: 2, Last known committed idx: 1, Time since last communication: 0.001s
I20260709 12:08:53.672585 13448 raft_consensus.cc:1275] T 724dc322f87945e883996ac6bc2eac99 P 6c7feafc70dd4f48a8108ff527bfb368 [term 2 FOLLOWER]: Refusing update from remote peer 1f479b8fb69a42b2af3a776da9f16b4b: Log matching property violated. Preceding OpId in replica: term: 1 index: 1. Preceding OpId from leader: term: 2 index: 2. (index mismatch)
I20260709 12:08:53.674062 13543 consensus_queue.cc:1048] T 724dc322f87945e883996ac6bc2eac99 P 1f479b8fb69a42b2af3a776da9f16b4b [LEADER]: Connected to new peer: Peer: permanent_uuid: "6c7feafc70dd4f48a8108ff527bfb368" member_type: VOTER last_known_addr { host: "127.12.73.67" port: 40179 }, Status: LMP_MISMATCH, Last received: 0.0, Next index: 2, Last known committed idx: 1, Time since last communication: 0.000s
I20260709 12:08:53.725427 13448 raft_consensus.cc:1275] T 89e5479917be4294b0ce22c031df9698 P 6c7feafc70dd4f48a8108ff527bfb368 [term 2 FOLLOWER]: Refusing update from remote peer 52b416f0556c49f79b5a54205f3ff1ec: Log matching property violated. Preceding OpId in replica: term: 1 index: 1. Preceding OpId from leader: term: 2 index: 2. (index mismatch)
I20260709 12:08:53.726828 13515 consensus_queue.cc:1048] T 89e5479917be4294b0ce22c031df9698 P 52b416f0556c49f79b5a54205f3ff1ec [LEADER]: Connected to new peer: Peer: permanent_uuid: "6c7feafc70dd4f48a8108ff527bfb368" member_type: VOTER last_known_addr { host: "127.12.73.67" port: 40179 }, Status: LMP_MISMATCH, Last received: 0.0, Next index: 2, Last known committed idx: 1, Time since last communication: 0.000s
I20260709 12:08:53.735877 13373 raft_consensus.cc:1275] T 89e5479917be4294b0ce22c031df9698 P 1f479b8fb69a42b2af3a776da9f16b4b [term 2 FOLLOWER]: Refusing update from remote peer 52b416f0556c49f79b5a54205f3ff1ec: Log matching property violated. Preceding OpId in replica: term: 1 index: 1. Preceding OpId from leader: term: 2 index: 2. (index mismatch)
I20260709 12:08:53.738286 13498 consensus_queue.cc:1048] T 89e5479917be4294b0ce22c031df9698 P 52b416f0556c49f79b5a54205f3ff1ec [LEADER]: Connected to new peer: Peer: permanent_uuid: "1f479b8fb69a42b2af3a776da9f16b4b" member_type: VOTER last_known_addr { host: "127.12.73.66" port: 42867 }, Status: LMP_MISMATCH, Last received: 0.0, Next index: 2, Last known committed idx: 1, Time since last communication: 0.000s
I20260709 12:08:53.765902 13448 raft_consensus.cc:1275] T f9db0fe42d2849a599e42f2b65f6b644 P 6c7feafc70dd4f48a8108ff527bfb368 [term 2 FOLLOWER]: Refusing update from remote peer 1f479b8fb69a42b2af3a776da9f16b4b: Log matching property violated. Preceding OpId in replica: term: 1 index: 1. Preceding OpId from leader: term: 2 index: 2. (index mismatch)
I20260709 12:08:53.767347 13571 consensus_queue.cc:1048] T f9db0fe42d2849a599e42f2b65f6b644 P 1f479b8fb69a42b2af3a776da9f16b4b [LEADER]: Connected to new peer: Peer: permanent_uuid: "6c7feafc70dd4f48a8108ff527bfb368" member_type: VOTER last_known_addr { host: "127.12.73.67" port: 40179 }, Status: LMP_MISMATCH, Last received: 0.0, Next index: 2, Last known committed idx: 1, Time since last communication: 0.000s
I20260709 12:08:53.777184 13299 raft_consensus.cc:1275] T f9db0fe42d2849a599e42f2b65f6b644 P 52b416f0556c49f79b5a54205f3ff1ec [term 2 FOLLOWER]: Refusing update from remote peer 1f479b8fb69a42b2af3a776da9f16b4b: Log matching property violated. Preceding OpId in replica: term: 1 index: 1. Preceding OpId from leader: term: 2 index: 2. (index mismatch)
I20260709 12:08:53.778836 13543 consensus_queue.cc:1048] T f9db0fe42d2849a599e42f2b65f6b644 P 1f479b8fb69a42b2af3a776da9f16b4b [LEADER]: Connected to new peer: Peer: permanent_uuid: "52b416f0556c49f79b5a54205f3ff1ec" member_type: VOTER last_known_addr { host: "127.12.73.65" port: 40913 }, Status: LMP_MISMATCH, Last received: 0.0, Next index: 2, Last known committed idx: 1, Time since last communication: 0.000s
I20260709 12:08:56.410907 12581 auto_leader_rebalancer-test.cc:365] The leader distribution is 
I20260709 12:08:56.411819 12581 auto_leader_rebalancer.cc:141] leader rebalance for table test-workload
I20260709 12:08:56.436760 13297 tablet_service.cc:2072] Received LeaderStepDown RPC: tablet_id: "1708f20097a249b8962d7131cce18f3b"
dest_uuid: "52b416f0556c49f79b5a54205f3ff1ec"
mode: GRACEFUL
new_leader_uuid: "6c7feafc70dd4f48a8108ff527bfb368"
 from {username='slave'} at 127.0.0.1:41138
I20260709 12:08:56.437512 13297 raft_consensus.cc:606] T 1708f20097a249b8962d7131cce18f3b P 52b416f0556c49f79b5a54205f3ff1ec [term 1 LEADER]: Received request to transfer leadership to TS 6c7feafc70dd4f48a8108ff527bfb368
I20260709 12:08:56.440711 13297 tablet_service.cc:2072] Received LeaderStepDown RPC: tablet_id: "8e310daed4c0442eb449c57335b75f95"
dest_uuid: "52b416f0556c49f79b5a54205f3ff1ec"
mode: GRACEFUL
new_leader_uuid: "6c7feafc70dd4f48a8108ff527bfb368"
 from {username='slave'} at 127.0.0.1:41138
I20260709 12:08:56.441293 13297 raft_consensus.cc:606] T 8e310daed4c0442eb449c57335b75f95 P 52b416f0556c49f79b5a54205f3ff1ec [term 2 LEADER]: Received request to transfer leadership to TS 6c7feafc70dd4f48a8108ff527bfb368
I20260709 12:08:56.442533 12581 auto_leader_rebalancer.cc:440] table: test-workload, leader rebalance finish, leader transfer count: 2
I20260709 12:08:56.443174 12581 auto_leader_rebalancer.cc:515] All tables' leader rebalancing finished this round
