I20260709 12:13:16.410899 13131 leader_election.cc:304] T c888fbd92993479689d63fa97787b9de P f77ee86bf1a644439bda8a4d07545279 [CANDIDATE]: Term 1 election: Election decided. Result: candidate won. Election summary: received 3 responses out of 3 voters: 2 yes votes; 1 no votes. yes voters: 4e1ff2d2550a428993a496f516959144, f77ee86bf1a644439bda8a4d07545279; no voters: 83fec811fd9144cabdb3d36984c7b48e
I20260709 12:13:16.414137 13545 raft_consensus.cc:2804] T c888fbd92993479689d63fa97787b9de P f77ee86bf1a644439bda8a4d07545279 [term 1 FOLLOWER]: Leader election won for term 1
I20260709 12:13:16.392493 13518 raft_consensus.cc:515] T 148a23d55794457281c90bdb8d6dfa8f P 4e1ff2d2550a428993a496f516959144 [term 0 FOLLOWER]: Starting pre-election with config: opid_index: -1 OBSOLETE_local: false peers { permanent_uuid: "4e1ff2d2550a428993a496f516959144" member_type: VOTER last_known_addr { host: "127.11.166.1" port: 46605 } } peers { permanent_uuid: "f77ee86bf1a644439bda8a4d07545279" member_type: VOTER last_known_addr { host: "127.11.166.2" port: 36347 } } peers { permanent_uuid: "83fec811fd9144cabdb3d36984c7b48e" member_type: VOTER last_known_addr { host: "127.11.166.3" port: 44225 } }
I20260709 12:13:16.420137 13240 tablet_service.cc:1917] Received RequestConsensusVote() RPC: tablet_id: "4d31982067ee4e438872da3cb23f43ae" candidate_uuid: "f77ee86bf1a644439bda8a4d07545279" candidate_term: 1 candidate_status { last_received { term: 0 index: 0 } } ignore_live_leader: false dest_uuid: "83fec811fd9144cabdb3d36984c7b48e" is_pre_election: true
W20260709 12:13:16.420429 13131 leader_election.cc:343] T ce17910f372e471f8e57b5874d019f40 P f77ee86bf1a644439bda8a4d07545279 [CANDIDATE]: Term 1 pre-election: Tablet error from VoteRequest() call to peer 4e1ff2d2550a428993a496f516959144 (127.11.166.1:46605): Illegal state: must be running to vote when last-logged opid is not known
W20260709 12:13:16.421120 13131 leader_election.cc:343] T 4d31982067ee4e438872da3cb23f43ae P f77ee86bf1a644439bda8a4d07545279 [CANDIDATE]: Term 1 pre-election: Tablet error from VoteRequest() call to peer 4e1ff2d2550a428993a496f516959144 (127.11.166.1:46605): Illegal state: must be running to vote when last-logged opid is not known
I20260709 12:13:16.423286 13519 consensus_queue.cc:1048] T 0e13bf0178e14bad98cafeab822f63b9 P 83fec811fd9144cabdb3d36984c7b48e [LEADER]: Connected to new peer: Peer: permanent_uuid: "f77ee86bf1a644439bda8a4d07545279" member_type: VOTER last_known_addr { host: "127.11.166.2" port: 36347 }, Status: LMP_MISMATCH, Last received: 0.0, Next index: 1, Last known committed idx: 0, Time since last communication: 0.015s
I20260709 12:13:16.421779 13545 raft_consensus.cc:697] T c888fbd92993479689d63fa97787b9de P f77ee86bf1a644439bda8a4d07545279 [term 1 LEADER]: Becoming Leader. State: Replica: f77ee86bf1a644439bda8a4d07545279, State: Running, Role: LEADER
I20260709 12:13:16.439761 13545 consensus_queue.cc:237] T c888fbd92993479689d63fa97787b9de P f77ee86bf1a644439bda8a4d07545279 [LEADER]: Queue going to LEADER mode. State: All replicated index: 0, Majority replicated index: 0, Committed index: 0, Last appended: 0.0, Last appended by leader: 0, Current term: 1, Majority size: 2, State: 0, Mode: LEADER, active raft config: opid_index: -1 OBSOLETE_local: false peers { permanent_uuid: "4e1ff2d2550a428993a496f516959144" member_type: VOTER last_known_addr { host: "127.11.166.1" port: 46605 } } peers { permanent_uuid: "f77ee86bf1a644439bda8a4d07545279" member_type: VOTER last_known_addr { host: "127.11.166.2" port: 36347 } } peers { permanent_uuid: "83fec811fd9144cabdb3d36984c7b48e" member_type: VOTER last_known_addr { host: "127.11.166.3" port: 44225 } }
I20260709 12:13:16.450744 13132 leader_election.cc:304] T ce17910f372e471f8e57b5874d019f40 P f77ee86bf1a644439bda8a4d07545279 [CANDIDATE]: Term 1 pre-election: Election decided. Result: candidate won. Election summary: received 3 responses out of 3 voters: 2 yes votes; 1 no votes. yes voters: 83fec811fd9144cabdb3d36984c7b48e, f77ee86bf1a644439bda8a4d07545279; no voters: 4e1ff2d2550a428993a496f516959144
I20260709 12:13:16.451474 13158 tablet_service.cc:1917] Received RequestConsensusVote() RPC: tablet_id: "148a23d55794457281c90bdb8d6dfa8f" candidate_uuid: "4e1ff2d2550a428993a496f516959144" candidate_term: 1 candidate_status { last_received { term: 0 index: 0 } } ignore_live_leader: false dest_uuid: "f77ee86bf1a644439bda8a4d07545279" is_pre_election: true
W20260709 12:13:16.451985 13132 leader_election.cc:343] T 4d31982067ee4e438872da3cb23f43ae P f77ee86bf1a644439bda8a4d07545279 [CANDIDATE]: Term 1 pre-election: Tablet error from VoteRequest() call to peer 83fec811fd9144cabdb3d36984c7b48e (127.11.166.3:44225): Illegal state: must be running to vote when last-logged opid is not known
I20260709 12:13:16.452198 13158 raft_consensus.cc:2468] T 148a23d55794457281c90bdb8d6dfa8f P f77ee86bf1a644439bda8a4d07545279 [term 0 FOLLOWER]: Leader pre-election vote request: Granting yes vote for candidate 4e1ff2d2550a428993a496f516959144 in term 0.
I20260709 12:13:16.452448 13132 leader_election.cc:304] T 4d31982067ee4e438872da3cb23f43ae P f77ee86bf1a644439bda8a4d07545279 [CANDIDATE]: Term 1 pre-election: Election decided. Result: candidate lost. Election summary: received 3 responses out of 3 voters: 1 yes votes; 2 no votes. yes voters: f77ee86bf1a644439bda8a4d07545279; no voters: 4e1ff2d2550a428993a496f516959144, 83fec811fd9144cabdb3d36984c7b48e
I20260709 12:13:16.453508 13336 raft_consensus.cc:2804] T ce17910f372e471f8e57b5874d019f40 P f77ee86bf1a644439bda8a4d07545279 [term 0 FOLLOWER]: Leader pre-election won for term 1
I20260709 12:13:16.453881 13336 raft_consensus.cc:493] T ce17910f372e471f8e57b5874d019f40 P f77ee86bf1a644439bda8a4d07545279 [term 0 FOLLOWER]: Starting leader election (no leader contacted us within the election timeout)
I20260709 12:13:16.454232 13336 raft_consensus.cc:3060] T ce17910f372e471f8e57b5874d019f40 P f77ee86bf1a644439bda8a4d07545279 [term 0 FOLLOWER]: Advancing to term 1
I20260709 12:13:16.454280 13087 raft_consensus.cc:2468] T b471a3e23e24465e8c6b477f44619ad8 P 4e1ff2d2550a428993a496f516959144 [term 1 FOLLOWER]: Leader election vote request: Granting yes vote for candidate f77ee86bf1a644439bda8a4d07545279 in term 1.
I20260709 12:13:16.459290 13157 tablet_service.cc:1917] Received RequestConsensusVote() RPC: tablet_id: "b5b91199832045b983c49f0e46d14e68" candidate_uuid: "83fec811fd9144cabdb3d36984c7b48e" candidate_term: 1 candidate_status { last_received { term: 0 index: 0 } } ignore_live_leader: false dest_uuid: "f77ee86bf1a644439bda8a4d07545279" is_pre_election: true
I20260709 12:13:16.459863 13054 leader_election.cc:304] T 148a23d55794457281c90bdb8d6dfa8f P 4e1ff2d2550a428993a496f516959144 [CANDIDATE]: Term 1 pre-election: Election decided. Result: candidate won. Election summary: received 2 responses out of 3 voters: 2 yes votes; 0 no votes. yes voters: 4e1ff2d2550a428993a496f516959144, f77ee86bf1a644439bda8a4d07545279; no voters: 
I20260709 12:13:16.460018 13157 raft_consensus.cc:2468] T b5b91199832045b983c49f0e46d14e68 P f77ee86bf1a644439bda8a4d07545279 [term 0 FOLLOWER]: Leader pre-election vote request: Granting yes vote for candidate 83fec811fd9144cabdb3d36984c7b48e in term 0.
I20260709 12:13:16.460978 13526 raft_consensus.cc:2804] T 148a23d55794457281c90bdb8d6dfa8f P 4e1ff2d2550a428993a496f516959144 [term 0 FOLLOWER]: Leader pre-election won for term 1
I20260709 12:13:16.461380 13526 raft_consensus.cc:493] T 148a23d55794457281c90bdb8d6dfa8f P 4e1ff2d2550a428993a496f516959144 [term 0 FOLLOWER]: Starting leader election (no leader contacted us within the election timeout)
I20260709 12:13:16.461716 13526 raft_consensus.cc:3060] T 148a23d55794457281c90bdb8d6dfa8f P 4e1ff2d2550a428993a496f516959144 [term 0 FOLLOWER]: Advancing to term 1
I20260709 12:13:16.462152 13282 tablet_bootstrap.cc:654] T fd64cb8b08774becb9406053661afb49 P f77ee86bf1a644439bda8a4d07545279: Neither blocks nor log segments found. Creating new log.
W20260709 12:13:16.465106 13057 consensus_peers.cc:597] T 92cf2d26e3cb443ebb1b9000b72b8e83 P 4e1ff2d2550a428993a496f516959144 -> Peer 83fec811fd9144cabdb3d36984c7b48e (127.11.166.3:44225): Couldn't send request to peer 83fec811fd9144cabdb3d36984c7b48e. Error code: TABLET_NOT_RUNNING (12). Status: Illegal state: Tablet not RUNNING: BOOTSTRAPPING. This is attempt 1: this message will repeat every 5th retry.
W20260709 12:13:16.468755 13203 outbound_call.cc:321] RPC callback for RPC call kudu.consensus.ConsensusService.UpdateConsensus -> {remote=127.11.166.2:36347, user_credentials={real_user=slave}} blocked reactor thread for 47304.8us
I20260709 12:13:16.465413 13525 raft_consensus.cc:2749] T 4d31982067ee4e438872da3cb23f43ae P f77ee86bf1a644439bda8a4d07545279 [term 0 FOLLOWER]: Leader pre-election lost for term 1. Reason: could not achieve majority
I20260709 12:13:16.445521 13205 leader_election.cc:304] T b5b91199832045b983c49f0e46d14e68 P 83fec811fd9144cabdb3d36984c7b48e [CANDIDATE]: Term 1 pre-election: Election decided. Result: candidate won. Election summary: received 2 responses out of 3 voters: 2 yes votes; 0 no votes. yes voters: 4e1ff2d2550a428993a496f516959144, 83fec811fd9144cabdb3d36984c7b48e; no voters: 
I20260709 12:13:16.472461 13518 leader_election.cc:290] T 148a23d55794457281c90bdb8d6dfa8f P 4e1ff2d2550a428993a496f516959144 [CANDIDATE]: Term 1 pre-election: Requested pre-vote from peers f77ee86bf1a644439bda8a4d07545279 (127.11.166.2:36347), 83fec811fd9144cabdb3d36984c7b48e (127.11.166.3:44225)
I20260709 12:13:16.477444 13282 tablet_bootstrap.cc:492] T fd64cb8b08774becb9406053661afb49 P f77ee86bf1a644439bda8a4d07545279: No bootstrap required, opened a new log
I20260709 12:13:16.478968 13282 ts_tablet_manager.cc:1403] T fd64cb8b08774becb9406053661afb49 P f77ee86bf1a644439bda8a4d07545279: Time spent bootstrapping tablet: real 0.082s	user 0.010s	sys 0.005s
I20260709 12:13:16.487725 13281 tablet_bootstrap.cc:654] T ce17910f372e471f8e57b5874d019f40 P 4e1ff2d2550a428993a496f516959144: Neither blocks nor log segments found. Creating new log.
I20260709 12:13:16.481997 13584 raft_consensus.cc:2804] T b5b91199832045b983c49f0e46d14e68 P 83fec811fd9144cabdb3d36984c7b48e [term 0 FOLLOWER]: Leader pre-election won for term 1
I20260709 12:13:16.490056 13584 raft_consensus.cc:493] T b5b91199832045b983c49f0e46d14e68 P 83fec811fd9144cabdb3d36984c7b48e [term 0 FOLLOWER]: Starting leader election (no leader contacted us within the election timeout)
I20260709 12:13:16.490425 13584 raft_consensus.cc:3060] T b5b91199832045b983c49f0e46d14e68 P 83fec811fd9144cabdb3d36984c7b48e [term 0 FOLLOWER]: Advancing to term 1
W20260709 12:13:16.536643 13203 outbound_call.cc:321] RPC callback for RPC call kudu.consensus.ConsensusService.RequestConsensusVote -> {remote=127.11.166.2:36347, user_credentials={real_user=slave}} blocked reactor thread for 64782.7us
I20260709 12:13:16.500101 13239 tablet_service.cc:1917] Received RequestConsensusVote() RPC: tablet_id: "148a23d55794457281c90bdb8d6dfa8f" candidate_uuid: "4e1ff2d2550a428993a496f516959144" candidate_term: 1 candidate_status { last_received { term: 0 index: 0 } } ignore_live_leader: false dest_uuid: "83fec811fd9144cabdb3d36984c7b48e" is_pre_election: true
I20260709 12:13:16.565696 13365 raft_consensus.cc:493] T 16c040dd0ea0498380c3df22b9d4f113 P f77ee86bf1a644439bda8a4d07545279 [term 0 FOLLOWER]: Starting pre-election (no leader contacted us within the election timeout)
I20260709 12:13:16.566640 13365 raft_consensus.cc:515] T 16c040dd0ea0498380c3df22b9d4f113 P f77ee86bf1a644439bda8a4d07545279 [term 0 FOLLOWER]: Starting pre-election with config: opid_index: -1 OBSOLETE_local: false peers { permanent_uuid: "4e1ff2d2550a428993a496f516959144" member_type: VOTER last_known_addr { host: "127.11.166.1" port: 46605 } } peers { permanent_uuid: "f77ee86bf1a644439bda8a4d07545279" member_type: VOTER last_known_addr { host: "127.11.166.2" port: 36347 } } peers { permanent_uuid: "83fec811fd9144cabdb3d36984c7b48e" member_type: VOTER last_known_addr { host: "127.11.166.3" port: 44225 } }
W20260709 12:13:16.555248 13054 outbound_call.cc:321] RPC callback for RPC call kudu.consensus.ConsensusService.UpdateConsensus -> {remote=127.11.166.2:36347, user_credentials={real_user=slave}} blocked reactor thread for 74088.6us
I20260709 12:13:16.573896 13365 leader_election.cc:290] T 16c040dd0ea0498380c3df22b9d4f113 P f77ee86bf1a644439bda8a4d07545279 [CANDIDATE]: Term 1 pre-election: Requested pre-vote from peers 4e1ff2d2550a428993a496f516959144 (127.11.166.1:46605), 83fec811fd9144cabdb3d36984c7b48e (127.11.166.3:44225)
I20260709 12:13:16.536371 13336 raft_consensus.cc:515] T ce17910f372e471f8e57b5874d019f40 P f77ee86bf1a644439bda8a4d07545279 [term 1 FOLLOWER]: Starting leader election with config: opid_index: -1 OBSOLETE_local: false peers { permanent_uuid: "4e1ff2d2550a428993a496f516959144" member_type: VOTER last_known_addr { host: "127.11.166.1" port: 46605 } } peers { permanent_uuid: "f77ee86bf1a644439bda8a4d07545279" member_type: VOTER last_known_addr { host: "127.11.166.2" port: 36347 } } peers { permanent_uuid: "83fec811fd9144cabdb3d36984c7b48e" member_type: VOTER last_known_addr { host: "127.11.166.3" port: 44225 } }
I20260709 12:13:16.502712 13526 raft_consensus.cc:515] T 148a23d55794457281c90bdb8d6dfa8f P 4e1ff2d2550a428993a496f516959144 [term 1 FOLLOWER]: Starting leader election with config: opid_index: -1 OBSOLETE_local: false peers { permanent_uuid: "4e1ff2d2550a428993a496f516959144" member_type: VOTER last_known_addr { host: "127.11.166.1" port: 46605 } } peers { permanent_uuid: "f77ee86bf1a644439bda8a4d07545279" member_type: VOTER last_known_addr { host: "127.11.166.2" port: 36347 } } peers { permanent_uuid: "83fec811fd9144cabdb3d36984c7b48e" member_type: VOTER last_known_addr { host: "127.11.166.3" port: 44225 } }
I20260709 12:13:16.585139 13282 raft_consensus.cc:359] T fd64cb8b08774becb9406053661afb49 P f77ee86bf1a644439bda8a4d07545279 [term 0 FOLLOWER]: Replica starting. Triggering 0 pending ops. Active config: opid_index: -1 OBSOLETE_local: false peers { permanent_uuid: "4e1ff2d2550a428993a496f516959144" member_type: VOTER last_known_addr { host: "127.11.166.1" port: 46605 } } peers { permanent_uuid: "f77ee86bf1a644439bda8a4d07545279" member_type: VOTER last_known_addr { host: "127.11.166.2" port: 36347 } } peers { permanent_uuid: "83fec811fd9144cabdb3d36984c7b48e" member_type: VOTER last_known_addr { host: "127.11.166.3" port: 44225 } }
I20260709 12:13:16.585950 13282 raft_consensus.cc:385] T fd64cb8b08774becb9406053661afb49 P f77ee86bf1a644439bda8a4d07545279 [term 0 FOLLOWER]: Consensus starting up: Expiring failure detector timer to make a prompt election more likely
I20260709 12:13:16.586238 13282 raft_consensus.cc:740] T fd64cb8b08774becb9406053661afb49 P f77ee86bf1a644439bda8a4d07545279 [term 0 FOLLOWER]: Becoming Follower/Learner. State: Replica: f77ee86bf1a644439bda8a4d07545279, State: Initialized, Role: FOLLOWER
I20260709 12:13:16.571637 13239 raft_consensus.cc:2468] T 148a23d55794457281c90bdb8d6dfa8f P 83fec811fd9144cabdb3d36984c7b48e [term 0 FOLLOWER]: Leader pre-election vote request: Granting yes vote for candidate 4e1ff2d2550a428993a496f516959144 in term 0.
I20260709 12:13:16.587059 13282 consensus_queue.cc:260] T fd64cb8b08774becb9406053661afb49 P f77ee86bf1a644439bda8a4d07545279 [NON_LEADER]: Queue going to NON_LEADER mode. State: All replicated index: 0, Majority replicated index: 0, Committed index: 0, Last appended: 0.0, Last appended by leader: 0, Current term: 0, Majority size: -1, State: 0, Mode: NON_LEADER, active raft config: opid_index: -1 OBSOLETE_local: false peers { permanent_uuid: "4e1ff2d2550a428993a496f516959144" member_type: VOTER last_known_addr { host: "127.11.166.1" port: 46605 } } peers { permanent_uuid: "f77ee86bf1a644439bda8a4d07545279" member_type: VOTER last_known_addr { host: "127.11.166.2" port: 36347 } } peers { permanent_uuid: "83fec811fd9144cabdb3d36984c7b48e" member_type: VOTER last_known_addr { host: "127.11.166.3" port: 44225 } }
I20260709 12:13:16.590884 13084 tablet_service.cc:1917] Received RequestConsensusVote() RPC: tablet_id: "16c040dd0ea0498380c3df22b9d4f113" candidate_uuid: "f77ee86bf1a644439bda8a4d07545279" candidate_term: 1 candidate_status { last_received { term: 0 index: 0 } } ignore_live_leader: false dest_uuid: "4e1ff2d2550a428993a496f516959144" is_pre_election: true
I20260709 12:13:16.600008 13282 ts_tablet_manager.cc:1434] T fd64cb8b08774becb9406053661afb49 P f77ee86bf1a644439bda8a4d07545279: Time spent starting tablet: real 0.121s	user 0.005s	sys 0.002s
I20260709 12:13:16.601173 13282 tablet_bootstrap.cc:492] T 0b175d3f99874fbea682d59bf2303d43 P f77ee86bf1a644439bda8a4d07545279: Bootstrap starting.
I20260709 12:13:16.605720 13280 tablet_bootstrap.cc:492] T 92cf2d26e3cb443ebb1b9000b72b8e83 P 83fec811fd9144cabdb3d36984c7b48e: No bootstrap required, opened a new log
I20260709 12:13:16.606215 13280 ts_tablet_manager.cc:1403] T 92cf2d26e3cb443ebb1b9000b72b8e83 P 83fec811fd9144cabdb3d36984c7b48e: Time spent bootstrapping tablet: real 0.259s	user 0.018s	sys 0.006s
I20260709 12:13:16.608711 13237 tablet_service.cc:1917] Received RequestConsensusVote() RPC: tablet_id: "16c040dd0ea0498380c3df22b9d4f113" candidate_uuid: "f77ee86bf1a644439bda8a4d07545279" candidate_term: 1 candidate_status { last_received { term: 0 index: 0 } } ignore_live_leader: false dest_uuid: "83fec811fd9144cabdb3d36984c7b48e" is_pre_election: true
I20260709 12:13:16.609459 13237 raft_consensus.cc:2468] T 16c040dd0ea0498380c3df22b9d4f113 P 83fec811fd9144cabdb3d36984c7b48e [term 0 FOLLOWER]: Leader pre-election vote request: Granting yes vote for candidate f77ee86bf1a644439bda8a4d07545279 in term 0.
I20260709 12:13:16.612957 13336 leader_election.cc:290] T ce17910f372e471f8e57b5874d019f40 P f77ee86bf1a644439bda8a4d07545279 [CANDIDATE]: Term 1 election: Requested vote from peers 4e1ff2d2550a428993a496f516959144 (127.11.166.1:46605), 83fec811fd9144cabdb3d36984c7b48e (127.11.166.3:44225)
I20260709 12:13:16.619926 13580 consensus_queue.cc:1048] T 0e13bf0178e14bad98cafeab822f63b9 P 83fec811fd9144cabdb3d36984c7b48e [LEADER]: Connected to new peer: Peer: permanent_uuid: "4e1ff2d2550a428993a496f516959144" member_type: VOTER last_known_addr { host: "127.11.166.1" port: 46605 }, Status: LMP_MISMATCH, Last received: 0.0, Next index: 1, Last known committed idx: 0, Time since last communication: 0.001s
I20260709 12:13:16.624199 13280 raft_consensus.cc:359] T 92cf2d26e3cb443ebb1b9000b72b8e83 P 83fec811fd9144cabdb3d36984c7b48e [term 0 FOLLOWER]: Replica starting. Triggering 0 pending ops. Active config: opid_index: -1 OBSOLETE_local: false peers { permanent_uuid: "4e1ff2d2550a428993a496f516959144" member_type: VOTER last_known_addr { host: "127.11.166.1" port: 46605 } } peers { permanent_uuid: "f77ee86bf1a644439bda8a4d07545279" member_type: VOTER last_known_addr { host: "127.11.166.2" port: 36347 } } peers { permanent_uuid: "83fec811fd9144cabdb3d36984c7b48e" member_type: VOTER last_known_addr { host: "127.11.166.3" port: 44225 } }
I20260709 12:13:16.628544 13280 raft_consensus.cc:385] T 92cf2d26e3cb443ebb1b9000b72b8e83 P 83fec811fd9144cabdb3d36984c7b48e [term 0 FOLLOWER]: Consensus starting up: Expiring failure detector timer to make a prompt election more likely
I20260709 12:13:16.628931 13280 raft_consensus.cc:740] T 92cf2d26e3cb443ebb1b9000b72b8e83 P 83fec811fd9144cabdb3d36984c7b48e [term 0 FOLLOWER]: Becoming Follower/Learner. State: Replica: 83fec811fd9144cabdb3d36984c7b48e, State: Initialized, Role: FOLLOWER
I20260709 12:13:16.629802 13280 consensus_queue.cc:260] T 92cf2d26e3cb443ebb1b9000b72b8e83 P 83fec811fd9144cabdb3d36984c7b48e [NON_LEADER]: Queue going to NON_LEADER mode. State: All replicated index: 0, Majority replicated index: 0, Committed index: 0, Last appended: 0.0, Last appended by leader: 0, Current term: 0, Majority size: -1, State: 0, Mode: NON_LEADER, active raft config: opid_index: -1 OBSOLETE_local: false peers { permanent_uuid: "4e1ff2d2550a428993a496f516959144" member_type: VOTER last_known_addr { host: "127.11.166.1" port: 46605 } } peers { permanent_uuid: "f77ee86bf1a644439bda8a4d07545279" member_type: VOTER last_known_addr { host: "127.11.166.2" port: 36347 } } peers { permanent_uuid: "83fec811fd9144cabdb3d36984c7b48e" member_type: VOTER last_known_addr { host: "127.11.166.3" port: 44225 } }
I20260709 12:13:16.645340 13282 tablet_bootstrap.cc:654] T 0b175d3f99874fbea682d59bf2303d43 P f77ee86bf1a644439bda8a4d07545279: Neither blocks nor log segments found. Creating new log.
I20260709 12:13:16.649351 13584 raft_consensus.cc:515] T b5b91199832045b983c49f0e46d14e68 P 83fec811fd9144cabdb3d36984c7b48e [term 1 FOLLOWER]: Starting leader election with config: opid_index: -1 OBSOLETE_local: false peers { permanent_uuid: "4e1ff2d2550a428993a496f516959144" member_type: VOTER last_known_addr { host: "127.11.166.1" port: 46605 } } peers { permanent_uuid: "f77ee86bf1a644439bda8a4d07545279" member_type: VOTER last_known_addr { host: "127.11.166.2" port: 36347 } } peers { permanent_uuid: "83fec811fd9144cabdb3d36984c7b48e" member_type: VOTER last_known_addr { host: "127.11.166.3" port: 44225 } }
I20260709 12:13:16.656073 13166 tablet_service.cc:1917] Received RequestConsensusVote() RPC: tablet_id: "b5b91199832045b983c49f0e46d14e68" candidate_uuid: "83fec811fd9144cabdb3d36984c7b48e" candidate_term: 1 candidate_status { last_received { term: 0 index: 0 } } ignore_live_leader: false dest_uuid: "f77ee86bf1a644439bda8a4d07545279"
I20260709 12:13:16.656762 13166 raft_consensus.cc:3060] T b5b91199832045b983c49f0e46d14e68 P f77ee86bf1a644439bda8a4d07545279 [term 0 FOLLOWER]: Advancing to term 1
I20260709 12:13:16.653504 13584 leader_election.cc:290] T b5b91199832045b983c49f0e46d14e68 P 83fec811fd9144cabdb3d36984c7b48e [CANDIDATE]: Term 1 election: Requested vote from peers 4e1ff2d2550a428993a496f516959144 (127.11.166.1:46605), f77ee86bf1a644439bda8a4d07545279 (127.11.166.2:36347)
I20260709 12:13:16.662408 13166 raft_consensus.cc:2468] T b5b91199832045b983c49f0e46d14e68 P f77ee86bf1a644439bda8a4d07545279 [term 1 FOLLOWER]: Leader election vote request: Granting yes vote for candidate 83fec811fd9144cabdb3d36984c7b48e in term 1.
I20260709 12:13:16.663554 13203 leader_election.cc:304] T b5b91199832045b983c49f0e46d14e68 P 83fec811fd9144cabdb3d36984c7b48e [CANDIDATE]: Term 1 election: Election decided. Result: candidate won. Election summary: received 2 responses out of 3 voters: 2 yes votes; 0 no votes. yes voters: 83fec811fd9144cabdb3d36984c7b48e, f77ee86bf1a644439bda8a4d07545279; no voters: 
I20260709 12:13:16.663746 13526 leader_election.cc:290] T 148a23d55794457281c90bdb8d6dfa8f P 4e1ff2d2550a428993a496f516959144 [CANDIDATE]: Term 1 election: Requested vote from peers f77ee86bf1a644439bda8a4d07545279 (127.11.166.2:36347), 83fec811fd9144cabdb3d36984c7b48e (127.11.166.3:44225)
I20260709 12:13:16.664378 13449 raft_consensus.cc:2804] T b5b91199832045b983c49f0e46d14e68 P 83fec811fd9144cabdb3d36984c7b48e [term 1 FOLLOWER]: Leader election won for term 1
I20260709 12:13:16.664844 13449 raft_consensus.cc:697] T b5b91199832045b983c49f0e46d14e68 P 83fec811fd9144cabdb3d36984c7b48e [term 1 LEADER]: Becoming Leader. State: Replica: 83fec811fd9144cabdb3d36984c7b48e, State: Running, Role: LEADER
I20260709 12:13:16.665596 13449 consensus_queue.cc:237] T b5b91199832045b983c49f0e46d14e68 P 83fec811fd9144cabdb3d36984c7b48e [LEADER]: Queue going to LEADER mode. State: All replicated index: 0, Majority replicated index: 0, Committed index: 0, Last appended: 0.0, Last appended by leader: 0, Current term: 1, Majority size: 2, State: 0, Mode: LEADER, active raft config: opid_index: -1 OBSOLETE_local: false peers { permanent_uuid: "4e1ff2d2550a428993a496f516959144" member_type: VOTER last_known_addr { host: "127.11.166.1" port: 46605 } } peers { permanent_uuid: "f77ee86bf1a644439bda8a4d07545279" member_type: VOTER last_known_addr { host: "127.11.166.2" port: 36347 } } peers { permanent_uuid: "83fec811fd9144cabdb3d36984c7b48e" member_type: VOTER last_known_addr { host: "127.11.166.3" port: 44225 } }
I20260709 12:13:16.679809 13132 leader_election.cc:304] T 16c040dd0ea0498380c3df22b9d4f113 P f77ee86bf1a644439bda8a4d07545279 [CANDIDATE]: Term 1 pre-election: Election decided. Result: candidate won. Election summary: received 2 responses out of 3 voters: 2 yes votes; 0 no votes. yes voters: 83fec811fd9144cabdb3d36984c7b48e, f77ee86bf1a644439bda8a4d07545279; no voters: 
I20260709 12:13:16.681696 13515 raft_consensus.cc:2804] T 16c040dd0ea0498380c3df22b9d4f113 P f77ee86bf1a644439bda8a4d07545279 [term 0 FOLLOWER]: Leader pre-election won for term 1
I20260709 12:13:16.682240 13515 raft_consensus.cc:493] T 16c040dd0ea0498380c3df22b9d4f113 P f77ee86bf1a644439bda8a4d07545279 [term 0 FOLLOWER]: Starting leader election (no leader contacted us within the election timeout)
I20260709 12:13:16.682665 13515 raft_consensus.cc:3060] T 16c040dd0ea0498380c3df22b9d4f113 P f77ee86bf1a644439bda8a4d07545279 [term 0 FOLLOWER]: Advancing to term 1
I20260709 12:13:16.692988 13281 tablet_bootstrap.cc:492] T ce17910f372e471f8e57b5874d019f40 P 4e1ff2d2550a428993a496f516959144: No bootstrap required, opened a new log
I20260709 12:13:16.693554 13281 ts_tablet_manager.cc:1403] T ce17910f372e471f8e57b5874d019f40 P 4e1ff2d2550a428993a496f516959144: Time spent bootstrapping tablet: real 0.527s	user 0.012s	sys 0.014s
I20260709 12:13:16.695618 13280 ts_tablet_manager.cc:1434] T 92cf2d26e3cb443ebb1b9000b72b8e83 P 83fec811fd9144cabdb3d36984c7b48e: Time spent starting tablet: real 0.089s	user 0.014s	sys 0.020s
I20260709 12:13:16.710844 13082 tablet_service.cc:1917] Received RequestConsensusVote() RPC: tablet_id: "b5b91199832045b983c49f0e46d14e68" candidate_uuid: "83fec811fd9144cabdb3d36984c7b48e" candidate_term: 1 candidate_status { last_received { term: 0 index: 0 } } ignore_live_leader: false dest_uuid: "4e1ff2d2550a428993a496f516959144"
I20260709 12:13:16.711498 13082 raft_consensus.cc:3060] T b5b91199832045b983c49f0e46d14e68 P 4e1ff2d2550a428993a496f516959144 [term 0 FOLLOWER]: Advancing to term 1
I20260709 12:13:16.709544 13280 tablet_bootstrap.cc:492] T c888fbd92993479689d63fa97787b9de P 83fec811fd9144cabdb3d36984c7b48e: Bootstrap starting.
I20260709 12:13:16.714138 13281 raft_consensus.cc:359] T ce17910f372e471f8e57b5874d019f40 P 4e1ff2d2550a428993a496f516959144 [term 0 FOLLOWER]: Replica starting. Triggering 0 pending ops. Active config: opid_index: -1 OBSOLETE_local: false peers { permanent_uuid: "4e1ff2d2550a428993a496f516959144" member_type: VOTER last_known_addr { host: "127.11.166.1" port: 46605 } } peers { permanent_uuid: "f77ee86bf1a644439bda8a4d07545279" member_type: VOTER last_known_addr { host: "127.11.166.2" port: 36347 } } peers { permanent_uuid: "83fec811fd9144cabdb3d36984c7b48e" member_type: VOTER last_known_addr { host: "127.11.166.3" port: 44225 } }
I20260709 12:13:16.715297 13281 raft_consensus.cc:385] T ce17910f372e471f8e57b5874d019f40 P 4e1ff2d2550a428993a496f516959144 [term 0 FOLLOWER]: Consensus starting up: Expiring failure detector timer to make a prompt election more likely
I20260709 12:13:16.715755 13281 raft_consensus.cc:740] T ce17910f372e471f8e57b5874d019f40 P 4e1ff2d2550a428993a496f516959144 [term 0 FOLLOWER]: Becoming Follower/Learner. State: Replica: 4e1ff2d2550a428993a496f516959144, State: Initialized, Role: FOLLOWER
I20260709 12:13:16.703354 13158 tablet_service.cc:1917] Received RequestConsensusVote() RPC: tablet_id: "148a23d55794457281c90bdb8d6dfa8f" candidate_uuid: "4e1ff2d2550a428993a496f516959144" candidate_term: 1 candidate_status { last_received { term: 0 index: 0 } } ignore_live_leader: false dest_uuid: "f77ee86bf1a644439bda8a4d07545279"
I20260709 12:13:16.716902 13595 raft_consensus.cc:493] T 92cf2d26e3cb443ebb1b9000b72b8e83 P 83fec811fd9144cabdb3d36984c7b48e [term 0 FOLLOWER]: Starting pre-election (no leader contacted us within the election timeout)
I20260709 12:13:16.728650 13237 tablet_service.cc:1917] Received RequestConsensusVote() RPC: tablet_id: "ce17910f372e471f8e57b5874d019f40" candidate_uuid: "f77ee86bf1a644439bda8a4d07545279" candidate_term: 1 candidate_status { last_received { term: 0 index: 0 } } ignore_live_leader: false dest_uuid: "83fec811fd9144cabdb3d36984c7b48e"
I20260709 12:13:16.729364 13237 raft_consensus.cc:3060] T ce17910f372e471f8e57b5874d019f40 P 83fec811fd9144cabdb3d36984c7b48e [term 0 FOLLOWER]: Advancing to term 1
I20260709 12:13:16.728796 13595 raft_consensus.cc:515] T 92cf2d26e3cb443ebb1b9000b72b8e83 P 83fec811fd9144cabdb3d36984c7b48e [term 0 FOLLOWER]: Starting pre-election with config: opid_index: -1 OBSOLETE_local: false peers { permanent_uuid: "4e1ff2d2550a428993a496f516959144" member_type: VOTER last_known_addr { host: "127.11.166.1" port: 46605 } } peers { permanent_uuid: "f77ee86bf1a644439bda8a4d07545279" member_type: VOTER last_known_addr { host: "127.11.166.2" port: 36347 } } peers { permanent_uuid: "83fec811fd9144cabdb3d36984c7b48e" member_type: VOTER last_known_addr { host: "127.11.166.3" port: 44225 } }
I20260709 12:13:16.733039 13158 raft_consensus.cc:3060] T 148a23d55794457281c90bdb8d6dfa8f P f77ee86bf1a644439bda8a4d07545279 [term 0 FOLLOWER]: Advancing to term 1
I20260709 12:13:16.746206 13281 consensus_queue.cc:260] T ce17910f372e471f8e57b5874d019f40 P 4e1ff2d2550a428993a496f516959144 [NON_LEADER]: Queue going to NON_LEADER mode. State: All replicated index: 0, Majority replicated index: 0, Committed index: 0, Last appended: 0.0, Last appended by leader: 0, Current term: 0, Majority size: -1, State: 0, Mode: NON_LEADER, active raft config: opid_index: -1 OBSOLETE_local: false peers { permanent_uuid: "4e1ff2d2550a428993a496f516959144" member_type: VOTER last_known_addr { host: "127.11.166.1" port: 46605 } } peers { permanent_uuid: "f77ee86bf1a644439bda8a4d07545279" member_type: VOTER last_known_addr { host: "127.11.166.2" port: 36347 } } peers { permanent_uuid: "83fec811fd9144cabdb3d36984c7b48e" member_type: VOTER last_known_addr { host: "127.11.166.3" port: 44225 } }
I20260709 12:13:16.768173 13281 ts_tablet_manager.cc:1434] T ce17910f372e471f8e57b5874d019f40 P 4e1ff2d2550a428993a496f516959144: Time spent starting tablet: real 0.074s	user 0.009s	sys 0.001s
I20260709 12:13:16.769279 13282 tablet_bootstrap.cc:492] T 0b175d3f99874fbea682d59bf2303d43 P f77ee86bf1a644439bda8a4d07545279: No bootstrap required, opened a new log
I20260709 12:13:16.769691 13281 tablet_bootstrap.cc:492] T 238f335cf79545f6a2aa41897d7bc098 P 4e1ff2d2550a428993a496f516959144: Bootstrap starting.
I20260709 12:13:16.769868 13282 ts_tablet_manager.cc:1403] T 0b175d3f99874fbea682d59bf2303d43 P f77ee86bf1a644439bda8a4d07545279: Time spent bootstrapping tablet: real 0.169s	user 0.012s	sys 0.023s
I20260709 12:13:16.772895 13282 raft_consensus.cc:359] T 0b175d3f99874fbea682d59bf2303d43 P f77ee86bf1a644439bda8a4d07545279 [term 0 FOLLOWER]: Replica starting. Triggering 0 pending ops. Active config: opid_index: -1 OBSOLETE_local: false peers { permanent_uuid: "4e1ff2d2550a428993a496f516959144" member_type: VOTER last_known_addr { host: "127.11.166.1" port: 46605 } } peers { permanent_uuid: "f77ee86bf1a644439bda8a4d07545279" member_type: VOTER last_known_addr { host: "127.11.166.2" port: 36347 } } peers { permanent_uuid: "83fec811fd9144cabdb3d36984c7b48e" member_type: VOTER last_known_addr { host: "127.11.166.3" port: 44225 } }
I20260709 12:13:16.773839 13282 raft_consensus.cc:385] T 0b175d3f99874fbea682d59bf2303d43 P f77ee86bf1a644439bda8a4d07545279 [term 0 FOLLOWER]: Consensus starting up: Expiring failure detector timer to make a prompt election more likely
I20260709 12:13:16.774152 13282 raft_consensus.cc:740] T 0b175d3f99874fbea682d59bf2303d43 P f77ee86bf1a644439bda8a4d07545279 [term 0 FOLLOWER]: Becoming Follower/Learner. State: Replica: f77ee86bf1a644439bda8a4d07545279, State: Initialized, Role: FOLLOWER
I20260709 12:13:16.774945 13282 consensus_queue.cc:260] T 0b175d3f99874fbea682d59bf2303d43 P f77ee86bf1a644439bda8a4d07545279 [NON_LEADER]: Queue going to NON_LEADER mode. State: All replicated index: 0, Majority replicated index: 0, Committed index: 0, Last appended: 0.0, Last appended by leader: 0, Current term: 0, Majority size: -1, State: 0, Mode: NON_LEADER, active raft config: opid_index: -1 OBSOLETE_local: false peers { permanent_uuid: "4e1ff2d2550a428993a496f516959144" member_type: VOTER last_known_addr { host: "127.11.166.1" port: 46605 } } peers { permanent_uuid: "f77ee86bf1a644439bda8a4d07545279" member_type: VOTER last_known_addr { host: "127.11.166.2" port: 36347 } } peers { permanent_uuid: "83fec811fd9144cabdb3d36984c7b48e" member_type: VOTER last_known_addr { host: "127.11.166.3" port: 44225 } }
I20260709 12:13:16.776793 13282 ts_tablet_manager.cc:1434] T 0b175d3f99874fbea682d59bf2303d43 P f77ee86bf1a644439bda8a4d07545279: Time spent starting tablet: real 0.006s	user 0.005s	sys 0.001s
I20260709 12:13:16.777731 13282 tablet_bootstrap.cc:492] T 238f335cf79545f6a2aa41897d7bc098 P f77ee86bf1a644439bda8a4d07545279: Bootstrap starting.
W20260709 12:13:16.781283 13131 leader_election.cc:343] T 16c040dd0ea0498380c3df22b9d4f113 P f77ee86bf1a644439bda8a4d07545279 [CANDIDATE]: Term 1 pre-election: Tablet error from VoteRequest() call to peer 4e1ff2d2550a428993a496f516959144 (127.11.166.1:46605): Illegal state: must be running to vote when last-logged opid is not known
I20260709 12:13:16.782187 13280 tablet_bootstrap.cc:654] T c888fbd92993479689d63fa97787b9de P 83fec811fd9144cabdb3d36984c7b48e: Neither blocks nor log segments found. Creating new log.
I20260709 12:13:16.788471 13281 tablet_bootstrap.cc:654] T 238f335cf79545f6a2aa41897d7bc098 P 4e1ff2d2550a428993a496f516959144: Neither blocks nor log segments found. Creating new log.
I20260709 12:13:16.793663 13082 raft_consensus.cc:2468] T b5b91199832045b983c49f0e46d14e68 P 4e1ff2d2550a428993a496f516959144 [term 1 FOLLOWER]: Leader election vote request: Granting yes vote for candidate 83fec811fd9144cabdb3d36984c7b48e in term 1.
I20260709 12:13:16.796929 13158 raft_consensus.cc:2468] T 148a23d55794457281c90bdb8d6dfa8f P f77ee86bf1a644439bda8a4d07545279 [term 1 FOLLOWER]: Leader election vote request: Granting yes vote for candidate 4e1ff2d2550a428993a496f516959144 in term 1.
I20260709 12:13:16.798249 13054 leader_election.cc:304] T 148a23d55794457281c90bdb8d6dfa8f P 4e1ff2d2550a428993a496f516959144 [CANDIDATE]: Term 1 election: Election decided. Result: candidate won. Election summary: received 2 responses out of 3 voters: 2 yes votes; 0 no votes. yes voters: 4e1ff2d2550a428993a496f516959144, f77ee86bf1a644439bda8a4d07545279; no voters: 
I20260709 12:13:16.799078 13594 raft_consensus.cc:2804] T 148a23d55794457281c90bdb8d6dfa8f P 4e1ff2d2550a428993a496f516959144 [term 1 FOLLOWER]: Leader election won for term 1
I20260709 12:13:16.799541 13594 raft_consensus.cc:697] T 148a23d55794457281c90bdb8d6dfa8f P 4e1ff2d2550a428993a496f516959144 [term 1 LEADER]: Becoming Leader. State: Replica: 4e1ff2d2550a428993a496f516959144, State: Running, Role: LEADER
I20260709 12:13:16.804540 13239 tablet_service.cc:1917] Received RequestConsensusVote() RPC: tablet_id: "148a23d55794457281c90bdb8d6dfa8f" candidate_uuid: "4e1ff2d2550a428993a496f516959144" candidate_term: 1 candidate_status { last_received { term: 0 index: 0 } } ignore_live_leader: false dest_uuid: "83fec811fd9144cabdb3d36984c7b48e"
I20260709 12:13:16.805189 13239 raft_consensus.cc:3060] T 148a23d55794457281c90bdb8d6dfa8f P 83fec811fd9144cabdb3d36984c7b48e [term 0 FOLLOWER]: Advancing to term 1
I20260709 12:13:16.813328 13595 leader_election.cc:290] T 92cf2d26e3cb443ebb1b9000b72b8e83 P 83fec811fd9144cabdb3d36984c7b48e [CANDIDATE]: Term 1 pre-election: Requested pre-vote from peers 4e1ff2d2550a428993a496f516959144 (127.11.166.1:46605), f77ee86bf1a644439bda8a4d07545279 (127.11.166.2:36347)
I20260709 12:13:16.800406 13594 consensus_queue.cc:237] T 148a23d55794457281c90bdb8d6dfa8f P 4e1ff2d2550a428993a496f516959144 [LEADER]: Queue going to LEADER mode. State: All replicated index: 0, Majority replicated index: 0, Committed index: 0, Last appended: 0.0, Last appended by leader: 0, Current term: 1, Majority size: 2, State: 0, Mode: LEADER, active raft config: opid_index: -1 OBSOLETE_local: false peers { permanent_uuid: "4e1ff2d2550a428993a496f516959144" member_type: VOTER last_known_addr { host: "127.11.166.1" port: 46605 } } peers { permanent_uuid: "f77ee86bf1a644439bda8a4d07545279" member_type: VOTER last_known_addr { host: "127.11.166.2" port: 36347 } } peers { permanent_uuid: "83fec811fd9144cabdb3d36984c7b48e" member_type: VOTER last_known_addr { host: "127.11.166.3" port: 44225 } }
I20260709 12:13:16.817155 13515 raft_consensus.cc:515] T 16c040dd0ea0498380c3df22b9d4f113 P f77ee86bf1a644439bda8a4d07545279 [term 1 FOLLOWER]: Starting leader election with config: opid_index: -1 OBSOLETE_local: false peers { permanent_uuid: "4e1ff2d2550a428993a496f516959144" member_type: VOTER last_known_addr { host: "127.11.166.1" port: 46605 } } peers { permanent_uuid: "f77ee86bf1a644439bda8a4d07545279" member_type: VOTER last_known_addr { host: "127.11.166.2" port: 36347 } } peers { permanent_uuid: "83fec811fd9144cabdb3d36984c7b48e" member_type: VOTER last_known_addr { host: "127.11.166.3" port: 44225 } }
I20260709 12:13:16.822837 13280 tablet_bootstrap.cc:492] T c888fbd92993479689d63fa97787b9de P 83fec811fd9144cabdb3d36984c7b48e: No bootstrap required, opened a new log
I20260709 12:13:16.823364 13280 ts_tablet_manager.cc:1403] T c888fbd92993479689d63fa97787b9de P 83fec811fd9144cabdb3d36984c7b48e: Time spent bootstrapping tablet: real 0.115s	user 0.009s	sys 0.006s
I20260709 12:13:16.823438 13515 leader_election.cc:290] T 16c040dd0ea0498380c3df22b9d4f113 P f77ee86bf1a644439bda8a4d07545279 [CANDIDATE]: Term 1 election: Requested vote from peers 4e1ff2d2550a428993a496f516959144 (127.11.166.1:46605), 83fec811fd9144cabdb3d36984c7b48e (127.11.166.3:44225)
I20260709 12:13:16.823966 13518 consensus_queue.cc:1048] T bf789f0b4629464f8618769b0b23336b P 4e1ff2d2550a428993a496f516959144 [LEADER]: Connected to new peer: Peer: permanent_uuid: "83fec811fd9144cabdb3d36984c7b48e" member_type: VOTER last_known_addr { host: "127.11.166.3" port: 44225 }, Status: LMP_MISMATCH, Last received: 0.0, Next index: 1, Last known committed idx: 0, Time since last communication: 0.000s
I20260709 12:13:16.825052 13157 tablet_service.cc:1917] Received RequestConsensusVote() RPC: tablet_id: "92cf2d26e3cb443ebb1b9000b72b8e83" candidate_uuid: "83fec811fd9144cabdb3d36984c7b48e" candidate_term: 1 candidate_status { last_received { term: 0 index: 0 } } ignore_live_leader: false dest_uuid: "f77ee86bf1a644439bda8a4d07545279" is_pre_election: true
I20260709 12:13:16.828504 13082 tablet_service.cc:1917] Received RequestConsensusVote() RPC: tablet_id: "92cf2d26e3cb443ebb1b9000b72b8e83" candidate_uuid: "83fec811fd9144cabdb3d36984c7b48e" candidate_term: 1 candidate_status { last_received { term: 0 index: 0 } } ignore_live_leader: false dest_uuid: "4e1ff2d2550a428993a496f516959144" is_pre_election: true
I20260709 12:13:16.817699 13090 tablet_service.cc:1917] Received RequestConsensusVote() RPC: tablet_id: "ce17910f372e471f8e57b5874d019f40" candidate_uuid: "f77ee86bf1a644439bda8a4d07545279" candidate_term: 1 candidate_status { last_received { term: 0 index: 0 } } ignore_live_leader: false dest_uuid: "4e1ff2d2550a428993a496f516959144"
I20260709 12:13:16.829299 13090 raft_consensus.cc:3060] T ce17910f372e471f8e57b5874d019f40 P 4e1ff2d2550a428993a496f516959144 [term 0 FOLLOWER]: Advancing to term 1
I20260709 12:13:16.830044 13091 tablet_service.cc:1917] Received RequestConsensusVote() RPC: tablet_id: "16c040dd0ea0498380c3df22b9d4f113" candidate_uuid: "f77ee86bf1a644439bda8a4d07545279" candidate_term: 1 candidate_status { last_received { term: 0 index: 0 } } ignore_live_leader: false dest_uuid: "4e1ff2d2550a428993a496f516959144"
I20260709 12:13:16.835909 13234 tablet_service.cc:1917] Received RequestConsensusVote() RPC: tablet_id: "16c040dd0ea0498380c3df22b9d4f113" candidate_uuid: "f77ee86bf1a644439bda8a4d07545279" candidate_term: 1 candidate_status { last_received { term: 0 index: 0 } } ignore_live_leader: false dest_uuid: "83fec811fd9144cabdb3d36984c7b48e"
I20260709 12:13:16.836516 13234 raft_consensus.cc:3060] T 16c040dd0ea0498380c3df22b9d4f113 P 83fec811fd9144cabdb3d36984c7b48e [term 0 FOLLOWER]: Advancing to term 1
I20260709 12:13:16.849218 13280 raft_consensus.cc:359] T c888fbd92993479689d63fa97787b9de P 83fec811fd9144cabdb3d36984c7b48e [term 0 FOLLOWER]: Replica starting. Triggering 0 pending ops. Active config: opid_index: -1 OBSOLETE_local: false peers { permanent_uuid: "4e1ff2d2550a428993a496f516959144" member_type: VOTER last_known_addr { host: "127.11.166.1" port: 46605 } } peers { permanent_uuid: "f77ee86bf1a644439bda8a4d07545279" member_type: VOTER last_known_addr { host: "127.11.166.2" port: 36347 } } peers { permanent_uuid: "83fec811fd9144cabdb3d36984c7b48e" member_type: VOTER last_known_addr { host: "127.11.166.3" port: 44225 } }
I20260709 12:13:16.850049 13280 raft_consensus.cc:385] T c888fbd92993479689d63fa97787b9de P 83fec811fd9144cabdb3d36984c7b48e [term 0 FOLLOWER]: Consensus starting up: Expiring failure detector timer to make a prompt election more likely
I20260709 12:13:16.850306 13280 raft_consensus.cc:740] T c888fbd92993479689d63fa97787b9de P 83fec811fd9144cabdb3d36984c7b48e [term 0 FOLLOWER]: Becoming Follower/Learner. State: Replica: 83fec811fd9144cabdb3d36984c7b48e, State: Initialized, Role: FOLLOWER
I20260709 12:13:16.850979 13280 consensus_queue.cc:260] T c888fbd92993479689d63fa97787b9de P 83fec811fd9144cabdb3d36984c7b48e [NON_LEADER]: Queue going to NON_LEADER mode. State: All replicated index: 0, Majority replicated index: 0, Committed index: 0, Last appended: 0.0, Last appended by leader: 0, Current term: 0, Majority size: -1, State: 0, Mode: NON_LEADER, active raft config: opid_index: -1 OBSOLETE_local: false peers { permanent_uuid: "4e1ff2d2550a428993a496f516959144" member_type: VOTER last_known_addr { host: "127.11.166.1" port: 46605 } } peers { permanent_uuid: "f77ee86bf1a644439bda8a4d07545279" member_type: VOTER last_known_addr { host: "127.11.166.2" port: 36347 } } peers { permanent_uuid: "83fec811fd9144cabdb3d36984c7b48e" member_type: VOTER last_known_addr { host: "127.11.166.3" port: 44225 } }
W20260709 12:13:16.852661 13131 leader_election.cc:343] T 16c040dd0ea0498380c3df22b9d4f113 P f77ee86bf1a644439bda8a4d07545279 [CANDIDATE]: Term 1 election: Tablet error from VoteRequest() call to peer 4e1ff2d2550a428993a496f516959144 (127.11.166.1:46605): Illegal state: must be running to vote when last-logged opid is not known
I20260709 12:13:16.845430 13239 raft_consensus.cc:2468] T 148a23d55794457281c90bdb8d6dfa8f P 83fec811fd9144cabdb3d36984c7b48e [term 1 FOLLOWER]: Leader election vote request: Granting yes vote for candidate 4e1ff2d2550a428993a496f516959144 in term 1.
I20260709 12:13:16.894071 13237 raft_consensus.cc:2468] T ce17910f372e471f8e57b5874d019f40 P 83fec811fd9144cabdb3d36984c7b48e [term 1 FOLLOWER]: Leader election vote request: Granting yes vote for candidate f77ee86bf1a644439bda8a4d07545279 in term 1.
W20260709 12:13:16.896927 13037 auto_rebalancer.cc:288] Could not retrieve cluster info: Service unavailable: Tablet not running
I20260709 12:13:16.910760 13515 raft_consensus.cc:493] T fd64cb8b08774becb9406053661afb49 P f77ee86bf1a644439bda8a4d07545279 [term 0 FOLLOWER]: Starting pre-election (no leader contacted us within the election timeout)
I20260709 12:13:16.912932 13280 ts_tablet_manager.cc:1434] T c888fbd92993479689d63fa97787b9de P 83fec811fd9144cabdb3d36984c7b48e: Time spent starting tablet: real 0.089s	user 0.004s	sys 0.004s
I20260709 12:13:16.926745 13090 raft_consensus.cc:2468] T ce17910f372e471f8e57b5874d019f40 P 4e1ff2d2550a428993a496f516959144 [term 1 FOLLOWER]: Leader election vote request: Granting yes vote for candidate f77ee86bf1a644439bda8a4d07545279 in term 1.
I20260709 12:13:16.912803 13205 leader_election.cc:304] T 92cf2d26e3cb443ebb1b9000b72b8e83 P 83fec811fd9144cabdb3d36984c7b48e [CANDIDATE]: Term 1 pre-election: Election decided. Result: candidate lost. Election summary: received 3 responses out of 3 voters: 1 yes votes; 2 no votes. yes voters: 83fec811fd9144cabdb3d36984c7b48e; no voters: 4e1ff2d2550a428993a496f516959144, f77ee86bf1a644439bda8a4d07545279
W20260709 12:13:16.928737 13205 outbound_call.cc:321] RPC callback for RPC call kudu.consensus.ConsensusService.RequestConsensusVote -> {remote=127.11.166.1:46605, user_credentials={real_user=slave}} blocked reactor thread for 62135.4us
I20260709 12:13:16.931955 13280 tablet_bootstrap.cc:492] T 0b175d3f99874fbea682d59bf2303d43 P 83fec811fd9144cabdb3d36984c7b48e: Bootstrap starting.
I20260709 12:13:16.935016 13282 tablet_bootstrap.cc:654] T 238f335cf79545f6a2aa41897d7bc098 P f77ee86bf1a644439bda8a4d07545279: Neither blocks nor log segments found. Creating new log.
I20260709 12:13:16.929997 13515 raft_consensus.cc:515] T fd64cb8b08774becb9406053661afb49 P f77ee86bf1a644439bda8a4d07545279 [term 0 FOLLOWER]: Starting pre-election with config: opid_index: -1 OBSOLETE_local: false peers { permanent_uuid: "4e1ff2d2550a428993a496f516959144" member_type: VOTER last_known_addr { host: "127.11.166.1" port: 46605 } } peers { permanent_uuid: "f77ee86bf1a644439bda8a4d07545279" member_type: VOTER last_known_addr { host: "127.11.166.2" port: 36347 } } peers { permanent_uuid: "83fec811fd9144cabdb3d36984c7b48e" member_type: VOTER last_known_addr { host: "127.11.166.3" port: 44225 } }
I20260709 12:13:16.937815 13281 tablet_bootstrap.cc:492] T 238f335cf79545f6a2aa41897d7bc098 P 4e1ff2d2550a428993a496f516959144: No bootstrap required, opened a new log
I20260709 12:13:16.934289 13443 raft_consensus.cc:2749] T 92cf2d26e3cb443ebb1b9000b72b8e83 P 83fec811fd9144cabdb3d36984c7b48e [term 0 FOLLOWER]: Leader pre-election lost for term 1. Reason: could not achieve majority
I20260709 12:13:16.941504 13131 leader_election.cc:304] T ce17910f372e471f8e57b5874d019f40 P f77ee86bf1a644439bda8a4d07545279 [CANDIDATE]: Term 1 election: Election decided. Result: candidate won. Election summary: received 2 responses out of 3 voters: 2 yes votes; 0 no votes. yes voters: 4e1ff2d2550a428993a496f516959144, f77ee86bf1a644439bda8a4d07545279; no voters: 
I20260709 12:13:16.942229 13336 raft_consensus.cc:2804] T ce17910f372e471f8e57b5874d019f40 P f77ee86bf1a644439bda8a4d07545279 [term 1 FOLLOWER]: Leader election won for term 1
I20260709 12:13:16.942688 13336 raft_consensus.cc:697] T ce17910f372e471f8e57b5874d019f40 P f77ee86bf1a644439bda8a4d07545279 [term 1 LEADER]: Becoming Leader. State: Replica: f77ee86bf1a644439bda8a4d07545279, State: Running, Role: LEADER
I20260709 12:13:16.943507 13336 consensus_queue.cc:237] T ce17910f372e471f8e57b5874d019f40 P f77ee86bf1a644439bda8a4d07545279 [LEADER]: Queue going to LEADER mode. State: All replicated index: 0, Majority replicated index: 0, Committed index: 0, Last appended: 0.0, Last appended by leader: 0, Current term: 1, Majority size: 2, State: 0, Mode: LEADER, active raft config: opid_index: -1 OBSOLETE_local: false peers { permanent_uuid: "4e1ff2d2550a428993a496f516959144" member_type: VOTER last_known_addr { host: "127.11.166.1" port: 46605 } } peers { permanent_uuid: "f77ee86bf1a644439bda8a4d07545279" member_type: VOTER last_known_addr { host: "127.11.166.2" port: 36347 } } peers { permanent_uuid: "83fec811fd9144cabdb3d36984c7b48e" member_type: VOTER last_known_addr { host: "127.11.166.3" port: 44225 } }
I20260709 12:13:16.945304 13234 raft_consensus.cc:2468] T 16c040dd0ea0498380c3df22b9d4f113 P 83fec811fd9144cabdb3d36984c7b48e [term 1 FOLLOWER]: Leader election vote request: Granting yes vote for candidate f77ee86bf1a644439bda8a4d07545279 in term 1.
I20260709 12:13:16.939706 13281 ts_tablet_manager.cc:1403] T 238f335cf79545f6a2aa41897d7bc098 P 4e1ff2d2550a428993a496f516959144: Time spent bootstrapping tablet: real 0.170s	user 0.030s	sys 0.029s
I20260709 12:13:16.949470 13524 consensus_queue.cc:1048] T 5d15ef7f0bd34670ade712eb87ec8951 P 4e1ff2d2550a428993a496f516959144 [LEADER]: Connected to new peer: Peer: permanent_uuid: "f77ee86bf1a644439bda8a4d07545279" member_type: VOTER last_known_addr { host: "127.11.166.2" port: 36347 }, Status: LMP_MISMATCH, Last received: 0.0, Next index: 1, Last known committed idx: 0, Time since last communication: 0.029s
I20260709 12:13:16.982074 13515 leader_election.cc:290] T fd64cb8b08774becb9406053661afb49 P f77ee86bf1a644439bda8a4d07545279 [CANDIDATE]: Term 1 pre-election: Requested pre-vote from peers 4e1ff2d2550a428993a496f516959144 (127.11.166.1:46605), 83fec811fd9144cabdb3d36984c7b48e (127.11.166.3:44225)
I20260709 12:13:17.014302 13083 tablet_service.cc:1917] Received RequestConsensusVote() RPC: tablet_id: "fd64cb8b08774becb9406053661afb49" candidate_uuid: "f77ee86bf1a644439bda8a4d07545279" candidate_term: 1 candidate_status { last_received { term: 0 index: 0 } } ignore_live_leader: false dest_uuid: "4e1ff2d2550a428993a496f516959144" is_pre_election: true
W20260709 12:13:17.014828 13611 log.cc:927] Time spent T 148a23d55794457281c90bdb8d6dfa8f P 4e1ff2d2550a428993a496f516959144: Append to log took a long time: real 0.074s	user 0.002s	sys 0.000s
I20260709 12:13:17.017261 13235 raft_consensus.cc:3060] T 92cf2d26e3cb443ebb1b9000b72b8e83 P 83fec811fd9144cabdb3d36984c7b48e [term 0 FOLLOWER]: Advancing to term 1
I20260709 12:13:17.022411 13132 leader_election.cc:304] T 16c040dd0ea0498380c3df22b9d4f113 P f77ee86bf1a644439bda8a4d07545279 [CANDIDATE]: Term 1 election: Election decided. Result: candidate won. Election summary: received 3 responses out of 3 voters: 2 yes votes; 1 no votes. yes voters: 83fec811fd9144cabdb3d36984c7b48e, f77ee86bf1a644439bda8a4d07545279; no voters: 4e1ff2d2550a428993a496f516959144
