[==========] Running 8 tests from 2 test suites.
[----------] Global test environment set-up.
[----------] 6 tests from LeaderRebalancerTest
[ RUN      ] LeaderRebalancerTest.FunctionalTestForDivided
WARNING: Logging before InitGoogleLogging() is written to STDERR
I20260709 12:12:04.304242 13713 internal_mini_cluster.cc:156] Creating distributed mini masters. Addrs: 127.13.100.126:39343
I20260709 12:12:04.305728 13713 env_posix.cc:2285] Not raising this process' open files per process limit of 1048576; it is already as high as it can go
I20260709 12:12:04.306705 13713 file_cache.cc:504] Constructed file cache file cache with capacity 419430
W20260709 12:12:04.320336 13719 instance_detector.cc:116] could not retrieve AWS instance metadata: Network error: curl error: HTTP response code said error: The requested URL returned error: 404
W20260709 12:12:04.320693 13720 instance_detector.cc:116] could not retrieve Azure instance metadata: Network error: curl error: HTTP response code said error: The requested URL returned error: 404
I20260709 12:12:04.322710 13713 server_base.cc:1061] running on GCE node
W20260709 12:12:04.321317 13722 instance_detector.cc:116] could not retrieve OpenStack instance metadata: Network error: curl error: HTTP response code said error: The requested URL returned error: 404
I20260709 12:12:05.414040 13713 hybrid_clock.cc:584] initializing the hybrid clock with 'system_unsync' time source
W20260709 12:12:05.414330 13713 system_unsync_time.cc:38] NTP support is disabled. Clock error bounds will not be accurate. This configuration is not suitable for distributed clusters.
I20260709 12:12:05.414534 13713 hybrid_clock.cc:648] HybridClock initialized: now 1783599125414512 us; error 0 us; skew 500 ppm
I20260709 12:12:05.415339 13713 server_base.cc:861] Flag tcmalloc_max_total_thread_cache_bytes is not working since tcmalloc is not enabled.
I20260709 12:12:05.420249 13713 webserver.cc:533] Webserver started at http://127.13.100.126:34515/ using document root <none> and password file <none>
I20260709 12:12:05.421070 13713 fs_manager.cc:362] Metadata directory not provided
I20260709 12:12:05.421271 13713 fs_manager.cc:368] Using write-ahead log directory (fs_wal_dir) as metadata directory
I20260709 12:12:05.421695 13713 server_base.cc:909] This appears to be a new deployment of Kudu; creating new FS layout
I20260709 12:12:05.427201 13713 fs_manager.cc:1068] Generated new instance metadata in path /tmp/dist-test-taskqQ3XRI/test-tmp/auto_leader_rebalancer-test.0.LeaderRebalancerTest.FunctionalTestForDivided.1783599124143359-13713-0/minicluster-data/master-0-root/instance:
uuid: "04b9b3cc57ca45a494dfb3b806bff404"
format_stamp: "Formatted at 2026-07-09 12:12:05 on dist-test-slave-rrlh"
I20260709 12:12:05.434425 13713 fs_manager.cc:696] Time spent creating directory manager: real 0.006s	user 0.007s	sys 0.001s
I20260709 12:12:05.439245 13728 log_block_manager.cc:4127] Time spent loading block containers with low live blocks: real 0.000s	user 0.000s	sys 0.000s
I20260709 12:12:05.440232 13713 fs_manager.cc:730] Time spent opening block manager: real 0.003s	user 0.003s	sys 0.001s
I20260709 12:12:05.440538 13713 fs_manager.cc:647] Opened local filesystem: /tmp/dist-test-taskqQ3XRI/test-tmp/auto_leader_rebalancer-test.0.LeaderRebalancerTest.FunctionalTestForDivided.1783599124143359-13713-0/minicluster-data/master-0-root
uuid: "04b9b3cc57ca45a494dfb3b806bff404"
format_stamp: "Formatted at 2026-07-09 12:12:05 on dist-test-slave-rrlh"
I20260709 12:12:05.440837 13713 fs_report.cc:389] FS layout report
--------------------
wal directory: /tmp/dist-test-taskqQ3XRI/test-tmp/auto_leader_rebalancer-test.0.LeaderRebalancerTest.FunctionalTestForDivided.1783599124143359-13713-0/minicluster-data/master-0-root
metadata directory: /tmp/dist-test-taskqQ3XRI/test-tmp/auto_leader_rebalancer-test.0.LeaderRebalancerTest.FunctionalTestForDivided.1783599124143359-13713-0/minicluster-data/master-0-root
1 data directories: /tmp/dist-test-taskqQ3XRI/test-tmp/auto_leader_rebalancer-test.0.LeaderRebalancerTest.FunctionalTestForDivided.1783599124143359-13713-0/minicluster-data/master-0-root/data
Total live blocks: 0
Total live bytes: 0
Total live bytes (after alignment): 0
Total number of LBM containers: 0 (0 full)
Did not check for missing blocks
Did not check for orphaned blocks
Total full LBM containers with extra space: 0 (0 repaired)
Total full LBM container extra space in bytes: 0 (0 repaired)
Total incomplete LBM containers: 0 (0 repaired)
Total LBM partial records: 0 (0 repaired)
Total corrupted LBM metadata records in RocksDB: 0 (0 repaired)
I20260709 12:12:05.488812 13713 rpc_server.cc:225] running with OpenSSL 1.1.1  11 Sep 2018
I20260709 12:12:05.490222 13713 env_posix.cc:2285] Not raising this process' running threads per effective uid limit of 18446744073709551615; it is already as high as it can go
I20260709 12:12:05.490626 13713 kserver.cc:163] Server-wide thread pool size limit: 3276
I20260709 12:12:05.558490 13713 rpc_server.cc:307] RPC server started. Bound to: 127.13.100.126:39343
I20260709 12:12:05.558550 13779 acceptor_pool.cc:272] collecting diagnostics on the listening RPC socket 127.13.100.126:39343 every 8 connection(s)
I20260709 12:12:05.565694 13780 data_dirs.cc:400] Could only allocate 1 dirs of requested 3 for tablet 00000000000000000000000000000000. 1 dirs total, 0 dirs full, 0 dirs failed
I20260709 12:12:05.586277 13780 tablet_bootstrap.cc:492] T 00000000000000000000000000000000 P 04b9b3cc57ca45a494dfb3b806bff404: Bootstrap starting.
I20260709 12:12:05.591693 13780 tablet_bootstrap.cc:654] T 00000000000000000000000000000000 P 04b9b3cc57ca45a494dfb3b806bff404: Neither blocks nor log segments found. Creating new log.
I20260709 12:12:05.593400 13780 log.cc:826] T 00000000000000000000000000000000 P 04b9b3cc57ca45a494dfb3b806bff404: Log is configured to *not* fsync() on all Append() calls
I20260709 12:12:05.597422 13780 tablet_bootstrap.cc:492] T 00000000000000000000000000000000 P 04b9b3cc57ca45a494dfb3b806bff404: No bootstrap required, opened a new log
I20260709 12:12:05.616995 13780 raft_consensus.cc:359] T 00000000000000000000000000000000 P 04b9b3cc57ca45a494dfb3b806bff404 [term 0 FOLLOWER]: Replica starting. Triggering 0 pending ops. Active config: opid_index: -1 OBSOLETE_local: true peers { permanent_uuid: "04b9b3cc57ca45a494dfb3b806bff404" member_type: VOTER }
I20260709 12:12:05.617511 13780 raft_consensus.cc:385] T 00000000000000000000000000000000 P 04b9b3cc57ca45a494dfb3b806bff404 [term 0 FOLLOWER]: Consensus starting up: Expiring failure detector timer to make a prompt election more likely
I20260709 12:12:05.617736 13780 raft_consensus.cc:740] T 00000000000000000000000000000000 P 04b9b3cc57ca45a494dfb3b806bff404 [term 0 FOLLOWER]: Becoming Follower/Learner. State: Replica: 04b9b3cc57ca45a494dfb3b806bff404, State: Initialized, Role: FOLLOWER
I20260709 12:12:05.618532 13780 consensus_queue.cc:260] T 00000000000000000000000000000000 P 04b9b3cc57ca45a494dfb3b806bff404 [NON_LEADER]: Queue going to NON_LEADER mode. State: All replicated index: 0, Majority replicated index: 0, Committed index: 0, Last appended: 0.0, Last appended by leader: 0, Current term: 0, Majority size: -1, State: 0, Mode: NON_LEADER, active raft config: opid_index: -1 OBSOLETE_local: true peers { permanent_uuid: "04b9b3cc57ca45a494dfb3b806bff404" member_type: VOTER }
I20260709 12:12:05.618983 13780 raft_consensus.cc:399] T 00000000000000000000000000000000 P 04b9b3cc57ca45a494dfb3b806bff404 [term 0 FOLLOWER]: Only one voter in the Raft config. Triggering election immediately
I20260709 12:12:05.619230 13780 raft_consensus.cc:493] T 00000000000000000000000000000000 P 04b9b3cc57ca45a494dfb3b806bff404 [term 0 FOLLOWER]: Starting leader election (initial election of a single-replica configuration)
I20260709 12:12:05.619532 13780 raft_consensus.cc:3060] T 00000000000000000000000000000000 P 04b9b3cc57ca45a494dfb3b806bff404 [term 0 FOLLOWER]: Advancing to term 1
I20260709 12:12:05.623327 13780 raft_consensus.cc:515] T 00000000000000000000000000000000 P 04b9b3cc57ca45a494dfb3b806bff404 [term 1 FOLLOWER]: Starting leader election with config: opid_index: -1 OBSOLETE_local: true peers { permanent_uuid: "04b9b3cc57ca45a494dfb3b806bff404" member_type: VOTER }
I20260709 12:12:05.623968 13780 leader_election.cc:304] T 00000000000000000000000000000000 P 04b9b3cc57ca45a494dfb3b806bff404 [CANDIDATE]: Term 1 election: Election decided. Result: candidate won. Election summary: received 1 responses out of 1 voters: 1 yes votes; 0 no votes. yes voters: 04b9b3cc57ca45a494dfb3b806bff404; no voters: 
I20260709 12:12:05.625573 13780 leader_election.cc:290] T 00000000000000000000000000000000 P 04b9b3cc57ca45a494dfb3b806bff404 [CANDIDATE]: Term 1 election: Requested vote from peers 
I20260709 12:12:05.625869 13783 raft_consensus.cc:2804] T 00000000000000000000000000000000 P 04b9b3cc57ca45a494dfb3b806bff404 [term 1 FOLLOWER]: Leader election won for term 1
I20260709 12:12:05.628085 13783 raft_consensus.cc:697] T 00000000000000000000000000000000 P 04b9b3cc57ca45a494dfb3b806bff404 [term 1 LEADER]: Becoming Leader. State: Replica: 04b9b3cc57ca45a494dfb3b806bff404, State: Running, Role: LEADER
I20260709 12:12:05.628878 13783 consensus_queue.cc:237] T 00000000000000000000000000000000 P 04b9b3cc57ca45a494dfb3b806bff404 [LEADER]: Queue going to LEADER mode. State: All replicated index: 0, Majority replicated index: 0, Committed index: 0, Last appended: 0.0, Last appended by leader: 0, Current term: 1, Majority size: 1, State: 0, Mode: LEADER, active raft config: opid_index: -1 OBSOLETE_local: true peers { permanent_uuid: "04b9b3cc57ca45a494dfb3b806bff404" member_type: VOTER }
I20260709 12:12:05.629860 13780 sys_catalog.cc:565] T 00000000000000000000000000000000 P 04b9b3cc57ca45a494dfb3b806bff404 [sys.catalog]: configured and running, proceeding with master startup.
I20260709 12:12:05.638231 13784 sys_catalog.cc:455] T 00000000000000000000000000000000 P 04b9b3cc57ca45a494dfb3b806bff404 [sys.catalog]: SysCatalogTable state changed. Reason: RaftConsensus started. Latest consensus state: current_term: 1 leader_uuid: "04b9b3cc57ca45a494dfb3b806bff404" committed_config { opid_index: -1 OBSOLETE_local: true peers { permanent_uuid: "04b9b3cc57ca45a494dfb3b806bff404" member_type: VOTER } }
I20260709 12:12:05.638844 13784 sys_catalog.cc:458] T 00000000000000000000000000000000 P 04b9b3cc57ca45a494dfb3b806bff404 [sys.catalog]: This master's current role is: LEADER
I20260709 12:12:05.638892 13785 sys_catalog.cc:455] T 00000000000000000000000000000000 P 04b9b3cc57ca45a494dfb3b806bff404 [sys.catalog]: SysCatalogTable state changed. Reason: New leader 04b9b3cc57ca45a494dfb3b806bff404. Latest consensus state: current_term: 1 leader_uuid: "04b9b3cc57ca45a494dfb3b806bff404" committed_config { opid_index: -1 OBSOLETE_local: true peers { permanent_uuid: "04b9b3cc57ca45a494dfb3b806bff404" member_type: VOTER } }
I20260709 12:12:05.639526 13785 sys_catalog.cc:458] T 00000000000000000000000000000000 P 04b9b3cc57ca45a494dfb3b806bff404 [sys.catalog]: This master's current role is: LEADER
I20260709 12:12:05.642093 13792 catalog_manager.cc:1511] Loading table and tablet metadata into memory...
I20260709 12:12:05.652232 13792 catalog_manager.cc:1520] Initializing Kudu cluster ID...
I20260709 12:12:05.654332 13713 internal_mini_cluster.cc:184] Waiting to initialize catalog manager on master 0
I20260709 12:12:05.667233 13792 catalog_manager.cc:1383] Generated new cluster ID: 2b047b3540cf4df6bfb436ccf688a917
I20260709 12:12:05.667461 13792 catalog_manager.cc:1531] Initializing Kudu internal certificate authority...
I20260709 12:12:05.681315 13792 catalog_manager.cc:1406] Generated new certificate authority record
I20260709 12:12:05.682749 13792 catalog_manager.cc:1540] Loading token signing keys...
I20260709 12:12:05.696197 13792 catalog_manager.cc:6070] T 00000000000000000000000000000000 P 04b9b3cc57ca45a494dfb3b806bff404: Generated new TSK 0
I20260709 12:12:05.696967 13792 catalog_manager.cc:1550] Initializing in-progress tserver states...
I20260709 12:12:05.720345 13713 file_cache.cc:504] Constructed file cache file cache with capacity 419430
W20260709 12:12:05.727918 13802 instance_detector.cc:116] could not retrieve AWS instance metadata: Network error: curl error: HTTP response code said error: The requested URL returned error: 404
W20260709 12:12:05.728919 13803 instance_detector.cc:116] could not retrieve Azure instance metadata: Network error: curl error: HTTP response code said error: The requested URL returned error: 404
W20260709 12:12:05.731315 13805 instance_detector.cc:116] could not retrieve OpenStack instance metadata: Network error: curl error: HTTP response code said error: The requested URL returned error: 404
I20260709 12:12:05.732415 13713 server_base.cc:1061] running on GCE node
I20260709 12:12:05.733114 13713 hybrid_clock.cc:584] initializing the hybrid clock with 'system_unsync' time source
W20260709 12:12:05.733315 13713 system_unsync_time.cc:38] NTP support is disabled. Clock error bounds will not be accurate. This configuration is not suitable for distributed clusters.
I20260709 12:12:05.733522 13713 hybrid_clock.cc:648] HybridClock initialized: now 1783599125733504 us; error 0 us; skew 500 ppm
I20260709 12:12:05.734062 13713 server_base.cc:861] Flag tcmalloc_max_total_thread_cache_bytes is not working since tcmalloc is not enabled.
I20260709 12:12:05.737210 13713 webserver.cc:533] Webserver started at http://127.13.100.65:45417/ using document root <none> and password file <none>
I20260709 12:12:05.737743 13713 fs_manager.cc:362] Metadata directory not provided
I20260709 12:12:05.737933 13713 fs_manager.cc:368] Using write-ahead log directory (fs_wal_dir) as metadata directory
I20260709 12:12:05.738189 13713 server_base.cc:909] This appears to be a new deployment of Kudu; creating new FS layout
I20260709 12:12:05.739231 13713 fs_manager.cc:1068] Generated new instance metadata in path /tmp/dist-test-taskqQ3XRI/test-tmp/auto_leader_rebalancer-test.0.LeaderRebalancerTest.FunctionalTestForDivided.1783599124143359-13713-0/minicluster-data/ts-0-root/instance:
uuid: "cb247a96cb984c32b0abe92a275c6c42"
format_stamp: "Formatted at 2026-07-09 12:12:05 on dist-test-slave-rrlh"
I20260709 12:12:05.744314 13713 fs_manager.cc:696] Time spent creating directory manager: real 0.005s	user 0.004s	sys 0.002s
I20260709 12:12:05.748354 13810 log_block_manager.cc:4127] Time spent loading block containers with low live blocks: real 0.000s	user 0.000s	sys 0.000s
I20260709 12:12:05.749071 13713 fs_manager.cc:730] Time spent opening block manager: real 0.003s	user 0.000s	sys 0.003s
I20260709 12:12:05.749315 13713 fs_manager.cc:647] Opened local filesystem: /tmp/dist-test-taskqQ3XRI/test-tmp/auto_leader_rebalancer-test.0.LeaderRebalancerTest.FunctionalTestForDivided.1783599124143359-13713-0/minicluster-data/ts-0-root
uuid: "cb247a96cb984c32b0abe92a275c6c42"
format_stamp: "Formatted at 2026-07-09 12:12:05 on dist-test-slave-rrlh"
I20260709 12:12:05.749617 13713 fs_report.cc:389] FS layout report
--------------------
wal directory: /tmp/dist-test-taskqQ3XRI/test-tmp/auto_leader_rebalancer-test.0.LeaderRebalancerTest.FunctionalTestForDivided.1783599124143359-13713-0/minicluster-data/ts-0-root
metadata directory: /tmp/dist-test-taskqQ3XRI/test-tmp/auto_leader_rebalancer-test.0.LeaderRebalancerTest.FunctionalTestForDivided.1783599124143359-13713-0/minicluster-data/ts-0-root
1 data directories: /tmp/dist-test-taskqQ3XRI/test-tmp/auto_leader_rebalancer-test.0.LeaderRebalancerTest.FunctionalTestForDivided.1783599124143359-13713-0/minicluster-data/ts-0-root/data
Total live blocks: 0
Total live bytes: 0
Total live bytes (after alignment): 0
Total number of LBM containers: 0 (0 full)
Did not check for missing blocks
Did not check for orphaned blocks
Total full LBM containers with extra space: 0 (0 repaired)
Total full LBM container extra space in bytes: 0 (0 repaired)
Total incomplete LBM containers: 0 (0 repaired)
Total LBM partial records: 0 (0 repaired)
Total corrupted LBM metadata records in RocksDB: 0 (0 repaired)
I20260709 12:12:05.786531 13713 rpc_server.cc:225] running with OpenSSL 1.1.1  11 Sep 2018
I20260709 12:12:05.787799 13713 kserver.cc:163] Server-wide thread pool size limit: 3276
I20260709 12:12:05.790284 13713 txn_system_client.cc:432] TxnSystemClient initialization is disabled...
I20260709 12:12:05.794209 13713 ts_tablet_manager.cc:585] Loaded tablet metadata (0 total tablets, 0 live tablets)
I20260709 12:12:05.794420 13713 ts_tablet_manager.cc:531] Time spent load tablet metadata: real 0.000s	user 0.000s	sys 0.000s
I20260709 12:12:05.794669 13713 ts_tablet_manager.cc:616] Registered 0 tablets
I20260709 12:12:05.794821 13713 ts_tablet_manager.cc:595] Time spent register tablets: real 0.000s	user 0.000s	sys 0.000s
I20260709 12:12:05.883978 13713 rpc_server.cc:307] RPC server started. Bound to: 127.13.100.65:46553
I20260709 12:12:05.884052 13872 acceptor_pool.cc:272] collecting diagnostics on the listening RPC socket 127.13.100.65:46553 every 8 connection(s)
I20260709 12:12:05.890357 13713 file_cache.cc:504] Constructed file cache file cache with capacity 419430
W20260709 12:12:05.901678 13877 instance_detector.cc:116] could not retrieve AWS instance metadata: Network error: curl error: HTTP response code said error: The requested URL returned error: 404
W20260709 12:12:05.903853 13878 instance_detector.cc:116] could not retrieve Azure instance metadata: Network error: curl error: HTTP response code said error: The requested URL returned error: 404
W20260709 12:12:05.911012 13880 instance_detector.cc:116] could not retrieve OpenStack instance metadata: Network error: curl error: HTTP response code said error: The requested URL returned error: 404
I20260709 12:12:05.911150 13713 server_base.cc:1061] running on GCE node
I20260709 12:12:05.912161 13713 hybrid_clock.cc:584] initializing the hybrid clock with 'system_unsync' time source
W20260709 12:12:05.912427 13713 system_unsync_time.cc:38] NTP support is disabled. Clock error bounds will not be accurate. This configuration is not suitable for distributed clusters.
I20260709 12:12:05.912644 13713 hybrid_clock.cc:648] HybridClock initialized: now 1783599125912626 us; error 0 us; skew 500 ppm
I20260709 12:12:05.913427 13713 server_base.cc:861] Flag tcmalloc_max_total_thread_cache_bytes is not working since tcmalloc is not enabled.
I20260709 12:12:05.916922 13873 heartbeater.cc:344] Connected to a master server at 127.13.100.126:39343
I20260709 12:12:05.917407 13873 heartbeater.cc:461] Registering TS with master...
I20260709 12:12:05.917584 13713 webserver.cc:533] Webserver started at http://127.13.100.66:45555/ using document root <none> and password file <none>
I20260709 12:12:05.918216 13713 fs_manager.cc:362] Metadata directory not provided
I20260709 12:12:05.918210 13873 heartbeater.cc:507] Master 127.13.100.126:39343 requested a full tablet report, sending...
I20260709 12:12:05.918534 13713 fs_manager.cc:368] Using write-ahead log directory (fs_wal_dir) as metadata directory
I20260709 12:12:05.918866 13713 server_base.cc:909] This appears to be a new deployment of Kudu; creating new FS layout
I20260709 12:12:05.920395 13713 fs_manager.cc:1068] Generated new instance metadata in path /tmp/dist-test-taskqQ3XRI/test-tmp/auto_leader_rebalancer-test.0.LeaderRebalancerTest.FunctionalTestForDivided.1783599124143359-13713-0/minicluster-data/ts-1-root/instance:
uuid: "5e87ba625bd64027a8fb7ef1b9add7c6"
format_stamp: "Formatted at 2026-07-09 12:12:05 on dist-test-slave-rrlh"
I20260709 12:12:05.921206 13745 ts_manager.cc:194] Registered new tserver with Master: cb247a96cb984c32b0abe92a275c6c42 (127.13.100.65:46553)
I20260709 12:12:05.923183 13745 master_service.cc:502] Signed X509 certificate for tserver {username='slave'} at 127.0.0.1:46672
I20260709 12:12:05.926643 13713 fs_manager.cc:696] Time spent creating directory manager: real 0.006s	user 0.003s	sys 0.005s
I20260709 12:12:05.931686 13885 log_block_manager.cc:4127] Time spent loading block containers with low live blocks: real 0.000s	user 0.000s	sys 0.000s
I20260709 12:12:05.932446 13713 fs_manager.cc:730] Time spent opening block manager: real 0.003s	user 0.000s	sys 0.001s
I20260709 12:12:05.932745 13713 fs_manager.cc:647] Opened local filesystem: /tmp/dist-test-taskqQ3XRI/test-tmp/auto_leader_rebalancer-test.0.LeaderRebalancerTest.FunctionalTestForDivided.1783599124143359-13713-0/minicluster-data/ts-1-root
uuid: "5e87ba625bd64027a8fb7ef1b9add7c6"
format_stamp: "Formatted at 2026-07-09 12:12:05 on dist-test-slave-rrlh"
I20260709 12:12:05.933073 13713 fs_report.cc:389] FS layout report
--------------------
wal directory: /tmp/dist-test-taskqQ3XRI/test-tmp/auto_leader_rebalancer-test.0.LeaderRebalancerTest.FunctionalTestForDivided.1783599124143359-13713-0/minicluster-data/ts-1-root
metadata directory: /tmp/dist-test-taskqQ3XRI/test-tmp/auto_leader_rebalancer-test.0.LeaderRebalancerTest.FunctionalTestForDivided.1783599124143359-13713-0/minicluster-data/ts-1-root
1 data directories: /tmp/dist-test-taskqQ3XRI/test-tmp/auto_leader_rebalancer-test.0.LeaderRebalancerTest.FunctionalTestForDivided.1783599124143359-13713-0/minicluster-data/ts-1-root/data
Total live blocks: 0
Total live bytes: 0
Total live bytes (after alignment): 0
Total number of LBM containers: 0 (0 full)
Did not check for missing blocks
Did not check for orphaned blocks
Total full LBM containers with extra space: 0 (0 repaired)
Total full LBM container extra space in bytes: 0 (0 repaired)
Total incomplete LBM containers: 0 (0 repaired)
Total LBM partial records: 0 (0 repaired)
Total corrupted LBM metadata records in RocksDB: 0 (0 repaired)
I20260709 12:12:05.961735 13713 rpc_server.cc:225] running with OpenSSL 1.1.1  11 Sep 2018
I20260709 12:12:05.963205 13713 kserver.cc:163] Server-wide thread pool size limit: 3276
I20260709 12:12:05.965591 13713 txn_system_client.cc:432] TxnSystemClient initialization is disabled...
I20260709 12:12:05.968955 13713 ts_tablet_manager.cc:585] Loaded tablet metadata (0 total tablets, 0 live tablets)
I20260709 12:12:05.969198 13713 ts_tablet_manager.cc:531] Time spent load tablet metadata: real 0.000s	user 0.000s	sys 0.000s
I20260709 12:12:05.969487 13713 ts_tablet_manager.cc:616] Registered 0 tablets
I20260709 12:12:05.969687 13713 ts_tablet_manager.cc:595] Time spent register tablets: real 0.000s	user 0.000s	sys 0.000s
I20260709 12:12:06.063385 13713 rpc_server.cc:307] RPC server started. Bound to: 127.13.100.66:39865
I20260709 12:12:06.063489 13947 acceptor_pool.cc:272] collecting diagnostics on the listening RPC socket 127.13.100.66:39865 every 8 connection(s)
I20260709 12:12:06.069579 13713 file_cache.cc:504] Constructed file cache file cache with capacity 419430
W20260709 12:12:06.079231 13951 instance_detector.cc:116] could not retrieve AWS instance metadata: Network error: curl error: HTTP response code said error: The requested URL returned error: 404
W20260709 12:12:06.079320 13952 instance_detector.cc:116] could not retrieve Azure instance metadata: Network error: curl error: HTTP response code said error: The requested URL returned error: 404
I20260709 12:12:06.083580 13948 heartbeater.cc:344] Connected to a master server at 127.13.100.126:39343
I20260709 12:12:06.083974 13948 heartbeater.cc:461] Registering TS with master...
I20260709 12:12:06.084925 13948 heartbeater.cc:507] Master 127.13.100.126:39343 requested a full tablet report, sending...
I20260709 12:12:06.087232 13745 ts_manager.cc:194] Registered new tserver with Master: 5e87ba625bd64027a8fb7ef1b9add7c6 (127.13.100.66:39865)
W20260709 12:12:06.088598 13954 instance_detector.cc:116] could not retrieve OpenStack instance metadata: Network error: curl error: HTTP response code said error: The requested URL returned error: 404
I20260709 12:12:06.088791 13713 server_base.cc:1061] running on GCE node
I20260709 12:12:06.088927 13745 master_service.cc:502] Signed X509 certificate for tserver {username='slave'} at 127.0.0.1:46674
I20260709 12:12:06.090010 13713 hybrid_clock.cc:584] initializing the hybrid clock with 'system_unsync' time source
W20260709 12:12:06.090266 13713 system_unsync_time.cc:38] NTP support is disabled. Clock error bounds will not be accurate. This configuration is not suitable for distributed clusters.
I20260709 12:12:06.090492 13713 hybrid_clock.cc:648] HybridClock initialized: now 1783599126090474 us; error 0 us; skew 500 ppm
I20260709 12:12:06.091198 13713 server_base.cc:861] Flag tcmalloc_max_total_thread_cache_bytes is not working since tcmalloc is not enabled.
I20260709 12:12:06.093753 13713 webserver.cc:533] Webserver started at http://127.13.100.67:34409/ using document root <none> and password file <none>
I20260709 12:12:06.094347 13713 fs_manager.cc:362] Metadata directory not provided
I20260709 12:12:06.094578 13713 fs_manager.cc:368] Using write-ahead log directory (fs_wal_dir) as metadata directory
I20260709 12:12:06.094868 13713 server_base.cc:909] This appears to be a new deployment of Kudu; creating new FS layout
I20260709 12:12:06.096220 13713 fs_manager.cc:1068] Generated new instance metadata in path /tmp/dist-test-taskqQ3XRI/test-tmp/auto_leader_rebalancer-test.0.LeaderRebalancerTest.FunctionalTestForDivided.1783599124143359-13713-0/minicluster-data/ts-2-root/instance:
uuid: "1d06c587600b47179661c9d796e5dee8"
format_stamp: "Formatted at 2026-07-09 12:12:06 on dist-test-slave-rrlh"
I20260709 12:12:06.101702 13713 fs_manager.cc:696] Time spent creating directory manager: real 0.005s	user 0.000s	sys 0.007s
I20260709 12:12:06.105399 13959 log_block_manager.cc:4127] Time spent loading block containers with low live blocks: real 0.000s	user 0.000s	sys 0.000s
I20260709 12:12:06.106133 13713 fs_manager.cc:730] Time spent opening block manager: real 0.002s	user 0.002s	sys 0.002s
I20260709 12:12:06.106451 13713 fs_manager.cc:647] Opened local filesystem: /tmp/dist-test-taskqQ3XRI/test-tmp/auto_leader_rebalancer-test.0.LeaderRebalancerTest.FunctionalTestForDivided.1783599124143359-13713-0/minicluster-data/ts-2-root
uuid: "1d06c587600b47179661c9d796e5dee8"
format_stamp: "Formatted at 2026-07-09 12:12:06 on dist-test-slave-rrlh"
I20260709 12:12:06.106781 13713 fs_report.cc:389] FS layout report
--------------------
wal directory: /tmp/dist-test-taskqQ3XRI/test-tmp/auto_leader_rebalancer-test.0.LeaderRebalancerTest.FunctionalTestForDivided.1783599124143359-13713-0/minicluster-data/ts-2-root
metadata directory: /tmp/dist-test-taskqQ3XRI/test-tmp/auto_leader_rebalancer-test.0.LeaderRebalancerTest.FunctionalTestForDivided.1783599124143359-13713-0/minicluster-data/ts-2-root
1 data directories: /tmp/dist-test-taskqQ3XRI/test-tmp/auto_leader_rebalancer-test.0.LeaderRebalancerTest.FunctionalTestForDivided.1783599124143359-13713-0/minicluster-data/ts-2-root/data
Total live blocks: 0
Total live bytes: 0
Total live bytes (after alignment): 0
Total number of LBM containers: 0 (0 full)
Did not check for missing blocks
Did not check for orphaned blocks
Total full LBM containers with extra space: 0 (0 repaired)
Total full LBM container extra space in bytes: 0 (0 repaired)
Total incomplete LBM containers: 0 (0 repaired)
Total LBM partial records: 0 (0 repaired)
Total corrupted LBM metadata records in RocksDB: 0 (0 repaired)
I20260709 12:12:06.139240 13713 rpc_server.cc:225] running with OpenSSL 1.1.1  11 Sep 2018
I20260709 12:12:06.140811 13713 kserver.cc:163] Server-wide thread pool size limit: 3276
I20260709 12:12:06.142310 13713 txn_system_client.cc:432] TxnSystemClient initialization is disabled...
I20260709 12:12:06.144869 13713 ts_tablet_manager.cc:585] Loaded tablet metadata (0 total tablets, 0 live tablets)
I20260709 12:12:06.145110 13713 ts_tablet_manager.cc:531] Time spent load tablet metadata: real 0.000s	user 0.000s	sys 0.000s
I20260709 12:12:06.145396 13713 ts_tablet_manager.cc:616] Registered 0 tablets
I20260709 12:12:06.145607 13713 ts_tablet_manager.cc:595] Time spent register tablets: real 0.000s	user 0.001s	sys 0.000s
I20260709 12:12:06.223802 13713 rpc_server.cc:307] RPC server started. Bound to: 127.13.100.67:33623
I20260709 12:12:06.224216 14021 acceptor_pool.cc:272] collecting diagnostics on the listening RPC socket 127.13.100.67:33623 every 8 connection(s)
I20260709 12:12:06.239393 14022 heartbeater.cc:344] Connected to a master server at 127.13.100.126:39343
I20260709 12:12:06.239709 14022 heartbeater.cc:461] Registering TS with master...
I20260709 12:12:06.240406 14022 heartbeater.cc:507] Master 127.13.100.126:39343 requested a full tablet report, sending...
I20260709 12:12:06.242156 13745 ts_manager.cc:194] Registered new tserver with Master: 1d06c587600b47179661c9d796e5dee8 (127.13.100.67:33623)
I20260709 12:12:06.242533 13713 internal_mini_cluster.cc:371] 3 TS(s) registered with all masters after 0.013516009s
I20260709 12:12:06.243408 13745 master_service.cc:502] Signed X509 certificate for tserver {username='slave'} at 127.0.0.1:46682
I20260709 12:12:06.289492 13745 catalog_manager.cc:2283] Servicing CreateTable request from {username='slave'} at 127.0.0.1:46696:
name: "test-workload"
schema {
  columns {
    name: "key"
    type: INT32
    is_key: true
    is_nullable: false
    encoding: AUTO_ENCODING
    compression: DEFAULT_COMPRESSION
    cfile_block_size: 0
    immutable: false
  }
  columns {
    name: "int_val"
    type: INT32
    is_key: false
    is_nullable: false
    encoding: AUTO_ENCODING
    compression: DEFAULT_COMPRESSION
    cfile_block_size: 0
    immutable: false
  }
  columns {
    name: "string_val"
    type: STRING
    is_key: false
    is_nullable: true
    encoding: AUTO_ENCODING
    compression: DEFAULT_COMPRESSION
    cfile_block_size: 0
    immutable: false
  }
}
num_replicas: 3
split_rows_range_bounds {
  rows: "\004\001\000\216\3438\016\004\001\000\034\307q\034\004\001\000\252\252\252*\004\001\0008\216\3438\004\001\000\306q\034G\004\001\000TUUU\004\001\000\3428\216c\004\001\000p\034\307q""\004\001\000\216\3438\016\004\001\000\034\307q\034\004\001\000\252\252\252*\004\001\0008\216\3438\004\001\000\306q\034G\004\001\000TUUU\004\001\000\3428\216c\004\001\000p\034\307q"
  indirect_data: """"
}
partition_schema {
  range_schema {
    columns {
      name: "key"
    }
  }
}
W20260709 12:12:06.292819 13745 catalog_manager.cc:7077] The number of live tablet servers is not enough to re-replicate a tablet replica of the newly created table test-workload in case of a server failure: 4 tablet servers would be needed, 3 are available. Consider bringing up more tablet servers.
I20260709 12:12:06.403901 13913 tablet_service.cc:1511] Processing CreateTablet for tablet fed0889142a64db7a588f93e143ae4f6 (DEFAULT_TABLE table=test-workload [id=bc64cbbaa667483f8fb405a65d19d97a]), partition=RANGE (key) PARTITION VALUES < 238609294
I20260709 12:12:06.406595 13913 data_dirs.cc:400] Could only allocate 1 dirs of requested 3 for tablet fed0889142a64db7a588f93e143ae4f6. 1 dirs total, 0 dirs full, 0 dirs failed
I20260709 12:12:06.409785 13911 tablet_service.cc:1511] Processing CreateTablet for tablet f145387def084e3fa5cb828b232ab6d4 (DEFAULT_TABLE table=test-workload [id=bc64cbbaa667483f8fb405a65d19d97a]), partition=RANGE (key) PARTITION 477218588 <= VALUES < 715827882
I20260709 12:12:06.416303 13911 data_dirs.cc:400] Could only allocate 1 dirs of requested 3 for tablet f145387def084e3fa5cb828b232ab6d4. 1 dirs total, 0 dirs full, 0 dirs failed
I20260709 12:12:06.410630 13909 tablet_service.cc:1511] Processing CreateTablet for tablet 89d56d04379a4d57a3a729cda477fd20 (DEFAULT_TABLE table=test-workload [id=bc64cbbaa667483f8fb405a65d19d97a]), partition=RANGE (key) PARTITION 954437176 <= VALUES < 1193046470
I20260709 12:12:06.409030 13910 tablet_service.cc:1511] Processing CreateTablet for tablet 497de26c1ba54b719db00798237b7fda (DEFAULT_TABLE table=test-workload [id=bc64cbbaa667483f8fb405a65d19d97a]), partition=RANGE (key) PARTITION 715827882 <= VALUES < 954437176
I20260709 12:12:06.408429 13912 tablet_service.cc:1511] Processing CreateTablet for tablet b5a5281351bc4f90a0915e04895afcca (DEFAULT_TABLE table=test-workload [id=bc64cbbaa667483f8fb405a65d19d97a]), partition=RANGE (key) PARTITION 238609294 <= VALUES < 477218588
I20260709 12:12:06.420852 13910 data_dirs.cc:400] Could only allocate 1 dirs of requested 3 for tablet 497de26c1ba54b719db00798237b7fda. 1 dirs total, 0 dirs full, 0 dirs failed
I20260709 12:12:06.422161 13912 data_dirs.cc:400] Could only allocate 1 dirs of requested 3 for tablet b5a5281351bc4f90a0915e04895afcca. 1 dirs total, 0 dirs full, 0 dirs failed
I20260709 12:12:06.423254 13909 data_dirs.cc:400] Could only allocate 1 dirs of requested 3 for tablet 89d56d04379a4d57a3a729cda477fd20. 1 dirs total, 0 dirs full, 0 dirs failed
I20260709 12:12:06.461185 13908 tablet_service.cc:1511] Processing CreateTablet for tablet 2c662851a2a64d2bb8e40e10cc5ac506 (DEFAULT_TABLE table=test-workload [id=bc64cbbaa667483f8fb405a65d19d97a]), partition=RANGE (key) PARTITION 1193046470 <= VALUES < 1431655764
I20260709 12:12:06.461535 13838 tablet_service.cc:1511] Processing CreateTablet for tablet fed0889142a64db7a588f93e143ae4f6 (DEFAULT_TABLE table=test-workload [id=bc64cbbaa667483f8fb405a65d19d97a]), partition=RANGE (key) PARTITION VALUES < 238609294
I20260709 12:12:06.462566 13908 data_dirs.cc:400] Could only allocate 1 dirs of requested 3 for tablet 2c662851a2a64d2bb8e40e10cc5ac506. 1 dirs total, 0 dirs full, 0 dirs failed
I20260709 12:12:06.462672 13838 data_dirs.cc:400] Could only allocate 1 dirs of requested 3 for tablet fed0889142a64db7a588f93e143ae4f6. 1 dirs total, 0 dirs full, 0 dirs failed
I20260709 12:12:06.463317 13836 tablet_service.cc:1511] Processing CreateTablet for tablet f145387def084e3fa5cb828b232ab6d4 (DEFAULT_TABLE table=test-workload [id=bc64cbbaa667483f8fb405a65d19d97a]), partition=RANGE (key) PARTITION 477218588 <= VALUES < 715827882
I20260709 12:12:06.463760 13834 tablet_service.cc:1511] Processing CreateTablet for tablet 89d56d04379a4d57a3a729cda477fd20 (DEFAULT_TABLE table=test-workload [id=bc64cbbaa667483f8fb405a65d19d97a]), partition=RANGE (key) PARTITION 954437176 <= VALUES < 1193046470
I20260709 12:12:06.464601 13836 data_dirs.cc:400] Could only allocate 1 dirs of requested 3 for tablet f145387def084e3fa5cb828b232ab6d4. 1 dirs total, 0 dirs full, 0 dirs failed
I20260709 12:12:06.466014 13833 tablet_service.cc:1511] Processing CreateTablet for tablet 2c662851a2a64d2bb8e40e10cc5ac506 (DEFAULT_TABLE table=test-workload [id=bc64cbbaa667483f8fb405a65d19d97a]), partition=RANGE (key) PARTITION 1193046470 <= VALUES < 1431655764
I20260709 12:12:06.467250 13833 data_dirs.cc:400] Could only allocate 1 dirs of requested 3 for tablet 2c662851a2a64d2bb8e40e10cc5ac506. 1 dirs total, 0 dirs full, 0 dirs failed
I20260709 12:12:06.470064 13837 tablet_service.cc:1511] Processing CreateTablet for tablet b5a5281351bc4f90a0915e04895afcca (DEFAULT_TABLE table=test-workload [id=bc64cbbaa667483f8fb405a65d19d97a]), partition=RANGE (key) PARTITION 238609294 <= VALUES < 477218588
I20260709 12:12:06.471335 13837 data_dirs.cc:400] Could only allocate 1 dirs of requested 3 for tablet b5a5281351bc4f90a0915e04895afcca. 1 dirs total, 0 dirs full, 0 dirs failed
I20260709 12:12:06.462594 13835 tablet_service.cc:1511] Processing CreateTablet for tablet 497de26c1ba54b719db00798237b7fda (DEFAULT_TABLE table=test-workload [id=bc64cbbaa667483f8fb405a65d19d97a]), partition=RANGE (key) PARTITION 715827882 <= VALUES < 954437176
I20260709 12:12:06.474709 13835 data_dirs.cc:400] Could only allocate 1 dirs of requested 3 for tablet 497de26c1ba54b719db00798237b7fda. 1 dirs total, 0 dirs full, 0 dirs failed
I20260709 12:12:06.477778 13834 data_dirs.cc:400] Could only allocate 1 dirs of requested 3 for tablet 89d56d04379a4d57a3a729cda477fd20. 1 dirs total, 0 dirs full, 0 dirs failed
I20260709 12:12:06.534482 13832 tablet_service.cc:1511] Processing CreateTablet for tablet d644419c6e4a463782008f27ed9ddde6 (DEFAULT_TABLE table=test-workload [id=bc64cbbaa667483f8fb405a65d19d97a]), partition=RANGE (key) PARTITION 1431655764 <= VALUES < 1670265058
I20260709 12:12:06.536720 13832 data_dirs.cc:400] Could only allocate 1 dirs of requested 3 for tablet d644419c6e4a463782008f27ed9ddde6. 1 dirs total, 0 dirs full, 0 dirs failed
I20260709 12:12:06.551429 13907 tablet_service.cc:1511] Processing CreateTablet for tablet d644419c6e4a463782008f27ed9ddde6 (DEFAULT_TABLE table=test-workload [id=bc64cbbaa667483f8fb405a65d19d97a]), partition=RANGE (key) PARTITION 1431655764 <= VALUES < 1670265058
I20260709 12:12:06.553124 13986 tablet_service.cc:1511] Processing CreateTablet for tablet b5a5281351bc4f90a0915e04895afcca (DEFAULT_TABLE table=test-workload [id=bc64cbbaa667483f8fb405a65d19d97a]), partition=RANGE (key) PARTITION 238609294 <= VALUES < 477218588
I20260709 12:12:06.554490 13986 data_dirs.cc:400] Could only allocate 1 dirs of requested 3 for tablet b5a5281351bc4f90a0915e04895afcca. 1 dirs total, 0 dirs full, 0 dirs failed
I20260709 12:12:06.557127 13907 data_dirs.cc:400] Could only allocate 1 dirs of requested 3 for tablet d644419c6e4a463782008f27ed9ddde6. 1 dirs total, 0 dirs full, 0 dirs failed
I20260709 12:12:06.564944 13985 tablet_service.cc:1511] Processing CreateTablet for tablet f145387def084e3fa5cb828b232ab6d4 (DEFAULT_TABLE table=test-workload [id=bc64cbbaa667483f8fb405a65d19d97a]), partition=RANGE (key) PARTITION 477218588 <= VALUES < 715827882
I20260709 12:12:06.549642 13987 tablet_service.cc:1511] Processing CreateTablet for tablet fed0889142a64db7a588f93e143ae4f6 (DEFAULT_TABLE table=test-workload [id=bc64cbbaa667483f8fb405a65d19d97a]), partition=RANGE (key) PARTITION VALUES < 238609294
I20260709 12:12:06.568226 13985 data_dirs.cc:400] Could only allocate 1 dirs of requested 3 for tablet f145387def084e3fa5cb828b232ab6d4. 1 dirs total, 0 dirs full, 0 dirs failed
I20260709 12:12:06.575904 13987 data_dirs.cc:400] Could only allocate 1 dirs of requested 3 for tablet fed0889142a64db7a588f93e143ae4f6. 1 dirs total, 0 dirs full, 0 dirs failed
I20260709 12:12:06.584645 13984 tablet_service.cc:1511] Processing CreateTablet for tablet 497de26c1ba54b719db00798237b7fda (DEFAULT_TABLE table=test-workload [id=bc64cbbaa667483f8fb405a65d19d97a]), partition=RANGE (key) PARTITION 715827882 <= VALUES < 954437176
I20260709 12:12:06.586227 13984 data_dirs.cc:400] Could only allocate 1 dirs of requested 3 for tablet 497de26c1ba54b719db00798237b7fda. 1 dirs total, 0 dirs full, 0 dirs failed
I20260709 12:12:06.603572 13983 tablet_service.cc:1511] Processing CreateTablet for tablet 89d56d04379a4d57a3a729cda477fd20 (DEFAULT_TABLE table=test-workload [id=bc64cbbaa667483f8fb405a65d19d97a]), partition=RANGE (key) PARTITION 954437176 <= VALUES < 1193046470
I20260709 12:12:06.606775 13983 data_dirs.cc:400] Could only allocate 1 dirs of requested 3 for tablet 89d56d04379a4d57a3a729cda477fd20. 1 dirs total, 0 dirs full, 0 dirs failed
I20260709 12:12:06.615635 13838 tablet_service.cc:1511] Processing CreateTablet for tablet e253aec334c648da9d92342497174d9e (DEFAULT_TABLE table=test-workload [id=bc64cbbaa667483f8fb405a65d19d97a]), partition=RANGE (key) PARTITION 1670265058 <= VALUES < 1908874352
I20260709 12:12:06.616765 13838 data_dirs.cc:400] Could only allocate 1 dirs of requested 3 for tablet e253aec334c648da9d92342497174d9e. 1 dirs total, 0 dirs full, 0 dirs failed
I20260709 12:12:06.612121 14040 tablet_bootstrap.cc:492] T f145387def084e3fa5cb828b232ab6d4 P cb247a96cb984c32b0abe92a275c6c42: Bootstrap starting.
I20260709 12:12:06.621567 13836 tablet_service.cc:1511] Processing CreateTablet for tablet e9d1fa45bb204fd9bcb4a7427e4bd067 (DEFAULT_TABLE table=test-workload [id=bc64cbbaa667483f8fb405a65d19d97a]), partition=RANGE (key) PARTITION 1908874352 <= VALUES
I20260709 12:12:06.622684 13836 data_dirs.cc:400] Could only allocate 1 dirs of requested 3 for tablet e9d1fa45bb204fd9bcb4a7427e4bd067. 1 dirs total, 0 dirs full, 0 dirs failed
I20260709 12:12:06.627199 13982 tablet_service.cc:1511] Processing CreateTablet for tablet 2c662851a2a64d2bb8e40e10cc5ac506 (DEFAULT_TABLE table=test-workload [id=bc64cbbaa667483f8fb405a65d19d97a]), partition=RANGE (key) PARTITION 1193046470 <= VALUES < 1431655764
I20260709 12:12:06.629196 13982 data_dirs.cc:400] Could only allocate 1 dirs of requested 3 for tablet 2c662851a2a64d2bb8e40e10cc5ac506. 1 dirs total, 0 dirs full, 0 dirs failed
I20260709 12:12:06.630685 13912 tablet_service.cc:1511] Processing CreateTablet for tablet e9d1fa45bb204fd9bcb4a7427e4bd067 (DEFAULT_TABLE table=test-workload [id=bc64cbbaa667483f8fb405a65d19d97a]), partition=RANGE (key) PARTITION 1908874352 <= VALUES
I20260709 12:12:06.632757 13912 data_dirs.cc:400] Could only allocate 1 dirs of requested 3 for tablet e9d1fa45bb204fd9bcb4a7427e4bd067. 1 dirs total, 0 dirs full, 0 dirs failed
I20260709 12:12:06.643782 13981 tablet_service.cc:1511] Processing CreateTablet for tablet d644419c6e4a463782008f27ed9ddde6 (DEFAULT_TABLE table=test-workload [id=bc64cbbaa667483f8fb405a65d19d97a]), partition=RANGE (key) PARTITION 1431655764 <= VALUES < 1670265058
I20260709 12:12:06.646546 13981 data_dirs.cc:400] Could only allocate 1 dirs of requested 3 for tablet d644419c6e4a463782008f27ed9ddde6. 1 dirs total, 0 dirs full, 0 dirs failed
W20260709 12:12:06.651328 13793 auto_rebalancer.cc:288] Could not retrieve cluster info: Service unavailable: Tablet not running
I20260709 12:12:06.654297 14041 tablet_bootstrap.cc:492] T 2c662851a2a64d2bb8e40e10cc5ac506 P 5e87ba625bd64027a8fb7ef1b9add7c6: Bootstrap starting.
I20260709 12:12:06.668478 14042 tablet_bootstrap.cc:492] T 89d56d04379a4d57a3a729cda477fd20 P 1d06c587600b47179661c9d796e5dee8: Bootstrap starting.
I20260709 12:12:06.653316 13913 tablet_service.cc:1511] Processing CreateTablet for tablet e253aec334c648da9d92342497174d9e (DEFAULT_TABLE table=test-workload [id=bc64cbbaa667483f8fb405a65d19d97a]), partition=RANGE (key) PARTITION 1670265058 <= VALUES < 1908874352
I20260709 12:12:06.670037 13980 tablet_service.cc:1511] Processing CreateTablet for tablet e9d1fa45bb204fd9bcb4a7427e4bd067 (DEFAULT_TABLE table=test-workload [id=bc64cbbaa667483f8fb405a65d19d97a]), partition=RANGE (key) PARTITION 1908874352 <= VALUES
I20260709 12:12:06.675870 13913 data_dirs.cc:400] Could only allocate 1 dirs of requested 3 for tablet e253aec334c648da9d92342497174d9e. 1 dirs total, 0 dirs full, 0 dirs failed
I20260709 12:12:06.676416 13980 data_dirs.cc:400] Could only allocate 1 dirs of requested 3 for tablet e9d1fa45bb204fd9bcb4a7427e4bd067. 1 dirs total, 0 dirs full, 0 dirs failed
I20260709 12:12:06.699859 14041 tablet_bootstrap.cc:654] T 2c662851a2a64d2bb8e40e10cc5ac506 P 5e87ba625bd64027a8fb7ef1b9add7c6: Neither blocks nor log segments found. Creating new log.
I20260709 12:12:06.688647 13983 tablet_service.cc:1511] Processing CreateTablet for tablet e253aec334c648da9d92342497174d9e (DEFAULT_TABLE table=test-workload [id=bc64cbbaa667483f8fb405a65d19d97a]), partition=RANGE (key) PARTITION 1670265058 <= VALUES < 1908874352
I20260709 12:12:06.713685 14042 tablet_bootstrap.cc:654] T 89d56d04379a4d57a3a729cda477fd20 P 1d06c587600b47179661c9d796e5dee8: Neither blocks nor log segments found. Creating new log.
I20260709 12:12:06.713798 13983 data_dirs.cc:400] Could only allocate 1 dirs of requested 3 for tablet e253aec334c648da9d92342497174d9e. 1 dirs total, 0 dirs full, 0 dirs failed
I20260709 12:12:06.734790 14040 tablet_bootstrap.cc:654] T f145387def084e3fa5cb828b232ab6d4 P cb247a96cb984c32b0abe92a275c6c42: Neither blocks nor log segments found. Creating new log.
I20260709 12:12:06.744863 14041 tablet_bootstrap.cc:492] T 2c662851a2a64d2bb8e40e10cc5ac506 P 5e87ba625bd64027a8fb7ef1b9add7c6: No bootstrap required, opened a new log
I20260709 12:12:06.745623 14041 ts_tablet_manager.cc:1403] T 2c662851a2a64d2bb8e40e10cc5ac506 P 5e87ba625bd64027a8fb7ef1b9add7c6: Time spent bootstrapping tablet: real 0.122s	user 0.021s	sys 0.015s
I20260709 12:12:06.748410 14042 tablet_bootstrap.cc:492] T 89d56d04379a4d57a3a729cda477fd20 P 1d06c587600b47179661c9d796e5dee8: No bootstrap required, opened a new log
I20260709 12:12:06.749735 14042 ts_tablet_manager.cc:1403] T 89d56d04379a4d57a3a729cda477fd20 P 1d06c587600b47179661c9d796e5dee8: Time spent bootstrapping tablet: real 0.085s	user 0.004s	sys 0.021s
I20260709 12:12:06.751541 14041 raft_consensus.cc:359] T 2c662851a2a64d2bb8e40e10cc5ac506 P 5e87ba625bd64027a8fb7ef1b9add7c6 [term 0 FOLLOWER]: Replica starting. Triggering 0 pending ops. Active config: opid_index: -1 OBSOLETE_local: false peers { permanent_uuid: "cb247a96cb984c32b0abe92a275c6c42" member_type: VOTER last_known_addr { host: "127.13.100.65" port: 46553 } } peers { permanent_uuid: "5e87ba625bd64027a8fb7ef1b9add7c6" member_type: VOTER last_known_addr { host: "127.13.100.66" port: 39865 } } peers { permanent_uuid: "1d06c587600b47179661c9d796e5dee8" member_type: VOTER last_known_addr { host: "127.13.100.67" port: 33623 } }
I20260709 12:12:06.752315 14041 raft_consensus.cc:385] T 2c662851a2a64d2bb8e40e10cc5ac506 P 5e87ba625bd64027a8fb7ef1b9add7c6 [term 0 FOLLOWER]: Consensus starting up: Expiring failure detector timer to make a prompt election more likely
I20260709 12:12:06.752568 14040 tablet_bootstrap.cc:492] T f145387def084e3fa5cb828b232ab6d4 P cb247a96cb984c32b0abe92a275c6c42: No bootstrap required, opened a new log
I20260709 12:12:06.752668 14041 raft_consensus.cc:740] T 2c662851a2a64d2bb8e40e10cc5ac506 P 5e87ba625bd64027a8fb7ef1b9add7c6 [term 0 FOLLOWER]: Becoming Follower/Learner. State: Replica: 5e87ba625bd64027a8fb7ef1b9add7c6, State: Initialized, Role: FOLLOWER
I20260709 12:12:06.753046 14040 ts_tablet_manager.cc:1403] T f145387def084e3fa5cb828b232ab6d4 P cb247a96cb984c32b0abe92a275c6c42: Time spent bootstrapping tablet: real 0.209s	user 0.012s	sys 0.002s
I20260709 12:12:06.753648 14041 consensus_queue.cc:260] T 2c662851a2a64d2bb8e40e10cc5ac506 P 5e87ba625bd64027a8fb7ef1b9add7c6 [NON_LEADER]: Queue going to NON_LEADER mode. State: All replicated index: 0, Majority replicated index: 0, Committed index: 0, Last appended: 0.0, Last appended by leader: 0, Current term: 0, Majority size: -1, State: 0, Mode: NON_LEADER, active raft config: opid_index: -1 OBSOLETE_local: false peers { permanent_uuid: "cb247a96cb984c32b0abe92a275c6c42" member_type: VOTER last_known_addr { host: "127.13.100.65" port: 46553 } } peers { permanent_uuid: "5e87ba625bd64027a8fb7ef1b9add7c6" member_type: VOTER last_known_addr { host: "127.13.100.66" port: 39865 } } peers { permanent_uuid: "1d06c587600b47179661c9d796e5dee8" member_type: VOTER last_known_addr { host: "127.13.100.67" port: 33623 } }
I20260709 12:12:06.755970 14042 raft_consensus.cc:359] T 89d56d04379a4d57a3a729cda477fd20 P 1d06c587600b47179661c9d796e5dee8 [term 0 FOLLOWER]: Replica starting. Triggering 0 pending ops. Active config: opid_index: -1 OBSOLETE_local: false peers { permanent_uuid: "cb247a96cb984c32b0abe92a275c6c42" member_type: VOTER last_known_addr { host: "127.13.100.65" port: 46553 } } peers { permanent_uuid: "5e87ba625bd64027a8fb7ef1b9add7c6" member_type: VOTER last_known_addr { host: "127.13.100.66" port: 39865 } } peers { permanent_uuid: "1d06c587600b47179661c9d796e5dee8" member_type: VOTER last_known_addr { host: "127.13.100.67" port: 33623 } }
I20260709 12:12:06.756170 14040 raft_consensus.cc:359] T f145387def084e3fa5cb828b232ab6d4 P cb247a96cb984c32b0abe92a275c6c42 [term 0 FOLLOWER]: Replica starting. Triggering 0 pending ops. Active config: opid_index: -1 OBSOLETE_local: false peers { permanent_uuid: "cb247a96cb984c32b0abe92a275c6c42" member_type: VOTER last_known_addr { host: "127.13.100.65" port: 46553 } } peers { permanent_uuid: "5e87ba625bd64027a8fb7ef1b9add7c6" member_type: VOTER last_known_addr { host: "127.13.100.66" port: 39865 } } peers { permanent_uuid: "1d06c587600b47179661c9d796e5dee8" member_type: VOTER last_known_addr { host: "127.13.100.67" port: 33623 } }
I20260709 12:12:06.756708 14042 raft_consensus.cc:385] T 89d56d04379a4d57a3a729cda477fd20 P 1d06c587600b47179661c9d796e5dee8 [term 0 FOLLOWER]: Consensus starting up: Expiring failure detector timer to make a prompt election more likely
I20260709 12:12:06.756839 14040 raft_consensus.cc:385] T f145387def084e3fa5cb828b232ab6d4 P cb247a96cb984c32b0abe92a275c6c42 [term 0 FOLLOWER]: Consensus starting up: Expiring failure detector timer to make a prompt election more likely
I20260709 12:12:06.757051 14042 raft_consensus.cc:740] T 89d56d04379a4d57a3a729cda477fd20 P 1d06c587600b47179661c9d796e5dee8 [term 0 FOLLOWER]: Becoming Follower/Learner. State: Replica: 1d06c587600b47179661c9d796e5dee8, State: Initialized, Role: FOLLOWER
I20260709 12:12:06.757130 14040 raft_consensus.cc:740] T f145387def084e3fa5cb828b232ab6d4 P cb247a96cb984c32b0abe92a275c6c42 [term 0 FOLLOWER]: Becoming Follower/Learner. State: Replica: cb247a96cb984c32b0abe92a275c6c42, State: Initialized, Role: FOLLOWER
I20260709 12:12:06.757993 14040 consensus_queue.cc:260] T f145387def084e3fa5cb828b232ab6d4 P cb247a96cb984c32b0abe92a275c6c42 [NON_LEADER]: Queue going to NON_LEADER mode. State: All replicated index: 0, Majority replicated index: 0, Committed index: 0, Last appended: 0.0, Last appended by leader: 0, Current term: 0, Majority size: -1, State: 0, Mode: NON_LEADER, active raft config: opid_index: -1 OBSOLETE_local: false peers { permanent_uuid: "cb247a96cb984c32b0abe92a275c6c42" member_type: VOTER last_known_addr { host: "127.13.100.65" port: 46553 } } peers { permanent_uuid: "5e87ba625bd64027a8fb7ef1b9add7c6" member_type: VOTER last_known_addr { host: "127.13.100.66" port: 39865 } } peers { permanent_uuid: "1d06c587600b47179661c9d796e5dee8" member_type: VOTER last_known_addr { host: "127.13.100.67" port: 33623 } }
