I20260709 12:12:52.605010 14366 tablet_service.cc:2072] Received LeaderStepDown RPC: tablet_id: "0eac2d95e7b74c0b8ffcfdf12deb2008"
dest_uuid: "67774f51c7714178a0043f6596f01951"
mode: GRACEFUL
new_leader_uuid: "0ad1b38612c440f5a111a40922434c7d"
 from {username='slave'} at 127.0.0.1:35832
I20260709 12:12:52.605458 14366 raft_consensus.cc:606] T 0eac2d95e7b74c0b8ffcfdf12deb2008 P 67774f51c7714178a0043f6596f01951 [term 4 LEADER]: Received request to transfer leadership to TS 0ad1b38612c440f5a111a40922434c7d
I20260709 12:12:52.607326 14366 tablet_service.cc:2072] Received LeaderStepDown RPC: tablet_id: "74ae1ec5728d4662a075e3f208ff39a9"
dest_uuid: "67774f51c7714178a0043f6596f01951"
mode: GRACEFUL
new_leader_uuid: "c4cd70a572254da2bf0ecbe939c52cea"
 from {username='slave'} at 127.0.0.1:35832
I20260709 12:12:52.607731 14366 raft_consensus.cc:606] T 74ae1ec5728d4662a075e3f208ff39a9 P 67774f51c7714178a0043f6596f01951 [term 3 LEADER]: Received request to transfer leadership to TS c4cd70a572254da2bf0ecbe939c52cea
I20260709 12:12:52.609388 14366 tablet_service.cc:2072] Received LeaderStepDown RPC: tablet_id: "cc2c1e22194347689e31a133c09fed7f"
dest_uuid: "67774f51c7714178a0043f6596f01951"
mode: GRACEFUL
new_leader_uuid: "c4cd70a572254da2bf0ecbe939c52cea"
 from {username='slave'} at 127.0.0.1:35832
I20260709 12:12:52.609802 14366 raft_consensus.cc:606] T cc2c1e22194347689e31a133c09fed7f P 67774f51c7714178a0043f6596f01951 [term 2 LEADER]: Received request to transfer leadership to TS c4cd70a572254da2bf0ecbe939c52cea
I20260709 12:12:52.611619 14366 tablet_service.cc:2072] Received LeaderStepDown RPC: tablet_id: "fda4cb1fb7fd43ed9ff6ac1af0d9169a"
dest_uuid: "67774f51c7714178a0043f6596f01951"
mode: GRACEFUL
new_leader_uuid: "0ad1b38612c440f5a111a40922434c7d"
 from {username='slave'} at 127.0.0.1:35832
I20260709 12:12:52.612011 14366 raft_consensus.cc:606] T fda4cb1fb7fd43ed9ff6ac1af0d9169a P 67774f51c7714178a0043f6596f01951 [term 1 LEADER]: Received request to transfer leadership to TS 0ad1b38612c440f5a111a40922434c7d
I20260709 12:12:52.612910 13713 auto_leader_rebalancer.cc:440] table: test-workload, leader rebalance finish, leader transfer count: 4
I20260709 12:12:52.613406 13713 auto_leader_rebalancer.cc:515] All tables' leader rebalancing finished this round
I20260709 12:12:52.633878 14664 raft_consensus.cc:993] T 0eac2d95e7b74c0b8ffcfdf12deb2008 P 67774f51c7714178a0043f6596f01951: : Instructing follower 0ad1b38612c440f5a111a40922434c7d to start an election
I20260709 12:12:52.634212 14698 raft_consensus.cc:1081] T 0eac2d95e7b74c0b8ffcfdf12deb2008 P 67774f51c7714178a0043f6596f01951 [term 4 LEADER]: Signalling peer 0ad1b38612c440f5a111a40922434c7d to start an election
I20260709 12:12:52.635353 14441 tablet_service.cc:2044] Received Run Leader Election RPC: tablet_id: "0eac2d95e7b74c0b8ffcfdf12deb2008"
dest_uuid: "0ad1b38612c440f5a111a40922434c7d"
 from {username='slave'} at 127.0.0.1:54096
I20260709 12:12:52.635738 14441 raft_consensus.cc:493] T 0eac2d95e7b74c0b8ffcfdf12deb2008 P 0ad1b38612c440f5a111a40922434c7d [term 4 FOLLOWER]: Starting forced leader election (received explicit request)
I20260709 12:12:52.635985 14441 raft_consensus.cc:3060] T 0eac2d95e7b74c0b8ffcfdf12deb2008 P 0ad1b38612c440f5a111a40922434c7d [term 4 FOLLOWER]: Advancing to term 5
I20260709 12:12:52.640216 14441 raft_consensus.cc:515] T 0eac2d95e7b74c0b8ffcfdf12deb2008 P 0ad1b38612c440f5a111a40922434c7d [term 5 FOLLOWER]: Starting forced leader election with config: opid_index: -1 OBSOLETE_local: false peers { permanent_uuid: "67774f51c7714178a0043f6596f01951" member_type: VOTER last_known_addr { host: "127.13.100.65" port: 41239 } } peers { permanent_uuid: "0ad1b38612c440f5a111a40922434c7d" member_type: VOTER last_known_addr { host: "127.13.100.66" port: 43743 } } peers { permanent_uuid: "c4cd70a572254da2bf0ecbe939c52cea" member_type: VOTER last_known_addr { host: "127.13.100.67" port: 38661 } }
I20260709 12:12:52.641911 14441 leader_election.cc:290] T 0eac2d95e7b74c0b8ffcfdf12deb2008 P 0ad1b38612c440f5a111a40922434c7d [CANDIDATE]: Term 5 election: Requested vote from peers 67774f51c7714178a0043f6596f01951 (127.13.100.65:41239), c4cd70a572254da2bf0ecbe939c52cea (127.13.100.67:38661)
I20260709 12:12:52.642535 14366 tablet_service.cc:1917] Received RequestConsensusVote() RPC: tablet_id: "0eac2d95e7b74c0b8ffcfdf12deb2008" candidate_uuid: "0ad1b38612c440f5a111a40922434c7d" candidate_term: 5 candidate_status { last_received { term: 4 index: 4 } } ignore_live_leader: true dest_uuid: "67774f51c7714178a0043f6596f01951"
I20260709 12:12:52.642799 14514 tablet_service.cc:1917] Received RequestConsensusVote() RPC: tablet_id: "0eac2d95e7b74c0b8ffcfdf12deb2008" candidate_uuid: "0ad1b38612c440f5a111a40922434c7d" candidate_term: 5 candidate_status { last_received { term: 4 index: 4 } } ignore_live_leader: true dest_uuid: "c4cd70a572254da2bf0ecbe939c52cea"
I20260709 12:12:52.643256 14514 raft_consensus.cc:3060] T 0eac2d95e7b74c0b8ffcfdf12deb2008 P c4cd70a572254da2bf0ecbe939c52cea [term 4 FOLLOWER]: Advancing to term 5
I20260709 12:12:52.642946 14366 raft_consensus.cc:3055] T 0eac2d95e7b74c0b8ffcfdf12deb2008 P 67774f51c7714178a0043f6596f01951 [term 4 LEADER]: Stepping down as leader of term 4
I20260709 12:12:52.643954 14366 raft_consensus.cc:740] T 0eac2d95e7b74c0b8ffcfdf12deb2008 P 67774f51c7714178a0043f6596f01951 [term 4 LEADER]: Becoming Follower/Learner. State: Replica: 67774f51c7714178a0043f6596f01951, State: Running, Role: LEADER
I20260709 12:12:52.644690 14664 raft_consensus.cc:993] T cc2c1e22194347689e31a133c09fed7f P 67774f51c7714178a0043f6596f01951: : Instructing follower c4cd70a572254da2bf0ecbe939c52cea to start an election
I20260709 12:12:52.644642 14366 consensus_queue.cc:260] T 0eac2d95e7b74c0b8ffcfdf12deb2008 P 67774f51c7714178a0043f6596f01951 [NON_LEADER]: Queue going to NON_LEADER mode. State: All replicated index: 0, Majority replicated index: 4, Committed index: 4, Last appended: 4.4, Last appended by leader: 4, Current term: 4, Majority size: -1, State: 0, Mode: NON_LEADER, active raft config: opid_index: -1 OBSOLETE_local: false peers { permanent_uuid: "67774f51c7714178a0043f6596f01951" member_type: VOTER last_known_addr { host: "127.13.100.65" port: 41239 } } peers { permanent_uuid: "0ad1b38612c440f5a111a40922434c7d" member_type: VOTER last_known_addr { host: "127.13.100.66" port: 43743 } } peers { permanent_uuid: "c4cd70a572254da2bf0ecbe939c52cea" member_type: VOTER last_known_addr { host: "127.13.100.67" port: 38661 } }
I20260709 12:12:52.645151 14698 raft_consensus.cc:1081] T cc2c1e22194347689e31a133c09fed7f P 67774f51c7714178a0043f6596f01951 [term 2 LEADER]: Signalling peer c4cd70a572254da2bf0ecbe939c52cea to start an election
I20260709 12:12:52.645684 14366 raft_consensus.cc:3060] T 0eac2d95e7b74c0b8ffcfdf12deb2008 P 67774f51c7714178a0043f6596f01951 [term 4 FOLLOWER]: Advancing to term 5
I20260709 12:12:52.646585 14516 tablet_service.cc:2044] Received Run Leader Election RPC: tablet_id: "cc2c1e22194347689e31a133c09fed7f"
dest_uuid: "c4cd70a572254da2bf0ecbe939c52cea"
 from {username='slave'} at 127.0.0.1:54376
I20260709 12:12:52.647055 14516 raft_consensus.cc:493] T cc2c1e22194347689e31a133c09fed7f P c4cd70a572254da2bf0ecbe939c52cea [term 2 FOLLOWER]: Starting forced leader election (received explicit request)
I20260709 12:12:52.647363 14516 raft_consensus.cc:3060] T cc2c1e22194347689e31a133c09fed7f P c4cd70a572254da2bf0ecbe939c52cea [term 2 FOLLOWER]: Advancing to term 3
I20260709 12:12:52.648113 14514 raft_consensus.cc:2468] T 0eac2d95e7b74c0b8ffcfdf12deb2008 P c4cd70a572254da2bf0ecbe939c52cea [term 5 FOLLOWER]: Leader election vote request: Granting yes vote for candidate 0ad1b38612c440f5a111a40922434c7d in term 5.
I20260709 12:12:52.648962 14407 leader_election.cc:304] T 0eac2d95e7b74c0b8ffcfdf12deb2008 P 0ad1b38612c440f5a111a40922434c7d [CANDIDATE]: Term 5 election: Election decided. Result: candidate won. Election summary: received 2 responses out of 3 voters: 2 yes votes; 0 no votes. yes voters: 0ad1b38612c440f5a111a40922434c7d, c4cd70a572254da2bf0ecbe939c52cea; no voters: 
I20260709 12:12:52.649513 14672 raft_consensus.cc:2804] T 0eac2d95e7b74c0b8ffcfdf12deb2008 P 0ad1b38612c440f5a111a40922434c7d [term 5 FOLLOWER]: Leader election won for term 5
I20260709 12:12:52.651221 14366 raft_consensus.cc:2468] T 0eac2d95e7b74c0b8ffcfdf12deb2008 P 67774f51c7714178a0043f6596f01951 [term 5 FOLLOWER]: Leader election vote request: Granting yes vote for candidate 0ad1b38612c440f5a111a40922434c7d in term 5.
I20260709 12:12:52.652005 14672 raft_consensus.cc:697] T 0eac2d95e7b74c0b8ffcfdf12deb2008 P 0ad1b38612c440f5a111a40922434c7d [term 5 LEADER]: Becoming Leader. State: Replica: 0ad1b38612c440f5a111a40922434c7d, State: Running, Role: LEADER
I20260709 12:12:52.652824 14516 raft_consensus.cc:515] T cc2c1e22194347689e31a133c09fed7f P c4cd70a572254da2bf0ecbe939c52cea [term 3 FOLLOWER]: Starting forced leader election with config: opid_index: -1 OBSOLETE_local: false peers { permanent_uuid: "67774f51c7714178a0043f6596f01951" member_type: VOTER last_known_addr { host: "127.13.100.65" port: 41239 } } peers { permanent_uuid: "0ad1b38612c440f5a111a40922434c7d" member_type: VOTER last_known_addr { host: "127.13.100.66" port: 43743 } } peers { permanent_uuid: "c4cd70a572254da2bf0ecbe939c52cea" member_type: VOTER last_known_addr { host: "127.13.100.67" port: 38661 } }
I20260709 12:12:52.652838 14672 consensus_queue.cc:237] T 0eac2d95e7b74c0b8ffcfdf12deb2008 P 0ad1b38612c440f5a111a40922434c7d [LEADER]: Queue going to LEADER mode. State: All replicated index: 0, Majority replicated index: 4, Committed index: 4, Last appended: 4.4, Last appended by leader: 4, Current term: 5, Majority size: 2, State: 0, Mode: LEADER, active raft config: opid_index: -1 OBSOLETE_local: false peers { permanent_uuid: "67774f51c7714178a0043f6596f01951" member_type: VOTER last_known_addr { host: "127.13.100.65" port: 41239 } } peers { permanent_uuid: "0ad1b38612c440f5a111a40922434c7d" member_type: VOTER last_known_addr { host: "127.13.100.66" port: 43743 } } peers { permanent_uuid: "c4cd70a572254da2bf0ecbe939c52cea" member_type: VOTER last_known_addr { host: "127.13.100.67" port: 38661 } }
I20260709 12:12:52.654989 14516 leader_election.cc:290] T cc2c1e22194347689e31a133c09fed7f P c4cd70a572254da2bf0ecbe939c52cea [CANDIDATE]: Term 3 election: Requested vote from peers 67774f51c7714178a0043f6596f01951 (127.13.100.65:41239), 0ad1b38612c440f5a111a40922434c7d (127.13.100.66:43743)
I20260709 12:12:52.655202 14366 tablet_service.cc:1917] Received RequestConsensusVote() RPC: tablet_id: "cc2c1e22194347689e31a133c09fed7f" candidate_uuid: "c4cd70a572254da2bf0ecbe939c52cea" candidate_term: 3 candidate_status { last_received { term: 2 index: 2 } } ignore_live_leader: true dest_uuid: "67774f51c7714178a0043f6596f01951"
I20260709 12:12:52.655463 14441 tablet_service.cc:1917] Received RequestConsensusVote() RPC: tablet_id: "cc2c1e22194347689e31a133c09fed7f" candidate_uuid: "c4cd70a572254da2bf0ecbe939c52cea" candidate_term: 3 candidate_status { last_received { term: 2 index: 2 } } ignore_live_leader: true dest_uuid: "0ad1b38612c440f5a111a40922434c7d"
I20260709 12:12:52.655733 14366 raft_consensus.cc:3055] T cc2c1e22194347689e31a133c09fed7f P 67774f51c7714178a0043f6596f01951 [term 2 LEADER]: Stepping down as leader of term 2
I20260709 12:12:52.656028 14441 raft_consensus.cc:3060] T cc2c1e22194347689e31a133c09fed7f P 0ad1b38612c440f5a111a40922434c7d [term 2 FOLLOWER]: Advancing to term 3
I20260709 12:12:52.656131 14366 raft_consensus.cc:740] T cc2c1e22194347689e31a133c09fed7f P 67774f51c7714178a0043f6596f01951 [term 2 LEADER]: Becoming Follower/Learner. State: Replica: 67774f51c7714178a0043f6596f01951, State: Running, Role: LEADER
I20260709 12:12:52.657944 14366 consensus_queue.cc:260] T cc2c1e22194347689e31a133c09fed7f P 67774f51c7714178a0043f6596f01951 [NON_LEADER]: Queue going to NON_LEADER mode. State: All replicated index: 0, Majority replicated index: 2, Committed index: 2, Last appended: 2.2, Last appended by leader: 2, Current term: 2, Majority size: -1, State: 0, Mode: NON_LEADER, active raft config: opid_index: -1 OBSOLETE_local: false peers { permanent_uuid: "67774f51c7714178a0043f6596f01951" member_type: VOTER last_known_addr { host: "127.13.100.65" port: 41239 } } peers { permanent_uuid: "0ad1b38612c440f5a111a40922434c7d" member_type: VOTER last_known_addr { host: "127.13.100.66" port: 43743 } } peers { permanent_uuid: "c4cd70a572254da2bf0ecbe939c52cea" member_type: VOTER last_known_addr { host: "127.13.100.67" port: 38661 } }
I20260709 12:12:52.658990 14366 raft_consensus.cc:3060] T cc2c1e22194347689e31a133c09fed7f P 67774f51c7714178a0043f6596f01951 [term 2 FOLLOWER]: Advancing to term 3
I20260709 12:12:52.659464 14265 catalog_manager.cc:5697] T 0eac2d95e7b74c0b8ffcfdf12deb2008 P 0ad1b38612c440f5a111a40922434c7d reported cstate change: term changed from 4 to 5, leader changed from 67774f51c7714178a0043f6596f01951 (127.13.100.65) to 0ad1b38612c440f5a111a40922434c7d (127.13.100.66). New cstate: current_term: 5 leader_uuid: "0ad1b38612c440f5a111a40922434c7d" committed_config { opid_index: -1 OBSOLETE_local: false peers { permanent_uuid: "67774f51c7714178a0043f6596f01951" member_type: VOTER last_known_addr { host: "127.13.100.65" port: 41239 } health_report { overall_health: UNKNOWN } } peers { permanent_uuid: "0ad1b38612c440f5a111a40922434c7d" member_type: VOTER last_known_addr { host: "127.13.100.66" port: 43743 } health_report { overall_health: HEALTHY } } peers { permanent_uuid: "c4cd70a572254da2bf0ecbe939c52cea" member_type: VOTER last_known_addr { host: "127.13.100.67" port: 38661 } health_report { overall_health: UNKNOWN } } }
I20260709 12:12:52.662448 14441 raft_consensus.cc:2468] T cc2c1e22194347689e31a133c09fed7f P 0ad1b38612c440f5a111a40922434c7d [term 3 FOLLOWER]: Leader election vote request: Granting yes vote for candidate c4cd70a572254da2bf0ecbe939c52cea in term 3.
I20260709 12:12:52.663558 14482 leader_election.cc:304] T cc2c1e22194347689e31a133c09fed7f P c4cd70a572254da2bf0ecbe939c52cea [CANDIDATE]: Term 3 election: Election decided. Result: candidate won. Election summary: received 2 responses out of 3 voters: 2 yes votes; 0 no votes. yes voters: 0ad1b38612c440f5a111a40922434c7d, c4cd70a572254da2bf0ecbe939c52cea; no voters: 
I20260709 12:12:52.664276 14366 raft_consensus.cc:2468] T cc2c1e22194347689e31a133c09fed7f P 67774f51c7714178a0043f6596f01951 [term 3 FOLLOWER]: Leader election vote request: Granting yes vote for candidate c4cd70a572254da2bf0ecbe939c52cea in term 3.
I20260709 12:12:52.664317 14642 raft_consensus.cc:2804] T cc2c1e22194347689e31a133c09fed7f P c4cd70a572254da2bf0ecbe939c52cea [term 3 FOLLOWER]: Leader election won for term 3
I20260709 12:12:52.665736 14642 raft_consensus.cc:697] T cc2c1e22194347689e31a133c09fed7f P c4cd70a572254da2bf0ecbe939c52cea [term 3 LEADER]: Becoming Leader. State: Replica: c4cd70a572254da2bf0ecbe939c52cea, State: Running, Role: LEADER
I20260709 12:12:52.666461 14642 consensus_queue.cc:237] T cc2c1e22194347689e31a133c09fed7f P c4cd70a572254da2bf0ecbe939c52cea [LEADER]: Queue going to LEADER mode. State: All replicated index: 0, Majority replicated index: 2, Committed index: 2, Last appended: 2.2, Last appended by leader: 2, Current term: 3, Majority size: 2, State: 0, Mode: LEADER, active raft config: opid_index: -1 OBSOLETE_local: false peers { permanent_uuid: "67774f51c7714178a0043f6596f01951" member_type: VOTER last_known_addr { host: "127.13.100.65" port: 41239 } } peers { permanent_uuid: "0ad1b38612c440f5a111a40922434c7d" member_type: VOTER last_known_addr { host: "127.13.100.66" port: 43743 } } peers { permanent_uuid: "c4cd70a572254da2bf0ecbe939c52cea" member_type: VOTER last_known_addr { host: "127.13.100.67" port: 38661 } }
I20260709 12:12:52.672904 14265 catalog_manager.cc:5697] T cc2c1e22194347689e31a133c09fed7f P c4cd70a572254da2bf0ecbe939c52cea reported cstate change: term changed from 2 to 3, leader changed from 67774f51c7714178a0043f6596f01951 (127.13.100.65) to c4cd70a572254da2bf0ecbe939c52cea (127.13.100.67). New cstate: current_term: 3 leader_uuid: "c4cd70a572254da2bf0ecbe939c52cea" committed_config { opid_index: -1 OBSOLETE_local: false peers { permanent_uuid: "67774f51c7714178a0043f6596f01951" member_type: VOTER last_known_addr { host: "127.13.100.65" port: 41239 } health_report { overall_health: UNKNOWN } } peers { permanent_uuid: "0ad1b38612c440f5a111a40922434c7d" member_type: VOTER last_known_addr { host: "127.13.100.66" port: 43743 } health_report { overall_health: UNKNOWN } } peers { permanent_uuid: "c4cd70a572254da2bf0ecbe939c52cea" member_type: VOTER last_known_addr { host: "127.13.100.67" port: 38661 } health_report { overall_health: HEALTHY } } }
I20260709 12:12:52.837483 14664 raft_consensus.cc:993] T 74ae1ec5728d4662a075e3f208ff39a9 P 67774f51c7714178a0043f6596f01951: : Instructing follower c4cd70a572254da2bf0ecbe939c52cea to start an election
I20260709 12:12:52.837845 14698 raft_consensus.cc:1081] T 74ae1ec5728d4662a075e3f208ff39a9 P 67774f51c7714178a0043f6596f01951 [term 3 LEADER]: Signalling peer c4cd70a572254da2bf0ecbe939c52cea to start an election
I20260709 12:12:52.838951 14516 tablet_service.cc:2044] Received Run Leader Election RPC: tablet_id: "74ae1ec5728d4662a075e3f208ff39a9"
dest_uuid: "c4cd70a572254da2bf0ecbe939c52cea"
 from {username='slave'} at 127.0.0.1:54376
I20260709 12:12:52.839355 14516 raft_consensus.cc:493] T 74ae1ec5728d4662a075e3f208ff39a9 P c4cd70a572254da2bf0ecbe939c52cea [term 3 FOLLOWER]: Starting forced leader election (received explicit request)
I20260709 12:12:52.839592 14516 raft_consensus.cc:3060] T 74ae1ec5728d4662a075e3f208ff39a9 P c4cd70a572254da2bf0ecbe939c52cea [term 3 FOLLOWER]: Advancing to term 4
I20260709 12:12:52.843369 14516 raft_consensus.cc:515] T 74ae1ec5728d4662a075e3f208ff39a9 P c4cd70a572254da2bf0ecbe939c52cea [term 4 FOLLOWER]: Starting forced leader election with config: opid_index: -1 OBSOLETE_local: false peers { permanent_uuid: "67774f51c7714178a0043f6596f01951" member_type: VOTER last_known_addr { host: "127.13.100.65" port: 41239 } } peers { permanent_uuid: "0ad1b38612c440f5a111a40922434c7d" member_type: VOTER last_known_addr { host: "127.13.100.66" port: 43743 } } peers { permanent_uuid: "c4cd70a572254da2bf0ecbe939c52cea" member_type: VOTER last_known_addr { host: "127.13.100.67" port: 38661 } }
I20260709 12:12:52.844599 14516 leader_election.cc:290] T 74ae1ec5728d4662a075e3f208ff39a9 P c4cd70a572254da2bf0ecbe939c52cea [CANDIDATE]: Term 4 election: Requested vote from peers 67774f51c7714178a0043f6596f01951 (127.13.100.65:41239), 0ad1b38612c440f5a111a40922434c7d (127.13.100.66:43743)
I20260709 12:12:52.845340 14366 tablet_service.cc:1917] Received RequestConsensusVote() RPC: tablet_id: "74ae1ec5728d4662a075e3f208ff39a9" candidate_uuid: "c4cd70a572254da2bf0ecbe939c52cea" candidate_term: 4 candidate_status { last_received { term: 3 index: 3 } } ignore_live_leader: true dest_uuid: "67774f51c7714178a0043f6596f01951"
I20260709 12:12:52.845490 14441 tablet_service.cc:1917] Received RequestConsensusVote() RPC: tablet_id: "74ae1ec5728d4662a075e3f208ff39a9" candidate_uuid: "c4cd70a572254da2bf0ecbe939c52cea" candidate_term: 4 candidate_status { last_received { term: 3 index: 3 } } ignore_live_leader: true dest_uuid: "0ad1b38612c440f5a111a40922434c7d"
I20260709 12:12:52.845878 14366 raft_consensus.cc:3055] T 74ae1ec5728d4662a075e3f208ff39a9 P 67774f51c7714178a0043f6596f01951 [term 3 LEADER]: Stepping down as leader of term 3
I20260709 12:12:52.845937 14441 raft_consensus.cc:3060] T 74ae1ec5728d4662a075e3f208ff39a9 P 0ad1b38612c440f5a111a40922434c7d [term 3 FOLLOWER]: Advancing to term 4
I20260709 12:12:52.846258 14366 raft_consensus.cc:740] T 74ae1ec5728d4662a075e3f208ff39a9 P 67774f51c7714178a0043f6596f01951 [term 3 LEADER]: Becoming Follower/Learner. State: Replica: 67774f51c7714178a0043f6596f01951, State: Running, Role: LEADER
I20260709 12:12:52.846931 14366 consensus_queue.cc:260] T 74ae1ec5728d4662a075e3f208ff39a9 P 67774f51c7714178a0043f6596f01951 [NON_LEADER]: Queue going to NON_LEADER mode. State: All replicated index: 0, Majority replicated index: 3, Committed index: 3, Last appended: 3.3, Last appended by leader: 3, Current term: 3, Majority size: -1, State: 0, Mode: NON_LEADER, active raft config: opid_index: -1 OBSOLETE_local: false peers { permanent_uuid: "67774f51c7714178a0043f6596f01951" member_type: VOTER last_known_addr { host: "127.13.100.65" port: 41239 } } peers { permanent_uuid: "0ad1b38612c440f5a111a40922434c7d" member_type: VOTER last_known_addr { host: "127.13.100.66" port: 43743 } } peers { permanent_uuid: "c4cd70a572254da2bf0ecbe939c52cea" member_type: VOTER last_known_addr { host: "127.13.100.67" port: 38661 } }
I20260709 12:12:52.848029 14366 raft_consensus.cc:3060] T 74ae1ec5728d4662a075e3f208ff39a9 P 67774f51c7714178a0043f6596f01951 [term 3 FOLLOWER]: Advancing to term 4
I20260709 12:12:52.851613 14441 raft_consensus.cc:2468] T 74ae1ec5728d4662a075e3f208ff39a9 P 0ad1b38612c440f5a111a40922434c7d [term 4 FOLLOWER]: Leader election vote request: Granting yes vote for candidate c4cd70a572254da2bf0ecbe939c52cea in term 4.
I20260709 12:12:52.852543 14482 leader_election.cc:304] T 74ae1ec5728d4662a075e3f208ff39a9 P c4cd70a572254da2bf0ecbe939c52cea [CANDIDATE]: Term 4 election: Election decided. Result: candidate won. Election summary: received 2 responses out of 3 voters: 2 yes votes; 0 no votes. yes voters: 0ad1b38612c440f5a111a40922434c7d, c4cd70a572254da2bf0ecbe939c52cea; no voters: 
I20260709 12:12:52.853117 14642 raft_consensus.cc:2804] T 74ae1ec5728d4662a075e3f208ff39a9 P c4cd70a572254da2bf0ecbe939c52cea [term 4 FOLLOWER]: Leader election won for term 4
I20260709 12:12:52.853295 14366 raft_consensus.cc:2468] T 74ae1ec5728d4662a075e3f208ff39a9 P 67774f51c7714178a0043f6596f01951 [term 4 FOLLOWER]: Leader election vote request: Granting yes vote for candidate c4cd70a572254da2bf0ecbe939c52cea in term 4.
I20260709 12:12:52.853562 14642 raft_consensus.cc:697] T 74ae1ec5728d4662a075e3f208ff39a9 P c4cd70a572254da2bf0ecbe939c52cea [term 4 LEADER]: Becoming Leader. State: Replica: c4cd70a572254da2bf0ecbe939c52cea, State: Running, Role: LEADER
I20260709 12:12:52.854279 14642 consensus_queue.cc:237] T 74ae1ec5728d4662a075e3f208ff39a9 P c4cd70a572254da2bf0ecbe939c52cea [LEADER]: Queue going to LEADER mode. State: All replicated index: 0, Majority replicated index: 3, Committed index: 3, Last appended: 3.3, Last appended by leader: 3, Current term: 4, Majority size: 2, State: 0, Mode: LEADER, active raft config: opid_index: -1 OBSOLETE_local: false peers { permanent_uuid: "67774f51c7714178a0043f6596f01951" member_type: VOTER last_known_addr { host: "127.13.100.65" port: 41239 } } peers { permanent_uuid: "0ad1b38612c440f5a111a40922434c7d" member_type: VOTER last_known_addr { host: "127.13.100.66" port: 43743 } } peers { permanent_uuid: "c4cd70a572254da2bf0ecbe939c52cea" member_type: VOTER last_known_addr { host: "127.13.100.67" port: 38661 } }
I20260709 12:12:52.859987 14265 catalog_manager.cc:5697] T 74ae1ec5728d4662a075e3f208ff39a9 P c4cd70a572254da2bf0ecbe939c52cea reported cstate change: term changed from 3 to 4, leader changed from 67774f51c7714178a0043f6596f01951 (127.13.100.65) to c4cd70a572254da2bf0ecbe939c52cea (127.13.100.67). New cstate: current_term: 4 leader_uuid: "c4cd70a572254da2bf0ecbe939c52cea" committed_config { opid_index: -1 OBSOLETE_local: false peers { permanent_uuid: "67774f51c7714178a0043f6596f01951" member_type: VOTER last_known_addr { host: "127.13.100.65" port: 41239 } health_report { overall_health: UNKNOWN } } peers { permanent_uuid: "0ad1b38612c440f5a111a40922434c7d" member_type: VOTER last_known_addr { host: "127.13.100.66" port: 43743 } health_report { overall_health: UNKNOWN } } peers { permanent_uuid: "c4cd70a572254da2bf0ecbe939c52cea" member_type: VOTER last_known_addr { host: "127.13.100.67" port: 38661 } health_report { overall_health: HEALTHY } } }
I20260709 12:12:52.882230 14664 raft_consensus.cc:993] T fda4cb1fb7fd43ed9ff6ac1af0d9169a P 67774f51c7714178a0043f6596f01951: : Instructing follower 0ad1b38612c440f5a111a40922434c7d to start an election
I20260709 12:12:52.882536 14698 raft_consensus.cc:1081] T fda4cb1fb7fd43ed9ff6ac1af0d9169a P 67774f51c7714178a0043f6596f01951 [term 1 LEADER]: Signalling peer 0ad1b38612c440f5a111a40922434c7d to start an election
I20260709 12:12:52.883661 14441 tablet_service.cc:2044] Received Run Leader Election RPC: tablet_id: "fda4cb1fb7fd43ed9ff6ac1af0d9169a"
dest_uuid: "0ad1b38612c440f5a111a40922434c7d"
 from {username='slave'} at 127.0.0.1:54096
I20260709 12:12:52.884018 14441 raft_consensus.cc:493] T fda4cb1fb7fd43ed9ff6ac1af0d9169a P 0ad1b38612c440f5a111a40922434c7d [term 1 FOLLOWER]: Starting forced leader election (received explicit request)
I20260709 12:12:52.884253 14441 raft_consensus.cc:3060] T fda4cb1fb7fd43ed9ff6ac1af0d9169a P 0ad1b38612c440f5a111a40922434c7d [term 1 FOLLOWER]: Advancing to term 2
I20260709 12:12:52.887996 14441 raft_consensus.cc:515] T fda4cb1fb7fd43ed9ff6ac1af0d9169a P 0ad1b38612c440f5a111a40922434c7d [term 2 FOLLOWER]: Starting forced leader election with config: opid_index: -1 OBSOLETE_local: false peers { permanent_uuid: "67774f51c7714178a0043f6596f01951" member_type: VOTER last_known_addr { host: "127.13.100.65" port: 41239 } } peers { permanent_uuid: "0ad1b38612c440f5a111a40922434c7d" member_type: VOTER last_known_addr { host: "127.13.100.66" port: 43743 } } peers { permanent_uuid: "c4cd70a572254da2bf0ecbe939c52cea" member_type: VOTER last_known_addr { host: "127.13.100.67" port: 38661 } }
I20260709 12:12:52.889182 14441 leader_election.cc:290] T fda4cb1fb7fd43ed9ff6ac1af0d9169a P 0ad1b38612c440f5a111a40922434c7d [CANDIDATE]: Term 2 election: Requested vote from peers 67774f51c7714178a0043f6596f01951 (127.13.100.65:41239), c4cd70a572254da2bf0ecbe939c52cea (127.13.100.67:38661)
I20260709 12:12:52.889819 14366 tablet_service.cc:1917] Received RequestConsensusVote() RPC: tablet_id: "fda4cb1fb7fd43ed9ff6ac1af0d9169a" candidate_uuid: "0ad1b38612c440f5a111a40922434c7d" candidate_term: 2 candidate_status { last_received { term: 1 index: 1 } } ignore_live_leader: true dest_uuid: "67774f51c7714178a0043f6596f01951"
I20260709 12:12:52.889979 14516 tablet_service.cc:1917] Received RequestConsensusVote() RPC: tablet_id: "fda4cb1fb7fd43ed9ff6ac1af0d9169a" candidate_uuid: "0ad1b38612c440f5a111a40922434c7d" candidate_term: 2 candidate_status { last_received { term: 1 index: 1 } } ignore_live_leader: true dest_uuid: "c4cd70a572254da2bf0ecbe939c52cea"
I20260709 12:12:52.890304 14366 raft_consensus.cc:3055] T fda4cb1fb7fd43ed9ff6ac1af0d9169a P 67774f51c7714178a0043f6596f01951 [term 1 LEADER]: Stepping down as leader of term 1
I20260709 12:12:52.890383 14516 raft_consensus.cc:3060] T fda4cb1fb7fd43ed9ff6ac1af0d9169a P c4cd70a572254da2bf0ecbe939c52cea [term 1 FOLLOWER]: Advancing to term 2
I20260709 12:12:52.890558 14366 raft_consensus.cc:740] T fda4cb1fb7fd43ed9ff6ac1af0d9169a P 67774f51c7714178a0043f6596f01951 [term 1 LEADER]: Becoming Follower/Learner. State: Replica: 67774f51c7714178a0043f6596f01951, State: Running, Role: LEADER
I20260709 12:12:52.891167 14366 consensus_queue.cc:260] T fda4cb1fb7fd43ed9ff6ac1af0d9169a P 67774f51c7714178a0043f6596f01951 [NON_LEADER]: Queue going to NON_LEADER mode. State: All replicated index: 0, Majority replicated index: 1, Committed index: 1, Last appended: 1.1, Last appended by leader: 1, Current term: 1, Majority size: -1, State: 0, Mode: NON_LEADER, active raft config: opid_index: -1 OBSOLETE_local: false peers { permanent_uuid: "67774f51c7714178a0043f6596f01951" member_type: VOTER last_known_addr { host: "127.13.100.65" port: 41239 } } peers { permanent_uuid: "0ad1b38612c440f5a111a40922434c7d" member_type: VOTER last_known_addr { host: "127.13.100.66" port: 43743 } } peers { permanent_uuid: "c4cd70a572254da2bf0ecbe939c52cea" member_type: VOTER last_known_addr { host: "127.13.100.67" port: 38661 } }
I20260709 12:12:52.891947 14366 raft_consensus.cc:3060] T fda4cb1fb7fd43ed9ff6ac1af0d9169a P 67774f51c7714178a0043f6596f01951 [term 1 FOLLOWER]: Advancing to term 2
I20260709 12:12:52.894065 14516 raft_consensus.cc:2468] T fda4cb1fb7fd43ed9ff6ac1af0d9169a P c4cd70a572254da2bf0ecbe939c52cea [term 2 FOLLOWER]: Leader election vote request: Granting yes vote for candidate 0ad1b38612c440f5a111a40922434c7d in term 2.
I20260709 12:12:52.894820 14407 leader_election.cc:304] T fda4cb1fb7fd43ed9ff6ac1af0d9169a P 0ad1b38612c440f5a111a40922434c7d [CANDIDATE]: Term 2 election: Election decided. Result: candidate won. Election summary: received 2 responses out of 3 voters: 2 yes votes; 0 no votes. yes voters: 0ad1b38612c440f5a111a40922434c7d, c4cd70a572254da2bf0ecbe939c52cea; no voters: 
I20260709 12:12:52.895443 14672 raft_consensus.cc:2804] T fda4cb1fb7fd43ed9ff6ac1af0d9169a P 0ad1b38612c440f5a111a40922434c7d [term 2 FOLLOWER]: Leader election won for term 2
I20260709 12:12:52.895881 14672 raft_consensus.cc:697] T fda4cb1fb7fd43ed9ff6ac1af0d9169a P 0ad1b38612c440f5a111a40922434c7d [term 2 LEADER]: Becoming Leader. State: Replica: 0ad1b38612c440f5a111a40922434c7d, State: Running, Role: LEADER
I20260709 12:12:52.896080 14366 raft_consensus.cc:2468] T fda4cb1fb7fd43ed9ff6ac1af0d9169a P 67774f51c7714178a0043f6596f01951 [term 2 FOLLOWER]: Leader election vote request: Granting yes vote for candidate 0ad1b38612c440f5a111a40922434c7d in term 2.
I20260709 12:12:52.896739 14672 consensus_queue.cc:237] T fda4cb1fb7fd43ed9ff6ac1af0d9169a P 0ad1b38612c440f5a111a40922434c7d [LEADER]: Queue going to LEADER mode. State: All replicated index: 0, Majority replicated index: 1, Committed index: 1, Last appended: 1.1, Last appended by leader: 1, Current term: 2, Majority size: 2, State: 0, Mode: LEADER, active raft config: opid_index: -1 OBSOLETE_local: false peers { permanent_uuid: "67774f51c7714178a0043f6596f01951" member_type: VOTER last_known_addr { host: "127.13.100.65" port: 41239 } } peers { permanent_uuid: "0ad1b38612c440f5a111a40922434c7d" member_type: VOTER last_known_addr { host: "127.13.100.66" port: 43743 } } peers { permanent_uuid: "c4cd70a572254da2bf0ecbe939c52cea" member_type: VOTER last_known_addr { host: "127.13.100.67" port: 38661 } }
I20260709 12:12:52.902699 14265 catalog_manager.cc:5697] T fda4cb1fb7fd43ed9ff6ac1af0d9169a P 0ad1b38612c440f5a111a40922434c7d reported cstate change: term changed from 1 to 2, leader changed from 67774f51c7714178a0043f6596f01951 (127.13.100.65) to 0ad1b38612c440f5a111a40922434c7d (127.13.100.66). New cstate: current_term: 2 leader_uuid: "0ad1b38612c440f5a111a40922434c7d" committed_config { opid_index: -1 OBSOLETE_local: false peers { permanent_uuid: "67774f51c7714178a0043f6596f01951" member_type: VOTER last_known_addr { host: "127.13.100.65" port: 41239 } health_report { overall_health: UNKNOWN } } peers { permanent_uuid: "0ad1b38612c440f5a111a40922434c7d" member_type: VOTER last_known_addr { host: "127.13.100.66" port: 43743 } health_report { overall_health: HEALTHY } } peers { permanent_uuid: "c4cd70a572254da2bf0ecbe939c52cea" member_type: VOTER last_known_addr { host: "127.13.100.67" port: 38661 } health_report { overall_health: UNKNOWN } } }
I20260709 12:12:53.064728 14366 raft_consensus.cc:1275] T cc2c1e22194347689e31a133c09fed7f P 67774f51c7714178a0043f6596f01951 [term 3 FOLLOWER]: Refusing update from remote peer c4cd70a572254da2bf0ecbe939c52cea: Log matching property violated. Preceding OpId in replica: term: 2 index: 2. Preceding OpId from leader: term: 3 index: 3. (index mismatch)
I20260709 12:12:53.065874 14642 consensus_queue.cc:1048] T cc2c1e22194347689e31a133c09fed7f P c4cd70a572254da2bf0ecbe939c52cea [LEADER]: Connected to new peer: Peer: permanent_uuid: "67774f51c7714178a0043f6596f01951" member_type: VOTER last_known_addr { host: "127.13.100.65" port: 41239 }, Status: LMP_MISMATCH, Last received: 0.0, Next index: 3, Last known committed idx: 2, Time since last communication: 0.000s
I20260709 12:12:53.073954 14441 raft_consensus.cc:1275] T cc2c1e22194347689e31a133c09fed7f P 0ad1b38612c440f5a111a40922434c7d [term 3 FOLLOWER]: Refusing update from remote peer c4cd70a572254da2bf0ecbe939c52cea: Log matching property violated. Preceding OpId in replica: term: 2 index: 2. Preceding OpId from leader: term: 3 index: 3. (index mismatch)
I20260709 12:12:53.075321 14711 consensus_queue.cc:1048] T cc2c1e22194347689e31a133c09fed7f P c4cd70a572254da2bf0ecbe939c52cea [LEADER]: Connected to new peer: Peer: permanent_uuid: "0ad1b38612c440f5a111a40922434c7d" member_type: VOTER last_known_addr { host: "127.13.100.66" port: 43743 }, Status: LMP_MISMATCH, Last received: 0.0, Next index: 3, Last known committed idx: 2, Time since last communication: 0.000s
I20260709 12:12:53.244900 14366 raft_consensus.cc:1275] T 0eac2d95e7b74c0b8ffcfdf12deb2008 P 67774f51c7714178a0043f6596f01951 [term 5 FOLLOWER]: Refusing update from remote peer 0ad1b38612c440f5a111a40922434c7d: Log matching property violated. Preceding OpId in replica: term: 4 index: 4. Preceding OpId from leader: term: 5 index: 5. (index mismatch)
I20260709 12:12:53.246007 14672 consensus_queue.cc:1048] T 0eac2d95e7b74c0b8ffcfdf12deb2008 P 0ad1b38612c440f5a111a40922434c7d [LEADER]: Connected to new peer: Peer: permanent_uuid: "67774f51c7714178a0043f6596f01951" member_type: VOTER last_known_addr { host: "127.13.100.65" port: 41239 }, Status: LMP_MISMATCH, Last received: 0.0, Next index: 5, Last known committed idx: 4, Time since last communication: 0.000s
I20260709 12:12:53.254009 14516 raft_consensus.cc:1275] T 0eac2d95e7b74c0b8ffcfdf12deb2008 P c4cd70a572254da2bf0ecbe939c52cea [term 5 FOLLOWER]: Refusing update from remote peer 0ad1b38612c440f5a111a40922434c7d: Log matching property violated. Preceding OpId in replica: term: 4 index: 4. Preceding OpId from leader: term: 5 index: 5. (index mismatch)
I20260709 12:12:53.255363 14699 consensus_queue.cc:1048] T 0eac2d95e7b74c0b8ffcfdf12deb2008 P 0ad1b38612c440f5a111a40922434c7d [LEADER]: Connected to new peer: Peer: permanent_uuid: "c4cd70a572254da2bf0ecbe939c52cea" member_type: VOTER last_known_addr { host: "127.13.100.67" port: 38661 }, Status: LMP_MISMATCH, Last received: 0.0, Next index: 5, Last known committed idx: 4, Time since last communication: 0.000s
I20260709 12:12:53.336123 14441 raft_consensus.cc:1275] T 74ae1ec5728d4662a075e3f208ff39a9 P 0ad1b38612c440f5a111a40922434c7d [term 4 FOLLOWER]: Refusing update from remote peer c4cd70a572254da2bf0ecbe939c52cea: Log matching property violated. Preceding OpId in replica: term: 3 index: 3. Preceding OpId from leader: term: 4 index: 4. (index mismatch)
I20260709 12:12:53.337109 14711 consensus_queue.cc:1048] T 74ae1ec5728d4662a075e3f208ff39a9 P c4cd70a572254da2bf0ecbe939c52cea [LEADER]: Connected to new peer: Peer: permanent_uuid: "0ad1b38612c440f5a111a40922434c7d" member_type: VOTER last_known_addr { host: "127.13.100.66" port: 43743 }, Status: LMP_MISMATCH, Last received: 0.0, Next index: 4, Last known committed idx: 3, Time since last communication: 0.000s
I20260709 12:12:53.344534 14366 raft_consensus.cc:1275] T 74ae1ec5728d4662a075e3f208ff39a9 P 67774f51c7714178a0043f6596f01951 [term 4 FOLLOWER]: Refusing update from remote peer c4cd70a572254da2bf0ecbe939c52cea: Log matching property violated. Preceding OpId in replica: term: 3 index: 3. Preceding OpId from leader: term: 4 index: 4. (index mismatch)
I20260709 12:12:53.346745 14642 consensus_queue.cc:1048] T 74ae1ec5728d4662a075e3f208ff39a9 P c4cd70a572254da2bf0ecbe939c52cea [LEADER]: Connected to new peer: Peer: permanent_uuid: "67774f51c7714178a0043f6596f01951" member_type: VOTER last_known_addr { host: "127.13.100.65" port: 41239 }, Status: LMP_MISMATCH, Last received: 0.0, Next index: 4, Last known committed idx: 3, Time since last communication: 0.000s
I20260709 12:12:53.412868 14516 raft_consensus.cc:1275] T fda4cb1fb7fd43ed9ff6ac1af0d9169a P c4cd70a572254da2bf0ecbe939c52cea [term 2 FOLLOWER]: Refusing update from remote peer 0ad1b38612c440f5a111a40922434c7d: Log matching property violated. Preceding OpId in replica: term: 1 index: 1. Preceding OpId from leader: term: 2 index: 2. (index mismatch)
I20260709 12:12:53.413807 14699 consensus_queue.cc:1048] T fda4cb1fb7fd43ed9ff6ac1af0d9169a P 0ad1b38612c440f5a111a40922434c7d [LEADER]: Connected to new peer: Peer: permanent_uuid: "c4cd70a572254da2bf0ecbe939c52cea" member_type: VOTER last_known_addr { host: "127.13.100.67" port: 38661 }, Status: LMP_MISMATCH, Last received: 0.0, Next index: 2, Last known committed idx: 1, Time since last communication: 0.000s
I20260709 12:12:53.420699 14366 raft_consensus.cc:1275] T fda4cb1fb7fd43ed9ff6ac1af0d9169a P 67774f51c7714178a0043f6596f01951 [term 2 FOLLOWER]: Refusing update from remote peer 0ad1b38612c440f5a111a40922434c7d: Log matching property violated. Preceding OpId in replica: term: 1 index: 1. Preceding OpId from leader: term: 2 index: 2. (index mismatch)
I20260709 12:12:53.422148 14672 consensus_queue.cc:1048] T fda4cb1fb7fd43ed9ff6ac1af0d9169a P 0ad1b38612c440f5a111a40922434c7d [LEADER]: Connected to new peer: Peer: permanent_uuid: "67774f51c7714178a0043f6596f01951" member_type: VOTER last_known_addr { host: "127.13.100.65" port: 41239 }, Status: LMP_MISMATCH, Last received: 0.0, Next index: 2, Last known committed idx: 1, Time since last communication: 0.000s
I20260709 12:12:53.614259 13713 auto_leader_rebalancer.cc:141] leader rebalance for table test-workload
I20260709 12:12:53.619427 13713 auto_leader_rebalancer.cc:440] table: test-workload, leader rebalance finish, leader transfer count: 0
I20260709 12:12:53.619783 13713 auto_leader_rebalancer.cc:515] All tables' leader rebalancing finished this round
I20260709 12:12:54.620858 13713 auto_leader_rebalancer.cc:141] leader rebalance for table test-workload
I20260709 12:12:54.628638 13713 auto_leader_rebalancer.cc:440] table: test-workload, leader rebalance finish, leader transfer count: 0
I20260709 12:12:54.629024 13713 auto_leader_rebalancer.cc:515] All tables' leader rebalancing finished this round
I20260709 12:12:55.629956 13713 auto_leader_rebalancer.cc:141] leader rebalance for table test-workload
I20260709 12:12:55.635196 13713 auto_leader_rebalancer.cc:440] table: test-workload, leader rebalance finish, leader transfer count: 0
I20260709 12:12:55.635576 13713 auto_leader_rebalancer.cc:515] All tables' leader rebalancing finished this round
I20260709 12:12:56.636372 13713 auto_leader_rebalancer.cc:141] leader rebalance for table test-workload
I20260709 12:12:56.641516 13713 auto_leader_rebalancer.cc:440] table: test-workload, leader rebalance finish, leader transfer count: 0
I20260709 12:12:56.641893 13713 auto_leader_rebalancer.cc:515] All tables' leader rebalancing finished this round
I20260709 12:12:57.749466 13713 auto_leader_rebalancer.cc:141] leader rebalance for table test-workload
I20260709 12:12:57.755132 13713 auto_leader_rebalancer.cc:440] table: test-workload, leader rebalance finish, leader transfer count: 0
I20260709 12:12:57.755467 13713 auto_leader_rebalancer.cc:515] All tables' leader rebalancing finished this round
W20260709 12:12:58.006600 14388 debug-util.cc:398] Leaking SignalData structure 0x7b0800192380 after lost signal to thread 13716
W20260709 12:12:58.007344 14388 debug-util.cc:398] Leaking SignalData structure 0x7b080014a220 after lost signal to thread 14299
W20260709 12:12:58.008088 14388 debug-util.cc:398] Leaking SignalData structure 0x7b08000992e0 after lost signal to thread 14391
W20260709 12:12:58.008765 14388 debug-util.cc:398] Leaking SignalData structure 0x7b0800116740 after lost signal to thread 14466
W20260709 12:12:58.009477 14388 debug-util.cc:398] Leaking SignalData structure 0x7b080008f420 after lost signal to thread 14540
I20260709 12:12:58.756210 13713 auto_leader_rebalancer.cc:141] leader rebalance for table test-workload
I20260709 12:12:58.761344 13713 auto_leader_rebalancer.cc:440] table: test-workload, leader rebalance finish, leader transfer count: 0
I20260709 12:12:58.761775 13713 auto_leader_rebalancer.cc:515] All tables' leader rebalancing finished this round
I20260709 12:12:59.762552 13713 auto_leader_rebalancer.cc:141] leader rebalance for table test-workload
I20260709 12:12:59.767933 13713 auto_leader_rebalancer.cc:440] table: test-workload, leader rebalance finish, leader transfer count: 0
I20260709 12:12:59.768291 13713 auto_leader_rebalancer.cc:515] All tables' leader rebalancing finished this round
I20260709 12:13:00.769095 13713 auto_leader_rebalancer.cc:141] leader rebalance for table test-workload
I20260709 12:13:00.774125 13713 auto_leader_rebalancer.cc:440] table: test-workload, leader rebalance finish, leader transfer count: 0
I20260709 12:13:00.774484 13713 auto_leader_rebalancer.cc:515] All tables' leader rebalancing finished this round
I20260709 12:13:01.775269 13713 auto_leader_rebalancer.cc:141] leader rebalance for table test-workload
I20260709 12:13:01.780272 13713 auto_leader_rebalancer.cc:440] table: test-workload, leader rebalance finish, leader transfer count: 0
I20260709 12:13:01.780629 13713 auto_leader_rebalancer.cc:515] All tables' leader rebalancing finished this round
I20260709 12:13:02.807672 13713 auto_leader_rebalancer-test.cc:410] The leader distribution is 
I20260709 12:13:02.808153 13713 tablet_server.cc:179] TabletServer@127.13.100.65:0 shutting down...
W20260709 12:13:02.812363 14406 proxy.cc:239] Call had error, refreshing address and retrying: Remote error: Service unavailable: service kudu.consensus.ConsensusService not registered on TabletServer [suppressed 3 similar messages]
W20260709 12:13:02.816483 14406 consensus_peers.cc:597] T 9637c8ebda344194bed8bf75c222eda4 P 0ad1b38612c440f5a111a40922434c7d -> Peer 67774f51c7714178a0043f6596f01951 (127.13.100.65:41239): Couldn't send request to peer 67774f51c7714178a0043f6596f01951. Status: Remote error: Service unavailable: service kudu.consensus.ConsensusService not registered on TabletServer. This is attempt 1: this message will repeat every 5th retry.
I20260709 12:13:02.829085 13713 ts_tablet_manager.cc:1507] Shutting down tablet manager...
I20260709 12:13:02.829830 13713 tablet_replica.cc:333] T e5363bd1d5124c7a881548daba929cc0 P 67774f51c7714178a0043f6596f01951: stopping tablet replica
I20260709 12:13:02.830600 13713 raft_consensus.cc:2243] T e5363bd1d5124c7a881548daba929cc0 P 67774f51c7714178a0043f6596f01951 [term 3 LEADER]: Raft consensus shutting down.
I20260709 12:13:02.831616 13713 raft_consensus.cc:2272] T e5363bd1d5124c7a881548daba929cc0 P 67774f51c7714178a0043f6596f01951 [term 3 FOLLOWER]: Raft consensus is shut down!
I20260709 12:13:02.833482 13713 tablet_replica.cc:333] T 63bc2c48f0f94fd1af58906c8753cc93 P 67774f51c7714178a0043f6596f01951: stopping tablet replica
I20260709 12:13:02.834059 13713 raft_consensus.cc:2243] T 63bc2c48f0f94fd1af58906c8753cc93 P 67774f51c7714178a0043f6596f01951 [term 3 LEADER]: Raft consensus shutting down.
I20260709 12:13:02.834829 13713 raft_consensus.cc:2272] T 63bc2c48f0f94fd1af58906c8753cc93 P 67774f51c7714178a0043f6596f01951 [term 3 FOLLOWER]: Raft consensus is shut down!
I20260709 12:13:02.836390 13713 tablet_replica.cc:333] T cc2c1e22194347689e31a133c09fed7f P 67774f51c7714178a0043f6596f01951: stopping tablet replica
I20260709 12:13:02.836877 13713 raft_consensus.cc:2243] T cc2c1e22194347689e31a133c09fed7f P 67774f51c7714178a0043f6596f01951 [term 3 FOLLOWER]: Raft consensus shutting down.
I20260709 12:13:02.837240 13713 raft_consensus.cc:2272] T cc2c1e22194347689e31a133c09fed7f P 67774f51c7714178a0043f6596f01951 [term 3 FOLLOWER]: Raft consensus is shut down!
I20260709 12:13:02.838850 13713 tablet_replica.cc:333] T f45ab1da7c524561bdb5a999d12739c5 P 67774f51c7714178a0043f6596f01951: stopping tablet replica
I20260709 12:13:02.839309 13713 raft_consensus.cc:2243] T f45ab1da7c524561bdb5a999d12739c5 P 67774f51c7714178a0043f6596f01951 [term 2 FOLLOWER]: Raft consensus shutting down.
I20260709 12:13:02.839706 13713 raft_consensus.cc:2272] T f45ab1da7c524561bdb5a999d12739c5 P 67774f51c7714178a0043f6596f01951 [term 2 FOLLOWER]: Raft consensus is shut down!
I20260709 12:13:02.841275 13713 tablet_replica.cc:333] T fda4cb1fb7fd43ed9ff6ac1af0d9169a P 67774f51c7714178a0043f6596f01951: stopping tablet replica
I20260709 12:13:02.841732 13713 raft_consensus.cc:2243] T fda4cb1fb7fd43ed9ff6ac1af0d9169a P 67774f51c7714178a0043f6596f01951 [term 2 FOLLOWER]: Raft consensus shutting down.
I20260709 12:13:02.842092 13713 raft_consensus.cc:2272] T fda4cb1fb7fd43ed9ff6ac1af0d9169a P 67774f51c7714178a0043f6596f01951 [term 2 FOLLOWER]: Raft consensus is shut down!
I20260709 12:13:02.843564 13713 tablet_replica.cc:333] T 3c6ba82f058541b09787cdf2c40cf99b P 67774f51c7714178a0043f6596f01951: stopping tablet replica
I20260709 12:13:02.843967 13713 raft_consensus.cc:2243] T 3c6ba82f058541b09787cdf2c40cf99b P 67774f51c7714178a0043f6596f01951 [term 1 LEADER]: Raft consensus shutting down.
I20260709 12:13:02.844586 13713 raft_consensus.cc:2272] T 3c6ba82f058541b09787cdf2c40cf99b P 67774f51c7714178a0043f6596f01951 [term 1 FOLLOWER]: Raft consensus is shut down!
I20260709 12:13:02.846120 13713 tablet_replica.cc:333] T 0eac2d95e7b74c0b8ffcfdf12deb2008 P 67774f51c7714178a0043f6596f01951: stopping tablet replica
I20260709 12:13:02.846551 13713 raft_consensus.cc:2243] T 0eac2d95e7b74c0b8ffcfdf12deb2008 P 67774f51c7714178a0043f6596f01951 [term 5 FOLLOWER]: Raft consensus shutting down.
I20260709 12:13:02.846884 13713 raft_consensus.cc:2272] T 0eac2d95e7b74c0b8ffcfdf12deb2008 P 67774f51c7714178a0043f6596f01951 [term 5 FOLLOWER]: Raft consensus is shut down!
I20260709 12:13:02.848417 13713 tablet_replica.cc:333] T 9637c8ebda344194bed8bf75c222eda4 P 67774f51c7714178a0043f6596f01951: stopping tablet replica
I20260709 12:13:02.848814 13713 raft_consensus.cc:2243] T 9637c8ebda344194bed8bf75c222eda4 P 67774f51c7714178a0043f6596f01951 [term 2 FOLLOWER]: Raft consensus shutting down.
I20260709 12:13:02.849143 13713 raft_consensus.cc:2272] T 9637c8ebda344194bed8bf75c222eda4 P 67774f51c7714178a0043f6596f01951 [term 2 FOLLOWER]: Raft consensus is shut down!
I20260709 12:13:02.850728 13713 tablet_replica.cc:333] T 74ae1ec5728d4662a075e3f208ff39a9 P 67774f51c7714178a0043f6596f01951: stopping tablet replica
I20260709 12:13:02.851114 13713 raft_consensus.cc:2243] T 74ae1ec5728d4662a075e3f208ff39a9 P 67774f51c7714178a0043f6596f01951 [term 4 FOLLOWER]: Raft consensus shutting down.
I20260709 12:13:02.851436 13713 raft_consensus.cc:2272] T 74ae1ec5728d4662a075e3f208ff39a9 P 67774f51c7714178a0043f6596f01951 [term 4 FOLLOWER]: Raft consensus is shut down!
I20260709 12:13:02.852937 13713 tablet_replica.cc:333] T 7e4a7d5c4a37471299c509f2c21462fd P 67774f51c7714178a0043f6596f01951: stopping tablet replica
I20260709 12:13:02.853305 13713 raft_consensus.cc:2243] T 7e4a7d5c4a37471299c509f2c21462fd P 67774f51c7714178a0043f6596f01951 [term 4 LEADER]: Raft consensus shutting down.
I20260709 12:13:02.853978 13713 raft_consensus.cc:2272] T 7e4a7d5c4a37471299c509f2c21462fd P 67774f51c7714178a0043f6596f01951 [term 4 FOLLOWER]: Raft consensus is shut down!
W20260709 12:13:02.893508 14406 consensus_peers.cc:597] T fda4cb1fb7fd43ed9ff6ac1af0d9169a P 0ad1b38612c440f5a111a40922434c7d -> Peer 67774f51c7714178a0043f6596f01951 (127.13.100.65:41239): Couldn't send request to peer 67774f51c7714178a0043f6596f01951. Status: Network error: Client connection negotiation failed: client connection to 127.13.100.65:41239: connect: Connection refused (error 111). This is attempt 1: this message will repeat every 5th retry.
I20260709 12:13:02.899535 13713 tablet_server.cc:196] TabletServer@127.13.100.65:0 shutdown complete.
I20260709 12:13:02.919353 13713 tablet_server.cc:179] TabletServer@127.13.100.66:0 shutting down...
I20260709 12:13:02.941030 13713 ts_tablet_manager.cc:1507] Shutting down tablet manager...
I20260709 12:13:02.941603 13713 tablet_replica.cc:333] T 9637c8ebda344194bed8bf75c222eda4 P 0ad1b38612c440f5a111a40922434c7d: stopping tablet replica
I20260709 12:13:02.942152 13713 raft_consensus.cc:2243] T 9637c8ebda344194bed8bf75c222eda4 P 0ad1b38612c440f5a111a40922434c7d [term 2 LEADER]: Raft consensus shutting down.
I20260709 12:13:02.942878 13713 raft_consensus.cc:2272] T 9637c8ebda344194bed8bf75c222eda4 P 0ad1b38612c440f5a111a40922434c7d [term 2 FOLLOWER]: Raft consensus is shut down!
I20260709 12:13:02.944679 13713 tablet_replica.cc:333] T 74ae1ec5728d4662a075e3f208ff39a9 P 0ad1b38612c440f5a111a40922434c7d: stopping tablet replica
I20260709 12:13:02.945152 13713 raft_consensus.cc:2243] T 74ae1ec5728d4662a075e3f208ff39a9 P 0ad1b38612c440f5a111a40922434c7d [term 4 FOLLOWER]: Raft consensus shutting down.
I20260709 12:13:02.945583 13713 raft_consensus.cc:2272] T 74ae1ec5728d4662a075e3f208ff39a9 P 0ad1b38612c440f5a111a40922434c7d [term 4 FOLLOWER]: Raft consensus is shut down!
I20260709 12:13:02.947103 13713 tablet_replica.cc:333] T 7e4a7d5c4a37471299c509f2c21462fd P 0ad1b38612c440f5a111a40922434c7d: stopping tablet replica
I20260709 12:13:02.947551 13713 raft_consensus.cc:2243] T 7e4a7d5c4a37471299c509f2c21462fd P 0ad1b38612c440f5a111a40922434c7d [term 4 FOLLOWER]: Raft consensus shutting down.
I20260709 12:13:02.947969 13713 raft_consensus.cc:2272] T 7e4a7d5c4a37471299c509f2c21462fd P 0ad1b38612c440f5a111a40922434c7d [term 4 FOLLOWER]: Raft consensus is shut down!
I20260709 12:13:02.949496 13713 tablet_replica.cc:333] T 3c6ba82f058541b09787cdf2c40cf99b P 0ad1b38612c440f5a111a40922434c7d: stopping tablet replica
I20260709 12:13:02.949936 13713 raft_consensus.cc:2243] T 3c6ba82f058541b09787cdf2c40cf99b P 0ad1b38612c440f5a111a40922434c7d [term 1 FOLLOWER]: Raft consensus shutting down.
I20260709 12:13:02.950275 13713 raft_consensus.cc:2272] T 3c6ba82f058541b09787cdf2c40cf99b P 0ad1b38612c440f5a111a40922434c7d [term 1 FOLLOWER]: Raft consensus is shut down!
