I20260709 12:12:21.323097 13847 raft_consensus.cc:1275] T f145387def084e3fa5cb828b232ab6d4 P cb247a96cb984c32b0abe92a275c6c42 [term 4 FOLLOWER]: Refusing update from remote peer 5e87ba625bd64027a8fb7ef1b9add7c6: Log matching property violated. Preceding OpId in replica: term: 3 index: 3. Preceding OpId from leader: term: 4 index: 4. (index mismatch)
I20260709 12:12:21.324796 14149 consensus_queue.cc:1048] T f145387def084e3fa5cb828b232ab6d4 P 5e87ba625bd64027a8fb7ef1b9add7c6 [LEADER]: Connected to new peer: Peer: permanent_uuid: "cb247a96cb984c32b0abe92a275c6c42" member_type: VOTER last_known_addr { host: "127.13.100.65" port: 46553 }, Status: LMP_MISMATCH, Last received: 0.0, Next index: 4, Last known committed idx: 3, Time since last communication: 0.000s
I20260709 12:12:21.426594 13996 raft_consensus.cc:1275] T 89d56d04379a4d57a3a729cda477fd20 P 1d06c587600b47179661c9d796e5dee8 [term 4 FOLLOWER]: Refusing update from remote peer 5e87ba625bd64027a8fb7ef1b9add7c6: Log matching property violated. Preceding OpId in replica: term: 3 index: 2. Preceding OpId from leader: term: 4 index: 3. (index mismatch)
I20260709 12:12:21.427615 14149 consensus_queue.cc:1048] T 89d56d04379a4d57a3a729cda477fd20 P 5e87ba625bd64027a8fb7ef1b9add7c6 [LEADER]: Connected to new peer: Peer: permanent_uuid: "1d06c587600b47179661c9d796e5dee8" member_type: VOTER last_known_addr { host: "127.13.100.67" port: 33623 }, Status: LMP_MISMATCH, Last received: 0.0, Next index: 3, Last known committed idx: 2, Time since last communication: 0.000s
I20260709 12:12:21.435602 13847 raft_consensus.cc:1275] T 89d56d04379a4d57a3a729cda477fd20 P cb247a96cb984c32b0abe92a275c6c42 [term 4 FOLLOWER]: Refusing update from remote peer 5e87ba625bd64027a8fb7ef1b9add7c6: Log matching property violated. Preceding OpId in replica: term: 3 index: 2. Preceding OpId from leader: term: 4 index: 3. (index mismatch)
I20260709 12:12:21.436720 14149 consensus_queue.cc:1048] T 89d56d04379a4d57a3a729cda477fd20 P 5e87ba625bd64027a8fb7ef1b9add7c6 [LEADER]: Connected to new peer: Peer: permanent_uuid: "cb247a96cb984c32b0abe92a275c6c42" member_type: VOTER last_known_addr { host: "127.13.100.65" port: 46553 }, Status: LMP_MISMATCH, Last received: 0.0, Next index: 3, Last known committed idx: 2, Time since last communication: 0.000s
I20260709 12:12:21.690266 13996 raft_consensus.cc:1275] T fed0889142a64db7a588f93e143ae4f6 P 1d06c587600b47179661c9d796e5dee8 [term 3 FOLLOWER]: Refusing update from remote peer 5e87ba625bd64027a8fb7ef1b9add7c6: Log matching property violated. Preceding OpId in replica: term: 2 index: 2. Preceding OpId from leader: term: 3 index: 3. (index mismatch)
I20260709 12:12:21.691218 14149 consensus_queue.cc:1048] T fed0889142a64db7a588f93e143ae4f6 P 5e87ba625bd64027a8fb7ef1b9add7c6 [LEADER]: Connected to new peer: Peer: permanent_uuid: "1d06c587600b47179661c9d796e5dee8" member_type: VOTER last_known_addr { host: "127.13.100.67" port: 33623 }, Status: LMP_MISMATCH, Last received: 0.0, Next index: 3, Last known committed idx: 2, Time since last communication: 0.000s
I20260709 12:12:21.699975 13847 raft_consensus.cc:1275] T fed0889142a64db7a588f93e143ae4f6 P cb247a96cb984c32b0abe92a275c6c42 [term 3 FOLLOWER]: Refusing update from remote peer 5e87ba625bd64027a8fb7ef1b9add7c6: Log matching property violated. Preceding OpId in replica: term: 2 index: 2. Preceding OpId from leader: term: 3 index: 3. (index mismatch)
I20260709 12:12:21.700492 13997 raft_consensus.cc:1275] T b5a5281351bc4f90a0915e04895afcca P 1d06c587600b47179661c9d796e5dee8 [term 3 FOLLOWER]: Refusing update from remote peer 5e87ba625bd64027a8fb7ef1b9add7c6: Log matching property violated. Preceding OpId in replica: term: 2 index: 2. Preceding OpId from leader: term: 3 index: 3. (index mismatch)
I20260709 12:12:21.701669 14187 consensus_queue.cc:1048] T fed0889142a64db7a588f93e143ae4f6 P 5e87ba625bd64027a8fb7ef1b9add7c6 [LEADER]: Connected to new peer: Peer: permanent_uuid: "cb247a96cb984c32b0abe92a275c6c42" member_type: VOTER last_known_addr { host: "127.13.100.65" port: 46553 }, Status: LMP_MISMATCH, Last received: 0.0, Next index: 3, Last known committed idx: 2, Time since last communication: 0.000s
I20260709 12:12:21.702548 14170 consensus_queue.cc:1048] T b5a5281351bc4f90a0915e04895afcca P 5e87ba625bd64027a8fb7ef1b9add7c6 [LEADER]: Connected to new peer: Peer: permanent_uuid: "1d06c587600b47179661c9d796e5dee8" member_type: VOTER last_known_addr { host: "127.13.100.67" port: 33623 }, Status: LMP_MISMATCH, Last received: 0.0, Next index: 3, Last known committed idx: 2, Time since last communication: 0.000s
I20260709 12:12:21.712911 13847 raft_consensus.cc:1275] T b5a5281351bc4f90a0915e04895afcca P cb247a96cb984c32b0abe92a275c6c42 [term 3 FOLLOWER]: Refusing update from remote peer 5e87ba625bd64027a8fb7ef1b9add7c6: Log matching property violated. Preceding OpId in replica: term: 2 index: 2. Preceding OpId from leader: term: 3 index: 3. (index mismatch)
I20260709 12:12:21.714205 14170 consensus_queue.cc:1048] T b5a5281351bc4f90a0915e04895afcca P 5e87ba625bd64027a8fb7ef1b9add7c6 [LEADER]: Connected to new peer: Peer: permanent_uuid: "cb247a96cb984c32b0abe92a275c6c42" member_type: VOTER last_known_addr { host: "127.13.100.65" port: 46553 }, Status: LMP_MISMATCH, Last received: 0.0, Next index: 3, Last known committed idx: 2, Time since last communication: 0.000s
I20260709 12:12:21.762761 13997 raft_consensus.cc:1275] T 497de26c1ba54b719db00798237b7fda P 1d06c587600b47179661c9d796e5dee8 [term 3 FOLLOWER]: Refusing update from remote peer 5e87ba625bd64027a8fb7ef1b9add7c6: Log matching property violated. Preceding OpId in replica: term: 2 index: 2. Preceding OpId from leader: term: 3 index: 3. (index mismatch)
I20260709 12:12:21.763733 14190 consensus_queue.cc:1048] T 497de26c1ba54b719db00798237b7fda P 5e87ba625bd64027a8fb7ef1b9add7c6 [LEADER]: Connected to new peer: Peer: permanent_uuid: "1d06c587600b47179661c9d796e5dee8" member_type: VOTER last_known_addr { host: "127.13.100.67" port: 33623 }, Status: LMP_MISMATCH, Last received: 0.0, Next index: 3, Last known committed idx: 2, Time since last communication: 0.000s
I20260709 12:12:21.771941 13847 raft_consensus.cc:1275] T 497de26c1ba54b719db00798237b7fda P cb247a96cb984c32b0abe92a275c6c42 [term 3 FOLLOWER]: Refusing update from remote peer 5e87ba625bd64027a8fb7ef1b9add7c6: Log matching property violated. Preceding OpId in replica: term: 2 index: 2. Preceding OpId from leader: term: 3 index: 3. (index mismatch)
I20260709 12:12:21.773772 14190 consensus_queue.cc:1048] T 497de26c1ba54b719db00798237b7fda P 5e87ba625bd64027a8fb7ef1b9add7c6 [LEADER]: Connected to new peer: Peer: permanent_uuid: "cb247a96cb984c32b0abe92a275c6c42" member_type: VOTER last_known_addr { host: "127.13.100.65" port: 46553 }, Status: LMP_MISMATCH, Last received: 0.0, Next index: 3, Last known committed idx: 2, Time since last communication: 0.000s
I20260709 12:12:23.929718 13713 auto_leader_rebalancer-test.cc:328] The leader distribution is 
I20260709 12:12:23.930402 13713 auto_leader_rebalancer.cc:141] leader rebalance for table test-workload
I20260709 12:12:23.948837 13922 tablet_service.cc:2072] Received LeaderStepDown RPC: tablet_id: "89d56d04379a4d57a3a729cda477fd20"
dest_uuid: "5e87ba625bd64027a8fb7ef1b9add7c6"
mode: GRACEFUL
new_leader_uuid: "cb247a96cb984c32b0abe92a275c6c42"
 from {username='slave'} at 127.0.0.1:42494
I20260709 12:12:23.949247 13922 raft_consensus.cc:606] T 89d56d04379a4d57a3a729cda477fd20 P 5e87ba625bd64027a8fb7ef1b9add7c6 [term 4 LEADER]: Received request to transfer leadership to TS cb247a96cb984c32b0abe92a275c6c42
I20260709 12:12:23.951581 13922 tablet_service.cc:2072] Received LeaderStepDown RPC: tablet_id: "b5a5281351bc4f90a0915e04895afcca"
dest_uuid: "5e87ba625bd64027a8fb7ef1b9add7c6"
mode: GRACEFUL
new_leader_uuid: "cb247a96cb984c32b0abe92a275c6c42"
 from {username='slave'} at 127.0.0.1:42494
I20260709 12:12:23.951989 13922 raft_consensus.cc:606] T b5a5281351bc4f90a0915e04895afcca P 5e87ba625bd64027a8fb7ef1b9add7c6 [term 3 LEADER]: Received request to transfer leadership to TS cb247a96cb984c32b0abe92a275c6c42
I20260709 12:12:23.953845 13922 tablet_service.cc:2072] Received LeaderStepDown RPC: tablet_id: "d644419c6e4a463782008f27ed9ddde6"
dest_uuid: "5e87ba625bd64027a8fb7ef1b9add7c6"
mode: GRACEFUL
new_leader_uuid: "cb247a96cb984c32b0abe92a275c6c42"
 from {username='slave'} at 127.0.0.1:42494
I20260709 12:12:23.954200 13922 raft_consensus.cc:606] T d644419c6e4a463782008f27ed9ddde6 P 5e87ba625bd64027a8fb7ef1b9add7c6 [term 1 LEADER]: Received request to transfer leadership to TS cb247a96cb984c32b0abe92a275c6c42
I20260709 12:12:23.955940 13922 tablet_service.cc:2072] Received LeaderStepDown RPC: tablet_id: "f145387def084e3fa5cb828b232ab6d4"
dest_uuid: "5e87ba625bd64027a8fb7ef1b9add7c6"
mode: GRACEFUL
new_leader_uuid: "1d06c587600b47179661c9d796e5dee8"
 from {username='slave'} at 127.0.0.1:42494
I20260709 12:12:23.956298 13922 raft_consensus.cc:606] T f145387def084e3fa5cb828b232ab6d4 P 5e87ba625bd64027a8fb7ef1b9add7c6 [term 4 LEADER]: Received request to transfer leadership to TS 1d06c587600b47179661c9d796e5dee8
I20260709 12:12:23.958006 13922 tablet_service.cc:2072] Received LeaderStepDown RPC: tablet_id: "fed0889142a64db7a588f93e143ae4f6"
dest_uuid: "5e87ba625bd64027a8fb7ef1b9add7c6"
mode: GRACEFUL
new_leader_uuid: "1d06c587600b47179661c9d796e5dee8"
 from {username='slave'} at 127.0.0.1:42494
I20260709 12:12:23.958377 13922 raft_consensus.cc:606] T fed0889142a64db7a588f93e143ae4f6 P 5e87ba625bd64027a8fb7ef1b9add7c6 [term 3 LEADER]: Received request to transfer leadership to TS 1d06c587600b47179661c9d796e5dee8
I20260709 12:12:23.959131 13713 auto_leader_rebalancer.cc:440] table: test-workload, leader rebalance finish, leader transfer count: 5
I20260709 12:12:23.959499 13713 auto_leader_rebalancer.cc:515] All tables' leader rebalancing finished this round
I20260709 12:12:24.115160 14196 raft_consensus.cc:993] T 89d56d04379a4d57a3a729cda477fd20 P 5e87ba625bd64027a8fb7ef1b9add7c6: : Instructing follower cb247a96cb984c32b0abe92a275c6c42 to start an election
I20260709 12:12:24.115571 14170 raft_consensus.cc:1081] T 89d56d04379a4d57a3a729cda477fd20 P 5e87ba625bd64027a8fb7ef1b9add7c6 [term 4 LEADER]: Signalling peer cb247a96cb984c32b0abe92a275c6c42 to start an election
I20260709 12:12:24.116935 13848 tablet_service.cc:2044] Received Run Leader Election RPC: tablet_id: "89d56d04379a4d57a3a729cda477fd20"
dest_uuid: "cb247a96cb984c32b0abe92a275c6c42"
 from {username='slave'} at 127.0.0.1:59398
I20260709 12:12:24.117414 13848 raft_consensus.cc:493] T 89d56d04379a4d57a3a729cda477fd20 P cb247a96cb984c32b0abe92a275c6c42 [term 4 FOLLOWER]: Starting forced leader election (received explicit request)
I20260709 12:12:24.117746 13848 raft_consensus.cc:3060] T 89d56d04379a4d57a3a729cda477fd20 P cb247a96cb984c32b0abe92a275c6c42 [term 4 FOLLOWER]: Advancing to term 5
I20260709 12:12:24.121833 13848 raft_consensus.cc:515] T 89d56d04379a4d57a3a729cda477fd20 P cb247a96cb984c32b0abe92a275c6c42 [term 5 FOLLOWER]: Starting forced leader election with config: opid_index: -1 OBSOLETE_local: false peers { permanent_uuid: "cb247a96cb984c32b0abe92a275c6c42" member_type: VOTER last_known_addr { host: "127.13.100.65" port: 46553 } } peers { permanent_uuid: "5e87ba625bd64027a8fb7ef1b9add7c6" member_type: VOTER last_known_addr { host: "127.13.100.66" port: 39865 } } peers { permanent_uuid: "1d06c587600b47179661c9d796e5dee8" member_type: VOTER last_known_addr { host: "127.13.100.67" port: 33623 } }
I20260709 12:12:24.123468 13848 leader_election.cc:290] T 89d56d04379a4d57a3a729cda477fd20 P cb247a96cb984c32b0abe92a275c6c42 [CANDIDATE]: Term 5 election: Requested vote from peers 5e87ba625bd64027a8fb7ef1b9add7c6 (127.13.100.66:39865), 1d06c587600b47179661c9d796e5dee8 (127.13.100.67:33623)
I20260709 12:12:24.124137 13922 tablet_service.cc:1917] Received RequestConsensusVote() RPC: tablet_id: "89d56d04379a4d57a3a729cda477fd20" candidate_uuid: "cb247a96cb984c32b0abe92a275c6c42" candidate_term: 5 candidate_status { last_received { term: 4 index: 3 } } ignore_live_leader: true dest_uuid: "5e87ba625bd64027a8fb7ef1b9add7c6"
I20260709 12:12:24.124318 13996 tablet_service.cc:1917] Received RequestConsensusVote() RPC: tablet_id: "89d56d04379a4d57a3a729cda477fd20" candidate_uuid: "cb247a96cb984c32b0abe92a275c6c42" candidate_term: 5 candidate_status { last_received { term: 4 index: 3 } } ignore_live_leader: true dest_uuid: "1d06c587600b47179661c9d796e5dee8"
I20260709 12:12:24.124641 13922 raft_consensus.cc:3055] T 89d56d04379a4d57a3a729cda477fd20 P 5e87ba625bd64027a8fb7ef1b9add7c6 [term 4 LEADER]: Stepping down as leader of term 4
I20260709 12:12:24.124778 13996 raft_consensus.cc:3060] T 89d56d04379a4d57a3a729cda477fd20 P 1d06c587600b47179661c9d796e5dee8 [term 4 FOLLOWER]: Advancing to term 5
I20260709 12:12:24.124917 13922 raft_consensus.cc:740] T 89d56d04379a4d57a3a729cda477fd20 P 5e87ba625bd64027a8fb7ef1b9add7c6 [term 4 LEADER]: Becoming Follower/Learner. State: Replica: 5e87ba625bd64027a8fb7ef1b9add7c6, State: Running, Role: LEADER
I20260709 12:12:24.125571 13922 consensus_queue.cc:260] T 89d56d04379a4d57a3a729cda477fd20 P 5e87ba625bd64027a8fb7ef1b9add7c6 [NON_LEADER]: Queue going to NON_LEADER mode. State: All replicated index: 0, Majority replicated index: 3, Committed index: 3, Last appended: 4.3, Last appended by leader: 3, Current term: 4, Majority size: -1, State: 0, Mode: NON_LEADER, active raft config: opid_index: -1 OBSOLETE_local: false peers { permanent_uuid: "cb247a96cb984c32b0abe92a275c6c42" member_type: VOTER last_known_addr { host: "127.13.100.65" port: 46553 } } peers { permanent_uuid: "5e87ba625bd64027a8fb7ef1b9add7c6" member_type: VOTER last_known_addr { host: "127.13.100.66" port: 39865 } } peers { permanent_uuid: "1d06c587600b47179661c9d796e5dee8" member_type: VOTER last_known_addr { host: "127.13.100.67" port: 33623 } }
I20260709 12:12:24.126309 13922 raft_consensus.cc:3060] T 89d56d04379a4d57a3a729cda477fd20 P 5e87ba625bd64027a8fb7ef1b9add7c6 [term 4 FOLLOWER]: Advancing to term 5
I20260709 12:12:24.128454 13996 raft_consensus.cc:2468] T 89d56d04379a4d57a3a729cda477fd20 P 1d06c587600b47179661c9d796e5dee8 [term 5 FOLLOWER]: Leader election vote request: Granting yes vote for candidate cb247a96cb984c32b0abe92a275c6c42 in term 5.
I20260709 12:12:24.129328 13812 leader_election.cc:304] T 89d56d04379a4d57a3a729cda477fd20 P cb247a96cb984c32b0abe92a275c6c42 [CANDIDATE]: Term 5 election: Election decided. Result: candidate won. Election summary: received 2 responses out of 3 voters: 2 yes votes; 0 no votes. yes voters: 1d06c587600b47179661c9d796e5dee8, cb247a96cb984c32b0abe92a275c6c42; no voters: 
I20260709 12:12:24.129860 13922 raft_consensus.cc:2468] T 89d56d04379a4d57a3a729cda477fd20 P 5e87ba625bd64027a8fb7ef1b9add7c6 [term 5 FOLLOWER]: Leader election vote request: Granting yes vote for candidate cb247a96cb984c32b0abe92a275c6c42 in term 5.
I20260709 12:12:24.130555 14199 raft_consensus.cc:2804] T 89d56d04379a4d57a3a729cda477fd20 P cb247a96cb984c32b0abe92a275c6c42 [term 5 FOLLOWER]: Leader election won for term 5
I20260709 12:12:24.131503 14199 raft_consensus.cc:697] T 89d56d04379a4d57a3a729cda477fd20 P cb247a96cb984c32b0abe92a275c6c42 [term 5 LEADER]: Becoming Leader. State: Replica: cb247a96cb984c32b0abe92a275c6c42, State: Running, Role: LEADER
I20260709 12:12:24.132249 14199 consensus_queue.cc:237] T 89d56d04379a4d57a3a729cda477fd20 P cb247a96cb984c32b0abe92a275c6c42 [LEADER]: Queue going to LEADER mode. State: All replicated index: 0, Majority replicated index: 3, Committed index: 3, Last appended: 4.3, Last appended by leader: 3, Current term: 5, Majority size: 2, State: 0, Mode: LEADER, active raft config: opid_index: -1 OBSOLETE_local: false peers { permanent_uuid: "cb247a96cb984c32b0abe92a275c6c42" member_type: VOTER last_known_addr { host: "127.13.100.65" port: 46553 } } peers { permanent_uuid: "5e87ba625bd64027a8fb7ef1b9add7c6" member_type: VOTER last_known_addr { host: "127.13.100.66" port: 39865 } } peers { permanent_uuid: "1d06c587600b47179661c9d796e5dee8" member_type: VOTER last_known_addr { host: "127.13.100.67" port: 33623 } }
I20260709 12:12:24.137910 13743 catalog_manager.cc:5697] T 89d56d04379a4d57a3a729cda477fd20 P cb247a96cb984c32b0abe92a275c6c42 reported cstate change: term changed from 4 to 5, leader changed from 5e87ba625bd64027a8fb7ef1b9add7c6 (127.13.100.66) to cb247a96cb984c32b0abe92a275c6c42 (127.13.100.65). New cstate: current_term: 5 leader_uuid: "cb247a96cb984c32b0abe92a275c6c42" committed_config { opid_index: -1 OBSOLETE_local: false peers { permanent_uuid: "cb247a96cb984c32b0abe92a275c6c42" member_type: VOTER last_known_addr { host: "127.13.100.65" port: 46553 } health_report { overall_health: HEALTHY } } peers { permanent_uuid: "5e87ba625bd64027a8fb7ef1b9add7c6" member_type: VOTER last_known_addr { host: "127.13.100.66" port: 39865 } health_report { overall_health: UNKNOWN } } peers { permanent_uuid: "1d06c587600b47179661c9d796e5dee8" member_type: VOTER last_known_addr { host: "127.13.100.67" port: 33623 } health_report { overall_health: UNKNOWN } } }
I20260709 12:12:24.262022 14170 raft_consensus.cc:993] T fed0889142a64db7a588f93e143ae4f6 P 5e87ba625bd64027a8fb7ef1b9add7c6: : Instructing follower 1d06c587600b47179661c9d796e5dee8 to start an election
I20260709 12:12:24.262449 14196 raft_consensus.cc:1081] T fed0889142a64db7a588f93e143ae4f6 P 5e87ba625bd64027a8fb7ef1b9add7c6 [term 3 LEADER]: Signalling peer 1d06c587600b47179661c9d796e5dee8 to start an election
I20260709 12:12:24.263645 13996 tablet_service.cc:2044] Received Run Leader Election RPC: tablet_id: "fed0889142a64db7a588f93e143ae4f6"
dest_uuid: "1d06c587600b47179661c9d796e5dee8"
 from {username='slave'} at 127.0.0.1:59960
I20260709 12:12:24.264027 13996 raft_consensus.cc:493] T fed0889142a64db7a588f93e143ae4f6 P 1d06c587600b47179661c9d796e5dee8 [term 3 FOLLOWER]: Starting forced leader election (received explicit request)
I20260709 12:12:24.264264 13996 raft_consensus.cc:3060] T fed0889142a64db7a588f93e143ae4f6 P 1d06c587600b47179661c9d796e5dee8 [term 3 FOLLOWER]: Advancing to term 4
I20260709 12:12:24.267894 13996 raft_consensus.cc:515] T fed0889142a64db7a588f93e143ae4f6 P 1d06c587600b47179661c9d796e5dee8 [term 4 FOLLOWER]: Starting forced leader election with config: opid_index: -1 OBSOLETE_local: false peers { permanent_uuid: "5e87ba625bd64027a8fb7ef1b9add7c6" member_type: VOTER last_known_addr { host: "127.13.100.66" port: 39865 } } peers { permanent_uuid: "1d06c587600b47179661c9d796e5dee8" member_type: VOTER last_known_addr { host: "127.13.100.67" port: 33623 } } peers { permanent_uuid: "cb247a96cb984c32b0abe92a275c6c42" member_type: VOTER last_known_addr { host: "127.13.100.65" port: 46553 } }
I20260709 12:12:24.269568 13996 leader_election.cc:290] T fed0889142a64db7a588f93e143ae4f6 P 1d06c587600b47179661c9d796e5dee8 [CANDIDATE]: Term 4 election: Requested vote from peers 5e87ba625bd64027a8fb7ef1b9add7c6 (127.13.100.66:39865), cb247a96cb984c32b0abe92a275c6c42 (127.13.100.65:46553)
I20260709 12:12:24.270148 13922 tablet_service.cc:1917] Received RequestConsensusVote() RPC: tablet_id: "fed0889142a64db7a588f93e143ae4f6" candidate_uuid: "1d06c587600b47179661c9d796e5dee8" candidate_term: 4 candidate_status { last_received { term: 3 index: 3 } } ignore_live_leader: true dest_uuid: "5e87ba625bd64027a8fb7ef1b9add7c6"
I20260709 12:12:24.270442 13848 tablet_service.cc:1917] Received RequestConsensusVote() RPC: tablet_id: "fed0889142a64db7a588f93e143ae4f6" candidate_uuid: "1d06c587600b47179661c9d796e5dee8" candidate_term: 4 candidate_status { last_received { term: 3 index: 3 } } ignore_live_leader: true dest_uuid: "cb247a96cb984c32b0abe92a275c6c42"
I20260709 12:12:24.270641 13922 raft_consensus.cc:3055] T fed0889142a64db7a588f93e143ae4f6 P 5e87ba625bd64027a8fb7ef1b9add7c6 [term 3 LEADER]: Stepping down as leader of term 3
I20260709 12:12:24.270915 13848 raft_consensus.cc:3060] T fed0889142a64db7a588f93e143ae4f6 P cb247a96cb984c32b0abe92a275c6c42 [term 3 FOLLOWER]: Advancing to term 4
I20260709 12:12:24.270925 13922 raft_consensus.cc:740] T fed0889142a64db7a588f93e143ae4f6 P 5e87ba625bd64027a8fb7ef1b9add7c6 [term 3 LEADER]: Becoming Follower/Learner. State: Replica: 5e87ba625bd64027a8fb7ef1b9add7c6, State: Running, Role: LEADER
I20260709 12:12:24.271621 13922 consensus_queue.cc:260] T fed0889142a64db7a588f93e143ae4f6 P 5e87ba625bd64027a8fb7ef1b9add7c6 [NON_LEADER]: Queue going to NON_LEADER mode. State: All replicated index: 0, Majority replicated index: 3, Committed index: 3, Last appended: 3.3, Last appended by leader: 3, Current term: 3, Majority size: -1, State: 0, Mode: NON_LEADER, active raft config: opid_index: -1 OBSOLETE_local: false peers { permanent_uuid: "5e87ba625bd64027a8fb7ef1b9add7c6" member_type: VOTER last_known_addr { host: "127.13.100.66" port: 39865 } } peers { permanent_uuid: "1d06c587600b47179661c9d796e5dee8" member_type: VOTER last_known_addr { host: "127.13.100.67" port: 33623 } } peers { permanent_uuid: "cb247a96cb984c32b0abe92a275c6c42" member_type: VOTER last_known_addr { host: "127.13.100.65" port: 46553 } }
I20260709 12:12:24.272359 13922 raft_consensus.cc:3060] T fed0889142a64db7a588f93e143ae4f6 P 5e87ba625bd64027a8fb7ef1b9add7c6 [term 3 FOLLOWER]: Advancing to term 4
I20260709 12:12:24.274727 13848 raft_consensus.cc:2468] T fed0889142a64db7a588f93e143ae4f6 P cb247a96cb984c32b0abe92a275c6c42 [term 4 FOLLOWER]: Leader election vote request: Granting yes vote for candidate 1d06c587600b47179661c9d796e5dee8 in term 4.
I20260709 12:12:24.275637 13962 leader_election.cc:304] T fed0889142a64db7a588f93e143ae4f6 P 1d06c587600b47179661c9d796e5dee8 [CANDIDATE]: Term 4 election: Election decided. Result: candidate won. Election summary: received 2 responses out of 3 voters: 2 yes votes; 0 no votes. yes voters: 1d06c587600b47179661c9d796e5dee8, cb247a96cb984c32b0abe92a275c6c42; no voters: 
I20260709 12:12:24.276113 13922 raft_consensus.cc:2468] T fed0889142a64db7a588f93e143ae4f6 P 5e87ba625bd64027a8fb7ef1b9add7c6 [term 4 FOLLOWER]: Leader election vote request: Granting yes vote for candidate 1d06c587600b47179661c9d796e5dee8 in term 4.
I20260709 12:12:24.276185 14169 raft_consensus.cc:2804] T fed0889142a64db7a588f93e143ae4f6 P 1d06c587600b47179661c9d796e5dee8 [term 4 FOLLOWER]: Leader election won for term 4
I20260709 12:12:24.277482 14169 raft_consensus.cc:697] T fed0889142a64db7a588f93e143ae4f6 P 1d06c587600b47179661c9d796e5dee8 [term 4 LEADER]: Becoming Leader. State: Replica: 1d06c587600b47179661c9d796e5dee8, State: Running, Role: LEADER
I20260709 12:12:24.278157 14169 consensus_queue.cc:237] T fed0889142a64db7a588f93e143ae4f6 P 1d06c587600b47179661c9d796e5dee8 [LEADER]: Queue going to LEADER mode. State: All replicated index: 0, Majority replicated index: 3, Committed index: 3, Last appended: 3.3, Last appended by leader: 3, Current term: 4, Majority size: 2, State: 0, Mode: LEADER, active raft config: opid_index: -1 OBSOLETE_local: false peers { permanent_uuid: "5e87ba625bd64027a8fb7ef1b9add7c6" member_type: VOTER last_known_addr { host: "127.13.100.66" port: 39865 } } peers { permanent_uuid: "1d06c587600b47179661c9d796e5dee8" member_type: VOTER last_known_addr { host: "127.13.100.67" port: 33623 } } peers { permanent_uuid: "cb247a96cb984c32b0abe92a275c6c42" member_type: VOTER last_known_addr { host: "127.13.100.65" port: 46553 } }
I20260709 12:12:24.284600 13743 catalog_manager.cc:5697] T fed0889142a64db7a588f93e143ae4f6 P 1d06c587600b47179661c9d796e5dee8 reported cstate change: term changed from 3 to 4, leader changed from 5e87ba625bd64027a8fb7ef1b9add7c6 (127.13.100.66) to 1d06c587600b47179661c9d796e5dee8 (127.13.100.67). New cstate: current_term: 4 leader_uuid: "1d06c587600b47179661c9d796e5dee8" committed_config { opid_index: -1 OBSOLETE_local: false peers { permanent_uuid: "5e87ba625bd64027a8fb7ef1b9add7c6" member_type: VOTER last_known_addr { host: "127.13.100.66" port: 39865 } health_report { overall_health: UNKNOWN } } peers { permanent_uuid: "1d06c587600b47179661c9d796e5dee8" member_type: VOTER last_known_addr { host: "127.13.100.67" port: 33623 } health_report { overall_health: HEALTHY } } peers { permanent_uuid: "cb247a96cb984c32b0abe92a275c6c42" member_type: VOTER last_known_addr { host: "127.13.100.65" port: 46553 } health_report { overall_health: UNKNOWN } } }
I20260709 12:12:24.285888 14170 raft_consensus.cc:993] T f145387def084e3fa5cb828b232ab6d4 P 5e87ba625bd64027a8fb7ef1b9add7c6: : Instructing follower 1d06c587600b47179661c9d796e5dee8 to start an election
I20260709 12:12:24.286322 14196 raft_consensus.cc:1081] T f145387def084e3fa5cb828b232ab6d4 P 5e87ba625bd64027a8fb7ef1b9add7c6 [term 4 LEADER]: Signalling peer 1d06c587600b47179661c9d796e5dee8 to start an election
I20260709 12:12:24.287756 13996 tablet_service.cc:2044] Received Run Leader Election RPC: tablet_id: "f145387def084e3fa5cb828b232ab6d4"
dest_uuid: "1d06c587600b47179661c9d796e5dee8"
 from {username='slave'} at 127.0.0.1:59960
I20260709 12:12:24.288213 13996 raft_consensus.cc:493] T f145387def084e3fa5cb828b232ab6d4 P 1d06c587600b47179661c9d796e5dee8 [term 4 FOLLOWER]: Starting forced leader election (received explicit request)
I20260709 12:12:24.288519 13996 raft_consensus.cc:3060] T f145387def084e3fa5cb828b232ab6d4 P 1d06c587600b47179661c9d796e5dee8 [term 4 FOLLOWER]: Advancing to term 5
I20260709 12:12:24.292577 13996 raft_consensus.cc:515] T f145387def084e3fa5cb828b232ab6d4 P 1d06c587600b47179661c9d796e5dee8 [term 5 FOLLOWER]: Starting forced leader election with config: opid_index: -1 OBSOLETE_local: false peers { permanent_uuid: "cb247a96cb984c32b0abe92a275c6c42" member_type: VOTER last_known_addr { host: "127.13.100.65" port: 46553 } } peers { permanent_uuid: "5e87ba625bd64027a8fb7ef1b9add7c6" member_type: VOTER last_known_addr { host: "127.13.100.66" port: 39865 } } peers { permanent_uuid: "1d06c587600b47179661c9d796e5dee8" member_type: VOTER last_known_addr { host: "127.13.100.67" port: 33623 } }
I20260709 12:12:24.293798 13996 leader_election.cc:290] T f145387def084e3fa5cb828b232ab6d4 P 1d06c587600b47179661c9d796e5dee8 [CANDIDATE]: Term 5 election: Requested vote from peers cb247a96cb984c32b0abe92a275c6c42 (127.13.100.65:46553), 5e87ba625bd64027a8fb7ef1b9add7c6 (127.13.100.66:39865)
I20260709 12:12:24.294498 13848 tablet_service.cc:1917] Received RequestConsensusVote() RPC: tablet_id: "f145387def084e3fa5cb828b232ab6d4" candidate_uuid: "1d06c587600b47179661c9d796e5dee8" candidate_term: 5 candidate_status { last_received { term: 4 index: 4 } } ignore_live_leader: true dest_uuid: "cb247a96cb984c32b0abe92a275c6c42"
I20260709 12:12:24.294631 13922 tablet_service.cc:1917] Received RequestConsensusVote() RPC: tablet_id: "f145387def084e3fa5cb828b232ab6d4" candidate_uuid: "1d06c587600b47179661c9d796e5dee8" candidate_term: 5 candidate_status { last_received { term: 4 index: 4 } } ignore_live_leader: true dest_uuid: "5e87ba625bd64027a8fb7ef1b9add7c6"
I20260709 12:12:24.294962 13848 raft_consensus.cc:3060] T f145387def084e3fa5cb828b232ab6d4 P cb247a96cb984c32b0abe92a275c6c42 [term 4 FOLLOWER]: Advancing to term 5
I20260709 12:12:24.295018 13922 raft_consensus.cc:3055] T f145387def084e3fa5cb828b232ab6d4 P 5e87ba625bd64027a8fb7ef1b9add7c6 [term 4 LEADER]: Stepping down as leader of term 4
I20260709 12:12:24.295313 13922 raft_consensus.cc:740] T f145387def084e3fa5cb828b232ab6d4 P 5e87ba625bd64027a8fb7ef1b9add7c6 [term 4 LEADER]: Becoming Follower/Learner. State: Replica: 5e87ba625bd64027a8fb7ef1b9add7c6, State: Running, Role: LEADER
I20260709 12:12:24.295809 13922 consensus_queue.cc:260] T f145387def084e3fa5cb828b232ab6d4 P 5e87ba625bd64027a8fb7ef1b9add7c6 [NON_LEADER]: Queue going to NON_LEADER mode. State: All replicated index: 0, Majority replicated index: 4, Committed index: 4, Last appended: 4.4, Last appended by leader: 4, Current term: 4, Majority size: -1, State: 0, Mode: NON_LEADER, active raft config: opid_index: -1 OBSOLETE_local: false peers { permanent_uuid: "cb247a96cb984c32b0abe92a275c6c42" member_type: VOTER last_known_addr { host: "127.13.100.65" port: 46553 } } peers { permanent_uuid: "5e87ba625bd64027a8fb7ef1b9add7c6" member_type: VOTER last_known_addr { host: "127.13.100.66" port: 39865 } } peers { permanent_uuid: "1d06c587600b47179661c9d796e5dee8" member_type: VOTER last_known_addr { host: "127.13.100.67" port: 33623 } }
I20260709 12:12:24.296527 13922 raft_consensus.cc:3060] T f145387def084e3fa5cb828b232ab6d4 P 5e87ba625bd64027a8fb7ef1b9add7c6 [term 4 FOLLOWER]: Advancing to term 5
I20260709 12:12:24.298667 13848 raft_consensus.cc:2468] T f145387def084e3fa5cb828b232ab6d4 P cb247a96cb984c32b0abe92a275c6c42 [term 5 FOLLOWER]: Leader election vote request: Granting yes vote for candidate 1d06c587600b47179661c9d796e5dee8 in term 5.
I20260709 12:12:24.299396 13962 leader_election.cc:304] T f145387def084e3fa5cb828b232ab6d4 P 1d06c587600b47179661c9d796e5dee8 [CANDIDATE]: Term 5 election: Election decided. Result: candidate won. Election summary: received 2 responses out of 3 voters: 2 yes votes; 0 no votes. yes voters: 1d06c587600b47179661c9d796e5dee8, cb247a96cb984c32b0abe92a275c6c42; no voters: 
I20260709 12:12:24.299911 14169 raft_consensus.cc:2804] T f145387def084e3fa5cb828b232ab6d4 P 1d06c587600b47179661c9d796e5dee8 [term 5 FOLLOWER]: Leader election won for term 5
I20260709 12:12:24.300125 13922 raft_consensus.cc:2468] T f145387def084e3fa5cb828b232ab6d4 P 5e87ba625bd64027a8fb7ef1b9add7c6 [term 5 FOLLOWER]: Leader election vote request: Granting yes vote for candidate 1d06c587600b47179661c9d796e5dee8 in term 5.
I20260709 12:12:24.300256 14169 raft_consensus.cc:697] T f145387def084e3fa5cb828b232ab6d4 P 1d06c587600b47179661c9d796e5dee8 [term 5 LEADER]: Becoming Leader. State: Replica: 1d06c587600b47179661c9d796e5dee8, State: Running, Role: LEADER
I20260709 12:12:24.301028 14169 consensus_queue.cc:237] T f145387def084e3fa5cb828b232ab6d4 P 1d06c587600b47179661c9d796e5dee8 [LEADER]: Queue going to LEADER mode. State: All replicated index: 0, Majority replicated index: 4, Committed index: 4, Last appended: 4.4, Last appended by leader: 4, Current term: 5, Majority size: 2, State: 0, Mode: LEADER, active raft config: opid_index: -1 OBSOLETE_local: false peers { permanent_uuid: "cb247a96cb984c32b0abe92a275c6c42" member_type: VOTER last_known_addr { host: "127.13.100.65" port: 46553 } } peers { permanent_uuid: "5e87ba625bd64027a8fb7ef1b9add7c6" member_type: VOTER last_known_addr { host: "127.13.100.66" port: 39865 } } peers { permanent_uuid: "1d06c587600b47179661c9d796e5dee8" member_type: VOTER last_known_addr { host: "127.13.100.67" port: 33623 } }
I20260709 12:12:24.308671 14196 raft_consensus.cc:993] T d644419c6e4a463782008f27ed9ddde6 P 5e87ba625bd64027a8fb7ef1b9add7c6: : Instructing follower cb247a96cb984c32b0abe92a275c6c42 to start an election
I20260709 12:12:24.309039 14209 raft_consensus.cc:1081] T d644419c6e4a463782008f27ed9ddde6 P 5e87ba625bd64027a8fb7ef1b9add7c6 [term 1 LEADER]: Signalling peer cb247a96cb984c32b0abe92a275c6c42 to start an election
I20260709 12:12:24.309731 13743 catalog_manager.cc:5697] T f145387def084e3fa5cb828b232ab6d4 P 1d06c587600b47179661c9d796e5dee8 reported cstate change: term changed from 4 to 5, leader changed from 5e87ba625bd64027a8fb7ef1b9add7c6 (127.13.100.66) to 1d06c587600b47179661c9d796e5dee8 (127.13.100.67). New cstate: current_term: 5 leader_uuid: "1d06c587600b47179661c9d796e5dee8" committed_config { opid_index: -1 OBSOLETE_local: false peers { permanent_uuid: "cb247a96cb984c32b0abe92a275c6c42" member_type: VOTER last_known_addr { host: "127.13.100.65" port: 46553 } health_report { overall_health: UNKNOWN } } peers { permanent_uuid: "5e87ba625bd64027a8fb7ef1b9add7c6" member_type: VOTER last_known_addr { host: "127.13.100.66" port: 39865 } health_report { overall_health: UNKNOWN } } peers { permanent_uuid: "1d06c587600b47179661c9d796e5dee8" member_type: VOTER last_known_addr { host: "127.13.100.67" port: 33623 } health_report { overall_health: HEALTHY } } }
I20260709 12:12:24.310376 13848 tablet_service.cc:2044] Received Run Leader Election RPC: tablet_id: "d644419c6e4a463782008f27ed9ddde6"
dest_uuid: "cb247a96cb984c32b0abe92a275c6c42"
 from {username='slave'} at 127.0.0.1:59398
I20260709 12:12:24.310777 13848 raft_consensus.cc:493] T d644419c6e4a463782008f27ed9ddde6 P cb247a96cb984c32b0abe92a275c6c42 [term 1 FOLLOWER]: Starting forced leader election (received explicit request)
I20260709 12:12:24.311010 13848 raft_consensus.cc:3060] T d644419c6e4a463782008f27ed9ddde6 P cb247a96cb984c32b0abe92a275c6c42 [term 1 FOLLOWER]: Advancing to term 2
I20260709 12:12:24.314716 13848 raft_consensus.cc:515] T d644419c6e4a463782008f27ed9ddde6 P cb247a96cb984c32b0abe92a275c6c42 [term 2 FOLLOWER]: Starting forced leader election with config: opid_index: -1 OBSOLETE_local: false peers { permanent_uuid: "cb247a96cb984c32b0abe92a275c6c42" member_type: VOTER last_known_addr { host: "127.13.100.65" port: 46553 } } peers { permanent_uuid: "5e87ba625bd64027a8fb7ef1b9add7c6" member_type: VOTER last_known_addr { host: "127.13.100.66" port: 39865 } } peers { permanent_uuid: "1d06c587600b47179661c9d796e5dee8" member_type: VOTER last_known_addr { host: "127.13.100.67" port: 33623 } }
I20260709 12:12:24.316206 13848 leader_election.cc:290] T d644419c6e4a463782008f27ed9ddde6 P cb247a96cb984c32b0abe92a275c6c42 [CANDIDATE]: Term 2 election: Requested vote from peers 5e87ba625bd64027a8fb7ef1b9add7c6 (127.13.100.66:39865), 1d06c587600b47179661c9d796e5dee8 (127.13.100.67:33623)
I20260709 12:12:24.316720 13922 tablet_service.cc:1917] Received RequestConsensusVote() RPC: tablet_id: "d644419c6e4a463782008f27ed9ddde6" candidate_uuid: "cb247a96cb984c32b0abe92a275c6c42" candidate_term: 2 candidate_status { last_received { term: 1 index: 1 } } ignore_live_leader: true dest_uuid: "5e87ba625bd64027a8fb7ef1b9add7c6"
I20260709 12:12:24.317096 13996 tablet_service.cc:1917] Received RequestConsensusVote() RPC: tablet_id: "d644419c6e4a463782008f27ed9ddde6" candidate_uuid: "cb247a96cb984c32b0abe92a275c6c42" candidate_term: 2 candidate_status { last_received { term: 1 index: 1 } } ignore_live_leader: true dest_uuid: "1d06c587600b47179661c9d796e5dee8"
I20260709 12:12:24.317188 13922 raft_consensus.cc:3055] T d644419c6e4a463782008f27ed9ddde6 P 5e87ba625bd64027a8fb7ef1b9add7c6 [term 1 LEADER]: Stepping down as leader of term 1
I20260709 12:12:24.317638 13922 raft_consensus.cc:740] T d644419c6e4a463782008f27ed9ddde6 P 5e87ba625bd64027a8fb7ef1b9add7c6 [term 1 LEADER]: Becoming Follower/Learner. State: Replica: 5e87ba625bd64027a8fb7ef1b9add7c6, State: Running, Role: LEADER
I20260709 12:12:24.317693 13996 raft_consensus.cc:3060] T d644419c6e4a463782008f27ed9ddde6 P 1d06c587600b47179661c9d796e5dee8 [term 1 FOLLOWER]: Advancing to term 2
I20260709 12:12:24.318372 13922 consensus_queue.cc:260] T d644419c6e4a463782008f27ed9ddde6 P 5e87ba625bd64027a8fb7ef1b9add7c6 [NON_LEADER]: Queue going to NON_LEADER mode. State: All replicated index: 0, Majority replicated index: 1, Committed index: 1, Last appended: 1.1, Last appended by leader: 1, Current term: 1, Majority size: -1, State: 0, Mode: NON_LEADER, active raft config: opid_index: -1 OBSOLETE_local: false peers { permanent_uuid: "cb247a96cb984c32b0abe92a275c6c42" member_type: VOTER last_known_addr { host: "127.13.100.65" port: 46553 } } peers { permanent_uuid: "5e87ba625bd64027a8fb7ef1b9add7c6" member_type: VOTER last_known_addr { host: "127.13.100.66" port: 39865 } } peers { permanent_uuid: "1d06c587600b47179661c9d796e5dee8" member_type: VOTER last_known_addr { host: "127.13.100.67" port: 33623 } }
I20260709 12:12:24.319180 13922 raft_consensus.cc:3060] T d644419c6e4a463782008f27ed9ddde6 P 5e87ba625bd64027a8fb7ef1b9add7c6 [term 1 FOLLOWER]: Advancing to term 2
I20260709 12:12:24.322031 13996 raft_consensus.cc:2468] T d644419c6e4a463782008f27ed9ddde6 P 1d06c587600b47179661c9d796e5dee8 [term 2 FOLLOWER]: Leader election vote request: Granting yes vote for candidate cb247a96cb984c32b0abe92a275c6c42 in term 2.
I20260709 12:12:24.322785 13812 leader_election.cc:304] T d644419c6e4a463782008f27ed9ddde6 P cb247a96cb984c32b0abe92a275c6c42 [CANDIDATE]: Term 2 election: Election decided. Result: candidate won. Election summary: received 2 responses out of 3 voters: 2 yes votes; 0 no votes. yes voters: 1d06c587600b47179661c9d796e5dee8, cb247a96cb984c32b0abe92a275c6c42; no voters: 
I20260709 12:12:24.323443 14199 raft_consensus.cc:2804] T d644419c6e4a463782008f27ed9ddde6 P cb247a96cb984c32b0abe92a275c6c42 [term 2 FOLLOWER]: Leader election won for term 2
I20260709 12:12:24.323518 13922 raft_consensus.cc:2468] T d644419c6e4a463782008f27ed9ddde6 P 5e87ba625bd64027a8fb7ef1b9add7c6 [term 2 FOLLOWER]: Leader election vote request: Granting yes vote for candidate cb247a96cb984c32b0abe92a275c6c42 in term 2.
I20260709 12:12:24.323928 14199 raft_consensus.cc:697] T d644419c6e4a463782008f27ed9ddde6 P cb247a96cb984c32b0abe92a275c6c42 [term 2 LEADER]: Becoming Leader. State: Replica: cb247a96cb984c32b0abe92a275c6c42, State: Running, Role: LEADER
I20260709 12:12:24.324714 14199 consensus_queue.cc:237] T d644419c6e4a463782008f27ed9ddde6 P cb247a96cb984c32b0abe92a275c6c42 [LEADER]: Queue going to LEADER mode. State: All replicated index: 0, Majority replicated index: 1, Committed index: 1, Last appended: 1.1, Last appended by leader: 1, Current term: 2, Majority size: 2, State: 0, Mode: LEADER, active raft config: opid_index: -1 OBSOLETE_local: false peers { permanent_uuid: "cb247a96cb984c32b0abe92a275c6c42" member_type: VOTER last_known_addr { host: "127.13.100.65" port: 46553 } } peers { permanent_uuid: "5e87ba625bd64027a8fb7ef1b9add7c6" member_type: VOTER last_known_addr { host: "127.13.100.66" port: 39865 } } peers { permanent_uuid: "1d06c587600b47179661c9d796e5dee8" member_type: VOTER last_known_addr { host: "127.13.100.67" port: 33623 } }
I20260709 12:12:24.329859 14196 raft_consensus.cc:993] T b5a5281351bc4f90a0915e04895afcca P 5e87ba625bd64027a8fb7ef1b9add7c6: : Instructing follower cb247a96cb984c32b0abe92a275c6c42 to start an election
I20260709 12:12:24.330250 14209 raft_consensus.cc:1081] T b5a5281351bc4f90a0915e04895afcca P 5e87ba625bd64027a8fb7ef1b9add7c6 [term 3 LEADER]: Signalling peer cb247a96cb984c32b0abe92a275c6c42 to start an election
I20260709 12:12:24.331573 13848 tablet_service.cc:2044] Received Run Leader Election RPC: tablet_id: "b5a5281351bc4f90a0915e04895afcca"
dest_uuid: "cb247a96cb984c32b0abe92a275c6c42"
 from {username='slave'} at 127.0.0.1:59398
I20260709 12:12:24.331221 13743 catalog_manager.cc:5697] T d644419c6e4a463782008f27ed9ddde6 P cb247a96cb984c32b0abe92a275c6c42 reported cstate change: term changed from 1 to 2, leader changed from 5e87ba625bd64027a8fb7ef1b9add7c6 (127.13.100.66) to cb247a96cb984c32b0abe92a275c6c42 (127.13.100.65). New cstate: current_term: 2 leader_uuid: "cb247a96cb984c32b0abe92a275c6c42" committed_config { opid_index: -1 OBSOLETE_local: false peers { permanent_uuid: "cb247a96cb984c32b0abe92a275c6c42" member_type: VOTER last_known_addr { host: "127.13.100.65" port: 46553 } health_report { overall_health: HEALTHY } } peers { permanent_uuid: "5e87ba625bd64027a8fb7ef1b9add7c6" member_type: VOTER last_known_addr { host: "127.13.100.66" port: 39865 } health_report { overall_health: UNKNOWN } } peers { permanent_uuid: "1d06c587600b47179661c9d796e5dee8" member_type: VOTER last_known_addr { host: "127.13.100.67" port: 33623 } health_report { overall_health: UNKNOWN } } }
I20260709 12:12:24.331933 13848 raft_consensus.cc:493] T b5a5281351bc4f90a0915e04895afcca P cb247a96cb984c32b0abe92a275c6c42 [term 3 FOLLOWER]: Starting forced leader election (received explicit request)
I20260709 12:12:24.332216 13848 raft_consensus.cc:3060] T b5a5281351bc4f90a0915e04895afcca P cb247a96cb984c32b0abe92a275c6c42 [term 3 FOLLOWER]: Advancing to term 4
I20260709 12:12:24.336526 13848 raft_consensus.cc:515] T b5a5281351bc4f90a0915e04895afcca P cb247a96cb984c32b0abe92a275c6c42 [term 4 FOLLOWER]: Starting forced leader election with config: opid_index: -1 OBSOLETE_local: false peers { permanent_uuid: "cb247a96cb984c32b0abe92a275c6c42" member_type: VOTER last_known_addr { host: "127.13.100.65" port: 46553 } } peers { permanent_uuid: "5e87ba625bd64027a8fb7ef1b9add7c6" member_type: VOTER last_known_addr { host: "127.13.100.66" port: 39865 } } peers { permanent_uuid: "1d06c587600b47179661c9d796e5dee8" member_type: VOTER last_known_addr { host: "127.13.100.67" port: 33623 } }
I20260709 12:12:24.338171 13848 leader_election.cc:290] T b5a5281351bc4f90a0915e04895afcca P cb247a96cb984c32b0abe92a275c6c42 [CANDIDATE]: Term 4 election: Requested vote from peers 5e87ba625bd64027a8fb7ef1b9add7c6 (127.13.100.66:39865), 1d06c587600b47179661c9d796e5dee8 (127.13.100.67:33623)
I20260709 12:12:24.338613 13922 tablet_service.cc:1917] Received RequestConsensusVote() RPC: tablet_id: "b5a5281351bc4f90a0915e04895afcca" candidate_uuid: "cb247a96cb984c32b0abe92a275c6c42" candidate_term: 4 candidate_status { last_received { term: 3 index: 3 } } ignore_live_leader: true dest_uuid: "5e87ba625bd64027a8fb7ef1b9add7c6"
I20260709 12:12:24.338999 13922 raft_consensus.cc:3055] T b5a5281351bc4f90a0915e04895afcca P 5e87ba625bd64027a8fb7ef1b9add7c6 [term 3 LEADER]: Stepping down as leader of term 3
I20260709 12:12:24.339205 13922 raft_consensus.cc:740] T b5a5281351bc4f90a0915e04895afcca P 5e87ba625bd64027a8fb7ef1b9add7c6 [term 3 LEADER]: Becoming Follower/Learner. State: Replica: 5e87ba625bd64027a8fb7ef1b9add7c6, State: Running, Role: LEADER
I20260709 12:12:24.339253 13996 tablet_service.cc:1917] Received RequestConsensusVote() RPC: tablet_id: "b5a5281351bc4f90a0915e04895afcca" candidate_uuid: "cb247a96cb984c32b0abe92a275c6c42" candidate_term: 4 candidate_status { last_received { term: 3 index: 3 } } ignore_live_leader: true dest_uuid: "1d06c587600b47179661c9d796e5dee8"
I20260709 12:12:24.339666 13996 raft_consensus.cc:3060] T b5a5281351bc4f90a0915e04895afcca P 1d06c587600b47179661c9d796e5dee8 [term 3 FOLLOWER]: Advancing to term 4
I20260709 12:12:24.339732 13922 consensus_queue.cc:260] T b5a5281351bc4f90a0915e04895afcca P 5e87ba625bd64027a8fb7ef1b9add7c6 [NON_LEADER]: Queue going to NON_LEADER mode. State: All replicated index: 0, Majority replicated index: 3, Committed index: 3, Last appended: 3.3, Last appended by leader: 3, Current term: 3, Majority size: -1, State: 0, Mode: NON_LEADER, active raft config: opid_index: -1 OBSOLETE_local: false peers { permanent_uuid: "cb247a96cb984c32b0abe92a275c6c42" member_type: VOTER last_known_addr { host: "127.13.100.65" port: 46553 } } peers { permanent_uuid: "5e87ba625bd64027a8fb7ef1b9add7c6" member_type: VOTER last_known_addr { host: "127.13.100.66" port: 39865 } } peers { permanent_uuid: "1d06c587600b47179661c9d796e5dee8" member_type: VOTER last_known_addr { host: "127.13.100.67" port: 33623 } }
I20260709 12:12:24.340521 13922 raft_consensus.cc:3060] T b5a5281351bc4f90a0915e04895afcca P 5e87ba625bd64027a8fb7ef1b9add7c6 [term 3 FOLLOWER]: Advancing to term 4
I20260709 12:12:24.342955 13996 raft_consensus.cc:2468] T b5a5281351bc4f90a0915e04895afcca P 1d06c587600b47179661c9d796e5dee8 [term 4 FOLLOWER]: Leader election vote request: Granting yes vote for candidate cb247a96cb984c32b0abe92a275c6c42 in term 4.
I20260709 12:12:24.344130 13922 raft_consensus.cc:2468] T b5a5281351bc4f90a0915e04895afcca P 5e87ba625bd64027a8fb7ef1b9add7c6 [term 4 FOLLOWER]: Leader election vote request: Granting yes vote for candidate cb247a96cb984c32b0abe92a275c6c42 in term 4.
I20260709 12:12:24.344120 13812 leader_election.cc:304] T b5a5281351bc4f90a0915e04895afcca P cb247a96cb984c32b0abe92a275c6c42 [CANDIDATE]: Term 4 election: Election decided. Result: candidate won. Election summary: received 2 responses out of 3 voters: 2 yes votes; 0 no votes. yes voters: 1d06c587600b47179661c9d796e5dee8, cb247a96cb984c32b0abe92a275c6c42; no voters: 
I20260709 12:12:24.344925 14199 raft_consensus.cc:2804] T b5a5281351bc4f90a0915e04895afcca P cb247a96cb984c32b0abe92a275c6c42 [term 4 FOLLOWER]: Leader election won for term 4
I20260709 12:12:24.345357 14199 raft_consensus.cc:697] T b5a5281351bc4f90a0915e04895afcca P cb247a96cb984c32b0abe92a275c6c42 [term 4 LEADER]: Becoming Leader. State: Replica: cb247a96cb984c32b0abe92a275c6c42, State: Running, Role: LEADER
I20260709 12:12:24.345956 14199 consensus_queue.cc:237] T b5a5281351bc4f90a0915e04895afcca P cb247a96cb984c32b0abe92a275c6c42 [LEADER]: Queue going to LEADER mode. State: All replicated index: 0, Majority replicated index: 3, Committed index: 3, Last appended: 3.3, Last appended by leader: 3, Current term: 4, Majority size: 2, State: 0, Mode: LEADER, active raft config: opid_index: -1 OBSOLETE_local: false peers { permanent_uuid: "cb247a96cb984c32b0abe92a275c6c42" member_type: VOTER last_known_addr { host: "127.13.100.65" port: 46553 } } peers { permanent_uuid: "5e87ba625bd64027a8fb7ef1b9add7c6" member_type: VOTER last_known_addr { host: "127.13.100.66" port: 39865 } } peers { permanent_uuid: "1d06c587600b47179661c9d796e5dee8" member_type: VOTER last_known_addr { host: "127.13.100.67" port: 33623 } }
I20260709 12:12:24.365703 13743 catalog_manager.cc:5697] T b5a5281351bc4f90a0915e04895afcca P cb247a96cb984c32b0abe92a275c6c42 reported cstate change: term changed from 3 to 4, leader changed from 5e87ba625bd64027a8fb7ef1b9add7c6 (127.13.100.66) to cb247a96cb984c32b0abe92a275c6c42 (127.13.100.65). New cstate: current_term: 4 leader_uuid: "cb247a96cb984c32b0abe92a275c6c42" committed_config { opid_index: -1 OBSOLETE_local: false peers { permanent_uuid: "cb247a96cb984c32b0abe92a275c6c42" member_type: VOTER last_known_addr { host: "127.13.100.65" port: 46553 } health_report { overall_health: HEALTHY } } peers { permanent_uuid: "5e87ba625bd64027a8fb7ef1b9add7c6" member_type: VOTER last_known_addr { host: "127.13.100.66" port: 39865 } health_report { overall_health: UNKNOWN } } peers { permanent_uuid: "1d06c587600b47179661c9d796e5dee8" member_type: VOTER last_known_addr { host: "127.13.100.67" port: 33623 } health_report { overall_health: UNKNOWN } } }
I20260709 12:12:24.527361 13996 raft_consensus.cc:1275] T 89d56d04379a4d57a3a729cda477fd20 P 1d06c587600b47179661c9d796e5dee8 [term 5 FOLLOWER]: Refusing update from remote peer cb247a96cb984c32b0abe92a275c6c42: Log matching property violated. Preceding OpId in replica: term: 4 index: 3. Preceding OpId from leader: term: 5 index: 4. (index mismatch)
I20260709 12:12:24.528620 14199 consensus_queue.cc:1048] T 89d56d04379a4d57a3a729cda477fd20 P cb247a96cb984c32b0abe92a275c6c42 [LEADER]: Connected to new peer: Peer: permanent_uuid: "1d06c587600b47179661c9d796e5dee8" member_type: VOTER last_known_addr { host: "127.13.100.67" port: 33623 }, Status: LMP_MISMATCH, Last received: 0.0, Next index: 4, Last known committed idx: 3, Time since last communication: 0.000s
I20260709 12:12:24.542877 13922 raft_consensus.cc:1275] T 89d56d04379a4d57a3a729cda477fd20 P 5e87ba625bd64027a8fb7ef1b9add7c6 [term 5 FOLLOWER]: Refusing update from remote peer cb247a96cb984c32b0abe92a275c6c42: Log matching property violated. Preceding OpId in replica: term: 4 index: 3. Preceding OpId from leader: term: 5 index: 4. (index mismatch)
I20260709 12:12:24.545501 14199 consensus_queue.cc:1048] T 89d56d04379a4d57a3a729cda477fd20 P cb247a96cb984c32b0abe92a275c6c42 [LEADER]: Connected to new peer: Peer: permanent_uuid: "5e87ba625bd64027a8fb7ef1b9add7c6" member_type: VOTER last_known_addr { host: "127.13.100.66" port: 39865 }, Status: LMP_MISMATCH, Last received: 0.0, Next index: 4, Last known committed idx: 3, Time since last communication: 0.000s
I20260709 12:12:24.754338 13996 raft_consensus.cc:1275] T b5a5281351bc4f90a0915e04895afcca P 1d06c587600b47179661c9d796e5dee8 [term 4 FOLLOWER]: Refusing update from remote peer cb247a96cb984c32b0abe92a275c6c42: Log matching property violated. Preceding OpId in replica: term: 3 index: 3. Preceding OpId from leader: term: 4 index: 4. (index mismatch)
I20260709 12:12:24.755265 14199 consensus_queue.cc:1048] T b5a5281351bc4f90a0915e04895afcca P cb247a96cb984c32b0abe92a275c6c42 [LEADER]: Connected to new peer: Peer: permanent_uuid: "1d06c587600b47179661c9d796e5dee8" member_type: VOTER last_known_addr { host: "127.13.100.67" port: 33623 }, Status: LMP_MISMATCH, Last received: 0.0, Next index: 4, Last known committed idx: 3, Time since last communication: 0.000s
I20260709 12:12:24.765506 13922 raft_consensus.cc:1275] T b5a5281351bc4f90a0915e04895afcca P 5e87ba625bd64027a8fb7ef1b9add7c6 [term 4 FOLLOWER]: Refusing update from remote peer cb247a96cb984c32b0abe92a275c6c42: Log matching property violated. Preceding OpId in replica: term: 3 index: 3. Preceding OpId from leader: term: 4 index: 4. (index mismatch)
I20260709 12:12:24.765933 13923 raft_consensus.cc:1275] T d644419c6e4a463782008f27ed9ddde6 P 5e87ba625bd64027a8fb7ef1b9add7c6 [term 2 FOLLOWER]: Refusing update from remote peer cb247a96cb984c32b0abe92a275c6c42: Log matching property violated. Preceding OpId in replica: term: 1 index: 1. Preceding OpId from leader: term: 2 index: 2. (index mismatch)
I20260709 12:12:24.767262 14220 consensus_queue.cc:1048] T b5a5281351bc4f90a0915e04895afcca P cb247a96cb984c32b0abe92a275c6c42 [LEADER]: Connected to new peer: Peer: permanent_uuid: "5e87ba625bd64027a8fb7ef1b9add7c6" member_type: VOTER last_known_addr { host: "127.13.100.66" port: 39865 }, Status: LMP_MISMATCH, Last received: 0.0, Next index: 4, Last known committed idx: 3, Time since last communication: 0.001s
I20260709 12:12:24.767988 14200 consensus_queue.cc:1048] T d644419c6e4a463782008f27ed9ddde6 P cb247a96cb984c32b0abe92a275c6c42 [LEADER]: Connected to new peer: Peer: permanent_uuid: "5e87ba625bd64027a8fb7ef1b9add7c6" member_type: VOTER last_known_addr { host: "127.13.100.66" port: 39865 }, Status: LMP_MISMATCH, Last received: 0.0, Next index: 2, Last known committed idx: 1, Time since last communication: 0.000s
