I20260709 12:12:07.692106 11220 raft_consensus.cc:2749] T 5b9370a8c834412897a279787699d2e2 P adb9a5aea663454887131dd318dd0661 [term 1 FOLLOWER]: Leader pre-election lost for term 1. Reason: could not achieve majority
I20260709 12:12:07.764583 11154 consensus_queue.cc:1048] T 797fd87aa9584f819388494138967ae8 P 82b8b01dd22d432296a50ada60b6eb34 [LEADER]: Connected to new peer: Peer: permanent_uuid: "adb9a5aea663454887131dd318dd0661" member_type: VOTER last_known_addr { host: "127.10.145.129" port: 41169 }, Status: LMP_MISMATCH, Last received: 0.0, Next index: 1, Last known committed idx: 0, Time since last communication: 0.000s
I20260709 12:12:07.777391 11167 consensus_queue.cc:1048] T 797fd87aa9584f819388494138967ae8 P 82b8b01dd22d432296a50ada60b6eb34 [LEADER]: Connected to new peer: Peer: permanent_uuid: "8797799db0cf42c6a0f5e84c27ada1b1" member_type: VOTER last_known_addr { host: "127.10.145.131" port: 35357 }, Status: LMP_MISMATCH, Last received: 0.0, Next index: 1, Last known committed idx: 0, Time since last communication: 0.000s
I20260709 12:12:07.801831 11156 raft_consensus.cc:493] T 04c44c11ff594389aa96c425b31a0b08 P 8797799db0cf42c6a0f5e84c27ada1b1 [term 0 FOLLOWER]: Starting pre-election (no leader contacted us within the election timeout)
I20260709 12:12:07.802345 11156 raft_consensus.cc:515] T 04c44c11ff594389aa96c425b31a0b08 P 8797799db0cf42c6a0f5e84c27ada1b1 [term 0 FOLLOWER]: Starting pre-election with config: opid_index: -1 OBSOLETE_local: false peers { permanent_uuid: "adb9a5aea663454887131dd318dd0661" member_type: VOTER last_known_addr { host: "127.10.145.129" port: 41169 } } peers { permanent_uuid: "82b8b01dd22d432296a50ada60b6eb34" member_type: VOTER last_known_addr { host: "127.10.145.130" port: 38881 } } peers { permanent_uuid: "8797799db0cf42c6a0f5e84c27ada1b1" member_type: VOTER last_known_addr { host: "127.10.145.131" port: 35357 } }
I20260709 12:12:07.804137 11156 leader_election.cc:290] T 04c44c11ff594389aa96c425b31a0b08 P 8797799db0cf42c6a0f5e84c27ada1b1 [CANDIDATE]: Term 1 pre-election: Requested pre-vote from peers adb9a5aea663454887131dd318dd0661 (127.10.145.129:41169), 82b8b01dd22d432296a50ada60b6eb34 (127.10.145.130:38881)
I20260709 12:12:07.804836 10954 tablet_service.cc:1917] Received RequestConsensusVote() RPC: tablet_id: "04c44c11ff594389aa96c425b31a0b08" candidate_uuid: "8797799db0cf42c6a0f5e84c27ada1b1" candidate_term: 1 candidate_status { last_received { term: 0 index: 0 } } ignore_live_leader: false dest_uuid: "adb9a5aea663454887131dd318dd0661" is_pre_election: true
I20260709 12:12:07.805224 11032 tablet_service.cc:1917] Received RequestConsensusVote() RPC: tablet_id: "04c44c11ff594389aa96c425b31a0b08" candidate_uuid: "8797799db0cf42c6a0f5e84c27ada1b1" candidate_term: 1 candidate_status { last_received { term: 0 index: 0 } } ignore_live_leader: false dest_uuid: "82b8b01dd22d432296a50ada60b6eb34" is_pre_election: true
I20260709 12:12:07.805580 10954 raft_consensus.cc:2468] T 04c44c11ff594389aa96c425b31a0b08 P adb9a5aea663454887131dd318dd0661 [term 0 FOLLOWER]: Leader pre-election vote request: Granting yes vote for candidate 8797799db0cf42c6a0f5e84c27ada1b1 in term 0.
I20260709 12:12:07.805956 11032 raft_consensus.cc:2468] T 04c44c11ff594389aa96c425b31a0b08 P 82b8b01dd22d432296a50ada60b6eb34 [term 0 FOLLOWER]: Leader pre-election vote request: Granting yes vote for candidate 8797799db0cf42c6a0f5e84c27ada1b1 in term 0.
I20260709 12:12:07.806802 11071 leader_election.cc:304] T 04c44c11ff594389aa96c425b31a0b08 P 8797799db0cf42c6a0f5e84c27ada1b1 [CANDIDATE]: Term 1 pre-election: Election decided. Result: candidate won. Election summary: received 2 responses out of 3 voters: 2 yes votes; 0 no votes. yes voters: 8797799db0cf42c6a0f5e84c27ada1b1, adb9a5aea663454887131dd318dd0661; no voters: 
I20260709 12:12:07.807593 11156 raft_consensus.cc:2804] T 04c44c11ff594389aa96c425b31a0b08 P 8797799db0cf42c6a0f5e84c27ada1b1 [term 0 FOLLOWER]: Leader pre-election won for term 1
I20260709 12:12:07.807901 11156 raft_consensus.cc:493] T 04c44c11ff594389aa96c425b31a0b08 P 8797799db0cf42c6a0f5e84c27ada1b1 [term 0 FOLLOWER]: Starting leader election (no leader contacted us within the election timeout)
I20260709 12:12:07.808159 11156 raft_consensus.cc:3060] T 04c44c11ff594389aa96c425b31a0b08 P 8797799db0cf42c6a0f5e84c27ada1b1 [term 0 FOLLOWER]: Advancing to term 1
I20260709 12:12:07.812512 11156 raft_consensus.cc:515] T 04c44c11ff594389aa96c425b31a0b08 P 8797799db0cf42c6a0f5e84c27ada1b1 [term 1 FOLLOWER]: Starting leader election with config: opid_index: -1 OBSOLETE_local: false peers { permanent_uuid: "adb9a5aea663454887131dd318dd0661" member_type: VOTER last_known_addr { host: "127.10.145.129" port: 41169 } } peers { permanent_uuid: "82b8b01dd22d432296a50ada60b6eb34" member_type: VOTER last_known_addr { host: "127.10.145.130" port: 38881 } } peers { permanent_uuid: "8797799db0cf42c6a0f5e84c27ada1b1" member_type: VOTER last_known_addr { host: "127.10.145.131" port: 35357 } }
I20260709 12:12:07.814312 11156 leader_election.cc:290] T 04c44c11ff594389aa96c425b31a0b08 P 8797799db0cf42c6a0f5e84c27ada1b1 [CANDIDATE]: Term 1 election: Requested vote from peers adb9a5aea663454887131dd318dd0661 (127.10.145.129:41169), 82b8b01dd22d432296a50ada60b6eb34 (127.10.145.130:38881)
I20260709 12:12:07.815371 10954 tablet_service.cc:1917] Received RequestConsensusVote() RPC: tablet_id: "04c44c11ff594389aa96c425b31a0b08" candidate_uuid: "8797799db0cf42c6a0f5e84c27ada1b1" candidate_term: 1 candidate_status { last_received { term: 0 index: 0 } } ignore_live_leader: false dest_uuid: "adb9a5aea663454887131dd318dd0661"
I20260709 12:12:07.815857 10954 raft_consensus.cc:3060] T 04c44c11ff594389aa96c425b31a0b08 P adb9a5aea663454887131dd318dd0661 [term 0 FOLLOWER]: Advancing to term 1
I20260709 12:12:07.815975 11032 tablet_service.cc:1917] Received RequestConsensusVote() RPC: tablet_id: "04c44c11ff594389aa96c425b31a0b08" candidate_uuid: "8797799db0cf42c6a0f5e84c27ada1b1" candidate_term: 1 candidate_status { last_received { term: 0 index: 0 } } ignore_live_leader: false dest_uuid: "82b8b01dd22d432296a50ada60b6eb34"
I20260709 12:12:07.816592 11032 raft_consensus.cc:3060] T 04c44c11ff594389aa96c425b31a0b08 P 82b8b01dd22d432296a50ada60b6eb34 [term 0 FOLLOWER]: Advancing to term 1
I20260709 12:12:07.821519 10954 raft_consensus.cc:2468] T 04c44c11ff594389aa96c425b31a0b08 P adb9a5aea663454887131dd318dd0661 [term 1 FOLLOWER]: Leader election vote request: Granting yes vote for candidate 8797799db0cf42c6a0f5e84c27ada1b1 in term 1.
I20260709 12:12:07.822487 11071 leader_election.cc:304] T 04c44c11ff594389aa96c425b31a0b08 P 8797799db0cf42c6a0f5e84c27ada1b1 [CANDIDATE]: Term 1 election: Election decided. Result: candidate won. Election summary: received 2 responses out of 3 voters: 2 yes votes; 0 no votes. yes voters: 8797799db0cf42c6a0f5e84c27ada1b1, adb9a5aea663454887131dd318dd0661; no voters: 
I20260709 12:12:07.822875 11032 raft_consensus.cc:2468] T 04c44c11ff594389aa96c425b31a0b08 P 82b8b01dd22d432296a50ada60b6eb34 [term 1 FOLLOWER]: Leader election vote request: Granting yes vote for candidate 8797799db0cf42c6a0f5e84c27ada1b1 in term 1.
I20260709 12:12:07.823182 11156 raft_consensus.cc:2804] T 04c44c11ff594389aa96c425b31a0b08 P 8797799db0cf42c6a0f5e84c27ada1b1 [term 1 FOLLOWER]: Leader election won for term 1
I20260709 12:12:07.823926 11156 raft_consensus.cc:697] T 04c44c11ff594389aa96c425b31a0b08 P 8797799db0cf42c6a0f5e84c27ada1b1 [term 1 LEADER]: Becoming Leader. State: Replica: 8797799db0cf42c6a0f5e84c27ada1b1, State: Running, Role: LEADER
I20260709 12:12:07.824610 11156 consensus_queue.cc:237] T 04c44c11ff594389aa96c425b31a0b08 P 8797799db0cf42c6a0f5e84c27ada1b1 [LEADER]: Queue going to LEADER mode. State: All replicated index: 0, Majority replicated index: 0, Committed index: 0, Last appended: 0.0, Last appended by leader: 0, Current term: 1, Majority size: 2, State: 0, Mode: LEADER, active raft config: opid_index: -1 OBSOLETE_local: false peers { permanent_uuid: "adb9a5aea663454887131dd318dd0661" member_type: VOTER last_known_addr { host: "127.10.145.129" port: 41169 } } peers { permanent_uuid: "82b8b01dd22d432296a50ada60b6eb34" member_type: VOTER last_known_addr { host: "127.10.145.130" port: 38881 } } peers { permanent_uuid: "8797799db0cf42c6a0f5e84c27ada1b1" member_type: VOTER last_known_addr { host: "127.10.145.131" port: 35357 } }
I20260709 12:12:07.832098 10851 catalog_manager.cc:5697] T 04c44c11ff594389aa96c425b31a0b08 P 8797799db0cf42c6a0f5e84c27ada1b1 reported cstate change: term changed from 0 to 1, leader changed from <none> to 8797799db0cf42c6a0f5e84c27ada1b1 (127.10.145.131). New cstate: current_term: 1 leader_uuid: "8797799db0cf42c6a0f5e84c27ada1b1" committed_config { opid_index: -1 OBSOLETE_local: false peers { permanent_uuid: "adb9a5aea663454887131dd318dd0661" member_type: VOTER last_known_addr { host: "127.10.145.129" port: 41169 } health_report { overall_health: UNKNOWN } } peers { permanent_uuid: "82b8b01dd22d432296a50ada60b6eb34" member_type: VOTER last_known_addr { host: "127.10.145.130" port: 38881 } health_report { overall_health: UNKNOWN } } peers { permanent_uuid: "8797799db0cf42c6a0f5e84c27ada1b1" member_type: VOTER last_known_addr { host: "127.10.145.131" port: 35357 } health_report { overall_health: HEALTHY } } }
I20260709 12:12:07.858965 11167 consensus_queue.cc:1048] T 5b9370a8c834412897a279787699d2e2 P 82b8b01dd22d432296a50ada60b6eb34 [LEADER]: Connected to new peer: Peer: permanent_uuid: "8797799db0cf42c6a0f5e84c27ada1b1" member_type: VOTER last_known_addr { host: "127.10.145.131" port: 35357 }, Status: LMP_MISMATCH, Last received: 0.0, Next index: 1, Last known committed idx: 0, Time since last communication: 0.000s
I20260709 12:12:07.870070 11177 consensus_queue.cc:1048] T 5b9370a8c834412897a279787699d2e2 P 82b8b01dd22d432296a50ada60b6eb34 [LEADER]: Connected to new peer: Peer: permanent_uuid: "adb9a5aea663454887131dd318dd0661" member_type: VOTER last_known_addr { host: "127.10.145.129" port: 41169 }, Status: LMP_MISMATCH, Last received: 0.0, Next index: 1, Last known committed idx: 0, Time since last communication: 0.000s
I20260709 12:12:07.926007 11156 consensus_queue.cc:1048] T 4ce1078a48524a00b4fc83336da7351c P 8797799db0cf42c6a0f5e84c27ada1b1 [LEADER]: Connected to new peer: Peer: permanent_uuid: "82b8b01dd22d432296a50ada60b6eb34" member_type: VOTER last_known_addr { host: "127.10.145.130" port: 38881 }, Status: LMP_MISMATCH, Last received: 0.0, Next index: 1, Last known committed idx: 0, Time since last communication: 0.000s
I20260709 12:12:07.936057 11203 consensus_queue.cc:1048] T 4ce1078a48524a00b4fc83336da7351c P 8797799db0cf42c6a0f5e84c27ada1b1 [LEADER]: Connected to new peer: Peer: permanent_uuid: "adb9a5aea663454887131dd318dd0661" member_type: VOTER last_known_addr { host: "127.10.145.129" port: 41169 }, Status: LMP_MISMATCH, Last received: 0.0, Next index: 1, Last known committed idx: 0, Time since last communication: 0.001s
I20260709 12:12:07.976831 11032 tablet_service.cc:2072] Received LeaderStepDown RPC: tablet_id: "797fd87aa9584f819388494138967ae8"
dest_uuid: "82b8b01dd22d432296a50ada60b6eb34"
mode: GRACEFUL
new_leader_uuid: "adb9a5aea663454887131dd318dd0661"
 from {username='slave'} at 127.0.0.1:39018
I20260709 12:12:07.977577 11032 raft_consensus.cc:606] T 797fd87aa9584f819388494138967ae8 P 82b8b01dd22d432296a50ada60b6eb34 [term 1 LEADER]: Received request to transfer leadership to TS adb9a5aea663454887131dd318dd0661
I20260709 12:12:07.982790 11032 tablet_service.cc:2072] Received LeaderStepDown RPC: tablet_id: "ac94bca05c3641e0b4b8ed1f67b6e49b"
dest_uuid: "82b8b01dd22d432296a50ada60b6eb34"
mode: GRACEFUL
new_leader_uuid: "adb9a5aea663454887131dd318dd0661"
 from {username='slave'} at 127.0.0.1:39018
I20260709 12:12:07.983273 11032 raft_consensus.cc:606] T ac94bca05c3641e0b4b8ed1f67b6e49b P 82b8b01dd22d432296a50ada60b6eb34 [term 1 LEADER]: Received request to transfer leadership to TS adb9a5aea663454887131dd318dd0661
I20260709 12:12:07.988535 11032 tablet_service.cc:2072] Received LeaderStepDown RPC: tablet_id: "f1f326c0bed84014a8ea10fc40194582"
dest_uuid: "82b8b01dd22d432296a50ada60b6eb34"
mode: GRACEFUL
new_leader_uuid: "adb9a5aea663454887131dd318dd0661"
 from {username='slave'} at 127.0.0.1:39018
I20260709 12:12:07.989003 11032 raft_consensus.cc:606] T f1f326c0bed84014a8ea10fc40194582 P 82b8b01dd22d432296a50ada60b6eb34 [term 1 LEADER]: Received request to transfer leadership to TS adb9a5aea663454887131dd318dd0661
I20260709 12:12:07.994203 11032 tablet_service.cc:2072] Received LeaderStepDown RPC: tablet_id: "7db2e100018745578ca25367afdf1d25"
dest_uuid: "82b8b01dd22d432296a50ada60b6eb34"
mode: GRACEFUL
new_leader_uuid: "adb9a5aea663454887131dd318dd0661"
 from {username='slave'} at 127.0.0.1:39018
I20260709 12:12:07.994707 11032 raft_consensus.cc:606] T 7db2e100018745578ca25367afdf1d25 P 82b8b01dd22d432296a50ada60b6eb34 [term 1 LEADER]: Received request to transfer leadership to TS adb9a5aea663454887131dd318dd0661
I20260709 12:12:08.011451 10954 tablet_service.cc:2072] Received LeaderStepDown RPC: tablet_id: "1fa6e6828ab14888a108afa9566feb25"
dest_uuid: "adb9a5aea663454887131dd318dd0661"
mode: GRACEFUL
new_leader_uuid: "82b8b01dd22d432296a50ada60b6eb34"
 from {username='slave'} at 127.0.0.1:52308
I20260709 12:12:08.011988 10954 raft_consensus.cc:606] T 1fa6e6828ab14888a108afa9566feb25 P adb9a5aea663454887131dd318dd0661 [term 1 LEADER]: Received request to transfer leadership to TS 82b8b01dd22d432296a50ada60b6eb34
I20260709 12:12:08.027650 11106 tablet_service.cc:2072] Received LeaderStepDown RPC: tablet_id: "4ce1078a48524a00b4fc83336da7351c"
dest_uuid: "8797799db0cf42c6a0f5e84c27ada1b1"
mode: GRACEFUL
new_leader_uuid: "82b8b01dd22d432296a50ada60b6eb34"
 from {username='slave'} at 127.0.0.1:60408
I20260709 12:12:08.028194 11106 raft_consensus.cc:606] T 4ce1078a48524a00b4fc83336da7351c P 8797799db0cf42c6a0f5e84c27ada1b1 [term 1 LEADER]: Received request to transfer leadership to TS 82b8b01dd22d432296a50ada60b6eb34
I20260709 12:12:08.041847 11177 consensus_queue.cc:1048] T cec0fc77295e4e118ae73c2d790c6463 P 82b8b01dd22d432296a50ada60b6eb34 [LEADER]: Connected to new peer: Peer: permanent_uuid: "adb9a5aea663454887131dd318dd0661" member_type: VOTER last_known_addr { host: "127.10.145.129" port: 41169 }, Status: LMP_MISMATCH, Last received: 0.0, Next index: 1, Last known committed idx: 0, Time since last communication: 0.000s
I20260709 12:12:08.055481 11154 consensus_queue.cc:1048] T cec0fc77295e4e118ae73c2d790c6463 P 82b8b01dd22d432296a50ada60b6eb34 [LEADER]: Connected to new peer: Peer: permanent_uuid: "8797799db0cf42c6a0f5e84c27ada1b1" member_type: VOTER last_known_addr { host: "127.10.145.131" port: 35357 }, Status: LMP_MISMATCH, Last received: 0.0, Next index: 1, Last known committed idx: 0, Time since last communication: 0.000s
I20260709 12:12:08.092214 11177 raft_consensus.cc:993] T 7db2e100018745578ca25367afdf1d25 P 82b8b01dd22d432296a50ada60b6eb34: : Instructing follower adb9a5aea663454887131dd318dd0661 to start an election
I20260709 12:12:08.092721 11154 raft_consensus.cc:1081] T 7db2e100018745578ca25367afdf1d25 P 82b8b01dd22d432296a50ada60b6eb34 [term 1 LEADER]: Signalling peer adb9a5aea663454887131dd318dd0661 to start an election
I20260709 12:12:08.094513 10954 tablet_service.cc:2044] Received Run Leader Election RPC: tablet_id: "7db2e100018745578ca25367afdf1d25"
dest_uuid: "adb9a5aea663454887131dd318dd0661"
 from {username='slave'} at 127.0.0.1:52282
I20260709 12:12:08.095084 10954 raft_consensus.cc:493] T 7db2e100018745578ca25367afdf1d25 P adb9a5aea663454887131dd318dd0661 [term 1 FOLLOWER]: Starting forced leader election (received explicit request)
I20260709 12:12:08.095458 10954 raft_consensus.cc:3060] T 7db2e100018745578ca25367afdf1d25 P adb9a5aea663454887131dd318dd0661 [term 1 FOLLOWER]: Advancing to term 2
I20260709 12:12:08.101961 10954 raft_consensus.cc:515] T 7db2e100018745578ca25367afdf1d25 P adb9a5aea663454887131dd318dd0661 [term 2 FOLLOWER]: Starting forced leader election with config: opid_index: -1 OBSOLETE_local: false peers { permanent_uuid: "adb9a5aea663454887131dd318dd0661" member_type: VOTER last_known_addr { host: "127.10.145.129" port: 41169 } } peers { permanent_uuid: "82b8b01dd22d432296a50ada60b6eb34" member_type: VOTER last_known_addr { host: "127.10.145.130" port: 38881 } } peers { permanent_uuid: "8797799db0cf42c6a0f5e84c27ada1b1" member_type: VOTER last_known_addr { host: "127.10.145.131" port: 35357 } }
I20260709 12:12:08.104130 10954 leader_election.cc:290] T 7db2e100018745578ca25367afdf1d25 P adb9a5aea663454887131dd318dd0661 [CANDIDATE]: Term 2 election: Requested vote from peers 82b8b01dd22d432296a50ada60b6eb34 (127.10.145.130:38881), 8797799db0cf42c6a0f5e84c27ada1b1 (127.10.145.131:35357)
I20260709 12:12:08.104760 11032 tablet_service.cc:1917] Received RequestConsensusVote() RPC: tablet_id: "7db2e100018745578ca25367afdf1d25" candidate_uuid: "adb9a5aea663454887131dd318dd0661" candidate_term: 2 candidate_status { last_received { term: 1 index: 1 } } ignore_live_leader: true dest_uuid: "82b8b01dd22d432296a50ada60b6eb34"
I20260709 12:12:08.105425 11032 raft_consensus.cc:3055] T 7db2e100018745578ca25367afdf1d25 P 82b8b01dd22d432296a50ada60b6eb34 [term 1 LEADER]: Stepping down as leader of term 1
I20260709 12:12:08.105738 11032 raft_consensus.cc:740] T 7db2e100018745578ca25367afdf1d25 P 82b8b01dd22d432296a50ada60b6eb34 [term 1 LEADER]: Becoming Follower/Learner. State: Replica: 82b8b01dd22d432296a50ada60b6eb34, State: Running, Role: LEADER
I20260709 12:12:08.105408 11106 tablet_service.cc:1917] Received RequestConsensusVote() RPC: tablet_id: "7db2e100018745578ca25367afdf1d25" candidate_uuid: "adb9a5aea663454887131dd318dd0661" candidate_term: 2 candidate_status { last_received { term: 1 index: 1 } } ignore_live_leader: true dest_uuid: "8797799db0cf42c6a0f5e84c27ada1b1"
I20260709 12:12:08.106612 11106 raft_consensus.cc:3060] T 7db2e100018745578ca25367afdf1d25 P 8797799db0cf42c6a0f5e84c27ada1b1 [term 1 FOLLOWER]: Advancing to term 2
I20260709 12:12:08.106597 11032 consensus_queue.cc:260] T 7db2e100018745578ca25367afdf1d25 P 82b8b01dd22d432296a50ada60b6eb34 [NON_LEADER]: Queue going to NON_LEADER mode. State: All replicated index: 0, Majority replicated index: 1, Committed index: 1, Last appended: 1.1, Last appended by leader: 1, Current term: 1, Majority size: -1, State: 0, Mode: NON_LEADER, active raft config: opid_index: -1 OBSOLETE_local: false peers { permanent_uuid: "adb9a5aea663454887131dd318dd0661" member_type: VOTER last_known_addr { host: "127.10.145.129" port: 41169 } } peers { permanent_uuid: "82b8b01dd22d432296a50ada60b6eb34" member_type: VOTER last_known_addr { host: "127.10.145.130" port: 38881 } } peers { permanent_uuid: "8797799db0cf42c6a0f5e84c27ada1b1" member_type: VOTER last_known_addr { host: "127.10.145.131" port: 35357 } }
I20260709 12:12:08.107896 11032 raft_consensus.cc:3060] T 7db2e100018745578ca25367afdf1d25 P 82b8b01dd22d432296a50ada60b6eb34 [term 1 FOLLOWER]: Advancing to term 2
I20260709 12:12:08.112267 11032 raft_consensus.cc:2468] T 7db2e100018745578ca25367afdf1d25 P 82b8b01dd22d432296a50ada60b6eb34 [term 2 FOLLOWER]: Leader election vote request: Granting yes vote for candidate adb9a5aea663454887131dd318dd0661 in term 2.
I20260709 12:12:08.113124 11106 raft_consensus.cc:2468] T 7db2e100018745578ca25367afdf1d25 P 8797799db0cf42c6a0f5e84c27ada1b1 [term 2 FOLLOWER]: Leader election vote request: Granting yes vote for candidate adb9a5aea663454887131dd318dd0661 in term 2.
I20260709 12:12:08.113413 10921 leader_election.cc:304] T 7db2e100018745578ca25367afdf1d25 P adb9a5aea663454887131dd318dd0661 [CANDIDATE]: Term 2 election: Election decided. Result: candidate won. Election summary: received 2 responses out of 3 voters: 2 yes votes; 0 no votes. yes voters: 82b8b01dd22d432296a50ada60b6eb34, adb9a5aea663454887131dd318dd0661; no voters: 
I20260709 12:12:08.114226 11220 raft_consensus.cc:2804] T 7db2e100018745578ca25367afdf1d25 P adb9a5aea663454887131dd318dd0661 [term 2 FOLLOWER]: Leader election won for term 2
I20260709 12:12:08.114681 11220 raft_consensus.cc:697] T 7db2e100018745578ca25367afdf1d25 P adb9a5aea663454887131dd318dd0661 [term 2 LEADER]: Becoming Leader. State: Replica: adb9a5aea663454887131dd318dd0661, State: Running, Role: LEADER
I20260709 12:12:08.115456 11220 consensus_queue.cc:237] T 7db2e100018745578ca25367afdf1d25 P adb9a5aea663454887131dd318dd0661 [LEADER]: Queue going to LEADER mode. State: All replicated index: 0, Majority replicated index: 1, Committed index: 1, Last appended: 1.1, Last appended by leader: 1, Current term: 2, Majority size: 2, State: 0, Mode: LEADER, active raft config: opid_index: -1 OBSOLETE_local: false peers { permanent_uuid: "adb9a5aea663454887131dd318dd0661" member_type: VOTER last_known_addr { host: "127.10.145.129" port: 41169 } } peers { permanent_uuid: "82b8b01dd22d432296a50ada60b6eb34" member_type: VOTER last_known_addr { host: "127.10.145.130" port: 38881 } } peers { permanent_uuid: "8797799db0cf42c6a0f5e84c27ada1b1" member_type: VOTER last_known_addr { host: "127.10.145.131" port: 35357 } }
I20260709 12:12:08.122550 10851 catalog_manager.cc:5697] T 7db2e100018745578ca25367afdf1d25 P adb9a5aea663454887131dd318dd0661 reported cstate change: term changed from 1 to 2, leader changed from 82b8b01dd22d432296a50ada60b6eb34 (127.10.145.130) to adb9a5aea663454887131dd318dd0661 (127.10.145.129). New cstate: current_term: 2 leader_uuid: "adb9a5aea663454887131dd318dd0661" committed_config { opid_index: -1 OBSOLETE_local: false peers { permanent_uuid: "adb9a5aea663454887131dd318dd0661" member_type: VOTER last_known_addr { host: "127.10.145.129" port: 41169 } health_report { overall_health: HEALTHY } } peers { permanent_uuid: "82b8b01dd22d432296a50ada60b6eb34" member_type: VOTER last_known_addr { host: "127.10.145.130" port: 38881 } health_report { overall_health: UNKNOWN } } peers { permanent_uuid: "8797799db0cf42c6a0f5e84c27ada1b1" member_type: VOTER last_known_addr { host: "127.10.145.131" port: 35357 } health_report { overall_health: UNKNOWN } } }
I20260709 12:12:08.128135 11177 raft_consensus.cc:993] T ac94bca05c3641e0b4b8ed1f67b6e49b P 82b8b01dd22d432296a50ada60b6eb34: : Instructing follower adb9a5aea663454887131dd318dd0661 to start an election
I20260709 12:12:08.128547 11177 raft_consensus.cc:1081] T ac94bca05c3641e0b4b8ed1f67b6e49b P 82b8b01dd22d432296a50ada60b6eb34 [term 1 LEADER]: Signalling peer adb9a5aea663454887131dd318dd0661 to start an election
I20260709 12:12:08.130530 10954 tablet_service.cc:2044] Received Run Leader Election RPC: tablet_id: "ac94bca05c3641e0b4b8ed1f67b6e49b"
dest_uuid: "adb9a5aea663454887131dd318dd0661"
 from {username='slave'} at 127.0.0.1:52282
I20260709 12:12:08.131058 10954 raft_consensus.cc:493] T ac94bca05c3641e0b4b8ed1f67b6e49b P adb9a5aea663454887131dd318dd0661 [term 1 FOLLOWER]: Starting forced leader election (received explicit request)
I20260709 12:12:08.131422 10954 raft_consensus.cc:3060] T ac94bca05c3641e0b4b8ed1f67b6e49b P adb9a5aea663454887131dd318dd0661 [term 1 FOLLOWER]: Advancing to term 2
I20260709 12:12:08.137826 10954 raft_consensus.cc:515] T ac94bca05c3641e0b4b8ed1f67b6e49b P adb9a5aea663454887131dd318dd0661 [term 2 FOLLOWER]: Starting forced leader election with config: opid_index: -1 OBSOLETE_local: false peers { permanent_uuid: "adb9a5aea663454887131dd318dd0661" member_type: VOTER last_known_addr { host: "127.10.145.129" port: 41169 } } peers { permanent_uuid: "82b8b01dd22d432296a50ada60b6eb34" member_type: VOTER last_known_addr { host: "127.10.145.130" port: 38881 } } peers { permanent_uuid: "8797799db0cf42c6a0f5e84c27ada1b1" member_type: VOTER last_known_addr { host: "127.10.145.131" port: 35357 } }
I20260709 12:12:08.139802 10954 leader_election.cc:290] T ac94bca05c3641e0b4b8ed1f67b6e49b P adb9a5aea663454887131dd318dd0661 [CANDIDATE]: Term 2 election: Requested vote from peers 82b8b01dd22d432296a50ada60b6eb34 (127.10.145.130:38881), 8797799db0cf42c6a0f5e84c27ada1b1 (127.10.145.131:35357)
I20260709 12:12:08.140554 11032 tablet_service.cc:1917] Received RequestConsensusVote() RPC: tablet_id: "ac94bca05c3641e0b4b8ed1f67b6e49b" candidate_uuid: "adb9a5aea663454887131dd318dd0661" candidate_term: 2 candidate_status { last_received { term: 1 index: 1 } } ignore_live_leader: true dest_uuid: "82b8b01dd22d432296a50ada60b6eb34"
I20260709 12:12:08.140858 11106 tablet_service.cc:1917] Received RequestConsensusVote() RPC: tablet_id: "ac94bca05c3641e0b4b8ed1f67b6e49b" candidate_uuid: "adb9a5aea663454887131dd318dd0661" candidate_term: 2 candidate_status { last_received { term: 1 index: 1 } } ignore_live_leader: true dest_uuid: "8797799db0cf42c6a0f5e84c27ada1b1"
I20260709 12:12:08.141172 11032 raft_consensus.cc:3055] T ac94bca05c3641e0b4b8ed1f67b6e49b P 82b8b01dd22d432296a50ada60b6eb34 [term 1 LEADER]: Stepping down as leader of term 1
I20260709 12:12:08.141453 11106 raft_consensus.cc:3060] T ac94bca05c3641e0b4b8ed1f67b6e49b P 8797799db0cf42c6a0f5e84c27ada1b1 [term 1 FOLLOWER]: Advancing to term 2
I20260709 12:12:08.141546 11032 raft_consensus.cc:740] T ac94bca05c3641e0b4b8ed1f67b6e49b P 82b8b01dd22d432296a50ada60b6eb34 [term 1 LEADER]: Becoming Follower/Learner. State: Replica: 82b8b01dd22d432296a50ada60b6eb34, State: Running, Role: LEADER
I20260709 12:12:08.142316 11032 consensus_queue.cc:260] T ac94bca05c3641e0b4b8ed1f67b6e49b P 82b8b01dd22d432296a50ada60b6eb34 [NON_LEADER]: Queue going to NON_LEADER mode. State: All replicated index: 0, Majority replicated index: 1, Committed index: 1, Last appended: 1.1, Last appended by leader: 1, Current term: 1, Majority size: -1, State: 0, Mode: NON_LEADER, active raft config: opid_index: -1 OBSOLETE_local: false peers { permanent_uuid: "adb9a5aea663454887131dd318dd0661" member_type: VOTER last_known_addr { host: "127.10.145.129" port: 41169 } } peers { permanent_uuid: "82b8b01dd22d432296a50ada60b6eb34" member_type: VOTER last_known_addr { host: "127.10.145.130" port: 38881 } } peers { permanent_uuid: "8797799db0cf42c6a0f5e84c27ada1b1" member_type: VOTER last_known_addr { host: "127.10.145.131" port: 35357 } }
I20260709 12:12:08.143201 11032 raft_consensus.cc:3060] T ac94bca05c3641e0b4b8ed1f67b6e49b P 82b8b01dd22d432296a50ada60b6eb34 [term 1 FOLLOWER]: Advancing to term 2
I20260709 12:12:08.147310 11032 raft_consensus.cc:2468] T ac94bca05c3641e0b4b8ed1f67b6e49b P 82b8b01dd22d432296a50ada60b6eb34 [term 2 FOLLOWER]: Leader election vote request: Granting yes vote for candidate adb9a5aea663454887131dd318dd0661 in term 2.
I20260709 12:12:08.147737 11106 raft_consensus.cc:2468] T ac94bca05c3641e0b4b8ed1f67b6e49b P 8797799db0cf42c6a0f5e84c27ada1b1 [term 2 FOLLOWER]: Leader election vote request: Granting yes vote for candidate adb9a5aea663454887131dd318dd0661 in term 2.
I20260709 12:12:08.148454 10921 leader_election.cc:304] T ac94bca05c3641e0b4b8ed1f67b6e49b P adb9a5aea663454887131dd318dd0661 [CANDIDATE]: Term 2 election: Election decided. Result: candidate won. Election summary: received 2 responses out of 3 voters: 2 yes votes; 0 no votes. yes voters: 82b8b01dd22d432296a50ada60b6eb34, adb9a5aea663454887131dd318dd0661; no voters: 
I20260709 12:12:08.149255 11220 raft_consensus.cc:2804] T ac94bca05c3641e0b4b8ed1f67b6e49b P adb9a5aea663454887131dd318dd0661 [term 2 FOLLOWER]: Leader election won for term 2
I20260709 12:12:08.149703 11220 raft_consensus.cc:697] T ac94bca05c3641e0b4b8ed1f67b6e49b P adb9a5aea663454887131dd318dd0661 [term 2 LEADER]: Becoming Leader. State: Replica: adb9a5aea663454887131dd318dd0661, State: Running, Role: LEADER
I20260709 12:12:08.150478 11220 consensus_queue.cc:237] T ac94bca05c3641e0b4b8ed1f67b6e49b P adb9a5aea663454887131dd318dd0661 [LEADER]: Queue going to LEADER mode. State: All replicated index: 0, Majority replicated index: 1, Committed index: 1, Last appended: 1.1, Last appended by leader: 1, Current term: 2, Majority size: 2, State: 0, Mode: LEADER, active raft config: opid_index: -1 OBSOLETE_local: false peers { permanent_uuid: "adb9a5aea663454887131dd318dd0661" member_type: VOTER last_known_addr { host: "127.10.145.129" port: 41169 } } peers { permanent_uuid: "82b8b01dd22d432296a50ada60b6eb34" member_type: VOTER last_known_addr { host: "127.10.145.130" port: 38881 } } peers { permanent_uuid: "8797799db0cf42c6a0f5e84c27ada1b1" member_type: VOTER last_known_addr { host: "127.10.145.131" port: 35357 } }
I20260709 12:12:08.157546 10851 catalog_manager.cc:5697] T ac94bca05c3641e0b4b8ed1f67b6e49b P adb9a5aea663454887131dd318dd0661 reported cstate change: term changed from 1 to 2, leader changed from 82b8b01dd22d432296a50ada60b6eb34 (127.10.145.130) to adb9a5aea663454887131dd318dd0661 (127.10.145.129). New cstate: current_term: 2 leader_uuid: "adb9a5aea663454887131dd318dd0661" committed_config { opid_index: -1 OBSOLETE_local: false peers { permanent_uuid: "adb9a5aea663454887131dd318dd0661" member_type: VOTER last_known_addr { host: "127.10.145.129" port: 41169 } health_report { overall_health: HEALTHY } } peers { permanent_uuid: "82b8b01dd22d432296a50ada60b6eb34" member_type: VOTER last_known_addr { host: "127.10.145.130" port: 38881 } health_report { overall_health: UNKNOWN } } peers { permanent_uuid: "8797799db0cf42c6a0f5e84c27ada1b1" member_type: VOTER last_known_addr { host: "127.10.145.131" port: 35357 } health_report { overall_health: UNKNOWN } } }
I20260709 12:12:08.163952 11177 raft_consensus.cc:993] T f1f326c0bed84014a8ea10fc40194582 P 82b8b01dd22d432296a50ada60b6eb34: : Instructing follower adb9a5aea663454887131dd318dd0661 to start an election
I20260709 12:12:08.164378 11177 raft_consensus.cc:1081] T f1f326c0bed84014a8ea10fc40194582 P 82b8b01dd22d432296a50ada60b6eb34 [term 1 LEADER]: Signalling peer adb9a5aea663454887131dd318dd0661 to start an election
I20260709 12:12:08.166117 10954 tablet_service.cc:2044] Received Run Leader Election RPC: tablet_id: "f1f326c0bed84014a8ea10fc40194582"
dest_uuid: "adb9a5aea663454887131dd318dd0661"
 from {username='slave'} at 127.0.0.1:52282
I20260709 12:12:08.166685 10954 raft_consensus.cc:493] T f1f326c0bed84014a8ea10fc40194582 P adb9a5aea663454887131dd318dd0661 [term 1 FOLLOWER]: Starting forced leader election (received explicit request)
I20260709 12:12:08.167014 10954 raft_consensus.cc:3060] T f1f326c0bed84014a8ea10fc40194582 P adb9a5aea663454887131dd318dd0661 [term 1 FOLLOWER]: Advancing to term 2
I20260709 12:12:08.171463 10954 raft_consensus.cc:515] T f1f326c0bed84014a8ea10fc40194582 P adb9a5aea663454887131dd318dd0661 [term 2 FOLLOWER]: Starting forced leader election with config: opid_index: -1 OBSOLETE_local: false peers { permanent_uuid: "adb9a5aea663454887131dd318dd0661" member_type: VOTER last_known_addr { host: "127.10.145.129" port: 41169 } } peers { permanent_uuid: "82b8b01dd22d432296a50ada60b6eb34" member_type: VOTER last_known_addr { host: "127.10.145.130" port: 38881 } } peers { permanent_uuid: "8797799db0cf42c6a0f5e84c27ada1b1" member_type: VOTER last_known_addr { host: "127.10.145.131" port: 35357 } }
I20260709 12:12:08.173126 10954 leader_election.cc:290] T f1f326c0bed84014a8ea10fc40194582 P adb9a5aea663454887131dd318dd0661 [CANDIDATE]: Term 2 election: Requested vote from peers 82b8b01dd22d432296a50ada60b6eb34 (127.10.145.130:38881), 8797799db0cf42c6a0f5e84c27ada1b1 (127.10.145.131:35357)
I20260709 12:12:08.174202 11106 tablet_service.cc:1917] Received RequestConsensusVote() RPC: tablet_id: "f1f326c0bed84014a8ea10fc40194582" candidate_uuid: "adb9a5aea663454887131dd318dd0661" candidate_term: 2 candidate_status { last_received { term: 1 index: 1 } } ignore_live_leader: true dest_uuid: "8797799db0cf42c6a0f5e84c27ada1b1"
I20260709 12:12:08.173902 11032 tablet_service.cc:1917] Received RequestConsensusVote() RPC: tablet_id: "f1f326c0bed84014a8ea10fc40194582" candidate_uuid: "adb9a5aea663454887131dd318dd0661" candidate_term: 2 candidate_status { last_received { term: 1 index: 1 } } ignore_live_leader: true dest_uuid: "82b8b01dd22d432296a50ada60b6eb34"
I20260709 12:12:08.174748 11106 raft_consensus.cc:3060] T f1f326c0bed84014a8ea10fc40194582 P 8797799db0cf42c6a0f5e84c27ada1b1 [term 1 FOLLOWER]: Advancing to term 2
I20260709 12:12:08.174947 11032 raft_consensus.cc:3055] T f1f326c0bed84014a8ea10fc40194582 P 82b8b01dd22d432296a50ada60b6eb34 [term 1 LEADER]: Stepping down as leader of term 1
I20260709 12:12:08.175307 11032 raft_consensus.cc:740] T f1f326c0bed84014a8ea10fc40194582 P 82b8b01dd22d432296a50ada60b6eb34 [term 1 LEADER]: Becoming Follower/Learner. State: Replica: 82b8b01dd22d432296a50ada60b6eb34, State: Running, Role: LEADER
I20260709 12:12:08.176035 11032 consensus_queue.cc:260] T f1f326c0bed84014a8ea10fc40194582 P 82b8b01dd22d432296a50ada60b6eb34 [NON_LEADER]: Queue going to NON_LEADER mode. State: All replicated index: 0, Majority replicated index: 1, Committed index: 1, Last appended: 1.1, Last appended by leader: 1, Current term: 1, Majority size: -1, State: 0, Mode: NON_LEADER, active raft config: opid_index: -1 OBSOLETE_local: false peers { permanent_uuid: "adb9a5aea663454887131dd318dd0661" member_type: VOTER last_known_addr { host: "127.10.145.129" port: 41169 } } peers { permanent_uuid: "82b8b01dd22d432296a50ada60b6eb34" member_type: VOTER last_known_addr { host: "127.10.145.130" port: 38881 } } peers { permanent_uuid: "8797799db0cf42c6a0f5e84c27ada1b1" member_type: VOTER last_known_addr { host: "127.10.145.131" port: 35357 } }
I20260709 12:12:08.177466 11032 raft_consensus.cc:3060] T f1f326c0bed84014a8ea10fc40194582 P 82b8b01dd22d432296a50ada60b6eb34 [term 1 FOLLOWER]: Advancing to term 2
I20260709 12:12:08.179636 11106 raft_consensus.cc:2468] T f1f326c0bed84014a8ea10fc40194582 P 8797799db0cf42c6a0f5e84c27ada1b1 [term 2 FOLLOWER]: Leader election vote request: Granting yes vote for candidate adb9a5aea663454887131dd318dd0661 in term 2.
I20260709 12:12:08.180598 10921 leader_election.cc:304] T f1f326c0bed84014a8ea10fc40194582 P adb9a5aea663454887131dd318dd0661 [CANDIDATE]: Term 2 election: Election decided. Result: candidate won. Election summary: received 2 responses out of 3 voters: 2 yes votes; 0 no votes. yes voters: 8797799db0cf42c6a0f5e84c27ada1b1, adb9a5aea663454887131dd318dd0661; no voters: 
I20260709 12:12:08.181303 11220 raft_consensus.cc:2804] T f1f326c0bed84014a8ea10fc40194582 P adb9a5aea663454887131dd318dd0661 [term 2 FOLLOWER]: Leader election won for term 2
I20260709 12:12:08.181741 11220 raft_consensus.cc:697] T f1f326c0bed84014a8ea10fc40194582 P adb9a5aea663454887131dd318dd0661 [term 2 LEADER]: Becoming Leader. State: Replica: adb9a5aea663454887131dd318dd0661, State: Running, Role: LEADER
I20260709 12:12:08.182431 11220 consensus_queue.cc:237] T f1f326c0bed84014a8ea10fc40194582 P adb9a5aea663454887131dd318dd0661 [LEADER]: Queue going to LEADER mode. State: All replicated index: 0, Majority replicated index: 1, Committed index: 1, Last appended: 1.1, Last appended by leader: 1, Current term: 2, Majority size: 2, State: 0, Mode: LEADER, active raft config: opid_index: -1 OBSOLETE_local: false peers { permanent_uuid: "adb9a5aea663454887131dd318dd0661" member_type: VOTER last_known_addr { host: "127.10.145.129" port: 41169 } } peers { permanent_uuid: "82b8b01dd22d432296a50ada60b6eb34" member_type: VOTER last_known_addr { host: "127.10.145.130" port: 38881 } } peers { permanent_uuid: "8797799db0cf42c6a0f5e84c27ada1b1" member_type: VOTER last_known_addr { host: "127.10.145.131" port: 35357 } }
I20260709 12:12:08.184405 11032 raft_consensus.cc:2468] T f1f326c0bed84014a8ea10fc40194582 P 82b8b01dd22d432296a50ada60b6eb34 [term 2 FOLLOWER]: Leader election vote request: Granting yes vote for candidate adb9a5aea663454887131dd318dd0661 in term 2.
I20260709 12:12:08.189811 10851 catalog_manager.cc:5697] T f1f326c0bed84014a8ea10fc40194582 P adb9a5aea663454887131dd318dd0661 reported cstate change: term changed from 1 to 2, leader changed from 82b8b01dd22d432296a50ada60b6eb34 (127.10.145.130) to adb9a5aea663454887131dd318dd0661 (127.10.145.129). New cstate: current_term: 2 leader_uuid: "adb9a5aea663454887131dd318dd0661" committed_config { opid_index: -1 OBSOLETE_local: false peers { permanent_uuid: "adb9a5aea663454887131dd318dd0661" member_type: VOTER last_known_addr { host: "127.10.145.129" port: 41169 } health_report { overall_health: HEALTHY } } peers { permanent_uuid: "82b8b01dd22d432296a50ada60b6eb34" member_type: VOTER last_known_addr { host: "127.10.145.130" port: 38881 } health_report { overall_health: UNKNOWN } } peers { permanent_uuid: "8797799db0cf42c6a0f5e84c27ada1b1" member_type: VOTER last_known_addr { host: "127.10.145.131" port: 35357 } health_report { overall_health: UNKNOWN } } }
I20260709 12:12:08.301090 11235 raft_consensus.cc:993] T 1fa6e6828ab14888a108afa9566feb25 P adb9a5aea663454887131dd318dd0661: : Instructing follower 82b8b01dd22d432296a50ada60b6eb34 to start an election
I20260709 12:12:08.301573 11235 raft_consensus.cc:1081] T 1fa6e6828ab14888a108afa9566feb25 P adb9a5aea663454887131dd318dd0661 [term 1 LEADER]: Signalling peer 82b8b01dd22d432296a50ada60b6eb34 to start an election
I20260709 12:12:08.303150 11032 tablet_service.cc:2044] Received Run Leader Election RPC: tablet_id: "1fa6e6828ab14888a108afa9566feb25"
dest_uuid: "82b8b01dd22d432296a50ada60b6eb34"
 from {username='slave'} at 127.0.0.1:38992
I20260709 12:12:08.303702 11032 raft_consensus.cc:493] T 1fa6e6828ab14888a108afa9566feb25 P 82b8b01dd22d432296a50ada60b6eb34 [term 1 FOLLOWER]: Starting forced leader election (received explicit request)
I20260709 12:12:08.304113 11032 raft_consensus.cc:3060] T 1fa6e6828ab14888a108afa9566feb25 P 82b8b01dd22d432296a50ada60b6eb34 [term 1 FOLLOWER]: Advancing to term 2
I20260709 12:12:08.308795 11032 raft_consensus.cc:515] T 1fa6e6828ab14888a108afa9566feb25 P 82b8b01dd22d432296a50ada60b6eb34 [term 2 FOLLOWER]: Starting forced leader election with config: opid_index: -1 OBSOLETE_local: false peers { permanent_uuid: "adb9a5aea663454887131dd318dd0661" member_type: VOTER last_known_addr { host: "127.10.145.129" port: 41169 } } peers { permanent_uuid: "82b8b01dd22d432296a50ada60b6eb34" member_type: VOTER last_known_addr { host: "127.10.145.130" port: 38881 } } peers { permanent_uuid: "8797799db0cf42c6a0f5e84c27ada1b1" member_type: VOTER last_known_addr { host: "127.10.145.131" port: 35357 } }
I20260709 12:12:08.310863 11032 leader_election.cc:290] T 1fa6e6828ab14888a108afa9566feb25 P 82b8b01dd22d432296a50ada60b6eb34 [CANDIDATE]: Term 2 election: Requested vote from peers adb9a5aea663454887131dd318dd0661 (127.10.145.129:41169), 8797799db0cf42c6a0f5e84c27ada1b1 (127.10.145.131:35357)
I20260709 12:12:08.311173 10954 tablet_service.cc:1917] Received RequestConsensusVote() RPC: tablet_id: "1fa6e6828ab14888a108afa9566feb25" candidate_uuid: "82b8b01dd22d432296a50ada60b6eb34" candidate_term: 2 candidate_status { last_received { term: 1 index: 1 } } ignore_live_leader: true dest_uuid: "adb9a5aea663454887131dd318dd0661"
I20260709 12:12:08.311431 11106 tablet_service.cc:1917] Received RequestConsensusVote() RPC: tablet_id: "1fa6e6828ab14888a108afa9566feb25" candidate_uuid: "82b8b01dd22d432296a50ada60b6eb34" candidate_term: 2 candidate_status { last_received { term: 1 index: 1 } } ignore_live_leader: true dest_uuid: "8797799db0cf42c6a0f5e84c27ada1b1"
I20260709 12:12:08.311776 10954 raft_consensus.cc:3055] T 1fa6e6828ab14888a108afa9566feb25 P adb9a5aea663454887131dd318dd0661 [term 1 LEADER]: Stepping down as leader of term 1
I20260709 12:12:08.312040 11106 raft_consensus.cc:3060] T 1fa6e6828ab14888a108afa9566feb25 P 8797799db0cf42c6a0f5e84c27ada1b1 [term 1 FOLLOWER]: Advancing to term 2
I20260709 12:12:08.312143 10954 raft_consensus.cc:740] T 1fa6e6828ab14888a108afa9566feb25 P adb9a5aea663454887131dd318dd0661 [term 1 LEADER]: Becoming Follower/Learner. State: Replica: adb9a5aea663454887131dd318dd0661, State: Running, Role: LEADER
I20260709 12:12:08.313076 10954 consensus_queue.cc:260] T 1fa6e6828ab14888a108afa9566feb25 P adb9a5aea663454887131dd318dd0661 [NON_LEADER]: Queue going to NON_LEADER mode. State: All replicated index: 0, Majority replicated index: 1, Committed index: 1, Last appended: 1.1, Last appended by leader: 1, Current term: 1, Majority size: -1, State: 0, Mode: NON_LEADER, active raft config: opid_index: -1 OBSOLETE_local: false peers { permanent_uuid: "adb9a5aea663454887131dd318dd0661" member_type: VOTER last_known_addr { host: "127.10.145.129" port: 41169 } } peers { permanent_uuid: "82b8b01dd22d432296a50ada60b6eb34" member_type: VOTER last_known_addr { host: "127.10.145.130" port: 38881 } } peers { permanent_uuid: "8797799db0cf42c6a0f5e84c27ada1b1" member_type: VOTER last_known_addr { host: "127.10.145.131" port: 35357 } }
I20260709 12:12:08.314270 10954 raft_consensus.cc:3060] T 1fa6e6828ab14888a108afa9566feb25 P adb9a5aea663454887131dd318dd0661 [term 1 FOLLOWER]: Advancing to term 2
I20260709 12:12:08.316781 11106 raft_consensus.cc:2468] T 1fa6e6828ab14888a108afa9566feb25 P 8797799db0cf42c6a0f5e84c27ada1b1 [term 2 FOLLOWER]: Leader election vote request: Granting yes vote for candidate 82b8b01dd22d432296a50ada60b6eb34 in term 2.
I20260709 12:12:08.317814 10996 leader_election.cc:304] T 1fa6e6828ab14888a108afa9566feb25 P 82b8b01dd22d432296a50ada60b6eb34 [CANDIDATE]: Term 2 election: Election decided. Result: candidate won. Election summary: received 2 responses out of 3 voters: 2 yes votes; 0 no votes. yes voters: 82b8b01dd22d432296a50ada60b6eb34, 8797799db0cf42c6a0f5e84c27ada1b1; no voters: 
I20260709 12:12:08.318646 11154 raft_consensus.cc:2804] T 1fa6e6828ab14888a108afa9566feb25 P 82b8b01dd22d432296a50ada60b6eb34 [term 2 FOLLOWER]: Leader election won for term 2
I20260709 12:12:08.319063 11154 raft_consensus.cc:697] T 1fa6e6828ab14888a108afa9566feb25 P 82b8b01dd22d432296a50ada60b6eb34 [term 2 LEADER]: Becoming Leader. State: Replica: 82b8b01dd22d432296a50ada60b6eb34, State: Running, Role: LEADER
I20260709 12:12:08.319841 11154 consensus_queue.cc:237] T 1fa6e6828ab14888a108afa9566feb25 P 82b8b01dd22d432296a50ada60b6eb34 [LEADER]: Queue going to LEADER mode. State: All replicated index: 0, Majority replicated index: 1, Committed index: 1, Last appended: 1.1, Last appended by leader: 1, Current term: 2, Majority size: 2, State: 0, Mode: LEADER, active raft config: opid_index: -1 OBSOLETE_local: false peers { permanent_uuid: "adb9a5aea663454887131dd318dd0661" member_type: VOTER last_known_addr { host: "127.10.145.129" port: 41169 } } peers { permanent_uuid: "82b8b01dd22d432296a50ada60b6eb34" member_type: VOTER last_known_addr { host: "127.10.145.130" port: 38881 } } peers { permanent_uuid: "8797799db0cf42c6a0f5e84c27ada1b1" member_type: VOTER last_known_addr { host: "127.10.145.131" port: 35357 } }
I20260709 12:12:08.320757 10954 raft_consensus.cc:2468] T 1fa6e6828ab14888a108afa9566feb25 P adb9a5aea663454887131dd318dd0661 [term 2 FOLLOWER]: Leader election vote request: Granting yes vote for candidate 82b8b01dd22d432296a50ada60b6eb34 in term 2.
I20260709 12:12:08.327905 11203 consensus_queue.cc:1048] T 04c44c11ff594389aa96c425b31a0b08 P 8797799db0cf42c6a0f5e84c27ada1b1 [LEADER]: Connected to new peer: Peer: permanent_uuid: "adb9a5aea663454887131dd318dd0661" member_type: VOTER last_known_addr { host: "127.10.145.129" port: 41169 }, Status: LMP_MISMATCH, Last received: 0.0, Next index: 1, Last known committed idx: 0, Time since last communication: 0.000s
I20260709 12:12:08.328544 10851 catalog_manager.cc:5697] T 1fa6e6828ab14888a108afa9566feb25 P 82b8b01dd22d432296a50ada60b6eb34 reported cstate change: term changed from 1 to 2, leader changed from adb9a5aea663454887131dd318dd0661 (127.10.145.129) to 82b8b01dd22d432296a50ada60b6eb34 (127.10.145.130). New cstate: current_term: 2 leader_uuid: "82b8b01dd22d432296a50ada60b6eb34" committed_config { opid_index: -1 OBSOLETE_local: false peers { permanent_uuid: "adb9a5aea663454887131dd318dd0661" member_type: VOTER last_known_addr { host: "127.10.145.129" port: 41169 } health_report { overall_health: UNKNOWN } } peers { permanent_uuid: "82b8b01dd22d432296a50ada60b6eb34" member_type: VOTER last_known_addr { host: "127.10.145.130" port: 38881 } health_report { overall_health: HEALTHY } } peers { permanent_uuid: "8797799db0cf42c6a0f5e84c27ada1b1" member_type: VOTER last_known_addr { host: "127.10.145.131" port: 35357 } health_report { overall_health: UNKNOWN } } }
I20260709 12:12:08.341652 11156 consensus_queue.cc:1048] T 04c44c11ff594389aa96c425b31a0b08 P 8797799db0cf42c6a0f5e84c27ada1b1 [LEADER]: Connected to new peer: Peer: permanent_uuid: "82b8b01dd22d432296a50ada60b6eb34" member_type: VOTER last_known_addr { host: "127.10.145.130" port: 38881 }, Status: LMP_MISMATCH, Last received: 0.0, Next index: 1, Last known committed idx: 0, Time since last communication: 0.000s
I20260709 12:12:08.378407 11183 raft_consensus.cc:993] T 797fd87aa9584f819388494138967ae8 P 82b8b01dd22d432296a50ada60b6eb34: : Instructing follower adb9a5aea663454887131dd318dd0661 to start an election
I20260709 12:12:08.378933 11154 raft_consensus.cc:1081] T 797fd87aa9584f819388494138967ae8 P 82b8b01dd22d432296a50ada60b6eb34 [term 1 LEADER]: Signalling peer adb9a5aea663454887131dd318dd0661 to start an election
I20260709 12:12:08.380704 10954 tablet_service.cc:2044] Received Run Leader Election RPC: tablet_id: "797fd87aa9584f819388494138967ae8"
dest_uuid: "adb9a5aea663454887131dd318dd0661"
 from {username='slave'} at 127.0.0.1:52282
I20260709 12:12:08.381556 10954 raft_consensus.cc:493] T 797fd87aa9584f819388494138967ae8 P adb9a5aea663454887131dd318dd0661 [term 1 FOLLOWER]: Starting forced leader election (received explicit request)
I20260709 12:12:08.382081 10954 raft_consensus.cc:3060] T 797fd87aa9584f819388494138967ae8 P adb9a5aea663454887131dd318dd0661 [term 1 FOLLOWER]: Advancing to term 2
I20260709 12:12:08.389570 10954 raft_consensus.cc:515] T 797fd87aa9584f819388494138967ae8 P adb9a5aea663454887131dd318dd0661 [term 2 FOLLOWER]: Starting forced leader election with config: opid_index: -1 OBSOLETE_local: false peers { permanent_uuid: "8797799db0cf42c6a0f5e84c27ada1b1" member_type: VOTER last_known_addr { host: "127.10.145.131" port: 35357 } } peers { permanent_uuid: "82b8b01dd22d432296a50ada60b6eb34" member_type: VOTER last_known_addr { host: "127.10.145.130" port: 38881 } } peers { permanent_uuid: "adb9a5aea663454887131dd318dd0661" member_type: VOTER last_known_addr { host: "127.10.145.129" port: 41169 } }
I20260709 12:12:08.392500 10954 leader_election.cc:290] T 797fd87aa9584f819388494138967ae8 P adb9a5aea663454887131dd318dd0661 [CANDIDATE]: Term 2 election: Requested vote from peers 8797799db0cf42c6a0f5e84c27ada1b1 (127.10.145.131:35357), 82b8b01dd22d432296a50ada60b6eb34 (127.10.145.130:38881)
I20260709 12:12:08.392560 11106 tablet_service.cc:1917] Received RequestConsensusVote() RPC: tablet_id: "797fd87aa9584f819388494138967ae8" candidate_uuid: "adb9a5aea663454887131dd318dd0661" candidate_term: 2 candidate_status { last_received { term: 1 index: 1 } } ignore_live_leader: true dest_uuid: "8797799db0cf42c6a0f5e84c27ada1b1"
I20260709 12:12:08.393271 11106 raft_consensus.cc:3060] T 797fd87aa9584f819388494138967ae8 P 8797799db0cf42c6a0f5e84c27ada1b1 [term 1 FOLLOWER]: Advancing to term 2
I20260709 12:12:08.396284 11032 tablet_service.cc:1917] Received RequestConsensusVote() RPC: tablet_id: "797fd87aa9584f819388494138967ae8" candidate_uuid: "adb9a5aea663454887131dd318dd0661" candidate_term: 2 candidate_status { last_received { term: 1 index: 1 } } ignore_live_leader: true dest_uuid: "82b8b01dd22d432296a50ada60b6eb34"
I20260709 12:12:08.396871 11032 raft_consensus.cc:3055] T 797fd87aa9584f819388494138967ae8 P 82b8b01dd22d432296a50ada60b6eb34 [term 1 LEADER]: Stepping down as leader of term 1
I20260709 12:12:08.397222 11032 raft_consensus.cc:740] T 797fd87aa9584f819388494138967ae8 P 82b8b01dd22d432296a50ada60b6eb34 [term 1 LEADER]: Becoming Follower/Learner. State: Replica: 82b8b01dd22d432296a50ada60b6eb34, State: Running, Role: LEADER
I20260709 12:12:08.398149 11032 consensus_queue.cc:260] T 797fd87aa9584f819388494138967ae8 P 82b8b01dd22d432296a50ada60b6eb34 [NON_LEADER]: Queue going to NON_LEADER mode. State: All replicated index: 0, Majority replicated index: 1, Committed index: 1, Last appended: 1.1, Last appended by leader: 1, Current term: 1, Majority size: -1, State: 0, Mode: NON_LEADER, active raft config: opid_index: -1 OBSOLETE_local: false peers { permanent_uuid: "8797799db0cf42c6a0f5e84c27ada1b1" member_type: VOTER last_known_addr { host: "127.10.145.131" port: 35357 } } peers { permanent_uuid: "82b8b01dd22d432296a50ada60b6eb34" member_type: VOTER last_known_addr { host: "127.10.145.130" port: 38881 } } peers { permanent_uuid: "adb9a5aea663454887131dd318dd0661" member_type: VOTER last_known_addr { host: "127.10.145.129" port: 41169 } }
I20260709 12:12:08.399549 11032 raft_consensus.cc:3060] T 797fd87aa9584f819388494138967ae8 P 82b8b01dd22d432296a50ada60b6eb34 [term 1 FOLLOWER]: Advancing to term 2
I20260709 12:12:08.400285 11106 raft_consensus.cc:2468] T 797fd87aa9584f819388494138967ae8 P 8797799db0cf42c6a0f5e84c27ada1b1 [term 2 FOLLOWER]: Leader election vote request: Granting yes vote for candidate adb9a5aea663454887131dd318dd0661 in term 2.
I20260709 12:12:08.401017 11105 raft_consensus.cc:1240] T 797fd87aa9584f819388494138967ae8 P 8797799db0cf42c6a0f5e84c27ada1b1 [term 2 FOLLOWER]: Rejecting Update request from peer 82b8b01dd22d432296a50ada60b6eb34 for earlier term 1. Current term is 2. Ops: []
I20260709 12:12:08.401525 10921 leader_election.cc:304] T 797fd87aa9584f819388494138967ae8 P adb9a5aea663454887131dd318dd0661 [CANDIDATE]: Term 2 election: Election decided. Result: candidate won. Election summary: received 2 responses out of 3 voters: 2 yes votes; 0 no votes. yes voters: 8797799db0cf42c6a0f5e84c27ada1b1, adb9a5aea663454887131dd318dd0661; no voters: 
I20260709 12:12:08.402464 11235 raft_consensus.cc:2804] T 797fd87aa9584f819388494138967ae8 P adb9a5aea663454887131dd318dd0661 [term 2 FOLLOWER]: Leader election won for term 2
