I20260709 12:12:06.820043 11151 tablet_bootstrap.cc:492] T 1fa6e6828ab14888a108afa9566feb25 P adb9a5aea663454887131dd318dd0661: No bootstrap required, opened a new log
I20260709 12:12:06.842882 11149 ts_tablet_manager.cc:1403] T f1f326c0bed84014a8ea10fc40194582 P 8797799db0cf42c6a0f5e84c27ada1b1: Time spent bootstrapping tablet: real 0.018s	user 0.008s	sys 0.008s
I20260709 12:12:06.843336 11151 ts_tablet_manager.cc:1403] T 1fa6e6828ab14888a108afa9566feb25 P adb9a5aea663454887131dd318dd0661: Time spent bootstrapping tablet: real 0.073s	user 0.011s	sys 0.009s
I20260709 12:12:06.845886 11149 raft_consensus.cc:359] T f1f326c0bed84014a8ea10fc40194582 P 8797799db0cf42c6a0f5e84c27ada1b1 [term 0 FOLLOWER]: Replica starting. Triggering 0 pending ops. Active config: opid_index: -1 OBSOLETE_local: false peers { permanent_uuid: "adb9a5aea663454887131dd318dd0661" member_type: VOTER last_known_addr { host: "127.10.145.129" port: 41169 } } peers { permanent_uuid: "82b8b01dd22d432296a50ada60b6eb34" member_type: VOTER last_known_addr { host: "127.10.145.130" port: 38881 } } peers { permanent_uuid: "8797799db0cf42c6a0f5e84c27ada1b1" member_type: VOTER last_known_addr { host: "127.10.145.131" port: 35357 } }
I20260709 12:12:06.846640 11149 raft_consensus.cc:385] T f1f326c0bed84014a8ea10fc40194582 P 8797799db0cf42c6a0f5e84c27ada1b1 [term 0 FOLLOWER]: Consensus starting up: Expiring failure detector timer to make a prompt election more likely
I20260709 12:12:06.846944 11149 raft_consensus.cc:740] T f1f326c0bed84014a8ea10fc40194582 P 8797799db0cf42c6a0f5e84c27ada1b1 [term 0 FOLLOWER]: Becoming Follower/Learner. State: Replica: 8797799db0cf42c6a0f5e84c27ada1b1, State: Initialized, Role: FOLLOWER
I20260709 12:12:06.847810 11149 consensus_queue.cc:260] T f1f326c0bed84014a8ea10fc40194582 P 8797799db0cf42c6a0f5e84c27ada1b1 [NON_LEADER]: Queue going to NON_LEADER mode. State: All replicated index: 0, Majority replicated index: 0, Committed index: 0, Last appended: 0.0, Last appended by leader: 0, Current term: 0, Majority size: -1, State: 0, Mode: NON_LEADER, active raft config: opid_index: -1 OBSOLETE_local: false peers { permanent_uuid: "adb9a5aea663454887131dd318dd0661" member_type: VOTER last_known_addr { host: "127.10.145.129" port: 41169 } } peers { permanent_uuid: "82b8b01dd22d432296a50ada60b6eb34" member_type: VOTER last_known_addr { host: "127.10.145.130" port: 38881 } } peers { permanent_uuid: "8797799db0cf42c6a0f5e84c27ada1b1" member_type: VOTER last_known_addr { host: "127.10.145.131" port: 35357 } }
I20260709 12:12:06.849207 11151 raft_consensus.cc:359] T 1fa6e6828ab14888a108afa9566feb25 P adb9a5aea663454887131dd318dd0661 [term 0 FOLLOWER]: Replica starting. Triggering 0 pending ops. Active config: opid_index: -1 OBSOLETE_local: false peers { permanent_uuid: "adb9a5aea663454887131dd318dd0661" member_type: VOTER last_known_addr { host: "127.10.145.129" port: 41169 } } peers { permanent_uuid: "82b8b01dd22d432296a50ada60b6eb34" member_type: VOTER last_known_addr { host: "127.10.145.130" port: 38881 } } peers { permanent_uuid: "8797799db0cf42c6a0f5e84c27ada1b1" member_type: VOTER last_known_addr { host: "127.10.145.131" port: 35357 } }
I20260709 12:12:06.853209 11151 raft_consensus.cc:385] T 1fa6e6828ab14888a108afa9566feb25 P adb9a5aea663454887131dd318dd0661 [term 0 FOLLOWER]: Consensus starting up: Expiring failure detector timer to make a prompt election more likely
I20260709 12:12:06.850138 11149 ts_tablet_manager.cc:1434] T f1f326c0bed84014a8ea10fc40194582 P 8797799db0cf42c6a0f5e84c27ada1b1: Time spent starting tablet: real 0.007s	user 0.000s	sys 0.007s
I20260709 12:12:06.854867 11149 tablet_bootstrap.cc:492] T ac94bca05c3641e0b4b8ed1f67b6e49b P 8797799db0cf42c6a0f5e84c27ada1b1: Bootstrap starting.
I20260709 12:12:06.853523 11151 raft_consensus.cc:740] T 1fa6e6828ab14888a108afa9566feb25 P adb9a5aea663454887131dd318dd0661 [term 0 FOLLOWER]: Becoming Follower/Learner. State: Replica: adb9a5aea663454887131dd318dd0661, State: Initialized, Role: FOLLOWER
I20260709 12:12:06.861718 11151 consensus_queue.cc:260] T 1fa6e6828ab14888a108afa9566feb25 P adb9a5aea663454887131dd318dd0661 [NON_LEADER]: Queue going to NON_LEADER mode. State: All replicated index: 0, Majority replicated index: 0, Committed index: 0, Last appended: 0.0, Last appended by leader: 0, Current term: 0, Majority size: -1, State: 0, Mode: NON_LEADER, active raft config: opid_index: -1 OBSOLETE_local: false peers { permanent_uuid: "adb9a5aea663454887131dd318dd0661" member_type: VOTER last_known_addr { host: "127.10.145.129" port: 41169 } } peers { permanent_uuid: "82b8b01dd22d432296a50ada60b6eb34" member_type: VOTER last_known_addr { host: "127.10.145.130" port: 38881 } } peers { permanent_uuid: "8797799db0cf42c6a0f5e84c27ada1b1" member_type: VOTER last_known_addr { host: "127.10.145.131" port: 35357 } }
I20260709 12:12:06.866156 11150 tablet_bootstrap.cc:492] T ac94bca05c3641e0b4b8ed1f67b6e49b P 82b8b01dd22d432296a50ada60b6eb34: No bootstrap required, opened a new log
I20260709 12:12:06.866549 10982 heartbeater.cc:499] Master 127.10.145.190:45793 was elected leader, sending a full tablet report...
I20260709 12:12:06.866631 11150 ts_tablet_manager.cc:1403] T ac94bca05c3641e0b4b8ed1f67b6e49b P 82b8b01dd22d432296a50ada60b6eb34: Time spent bootstrapping tablet: real 0.063s	user 0.032s	sys 0.025s
I20260709 12:12:06.867513 11151 ts_tablet_manager.cc:1434] T 1fa6e6828ab14888a108afa9566feb25 P adb9a5aea663454887131dd318dd0661: Time spent starting tablet: real 0.024s	user 0.007s	sys 0.002s
I20260709 12:12:06.868486 11151 tablet_bootstrap.cc:492] T f1f326c0bed84014a8ea10fc40194582 P adb9a5aea663454887131dd318dd0661: Bootstrap starting.
I20260709 12:12:06.870299 11149 tablet_bootstrap.cc:654] T ac94bca05c3641e0b4b8ed1f67b6e49b P 8797799db0cf42c6a0f5e84c27ada1b1: Neither blocks nor log segments found. Creating new log.
I20260709 12:12:06.873888 11150 raft_consensus.cc:359] T ac94bca05c3641e0b4b8ed1f67b6e49b P 82b8b01dd22d432296a50ada60b6eb34 [term 0 FOLLOWER]: Replica starting. Triggering 0 pending ops. Active config: opid_index: -1 OBSOLETE_local: false peers { permanent_uuid: "adb9a5aea663454887131dd318dd0661" member_type: VOTER last_known_addr { host: "127.10.145.129" port: 41169 } } peers { permanent_uuid: "82b8b01dd22d432296a50ada60b6eb34" member_type: VOTER last_known_addr { host: "127.10.145.130" port: 38881 } } peers { permanent_uuid: "8797799db0cf42c6a0f5e84c27ada1b1" member_type: VOTER last_known_addr { host: "127.10.145.131" port: 35357 } }
I20260709 12:12:06.874687 11150 raft_consensus.cc:385] T ac94bca05c3641e0b4b8ed1f67b6e49b P 82b8b01dd22d432296a50ada60b6eb34 [term 0 FOLLOWER]: Consensus starting up: Expiring failure detector timer to make a prompt election more likely
I20260709 12:12:06.875015 11150 raft_consensus.cc:740] T ac94bca05c3641e0b4b8ed1f67b6e49b P 82b8b01dd22d432296a50ada60b6eb34 [term 0 FOLLOWER]: Becoming Follower/Learner. State: Replica: 82b8b01dd22d432296a50ada60b6eb34, State: Initialized, Role: FOLLOWER
I20260709 12:12:06.875813 11150 consensus_queue.cc:260] T ac94bca05c3641e0b4b8ed1f67b6e49b P 82b8b01dd22d432296a50ada60b6eb34 [NON_LEADER]: Queue going to NON_LEADER mode. State: All replicated index: 0, Majority replicated index: 0, Committed index: 0, Last appended: 0.0, Last appended by leader: 0, Current term: 0, Majority size: -1, State: 0, Mode: NON_LEADER, active raft config: opid_index: -1 OBSOLETE_local: false peers { permanent_uuid: "adb9a5aea663454887131dd318dd0661" member_type: VOTER last_known_addr { host: "127.10.145.129" port: 41169 } } peers { permanent_uuid: "82b8b01dd22d432296a50ada60b6eb34" member_type: VOTER last_known_addr { host: "127.10.145.130" port: 38881 } } peers { permanent_uuid: "8797799db0cf42c6a0f5e84c27ada1b1" member_type: VOTER last_known_addr { host: "127.10.145.131" port: 35357 } }
I20260709 12:12:06.877784 11151 tablet_bootstrap.cc:654] T f1f326c0bed84014a8ea10fc40194582 P adb9a5aea663454887131dd318dd0661: Neither blocks nor log segments found. Creating new log.
I20260709 12:12:06.879029 11150 ts_tablet_manager.cc:1434] T ac94bca05c3641e0b4b8ed1f67b6e49b P 82b8b01dd22d432296a50ada60b6eb34: Time spent starting tablet: real 0.012s	user 0.006s	sys 0.002s
I20260709 12:12:06.879987 11150 tablet_bootstrap.cc:492] T 7db2e100018745578ca25367afdf1d25 P 82b8b01dd22d432296a50ada60b6eb34: Bootstrap starting.
I20260709 12:12:06.885960 11151 tablet_bootstrap.cc:492] T f1f326c0bed84014a8ea10fc40194582 P adb9a5aea663454887131dd318dd0661: No bootstrap required, opened a new log
I20260709 12:12:06.886415 11151 ts_tablet_manager.cc:1403] T f1f326c0bed84014a8ea10fc40194582 P adb9a5aea663454887131dd318dd0661: Time spent bootstrapping tablet: real 0.018s	user 0.012s	sys 0.000s
I20260709 12:12:06.886899 11150 tablet_bootstrap.cc:654] T 7db2e100018745578ca25367afdf1d25 P 82b8b01dd22d432296a50ada60b6eb34: Neither blocks nor log segments found. Creating new log.
I20260709 12:12:06.889777 11149 tablet_bootstrap.cc:492] T ac94bca05c3641e0b4b8ed1f67b6e49b P 8797799db0cf42c6a0f5e84c27ada1b1: No bootstrap required, opened a new log
I20260709 12:12:06.890232 11149 ts_tablet_manager.cc:1403] T ac94bca05c3641e0b4b8ed1f67b6e49b P 8797799db0cf42c6a0f5e84c27ada1b1: Time spent bootstrapping tablet: real 0.036s	user 0.008s	sys 0.003s
I20260709 12:12:06.892946 11149 raft_consensus.cc:359] T ac94bca05c3641e0b4b8ed1f67b6e49b P 8797799db0cf42c6a0f5e84c27ada1b1 [term 0 FOLLOWER]: Replica starting. Triggering 0 pending ops. Active config: opid_index: -1 OBSOLETE_local: false peers { permanent_uuid: "adb9a5aea663454887131dd318dd0661" member_type: VOTER last_known_addr { host: "127.10.145.129" port: 41169 } } peers { permanent_uuid: "82b8b01dd22d432296a50ada60b6eb34" member_type: VOTER last_known_addr { host: "127.10.145.130" port: 38881 } } peers { permanent_uuid: "8797799db0cf42c6a0f5e84c27ada1b1" member_type: VOTER last_known_addr { host: "127.10.145.131" port: 35357 } }
I20260709 12:12:06.893780 11149 raft_consensus.cc:385] T ac94bca05c3641e0b4b8ed1f67b6e49b P 8797799db0cf42c6a0f5e84c27ada1b1 [term 0 FOLLOWER]: Consensus starting up: Expiring failure detector timer to make a prompt election more likely
I20260709 12:12:06.894074 11149 raft_consensus.cc:740] T ac94bca05c3641e0b4b8ed1f67b6e49b P 8797799db0cf42c6a0f5e84c27ada1b1 [term 0 FOLLOWER]: Becoming Follower/Learner. State: Replica: 8797799db0cf42c6a0f5e84c27ada1b1, State: Initialized, Role: FOLLOWER
I20260709 12:12:06.894886 11149 consensus_queue.cc:260] T ac94bca05c3641e0b4b8ed1f67b6e49b P 8797799db0cf42c6a0f5e84c27ada1b1 [NON_LEADER]: Queue going to NON_LEADER mode. State: All replicated index: 0, Majority replicated index: 0, Committed index: 0, Last appended: 0.0, Last appended by leader: 0, Current term: 0, Majority size: -1, State: 0, Mode: NON_LEADER, active raft config: opid_index: -1 OBSOLETE_local: false peers { permanent_uuid: "adb9a5aea663454887131dd318dd0661" member_type: VOTER last_known_addr { host: "127.10.145.129" port: 41169 } } peers { permanent_uuid: "82b8b01dd22d432296a50ada60b6eb34" member_type: VOTER last_known_addr { host: "127.10.145.130" port: 38881 } } peers { permanent_uuid: "8797799db0cf42c6a0f5e84c27ada1b1" member_type: VOTER last_known_addr { host: "127.10.145.131" port: 35357 } }
I20260709 12:12:06.897351 11149 ts_tablet_manager.cc:1434] T ac94bca05c3641e0b4b8ed1f67b6e49b P 8797799db0cf42c6a0f5e84c27ada1b1: Time spent starting tablet: real 0.007s	user 0.006s	sys 0.001s
I20260709 12:12:06.898265 11149 tablet_bootstrap.cc:492] T 7db2e100018745578ca25367afdf1d25 P 8797799db0cf42c6a0f5e84c27ada1b1: Bootstrap starting.
I20260709 12:12:06.905822 11151 raft_consensus.cc:359] T f1f326c0bed84014a8ea10fc40194582 P adb9a5aea663454887131dd318dd0661 [term 0 FOLLOWER]: Replica starting. Triggering 0 pending ops. Active config: opid_index: -1 OBSOLETE_local: false peers { permanent_uuid: "adb9a5aea663454887131dd318dd0661" member_type: VOTER last_known_addr { host: "127.10.145.129" port: 41169 } } peers { permanent_uuid: "82b8b01dd22d432296a50ada60b6eb34" member_type: VOTER last_known_addr { host: "127.10.145.130" port: 38881 } } peers { permanent_uuid: "8797799db0cf42c6a0f5e84c27ada1b1" member_type: VOTER last_known_addr { host: "127.10.145.131" port: 35357 } }
I20260709 12:12:06.906541 11151 raft_consensus.cc:385] T f1f326c0bed84014a8ea10fc40194582 P adb9a5aea663454887131dd318dd0661 [term 0 FOLLOWER]: Consensus starting up: Expiring failure detector timer to make a prompt election more likely
I20260709 12:12:06.906834 11151 raft_consensus.cc:740] T f1f326c0bed84014a8ea10fc40194582 P adb9a5aea663454887131dd318dd0661 [term 0 FOLLOWER]: Becoming Follower/Learner. State: Replica: adb9a5aea663454887131dd318dd0661, State: Initialized, Role: FOLLOWER
I20260709 12:12:06.907475 11151 consensus_queue.cc:260] T f1f326c0bed84014a8ea10fc40194582 P adb9a5aea663454887131dd318dd0661 [NON_LEADER]: Queue going to NON_LEADER mode. State: All replicated index: 0, Majority replicated index: 0, Committed index: 0, Last appended: 0.0, Last appended by leader: 0, Current term: 0, Majority size: -1, State: 0, Mode: NON_LEADER, active raft config: opid_index: -1 OBSOLETE_local: false peers { permanent_uuid: "adb9a5aea663454887131dd318dd0661" member_type: VOTER last_known_addr { host: "127.10.145.129" port: 41169 } } peers { permanent_uuid: "82b8b01dd22d432296a50ada60b6eb34" member_type: VOTER last_known_addr { host: "127.10.145.130" port: 38881 } } peers { permanent_uuid: "8797799db0cf42c6a0f5e84c27ada1b1" member_type: VOTER last_known_addr { host: "127.10.145.131" port: 35357 } }
I20260709 12:12:06.909812 11151 ts_tablet_manager.cc:1434] T f1f326c0bed84014a8ea10fc40194582 P adb9a5aea663454887131dd318dd0661: Time spent starting tablet: real 0.023s	user 0.007s	sys 0.000s
I20260709 12:12:06.910665 11151 tablet_bootstrap.cc:492] T 04c44c11ff594389aa96c425b31a0b08 P adb9a5aea663454887131dd318dd0661: Bootstrap starting.
I20260709 12:12:06.912103 11149 tablet_bootstrap.cc:654] T 7db2e100018745578ca25367afdf1d25 P 8797799db0cf42c6a0f5e84c27ada1b1: Neither blocks nor log segments found. Creating new log.
I20260709 12:12:06.920457 11151 tablet_bootstrap.cc:654] T 04c44c11ff594389aa96c425b31a0b08 P adb9a5aea663454887131dd318dd0661: Neither blocks nor log segments found. Creating new log.
I20260709 12:12:06.925606 11149 tablet_bootstrap.cc:492] T 7db2e100018745578ca25367afdf1d25 P 8797799db0cf42c6a0f5e84c27ada1b1: No bootstrap required, opened a new log
I20260709 12:12:06.926102 11149 ts_tablet_manager.cc:1403] T 7db2e100018745578ca25367afdf1d25 P 8797799db0cf42c6a0f5e84c27ada1b1: Time spent bootstrapping tablet: real 0.028s	user 0.007s	sys 0.004s
I20260709 12:12:06.928445 11149 raft_consensus.cc:359] T 7db2e100018745578ca25367afdf1d25 P 8797799db0cf42c6a0f5e84c27ada1b1 [term 0 FOLLOWER]: Replica starting. Triggering 0 pending ops. Active config: opid_index: -1 OBSOLETE_local: false peers { permanent_uuid: "adb9a5aea663454887131dd318dd0661" member_type: VOTER last_known_addr { host: "127.10.145.129" port: 41169 } } peers { permanent_uuid: "82b8b01dd22d432296a50ada60b6eb34" member_type: VOTER last_known_addr { host: "127.10.145.130" port: 38881 } } peers { permanent_uuid: "8797799db0cf42c6a0f5e84c27ada1b1" member_type: VOTER last_known_addr { host: "127.10.145.131" port: 35357 } }
I20260709 12:12:06.929009 11149 raft_consensus.cc:385] T 7db2e100018745578ca25367afdf1d25 P 8797799db0cf42c6a0f5e84c27ada1b1 [term 0 FOLLOWER]: Consensus starting up: Expiring failure detector timer to make a prompt election more likely
I20260709 12:12:06.929348 11149 raft_consensus.cc:740] T 7db2e100018745578ca25367afdf1d25 P 8797799db0cf42c6a0f5e84c27ada1b1 [term 0 FOLLOWER]: Becoming Follower/Learner. State: Replica: 8797799db0cf42c6a0f5e84c27ada1b1, State: Initialized, Role: FOLLOWER
I20260709 12:12:06.930146 11149 consensus_queue.cc:260] T 7db2e100018745578ca25367afdf1d25 P 8797799db0cf42c6a0f5e84c27ada1b1 [NON_LEADER]: Queue going to NON_LEADER mode. State: All replicated index: 0, Majority replicated index: 0, Committed index: 0, Last appended: 0.0, Last appended by leader: 0, Current term: 0, Majority size: -1, State: 0, Mode: NON_LEADER, active raft config: opid_index: -1 OBSOLETE_local: false peers { permanent_uuid: "adb9a5aea663454887131dd318dd0661" member_type: VOTER last_known_addr { host: "127.10.145.129" port: 41169 } } peers { permanent_uuid: "82b8b01dd22d432296a50ada60b6eb34" member_type: VOTER last_known_addr { host: "127.10.145.130" port: 38881 } } peers { permanent_uuid: "8797799db0cf42c6a0f5e84c27ada1b1" member_type: VOTER last_known_addr { host: "127.10.145.131" port: 35357 } }
I20260709 12:12:06.932333 11149 ts_tablet_manager.cc:1434] T 7db2e100018745578ca25367afdf1d25 P 8797799db0cf42c6a0f5e84c27ada1b1: Time spent starting tablet: real 0.006s	user 0.003s	sys 0.000s
I20260709 12:12:06.932948 11150 tablet_bootstrap.cc:492] T 7db2e100018745578ca25367afdf1d25 P 82b8b01dd22d432296a50ada60b6eb34: No bootstrap required, opened a new log
I20260709 12:12:06.933271 11149 tablet_bootstrap.cc:492] T 4ce1078a48524a00b4fc83336da7351c P 8797799db0cf42c6a0f5e84c27ada1b1: Bootstrap starting.
I20260709 12:12:06.935175 11151 tablet_bootstrap.cc:492] T 04c44c11ff594389aa96c425b31a0b08 P adb9a5aea663454887131dd318dd0661: No bootstrap required, opened a new log
I20260709 12:12:06.935658 11151 ts_tablet_manager.cc:1403] T 04c44c11ff594389aa96c425b31a0b08 P adb9a5aea663454887131dd318dd0661: Time spent bootstrapping tablet: real 0.025s	user 0.011s	sys 0.008s
I20260709 12:12:06.933490 11150 ts_tablet_manager.cc:1403] T 7db2e100018745578ca25367afdf1d25 P 82b8b01dd22d432296a50ada60b6eb34: Time spent bootstrapping tablet: real 0.054s	user 0.024s	sys 0.019s
I20260709 12:12:06.941371 11149 tablet_bootstrap.cc:654] T 4ce1078a48524a00b4fc83336da7351c P 8797799db0cf42c6a0f5e84c27ada1b1: Neither blocks nor log segments found. Creating new log.
I20260709 12:12:06.941818 11151 raft_consensus.cc:359] T 04c44c11ff594389aa96c425b31a0b08 P adb9a5aea663454887131dd318dd0661 [term 0 FOLLOWER]: Replica starting. Triggering 0 pending ops. Active config: opid_index: -1 OBSOLETE_local: false peers { permanent_uuid: "adb9a5aea663454887131dd318dd0661" member_type: VOTER last_known_addr { host: "127.10.145.129" port: 41169 } } peers { permanent_uuid: "82b8b01dd22d432296a50ada60b6eb34" member_type: VOTER last_known_addr { host: "127.10.145.130" port: 38881 } } peers { permanent_uuid: "8797799db0cf42c6a0f5e84c27ada1b1" member_type: VOTER last_known_addr { host: "127.10.145.131" port: 35357 } }
I20260709 12:12:06.942572 11151 raft_consensus.cc:385] T 04c44c11ff594389aa96c425b31a0b08 P adb9a5aea663454887131dd318dd0661 [term 0 FOLLOWER]: Consensus starting up: Expiring failure detector timer to make a prompt election more likely
I20260709 12:12:06.942960 11151 raft_consensus.cc:740] T 04c44c11ff594389aa96c425b31a0b08 P adb9a5aea663454887131dd318dd0661 [term 0 FOLLOWER]: Becoming Follower/Learner. State: Replica: adb9a5aea663454887131dd318dd0661, State: Initialized, Role: FOLLOWER
I20260709 12:12:06.939524 11150 raft_consensus.cc:359] T 7db2e100018745578ca25367afdf1d25 P 82b8b01dd22d432296a50ada60b6eb34 [term 0 FOLLOWER]: Replica starting. Triggering 0 pending ops. Active config: opid_index: -1 OBSOLETE_local: false peers { permanent_uuid: "adb9a5aea663454887131dd318dd0661" member_type: VOTER last_known_addr { host: "127.10.145.129" port: 41169 } } peers { permanent_uuid: "82b8b01dd22d432296a50ada60b6eb34" member_type: VOTER last_known_addr { host: "127.10.145.130" port: 38881 } } peers { permanent_uuid: "8797799db0cf42c6a0f5e84c27ada1b1" member_type: VOTER last_known_addr { host: "127.10.145.131" port: 35357 } }
I20260709 12:12:06.944607 11150 raft_consensus.cc:385] T 7db2e100018745578ca25367afdf1d25 P 82b8b01dd22d432296a50ada60b6eb34 [term 0 FOLLOWER]: Consensus starting up: Expiring failure detector timer to make a prompt election more likely
I20260709 12:12:06.943723 11151 consensus_queue.cc:260] T 04c44c11ff594389aa96c425b31a0b08 P adb9a5aea663454887131dd318dd0661 [NON_LEADER]: Queue going to NON_LEADER mode. State: All replicated index: 0, Majority replicated index: 0, Committed index: 0, Last appended: 0.0, Last appended by leader: 0, Current term: 0, Majority size: -1, State: 0, Mode: NON_LEADER, active raft config: opid_index: -1 OBSOLETE_local: false peers { permanent_uuid: "adb9a5aea663454887131dd318dd0661" member_type: VOTER last_known_addr { host: "127.10.145.129" port: 41169 } } peers { permanent_uuid: "82b8b01dd22d432296a50ada60b6eb34" member_type: VOTER last_known_addr { host: "127.10.145.130" port: 38881 } } peers { permanent_uuid: "8797799db0cf42c6a0f5e84c27ada1b1" member_type: VOTER last_known_addr { host: "127.10.145.131" port: 35357 } }
I20260709 12:12:06.945165 11150 raft_consensus.cc:740] T 7db2e100018745578ca25367afdf1d25 P 82b8b01dd22d432296a50ada60b6eb34 [term 0 FOLLOWER]: Becoming Follower/Learner. State: Replica: 82b8b01dd22d432296a50ada60b6eb34, State: Initialized, Role: FOLLOWER
I20260709 12:12:06.947398 11151 ts_tablet_manager.cc:1434] T 04c44c11ff594389aa96c425b31a0b08 P adb9a5aea663454887131dd318dd0661: Time spent starting tablet: real 0.011s	user 0.005s	sys 0.000s
I20260709 12:12:06.948413 11151 tablet_bootstrap.cc:492] T ac94bca05c3641e0b4b8ed1f67b6e49b P adb9a5aea663454887131dd318dd0661: Bootstrap starting.
W20260709 12:12:06.948521 11132 tablet.cc:2406] T 797fd87aa9584f819388494138967ae8 P 8797799db0cf42c6a0f5e84c27ada1b1: Can't schedule compaction. Clean time has not been advanced past its initial value.
I20260709 12:12:06.957114 11151 tablet_bootstrap.cc:654] T ac94bca05c3641e0b4b8ed1f67b6e49b P adb9a5aea663454887131dd318dd0661: Neither blocks nor log segments found. Creating new log.
I20260709 12:12:06.956444 11150 consensus_queue.cc:260] T 7db2e100018745578ca25367afdf1d25 P 82b8b01dd22d432296a50ada60b6eb34 [NON_LEADER]: Queue going to NON_LEADER mode. State: All replicated index: 0, Majority replicated index: 0, Committed index: 0, Last appended: 0.0, Last appended by leader: 0, Current term: 0, Majority size: -1, State: 0, Mode: NON_LEADER, active raft config: opid_index: -1 OBSOLETE_local: false peers { permanent_uuid: "adb9a5aea663454887131dd318dd0661" member_type: VOTER last_known_addr { host: "127.10.145.129" port: 41169 } } peers { permanent_uuid: "82b8b01dd22d432296a50ada60b6eb34" member_type: VOTER last_known_addr { host: "127.10.145.130" port: 38881 } } peers { permanent_uuid: "8797799db0cf42c6a0f5e84c27ada1b1" member_type: VOTER last_known_addr { host: "127.10.145.131" port: 35357 } }
I20260709 12:12:06.960093 11154 raft_consensus.cc:493] T 7db2e100018745578ca25367afdf1d25 P 82b8b01dd22d432296a50ada60b6eb34 [term 0 FOLLOWER]: Starting pre-election (no leader contacted us within the election timeout)
I20260709 12:12:06.960588 11154 raft_consensus.cc:515] T 7db2e100018745578ca25367afdf1d25 P 82b8b01dd22d432296a50ada60b6eb34 [term 0 FOLLOWER]: Starting pre-election with config: opid_index: -1 OBSOLETE_local: false peers { permanent_uuid: "adb9a5aea663454887131dd318dd0661" member_type: VOTER last_known_addr { host: "127.10.145.129" port: 41169 } } peers { permanent_uuid: "82b8b01dd22d432296a50ada60b6eb34" member_type: VOTER last_known_addr { host: "127.10.145.130" port: 38881 } } peers { permanent_uuid: "8797799db0cf42c6a0f5e84c27ada1b1" member_type: VOTER last_known_addr { host: "127.10.145.131" port: 35357 } }
I20260709 12:12:06.961560 11149 tablet_bootstrap.cc:492] T 4ce1078a48524a00b4fc83336da7351c P 8797799db0cf42c6a0f5e84c27ada1b1: No bootstrap required, opened a new log
I20260709 12:12:06.962057 11149 ts_tablet_manager.cc:1403] T 4ce1078a48524a00b4fc83336da7351c P 8797799db0cf42c6a0f5e84c27ada1b1: Time spent bootstrapping tablet: real 0.029s	user 0.011s	sys 0.013s
I20260709 12:12:06.965157 11149 raft_consensus.cc:359] T 4ce1078a48524a00b4fc83336da7351c P 8797799db0cf42c6a0f5e84c27ada1b1 [term 0 FOLLOWER]: Replica starting. Triggering 0 pending ops. Active config: opid_index: -1 OBSOLETE_local: false peers { permanent_uuid: "adb9a5aea663454887131dd318dd0661" member_type: VOTER last_known_addr { host: "127.10.145.129" port: 41169 } } peers { permanent_uuid: "82b8b01dd22d432296a50ada60b6eb34" member_type: VOTER last_known_addr { host: "127.10.145.130" port: 38881 } } peers { permanent_uuid: "8797799db0cf42c6a0f5e84c27ada1b1" member_type: VOTER last_known_addr { host: "127.10.145.131" port: 35357 } }
I20260709 12:12:06.965883 11149 raft_consensus.cc:385] T 4ce1078a48524a00b4fc83336da7351c P 8797799db0cf42c6a0f5e84c27ada1b1 [term 0 FOLLOWER]: Consensus starting up: Expiring failure detector timer to make a prompt election more likely
I20260709 12:12:06.966184 11149 raft_consensus.cc:740] T 4ce1078a48524a00b4fc83336da7351c P 8797799db0cf42c6a0f5e84c27ada1b1 [term 0 FOLLOWER]: Becoming Follower/Learner. State: Replica: 8797799db0cf42c6a0f5e84c27ada1b1, State: Initialized, Role: FOLLOWER
I20260709 12:12:06.966431 11150 ts_tablet_manager.cc:1434] T 7db2e100018745578ca25367afdf1d25 P 82b8b01dd22d432296a50ada60b6eb34: Time spent starting tablet: real 0.030s	user 0.008s	sys 0.002s
I20260709 12:12:06.967075 11159 raft_consensus.cc:493] T 1fa6e6828ab14888a108afa9566feb25 P adb9a5aea663454887131dd318dd0661 [term 0 FOLLOWER]: Starting pre-election (no leader contacted us within the election timeout)
I20260709 12:12:06.967376 11150 tablet_bootstrap.cc:492] T f1f326c0bed84014a8ea10fc40194582 P 82b8b01dd22d432296a50ada60b6eb34: Bootstrap starting.
I20260709 12:12:06.966948 11149 consensus_queue.cc:260] T 4ce1078a48524a00b4fc83336da7351c P 8797799db0cf42c6a0f5e84c27ada1b1 [NON_LEADER]: Queue going to NON_LEADER mode. State: All replicated index: 0, Majority replicated index: 0, Committed index: 0, Last appended: 0.0, Last appended by leader: 0, Current term: 0, Majority size: -1, State: 0, Mode: NON_LEADER, active raft config: opid_index: -1 OBSOLETE_local: false peers { permanent_uuid: "adb9a5aea663454887131dd318dd0661" member_type: VOTER last_known_addr { host: "127.10.145.129" port: 41169 } } peers { permanent_uuid: "82b8b01dd22d432296a50ada60b6eb34" member_type: VOTER last_known_addr { host: "127.10.145.130" port: 38881 } } peers { permanent_uuid: "8797799db0cf42c6a0f5e84c27ada1b1" member_type: VOTER last_known_addr { host: "127.10.145.131" port: 35357 } }
I20260709 12:12:06.967545 11159 raft_consensus.cc:515] T 1fa6e6828ab14888a108afa9566feb25 P adb9a5aea663454887131dd318dd0661 [term 0 FOLLOWER]: Starting pre-election with config: opid_index: -1 OBSOLETE_local: false peers { permanent_uuid: "adb9a5aea663454887131dd318dd0661" member_type: VOTER last_known_addr { host: "127.10.145.129" port: 41169 } } peers { permanent_uuid: "82b8b01dd22d432296a50ada60b6eb34" member_type: VOTER last_known_addr { host: "127.10.145.130" port: 38881 } } peers { permanent_uuid: "8797799db0cf42c6a0f5e84c27ada1b1" member_type: VOTER last_known_addr { host: "127.10.145.131" port: 35357 } }
I20260709 12:12:06.969594 11149 ts_tablet_manager.cc:1434] T 4ce1078a48524a00b4fc83336da7351c P 8797799db0cf42c6a0f5e84c27ada1b1: Time spent starting tablet: real 0.007s	user 0.007s	sys 0.000s
I20260709 12:12:06.970237 11159 leader_election.cc:290] T 1fa6e6828ab14888a108afa9566feb25 P adb9a5aea663454887131dd318dd0661 [CANDIDATE]: Term 1 pre-election: Requested pre-vote from peers 82b8b01dd22d432296a50ada60b6eb34 (127.10.145.130:38881), 8797799db0cf42c6a0f5e84c27ada1b1 (127.10.145.131:35357)
I20260709 12:12:06.970567 11149 tablet_bootstrap.cc:492] T 1fa6e6828ab14888a108afa9566feb25 P 8797799db0cf42c6a0f5e84c27ada1b1: Bootstrap starting.
I20260709 12:12:06.975692 11151 tablet_bootstrap.cc:492] T ac94bca05c3641e0b4b8ed1f67b6e49b P adb9a5aea663454887131dd318dd0661: No bootstrap required, opened a new log
I20260709 12:12:06.975987 11150 tablet_bootstrap.cc:654] T f1f326c0bed84014a8ea10fc40194582 P 82b8b01dd22d432296a50ada60b6eb34: Neither blocks nor log segments found. Creating new log.
I20260709 12:12:06.976191 11151 ts_tablet_manager.cc:1403] T ac94bca05c3641e0b4b8ed1f67b6e49b P adb9a5aea663454887131dd318dd0661: Time spent bootstrapping tablet: real 0.028s	user 0.007s	sys 0.003s
I20260709 12:12:06.979842 11151 raft_consensus.cc:359] T ac94bca05c3641e0b4b8ed1f67b6e49b P adb9a5aea663454887131dd318dd0661 [term 0 FOLLOWER]: Replica starting. Triggering 0 pending ops. Active config: opid_index: -1 OBSOLETE_local: false peers { permanent_uuid: "adb9a5aea663454887131dd318dd0661" member_type: VOTER last_known_addr { host: "127.10.145.129" port: 41169 } } peers { permanent_uuid: "82b8b01dd22d432296a50ada60b6eb34" member_type: VOTER last_known_addr { host: "127.10.145.130" port: 38881 } } peers { permanent_uuid: "8797799db0cf42c6a0f5e84c27ada1b1" member_type: VOTER last_known_addr { host: "127.10.145.131" port: 35357 } }
I20260709 12:12:06.980558 11151 raft_consensus.cc:385] T ac94bca05c3641e0b4b8ed1f67b6e49b P adb9a5aea663454887131dd318dd0661 [term 0 FOLLOWER]: Consensus starting up: Expiring failure detector timer to make a prompt election more likely
I20260709 12:12:06.980883 11151 raft_consensus.cc:740] T ac94bca05c3641e0b4b8ed1f67b6e49b P adb9a5aea663454887131dd318dd0661 [term 0 FOLLOWER]: Becoming Follower/Learner. State: Replica: adb9a5aea663454887131dd318dd0661, State: Initialized, Role: FOLLOWER
I20260709 12:12:06.981678 11151 consensus_queue.cc:260] T ac94bca05c3641e0b4b8ed1f67b6e49b P adb9a5aea663454887131dd318dd0661 [NON_LEADER]: Queue going to NON_LEADER mode. State: All replicated index: 0, Majority replicated index: 0, Committed index: 0, Last appended: 0.0, Last appended by leader: 0, Current term: 0, Majority size: -1, State: 0, Mode: NON_LEADER, active raft config: opid_index: -1 OBSOLETE_local: false peers { permanent_uuid: "adb9a5aea663454887131dd318dd0661" member_type: VOTER last_known_addr { host: "127.10.145.129" port: 41169 } } peers { permanent_uuid: "82b8b01dd22d432296a50ada60b6eb34" member_type: VOTER last_known_addr { host: "127.10.145.130" port: 38881 } } peers { permanent_uuid: "8797799db0cf42c6a0f5e84c27ada1b1" member_type: VOTER last_known_addr { host: "127.10.145.131" port: 35357 } }
I20260709 12:12:06.984371 11151 ts_tablet_manager.cc:1434] T ac94bca05c3641e0b4b8ed1f67b6e49b P adb9a5aea663454887131dd318dd0661: Time spent starting tablet: real 0.008s	user 0.003s	sys 0.004s
I20260709 12:12:06.987792 11150 tablet_bootstrap.cc:492] T f1f326c0bed84014a8ea10fc40194582 P 82b8b01dd22d432296a50ada60b6eb34: No bootstrap required, opened a new log
I20260709 12:12:06.988261 11150 ts_tablet_manager.cc:1403] T f1f326c0bed84014a8ea10fc40194582 P 82b8b01dd22d432296a50ada60b6eb34: Time spent bootstrapping tablet: real 0.021s	user 0.010s	sys 0.006s
I20260709 12:12:06.988826 11149 tablet_bootstrap.cc:654] T 1fa6e6828ab14888a108afa9566feb25 P 8797799db0cf42c6a0f5e84c27ada1b1: Neither blocks nor log segments found. Creating new log.
I20260709 12:12:06.991101 11150 raft_consensus.cc:359] T f1f326c0bed84014a8ea10fc40194582 P 82b8b01dd22d432296a50ada60b6eb34 [term 0 FOLLOWER]: Replica starting. Triggering 0 pending ops. Active config: opid_index: -1 OBSOLETE_local: false peers { permanent_uuid: "adb9a5aea663454887131dd318dd0661" member_type: VOTER last_known_addr { host: "127.10.145.129" port: 41169 } } peers { permanent_uuid: "82b8b01dd22d432296a50ada60b6eb34" member_type: VOTER last_known_addr { host: "127.10.145.130" port: 38881 } } peers { permanent_uuid: "8797799db0cf42c6a0f5e84c27ada1b1" member_type: VOTER last_known_addr { host: "127.10.145.131" port: 35357 } }
I20260709 12:12:06.991828 11150 raft_consensus.cc:385] T f1f326c0bed84014a8ea10fc40194582 P 82b8b01dd22d432296a50ada60b6eb34 [term 0 FOLLOWER]: Consensus starting up: Expiring failure detector timer to make a prompt election more likely
I20260709 12:12:06.992125 11150 raft_consensus.cc:740] T f1f326c0bed84014a8ea10fc40194582 P 82b8b01dd22d432296a50ada60b6eb34 [term 0 FOLLOWER]: Becoming Follower/Learner. State: Replica: 82b8b01dd22d432296a50ada60b6eb34, State: Initialized, Role: FOLLOWER
I20260709 12:12:06.992467 11154 leader_election.cc:290] T 7db2e100018745578ca25367afdf1d25 P 82b8b01dd22d432296a50ada60b6eb34 [CANDIDATE]: Term 1 pre-election: Requested pre-vote from peers adb9a5aea663454887131dd318dd0661 (127.10.145.129:41169), 8797799db0cf42c6a0f5e84c27ada1b1 (127.10.145.131:35357)
I20260709 12:12:06.992908 11150 consensus_queue.cc:260] T f1f326c0bed84014a8ea10fc40194582 P 82b8b01dd22d432296a50ada60b6eb34 [NON_LEADER]: Queue going to NON_LEADER mode. State: All replicated index: 0, Majority replicated index: 0, Committed index: 0, Last appended: 0.0, Last appended by leader: 0, Current term: 0, Majority size: -1, State: 0, Mode: NON_LEADER, active raft config: opid_index: -1 OBSOLETE_local: false peers { permanent_uuid: "adb9a5aea663454887131dd318dd0661" member_type: VOTER last_known_addr { host: "127.10.145.129" port: 41169 } } peers { permanent_uuid: "82b8b01dd22d432296a50ada60b6eb34" member_type: VOTER last_known_addr { host: "127.10.145.130" port: 38881 } } peers { permanent_uuid: "8797799db0cf42c6a0f5e84c27ada1b1" member_type: VOTER last_known_addr { host: "127.10.145.131" port: 35357 } }
I20260709 12:12:06.995785 11150 ts_tablet_manager.cc:1434] T f1f326c0bed84014a8ea10fc40194582 P 82b8b01dd22d432296a50ada60b6eb34: Time spent starting tablet: real 0.007s	user 0.008s	sys 0.000s
I20260709 12:12:06.996898 11150 tablet_bootstrap.cc:492] T 4ce1078a48524a00b4fc83336da7351c P 82b8b01dd22d432296a50ada60b6eb34: Bootstrap starting.
I20260709 12:12:07.018136 11106 tablet_service.cc:1917] Received RequestConsensusVote() RPC: tablet_id: "7db2e100018745578ca25367afdf1d25" candidate_uuid: "82b8b01dd22d432296a50ada60b6eb34" candidate_term: 1 candidate_status { last_received { term: 0 index: 0 } } ignore_live_leader: false dest_uuid: "8797799db0cf42c6a0f5e84c27ada1b1" is_pre_election: true
I20260709 12:12:07.019197 11106 raft_consensus.cc:2468] T 7db2e100018745578ca25367afdf1d25 P 8797799db0cf42c6a0f5e84c27ada1b1 [term 0 FOLLOWER]: Leader pre-election vote request: Granting yes vote for candidate 82b8b01dd22d432296a50ada60b6eb34 in term 0.
I20260709 12:12:07.019945 11151 tablet_bootstrap.cc:492] T 7db2e100018745578ca25367afdf1d25 P adb9a5aea663454887131dd318dd0661: Bootstrap starting.
I20260709 12:12:07.020928 10996 leader_election.cc:304] T 7db2e100018745578ca25367afdf1d25 P 82b8b01dd22d432296a50ada60b6eb34 [CANDIDATE]: Term 1 pre-election: Election decided. Result: candidate won. Election summary: received 2 responses out of 3 voters: 2 yes votes; 0 no votes. yes voters: 82b8b01dd22d432296a50ada60b6eb34, 8797799db0cf42c6a0f5e84c27ada1b1; no voters: 
I20260709 12:12:07.021836 11154 raft_consensus.cc:2804] T 7db2e100018745578ca25367afdf1d25 P 82b8b01dd22d432296a50ada60b6eb34 [term 0 FOLLOWER]: Leader pre-election won for term 1
I20260709 12:12:07.022330 11154 raft_consensus.cc:493] T 7db2e100018745578ca25367afdf1d25 P 82b8b01dd22d432296a50ada60b6eb34 [term 0 FOLLOWER]: Starting leader election (no leader contacted us within the election timeout)
I20260709 12:12:07.022837 11154 raft_consensus.cc:3060] T 7db2e100018745578ca25367afdf1d25 P 82b8b01dd22d432296a50ada60b6eb34 [term 0 FOLLOWER]: Advancing to term 1
I20260709 12:12:07.022243 11150 tablet_bootstrap.cc:654] T 4ce1078a48524a00b4fc83336da7351c P 82b8b01dd22d432296a50ada60b6eb34: Neither blocks nor log segments found. Creating new log.
I20260709 12:12:07.024273 10957 tablet_service.cc:1917] Received RequestConsensusVote() RPC: tablet_id: "7db2e100018745578ca25367afdf1d25" candidate_uuid: "82b8b01dd22d432296a50ada60b6eb34" candidate_term: 1 candidate_status { last_received { term: 0 index: 0 } } ignore_live_leader: false dest_uuid: "adb9a5aea663454887131dd318dd0661" is_pre_election: true
W20260709 12:12:07.026328 10997 leader_election.cc:343] T 7db2e100018745578ca25367afdf1d25 P 82b8b01dd22d432296a50ada60b6eb34 [CANDIDATE]: Term 1 pre-election: Tablet error from VoteRequest() call to peer adb9a5aea663454887131dd318dd0661 (127.10.145.129:41169): Illegal state: must be running to vote when last-logged opid is not known
I20260709 12:12:07.043923 11167 raft_consensus.cc:493] T f1f326c0bed84014a8ea10fc40194582 P 82b8b01dd22d432296a50ada60b6eb34 [term 0 FOLLOWER]: Starting pre-election (no leader contacted us within the election timeout)
I20260709 12:12:07.044799 11167 raft_consensus.cc:515] T f1f326c0bed84014a8ea10fc40194582 P 82b8b01dd22d432296a50ada60b6eb34 [term 0 FOLLOWER]: Starting pre-election with config: opid_index: -1 OBSOLETE_local: false peers { permanent_uuid: "adb9a5aea663454887131dd318dd0661" member_type: VOTER last_known_addr { host: "127.10.145.129" port: 41169 } } peers { permanent_uuid: "82b8b01dd22d432296a50ada60b6eb34" member_type: VOTER last_known_addr { host: "127.10.145.130" port: 38881 } } peers { permanent_uuid: "8797799db0cf42c6a0f5e84c27ada1b1" member_type: VOTER last_known_addr { host: "127.10.145.131" port: 35357 } }
I20260709 12:12:07.050053 10957 tablet_service.cc:1917] Received RequestConsensusVote() RPC: tablet_id: "f1f326c0bed84014a8ea10fc40194582" candidate_uuid: "82b8b01dd22d432296a50ada60b6eb34" candidate_term: 1 candidate_status { last_received { term: 0 index: 0 } } ignore_live_leader: false dest_uuid: "adb9a5aea663454887131dd318dd0661" is_pre_election: true
I20260709 12:12:07.050716 10957 raft_consensus.cc:2468] T f1f326c0bed84014a8ea10fc40194582 P adb9a5aea663454887131dd318dd0661 [term 0 FOLLOWER]: Leader pre-election vote request: Granting yes vote for candidate 82b8b01dd22d432296a50ada60b6eb34 in term 0.
I20260709 12:12:07.059286 11151 tablet_bootstrap.cc:654] T 7db2e100018745578ca25367afdf1d25 P adb9a5aea663454887131dd318dd0661: Neither blocks nor log segments found. Creating new log.
I20260709 12:12:07.060356 11167 leader_election.cc:290] T f1f326c0bed84014a8ea10fc40194582 P 82b8b01dd22d432296a50ada60b6eb34 [CANDIDATE]: Term 1 pre-election: Requested pre-vote from peers adb9a5aea663454887131dd318dd0661 (127.10.145.129:41169), 8797799db0cf42c6a0f5e84c27ada1b1 (127.10.145.131:35357)
I20260709 12:12:07.060892 11167 raft_consensus.cc:493] T ac94bca05c3641e0b4b8ed1f67b6e49b P 82b8b01dd22d432296a50ada60b6eb34 [term 0 FOLLOWER]: Starting pre-election (no leader contacted us within the election timeout)
I20260709 12:12:07.061357 11167 raft_consensus.cc:515] T ac94bca05c3641e0b4b8ed1f67b6e49b P 82b8b01dd22d432296a50ada60b6eb34 [term 0 FOLLOWER]: Starting pre-election with config: opid_index: -1 OBSOLETE_local: false peers { permanent_uuid: "adb9a5aea663454887131dd318dd0661" member_type: VOTER last_known_addr { host: "127.10.145.129" port: 41169 } } peers { permanent_uuid: "82b8b01dd22d432296a50ada60b6eb34" member_type: VOTER last_known_addr { host: "127.10.145.130" port: 38881 } } peers { permanent_uuid: "8797799db0cf42c6a0f5e84c27ada1b1" member_type: VOTER last_known_addr { host: "127.10.145.131" port: 35357 } }
I20260709 12:12:07.061537 11106 tablet_service.cc:1917] Received RequestConsensusVote() RPC: tablet_id: "f1f326c0bed84014a8ea10fc40194582" candidate_uuid: "82b8b01dd22d432296a50ada60b6eb34" candidate_term: 1 candidate_status { last_received { term: 0 index: 0 } } ignore_live_leader: false dest_uuid: "8797799db0cf42c6a0f5e84c27ada1b1" is_pre_election: true
I20260709 12:12:07.062219 11106 raft_consensus.cc:2468] T f1f326c0bed84014a8ea10fc40194582 P 8797799db0cf42c6a0f5e84c27ada1b1 [term 0 FOLLOWER]: Leader pre-election vote request: Granting yes vote for candidate 82b8b01dd22d432296a50ada60b6eb34 in term 0.
I20260709 12:12:07.063673 11167 leader_election.cc:290] T ac94bca05c3641e0b4b8ed1f67b6e49b P 82b8b01dd22d432296a50ada60b6eb34 [CANDIDATE]: Term 1 pre-election: Requested pre-vote from peers adb9a5aea663454887131dd318dd0661 (127.10.145.129:41169), 8797799db0cf42c6a0f5e84c27ada1b1 (127.10.145.131:35357)
I20260709 12:12:07.063642 10996 leader_election.cc:304] T f1f326c0bed84014a8ea10fc40194582 P 82b8b01dd22d432296a50ada60b6eb34 [CANDIDATE]: Term 1 pre-election: Election decided. Result: candidate won. Election summary: received 2 responses out of 3 voters: 2 yes votes; 0 no votes. yes voters: 82b8b01dd22d432296a50ada60b6eb34, 8797799db0cf42c6a0f5e84c27ada1b1; no voters: 
I20260709 12:12:07.065265 11154 raft_consensus.cc:515] T 7db2e100018745578ca25367afdf1d25 P 82b8b01dd22d432296a50ada60b6eb34 [term 1 FOLLOWER]: Starting leader election with config: opid_index: -1 OBSOLETE_local: false peers { permanent_uuid: "adb9a5aea663454887131dd318dd0661" member_type: VOTER last_known_addr { host: "127.10.145.129" port: 41169 } } peers { permanent_uuid: "82b8b01dd22d432296a50ada60b6eb34" member_type: VOTER last_known_addr { host: "127.10.145.130" port: 38881 } } peers { permanent_uuid: "8797799db0cf42c6a0f5e84c27ada1b1" member_type: VOTER last_known_addr { host: "127.10.145.131" port: 35357 } }
I20260709 12:12:07.065590 11106 tablet_service.cc:1917] Received RequestConsensusVote() RPC: tablet_id: "ac94bca05c3641e0b4b8ed1f67b6e49b" candidate_uuid: "82b8b01dd22d432296a50ada60b6eb34" candidate_term: 1 candidate_status { last_received { term: 0 index: 0 } } ignore_live_leader: false dest_uuid: "8797799db0cf42c6a0f5e84c27ada1b1" is_pre_election: true
I20260709 12:12:07.066295 11106 raft_consensus.cc:2468] T ac94bca05c3641e0b4b8ed1f67b6e49b P 8797799db0cf42c6a0f5e84c27ada1b1 [term 0 FOLLOWER]: Leader pre-election vote request: Granting yes vote for candidate 82b8b01dd22d432296a50ada60b6eb34 in term 0.
I20260709 12:12:07.067252 11154 leader_election.cc:290] T 7db2e100018745578ca25367afdf1d25 P 82b8b01dd22d432296a50ada60b6eb34 [CANDIDATE]: Term 1 election: Requested vote from peers adb9a5aea663454887131dd318dd0661 (127.10.145.129:41169), 8797799db0cf42c6a0f5e84c27ada1b1 (127.10.145.131:35357)
I20260709 12:12:07.067785 11154 raft_consensus.cc:2804] T f1f326c0bed84014a8ea10fc40194582 P 82b8b01dd22d432296a50ada60b6eb34 [term 0 FOLLOWER]: Leader pre-election won for term 1
I20260709 12:12:07.067843 10996 leader_election.cc:304] T ac94bca05c3641e0b4b8ed1f67b6e49b P 82b8b01dd22d432296a50ada60b6eb34 [CANDIDATE]: Term 1 pre-election: Election decided. Result: candidate won. Election summary: received 2 responses out of 3 voters: 2 yes votes; 0 no votes. yes voters: 82b8b01dd22d432296a50ada60b6eb34, 8797799db0cf42c6a0f5e84c27ada1b1; no voters: 
I20260709 12:12:07.068194 11154 raft_consensus.cc:493] T f1f326c0bed84014a8ea10fc40194582 P 82b8b01dd22d432296a50ada60b6eb34 [term 0 FOLLOWER]: Starting leader election (no leader contacted us within the election timeout)
I20260709 12:12:07.068589 11154 raft_consensus.cc:3060] T f1f326c0bed84014a8ea10fc40194582 P 82b8b01dd22d432296a50ada60b6eb34 [term 0 FOLLOWER]: Advancing to term 1
I20260709 12:12:07.065291 11150 tablet_bootstrap.cc:492] T 4ce1078a48524a00b4fc83336da7351c P 82b8b01dd22d432296a50ada60b6eb34: No bootstrap required, opened a new log
I20260709 12:12:07.069281 11106 tablet_service.cc:1917] Received RequestConsensusVote() RPC: tablet_id: "7db2e100018745578ca25367afdf1d25" candidate_uuid: "82b8b01dd22d432296a50ada60b6eb34" candidate_term: 1 candidate_status { last_received { term: 0 index: 0 } } ignore_live_leader: false dest_uuid: "8797799db0cf42c6a0f5e84c27ada1b1"
I20260709 12:12:07.069893 11106 raft_consensus.cc:3060] T 7db2e100018745578ca25367afdf1d25 P 8797799db0cf42c6a0f5e84c27ada1b1 [term 0 FOLLOWER]: Advancing to term 1
I20260709 12:12:07.069514 11150 ts_tablet_manager.cc:1403] T 4ce1078a48524a00b4fc83336da7351c P 82b8b01dd22d432296a50ada60b6eb34: Time spent bootstrapping tablet: real 0.073s	user 0.013s	sys 0.016s
I20260709 12:12:07.073256 11150 raft_consensus.cc:359] T 4ce1078a48524a00b4fc83336da7351c P 82b8b01dd22d432296a50ada60b6eb34 [term 0 FOLLOWER]: Replica starting. Triggering 0 pending ops. Active config: opid_index: -1 OBSOLETE_local: false peers { permanent_uuid: "adb9a5aea663454887131dd318dd0661" member_type: VOTER last_known_addr { host: "127.10.145.129" port: 41169 } } peers { permanent_uuid: "82b8b01dd22d432296a50ada60b6eb34" member_type: VOTER last_known_addr { host: "127.10.145.130" port: 38881 } } peers { permanent_uuid: "8797799db0cf42c6a0f5e84c27ada1b1" member_type: VOTER last_known_addr { host: "127.10.145.131" port: 35357 } }
I20260709 12:12:07.073971 11150 raft_consensus.cc:385] T 4ce1078a48524a00b4fc83336da7351c P 82b8b01dd22d432296a50ada60b6eb34 [term 0 FOLLOWER]: Consensus starting up: Expiring failure detector timer to make a prompt election more likely
I20260709 12:12:07.074257 11150 raft_consensus.cc:740] T 4ce1078a48524a00b4fc83336da7351c P 82b8b01dd22d432296a50ada60b6eb34 [term 0 FOLLOWER]: Becoming Follower/Learner. State: Replica: 82b8b01dd22d432296a50ada60b6eb34, State: Initialized, Role: FOLLOWER
I20260709 12:12:07.074966 11150 consensus_queue.cc:260] T 4ce1078a48524a00b4fc83336da7351c P 82b8b01dd22d432296a50ada60b6eb34 [NON_LEADER]: Queue going to NON_LEADER mode. State: All replicated index: 0, Majority replicated index: 0, Committed index: 0, Last appended: 0.0, Last appended by leader: 0, Current term: 0, Majority size: -1, State: 0, Mode: NON_LEADER, active raft config: opid_index: -1 OBSOLETE_local: false peers { permanent_uuid: "adb9a5aea663454887131dd318dd0661" member_type: VOTER last_known_addr { host: "127.10.145.129" port: 41169 } } peers { permanent_uuid: "82b8b01dd22d432296a50ada60b6eb34" member_type: VOTER last_known_addr { host: "127.10.145.130" port: 38881 } } peers { permanent_uuid: "8797799db0cf42c6a0f5e84c27ada1b1" member_type: VOTER last_known_addr { host: "127.10.145.131" port: 35357 } }
I20260709 12:12:07.077204 11167 raft_consensus.cc:2804] T ac94bca05c3641e0b4b8ed1f67b6e49b P 82b8b01dd22d432296a50ada60b6eb34 [term 0 FOLLOWER]: Leader pre-election won for term 1
I20260709 12:12:07.077575 11167 raft_consensus.cc:493] T ac94bca05c3641e0b4b8ed1f67b6e49b P 82b8b01dd22d432296a50ada60b6eb34 [term 0 FOLLOWER]: Starting leader election (no leader contacted us within the election timeout)
I20260709 12:12:07.077903 11167 raft_consensus.cc:3060] T ac94bca05c3641e0b4b8ed1f67b6e49b P 82b8b01dd22d432296a50ada60b6eb34 [term 0 FOLLOWER]: Advancing to term 1
I20260709 12:12:07.089267 11106 raft_consensus.cc:2468] T 7db2e100018745578ca25367afdf1d25 P 8797799db0cf42c6a0f5e84c27ada1b1 [term 1 FOLLOWER]: Leader election vote request: Granting yes vote for candidate 82b8b01dd22d432296a50ada60b6eb34 in term 1.
I20260709 12:12:07.091044 10996 leader_election.cc:304] T 7db2e100018745578ca25367afdf1d25 P 82b8b01dd22d432296a50ada60b6eb34 [CANDIDATE]: Term 1 election: Election decided. Result: candidate won. Election summary: received 2 responses out of 3 voters: 2 yes votes; 0 no votes. yes voters: 82b8b01dd22d432296a50ada60b6eb34, 8797799db0cf42c6a0f5e84c27ada1b1; no voters: 
I20260709 12:12:07.093873 11149 tablet_bootstrap.cc:492] T 1fa6e6828ab14888a108afa9566feb25 P 8797799db0cf42c6a0f5e84c27ada1b1: No bootstrap required, opened a new log
I20260709 12:12:07.094276 11154 raft_consensus.cc:515] T f1f326c0bed84014a8ea10fc40194582 P 82b8b01dd22d432296a50ada60b6eb34 [term 1 FOLLOWER]: Starting leader election with config: opid_index: -1 OBSOLETE_local: false peers { permanent_uuid: "adb9a5aea663454887131dd318dd0661" member_type: VOTER last_known_addr { host: "127.10.145.129" port: 41169 } } peers { permanent_uuid: "82b8b01dd22d432296a50ada60b6eb34" member_type: VOTER last_known_addr { host: "127.10.145.130" port: 38881 } } peers { permanent_uuid: "8797799db0cf42c6a0f5e84c27ada1b1" member_type: VOTER last_known_addr { host: "127.10.145.131" port: 35357 } }
I20260709 12:12:07.094738 11156 raft_consensus.cc:493] T 797fd87aa9584f819388494138967ae8 P 8797799db0cf42c6a0f5e84c27ada1b1 [term 0 FOLLOWER]: Starting pre-election (no leader contacted us within the election timeout)
I20260709 12:12:07.095253 11156 raft_consensus.cc:515] T 797fd87aa9584f819388494138967ae8 P 8797799db0cf42c6a0f5e84c27ada1b1 [term 0 FOLLOWER]: Starting pre-election with config: opid_index: -1 OBSOLETE_local: false peers { permanent_uuid: "8797799db0cf42c6a0f5e84c27ada1b1" member_type: VOTER last_known_addr { host: "127.10.145.131" port: 35357 } } peers { permanent_uuid: "82b8b01dd22d432296a50ada60b6eb34" member_type: VOTER last_known_addr { host: "127.10.145.130" port: 38881 } } peers { permanent_uuid: "adb9a5aea663454887131dd318dd0661" member_type: VOTER last_known_addr { host: "127.10.145.129" port: 41169 } }
I20260709 12:12:07.096303 11154 leader_election.cc:290] T f1f326c0bed84014a8ea10fc40194582 P 82b8b01dd22d432296a50ada60b6eb34 [CANDIDATE]: Term 1 election: Requested vote from peers adb9a5aea663454887131dd318dd0661 (127.10.145.129:41169), 8797799db0cf42c6a0f5e84c27ada1b1 (127.10.145.131:35357)
I20260709 12:12:07.097114 11150 ts_tablet_manager.cc:1434] T 4ce1078a48524a00b4fc83336da7351c P 82b8b01dd22d432296a50ada60b6eb34: Time spent starting tablet: real 0.026s	user 0.007s	sys 0.000s
I20260709 12:12:07.098037 11150 tablet_bootstrap.cc:492] T 1fa6e6828ab14888a108afa9566feb25 P 82b8b01dd22d432296a50ada60b6eb34: Bootstrap starting.
I20260709 12:12:07.098079 11156 leader_election.cc:290] T 797fd87aa9584f819388494138967ae8 P 8797799db0cf42c6a0f5e84c27ada1b1 [CANDIDATE]: Term 1 pre-election: Requested pre-vote from peers 82b8b01dd22d432296a50ada60b6eb34 (127.10.145.130:38881), adb9a5aea663454887131dd318dd0661 (127.10.145.129:41169)
I20260709 12:12:07.094388 11149 ts_tablet_manager.cc:1403] T 1fa6e6828ab14888a108afa9566feb25 P 8797799db0cf42c6a0f5e84c27ada1b1: Time spent bootstrapping tablet: real 0.124s	user 0.020s	sys 0.030s
I20260709 12:12:07.100500 11105 tablet_service.cc:1917] Received RequestConsensusVote() RPC: tablet_id: "f1f326c0bed84014a8ea10fc40194582" candidate_uuid: "82b8b01dd22d432296a50ada60b6eb34" candidate_term: 1 candidate_status { last_received { term: 0 index: 0 } } ignore_live_leader: false dest_uuid: "8797799db0cf42c6a0f5e84c27ada1b1"
I20260709 12:12:07.101214 11105 raft_consensus.cc:3060] T f1f326c0bed84014a8ea10fc40194582 P 8797799db0cf42c6a0f5e84c27ada1b1 [term 0 FOLLOWER]: Advancing to term 1
