I20260709 12:13:08.357532 32495 consensus_queue.cc:260] T 155790d1e5b145c6b9e73322afea885c P cde40e0576334be381aeaafd9d8f3a88 [NON_LEADER]: Queue going to NON_LEADER mode. State: All replicated index: 0, Majority replicated index: 0, Committed index: 0, Last appended: 0.0, Last appended by leader: 0, Current term: 0, Majority size: -1, State: 0, Mode: NON_LEADER, active raft config: opid_index: -1 OBSOLETE_local: false peers { permanent_uuid: "cde40e0576334be381aeaafd9d8f3a88" member_type: VOTER last_known_addr { host: "127.30.97.65" port: 34959 } } peers { permanent_uuid: "bf3c055b8e224e4db961772da110e14e" member_type: VOTER last_known_addr { host: "127.30.97.66" port: 42981 } } peers { permanent_uuid: "13913fb561b14e0ca2db1d18b59944f0" member_type: VOTER last_known_addr { host: "127.30.97.67" port: 33951 } }
I20260709 12:13:08.359411 32494 ts_tablet_manager.cc:1434] T e48b33b921d84556afb7cc88132bd053 P bf3c055b8e224e4db961772da110e14e: Time spent starting tablet: real 0.029s	user 0.004s	sys 0.002s
I20260709 12:13:08.359330 32497 raft_consensus.cc:359] T 34ab0c10f7804383ba33edb2f6af4193 P 13913fb561b14e0ca2db1d18b59944f0 [term 0 FOLLOWER]: Replica starting. Triggering 0 pending ops. Active config: opid_index: -1 OBSOLETE_local: false peers { permanent_uuid: "cde40e0576334be381aeaafd9d8f3a88" member_type: VOTER last_known_addr { host: "127.30.97.65" port: 34959 } } peers { permanent_uuid: "bf3c055b8e224e4db961772da110e14e" member_type: VOTER last_known_addr { host: "127.30.97.66" port: 42981 } } peers { permanent_uuid: "13913fb561b14e0ca2db1d18b59944f0" member_type: VOTER last_known_addr { host: "127.30.97.67" port: 33951 } }
I20260709 12:13:08.360212 32497 raft_consensus.cc:385] T 34ab0c10f7804383ba33edb2f6af4193 P 13913fb561b14e0ca2db1d18b59944f0 [term 0 FOLLOWER]: Consensus starting up: Expiring failure detector timer to make a prompt election more likely
I20260709 12:13:08.360544 32497 raft_consensus.cc:740] T 34ab0c10f7804383ba33edb2f6af4193 P 13913fb561b14e0ca2db1d18b59944f0 [term 0 FOLLOWER]: Becoming Follower/Learner. State: Replica: 13913fb561b14e0ca2db1d18b59944f0, State: Initialized, Role: FOLLOWER
I20260709 12:13:08.361618 32494 tablet_bootstrap.cc:492] T c34a0186f0724a79b4e18b7c1574d0ac P bf3c055b8e224e4db961772da110e14e: Bootstrap starting.
I20260709 12:13:08.361479 32497 consensus_queue.cc:260] T 34ab0c10f7804383ba33edb2f6af4193 P 13913fb561b14e0ca2db1d18b59944f0 [NON_LEADER]: Queue going to NON_LEADER mode. State: All replicated index: 0, Majority replicated index: 0, Committed index: 0, Last appended: 0.0, Last appended by leader: 0, Current term: 0, Majority size: -1, State: 0, Mode: NON_LEADER, active raft config: opid_index: -1 OBSOLETE_local: false peers { permanent_uuid: "cde40e0576334be381aeaafd9d8f3a88" member_type: VOTER last_known_addr { host: "127.30.97.65" port: 34959 } } peers { permanent_uuid: "bf3c055b8e224e4db961772da110e14e" member_type: VOTER last_known_addr { host: "127.30.97.66" port: 42981 } } peers { permanent_uuid: "13913fb561b14e0ca2db1d18b59944f0" member_type: VOTER last_known_addr { host: "127.30.97.67" port: 33951 } }
I20260709 12:13:08.364107 32497 ts_tablet_manager.cc:1434] T 34ab0c10f7804383ba33edb2f6af4193 P 13913fb561b14e0ca2db1d18b59944f0: Time spent starting tablet: real 0.011s	user 0.005s	sys 0.001s
I20260709 12:13:08.365026 32497 tablet_bootstrap.cc:492] T 155790d1e5b145c6b9e73322afea885c P 13913fb561b14e0ca2db1d18b59944f0: Bootstrap starting.
I20260709 12:13:08.371897 32494 tablet_bootstrap.cc:654] T c34a0186f0724a79b4e18b7c1574d0ac P bf3c055b8e224e4db961772da110e14e: Neither blocks nor log segments found. Creating new log.
I20260709 12:13:08.374070 32495 ts_tablet_manager.cc:1434] T 155790d1e5b145c6b9e73322afea885c P cde40e0576334be381aeaafd9d8f3a88: Time spent starting tablet: real 0.058s	user 0.007s	sys 0.000s
I20260709 12:13:08.375516 32495 tablet_bootstrap.cc:492] T e0db83150f9d42edafd6d14f20d7a0ea P cde40e0576334be381aeaafd9d8f3a88: Bootstrap starting.
I20260709 12:13:08.381471 32495 tablet_bootstrap.cc:654] T e0db83150f9d42edafd6d14f20d7a0ea P cde40e0576334be381aeaafd9d8f3a88: Neither blocks nor log segments found. Creating new log.
I20260709 12:13:08.383378 32497 tablet_bootstrap.cc:654] T 155790d1e5b145c6b9e73322afea885c P 13913fb561b14e0ca2db1d18b59944f0: Neither blocks nor log segments found. Creating new log.
I20260709 12:13:08.389573 32300 raft_consensus.cc:3060] T c8f2efea6dec4589bce604645a8dd79c P cde40e0576334be381aeaafd9d8f3a88 [term 0 FOLLOWER]: Advancing to term 1
I20260709 12:13:08.393185 32494 tablet_bootstrap.cc:492] T c34a0186f0724a79b4e18b7c1574d0ac P bf3c055b8e224e4db961772da110e14e: No bootstrap required, opened a new log
I20260709 12:13:08.393654 32494 ts_tablet_manager.cc:1403] T c34a0186f0724a79b4e18b7c1574d0ac P bf3c055b8e224e4db961772da110e14e: Time spent bootstrapping tablet: real 0.032s	user 0.008s	sys 0.002s
I20260709 12:13:08.396934 32494 raft_consensus.cc:359] T c34a0186f0724a79b4e18b7c1574d0ac P bf3c055b8e224e4db961772da110e14e [term 0 FOLLOWER]: Replica starting. Triggering 0 pending ops. Active config: opid_index: -1 OBSOLETE_local: false peers { permanent_uuid: "cde40e0576334be381aeaafd9d8f3a88" member_type: VOTER last_known_addr { host: "127.30.97.65" port: 34959 } } peers { permanent_uuid: "bf3c055b8e224e4db961772da110e14e" member_type: VOTER last_known_addr { host: "127.30.97.66" port: 42981 } } peers { permanent_uuid: "13913fb561b14e0ca2db1d18b59944f0" member_type: VOTER last_known_addr { host: "127.30.97.67" port: 33951 } }
I20260709 12:13:08.397610 32494 raft_consensus.cc:385] T c34a0186f0724a79b4e18b7c1574d0ac P bf3c055b8e224e4db961772da110e14e [term 0 FOLLOWER]: Consensus starting up: Expiring failure detector timer to make a prompt election more likely
I20260709 12:13:08.397897 32494 raft_consensus.cc:740] T c34a0186f0724a79b4e18b7c1574d0ac P bf3c055b8e224e4db961772da110e14e [term 0 FOLLOWER]: Becoming Follower/Learner. State: Replica: bf3c055b8e224e4db961772da110e14e, State: Initialized, Role: FOLLOWER
I20260709 12:13:08.398888 32494 consensus_queue.cc:260] T c34a0186f0724a79b4e18b7c1574d0ac P bf3c055b8e224e4db961772da110e14e [NON_LEADER]: Queue going to NON_LEADER mode. State: All replicated index: 0, Majority replicated index: 0, Committed index: 0, Last appended: 0.0, Last appended by leader: 0, Current term: 0, Majority size: -1, State: 0, Mode: NON_LEADER, active raft config: opid_index: -1 OBSOLETE_local: false peers { permanent_uuid: "cde40e0576334be381aeaafd9d8f3a88" member_type: VOTER last_known_addr { host: "127.30.97.65" port: 34959 } } peers { permanent_uuid: "bf3c055b8e224e4db961772da110e14e" member_type: VOTER last_known_addr { host: "127.30.97.66" port: 42981 } } peers { permanent_uuid: "13913fb561b14e0ca2db1d18b59944f0" member_type: VOTER last_known_addr { host: "127.30.97.67" port: 33951 } }
I20260709 12:13:08.402339 32494 ts_tablet_manager.cc:1434] T c34a0186f0724a79b4e18b7c1574d0ac P bf3c055b8e224e4db961772da110e14e: Time spent starting tablet: real 0.008s	user 0.006s	sys 0.000s
I20260709 12:13:08.404212 32497 tablet_bootstrap.cc:492] T 155790d1e5b145c6b9e73322afea885c P 13913fb561b14e0ca2db1d18b59944f0: No bootstrap required, opened a new log
I20260709 12:13:08.405201 32497 ts_tablet_manager.cc:1403] T 155790d1e5b145c6b9e73322afea885c P 13913fb561b14e0ca2db1d18b59944f0: Time spent bootstrapping tablet: real 0.040s	user 0.014s	sys 0.001s
I20260709 12:13:08.407176 32495 tablet_bootstrap.cc:492] T e0db83150f9d42edafd6d14f20d7a0ea P cde40e0576334be381aeaafd9d8f3a88: No bootstrap required, opened a new log
I20260709 12:13:08.407655 32495 ts_tablet_manager.cc:1403] T e0db83150f9d42edafd6d14f20d7a0ea P cde40e0576334be381aeaafd9d8f3a88: Time spent bootstrapping tablet: real 0.033s	user 0.012s	sys 0.008s
I20260709 12:13:08.408097 32497 raft_consensus.cc:359] T 155790d1e5b145c6b9e73322afea885c P 13913fb561b14e0ca2db1d18b59944f0 [term 0 FOLLOWER]: Replica starting. Triggering 0 pending ops. Active config: opid_index: -1 OBSOLETE_local: false peers { permanent_uuid: "cde40e0576334be381aeaafd9d8f3a88" member_type: VOTER last_known_addr { host: "127.30.97.65" port: 34959 } } peers { permanent_uuid: "bf3c055b8e224e4db961772da110e14e" member_type: VOTER last_known_addr { host: "127.30.97.66" port: 42981 } } peers { permanent_uuid: "13913fb561b14e0ca2db1d18b59944f0" member_type: VOTER last_known_addr { host: "127.30.97.67" port: 33951 } }
I20260709 12:13:08.408804 32497 raft_consensus.cc:385] T 155790d1e5b145c6b9e73322afea885c P 13913fb561b14e0ca2db1d18b59944f0 [term 0 FOLLOWER]: Consensus starting up: Expiring failure detector timer to make a prompt election more likely
I20260709 12:13:08.409108 32497 raft_consensus.cc:740] T 155790d1e5b145c6b9e73322afea885c P 13913fb561b14e0ca2db1d18b59944f0 [term 0 FOLLOWER]: Becoming Follower/Learner. State: Replica: 13913fb561b14e0ca2db1d18b59944f0, State: Initialized, Role: FOLLOWER
I20260709 12:13:08.409898 32497 consensus_queue.cc:260] T 155790d1e5b145c6b9e73322afea885c P 13913fb561b14e0ca2db1d18b59944f0 [NON_LEADER]: Queue going to NON_LEADER mode. State: All replicated index: 0, Majority replicated index: 0, Committed index: 0, Last appended: 0.0, Last appended by leader: 0, Current term: 0, Majority size: -1, State: 0, Mode: NON_LEADER, active raft config: opid_index: -1 OBSOLETE_local: false peers { permanent_uuid: "cde40e0576334be381aeaafd9d8f3a88" member_type: VOTER last_known_addr { host: "127.30.97.65" port: 34959 } } peers { permanent_uuid: "bf3c055b8e224e4db961772da110e14e" member_type: VOTER last_known_addr { host: "127.30.97.66" port: 42981 } } peers { permanent_uuid: "13913fb561b14e0ca2db1d18b59944f0" member_type: VOTER last_known_addr { host: "127.30.97.67" port: 33951 } }
I20260709 12:13:08.410420 32495 raft_consensus.cc:359] T e0db83150f9d42edafd6d14f20d7a0ea P cde40e0576334be381aeaafd9d8f3a88 [term 0 FOLLOWER]: Replica starting. Triggering 0 pending ops. Active config: opid_index: -1 OBSOLETE_local: false peers { permanent_uuid: "cde40e0576334be381aeaafd9d8f3a88" member_type: VOTER last_known_addr { host: "127.30.97.65" port: 34959 } } peers { permanent_uuid: "bf3c055b8e224e4db961772da110e14e" member_type: VOTER last_known_addr { host: "127.30.97.66" port: 42981 } } peers { permanent_uuid: "13913fb561b14e0ca2db1d18b59944f0" member_type: VOTER last_known_addr { host: "127.30.97.67" port: 33951 } }
I20260709 12:13:08.411222 32495 raft_consensus.cc:385] T e0db83150f9d42edafd6d14f20d7a0ea P cde40e0576334be381aeaafd9d8f3a88 [term 0 FOLLOWER]: Consensus starting up: Expiring failure detector timer to make a prompt election more likely
I20260709 12:13:08.411500 32495 raft_consensus.cc:740] T e0db83150f9d42edafd6d14f20d7a0ea P cde40e0576334be381aeaafd9d8f3a88 [term 0 FOLLOWER]: Becoming Follower/Learner. State: Replica: cde40e0576334be381aeaafd9d8f3a88, State: Initialized, Role: FOLLOWER
I20260709 12:13:08.412207 32495 consensus_queue.cc:260] T e0db83150f9d42edafd6d14f20d7a0ea P cde40e0576334be381aeaafd9d8f3a88 [NON_LEADER]: Queue going to NON_LEADER mode. State: All replicated index: 0, Majority replicated index: 0, Committed index: 0, Last appended: 0.0, Last appended by leader: 0, Current term: 0, Majority size: -1, State: 0, Mode: NON_LEADER, active raft config: opid_index: -1 OBSOLETE_local: false peers { permanent_uuid: "cde40e0576334be381aeaafd9d8f3a88" member_type: VOTER last_known_addr { host: "127.30.97.65" port: 34959 } } peers { permanent_uuid: "bf3c055b8e224e4db961772da110e14e" member_type: VOTER last_known_addr { host: "127.30.97.66" port: 42981 } } peers { permanent_uuid: "13913fb561b14e0ca2db1d18b59944f0" member_type: VOTER last_known_addr { host: "127.30.97.67" port: 33951 } }
I20260709 12:13:08.414398 32495 ts_tablet_manager.cc:1434] T e0db83150f9d42edafd6d14f20d7a0ea P cde40e0576334be381aeaafd9d8f3a88: Time spent starting tablet: real 0.006s	user 0.003s	sys 0.005s
I20260709 12:13:08.415423 32495 tablet_bootstrap.cc:492] T 3addca2824aa41aab4b11a5155e7e4e3 P cde40e0576334be381aeaafd9d8f3a88: Bootstrap starting.
I20260709 12:13:08.419081 32549 raft_consensus.cc:493] T 155790d1e5b145c6b9e73322afea885c P 13913fb561b14e0ca2db1d18b59944f0 [term 0 FOLLOWER]: Starting pre-election (no leader contacted us within the election timeout)
I20260709 12:13:08.405097 32494 tablet_bootstrap.cc:492] T a1ec9faaa1c1482ba2ed2a47c0165bba P bf3c055b8e224e4db961772da110e14e: Bootstrap starting.
I20260709 12:13:08.419584 32549 raft_consensus.cc:515] T 155790d1e5b145c6b9e73322afea885c P 13913fb561b14e0ca2db1d18b59944f0 [term 0 FOLLOWER]: Starting pre-election with config: opid_index: -1 OBSOLETE_local: false peers { permanent_uuid: "cde40e0576334be381aeaafd9d8f3a88" member_type: VOTER last_known_addr { host: "127.30.97.65" port: 34959 } } peers { permanent_uuid: "bf3c055b8e224e4db961772da110e14e" member_type: VOTER last_known_addr { host: "127.30.97.66" port: 42981 } } peers { permanent_uuid: "13913fb561b14e0ca2db1d18b59944f0" member_type: VOTER last_known_addr { host: "127.30.97.67" port: 33951 } }
I20260709 12:13:08.423710 32301 tablet_service.cc:1917] Received RequestConsensusVote() RPC: tablet_id: "155790d1e5b145c6b9e73322afea885c" candidate_uuid: "13913fb561b14e0ca2db1d18b59944f0" candidate_term: 1 candidate_status { last_received { term: 0 index: 0 } } ignore_live_leader: false dest_uuid: "cde40e0576334be381aeaafd9d8f3a88" is_pre_election: true
I20260709 12:13:08.425230 32301 raft_consensus.cc:2468] T 155790d1e5b145c6b9e73322afea885c P cde40e0576334be381aeaafd9d8f3a88 [term 0 FOLLOWER]: Leader pre-election vote request: Granting yes vote for candidate 13913fb561b14e0ca2db1d18b59944f0 in term 0.
I20260709 12:13:08.426127 32494 tablet_bootstrap.cc:654] T a1ec9faaa1c1482ba2ed2a47c0165bba P bf3c055b8e224e4db961772da110e14e: Neither blocks nor log segments found. Creating new log.
I20260709 12:13:08.426498 32418 leader_election.cc:304] T 155790d1e5b145c6b9e73322afea885c P 13913fb561b14e0ca2db1d18b59944f0 [CANDIDATE]: Term 1 pre-election: Election decided. Result: candidate won. Election summary: received 2 responses out of 3 voters: 2 yes votes; 0 no votes. yes voters: 13913fb561b14e0ca2db1d18b59944f0, cde40e0576334be381aeaafd9d8f3a88; no voters: 
I20260709 12:13:08.427358 32687 raft_consensus.cc:2804] T 155790d1e5b145c6b9e73322afea885c P 13913fb561b14e0ca2db1d18b59944f0 [term 0 FOLLOWER]: Leader pre-election won for term 1
I20260709 12:13:08.427685 32687 raft_consensus.cc:493] T 155790d1e5b145c6b9e73322afea885c P 13913fb561b14e0ca2db1d18b59944f0 [term 0 FOLLOWER]: Starting leader election (no leader contacted us within the election timeout)
I20260709 12:13:08.427999 32687 raft_consensus.cc:3060] T 155790d1e5b145c6b9e73322afea885c P 13913fb561b14e0ca2db1d18b59944f0 [term 0 FOLLOWER]: Advancing to term 1
I20260709 12:13:08.430464 32495 tablet_bootstrap.cc:654] T 3addca2824aa41aab4b11a5155e7e4e3 P cde40e0576334be381aeaafd9d8f3a88: Neither blocks nor log segments found. Creating new log.
I20260709 12:13:08.434198 32549 leader_election.cc:290] T 155790d1e5b145c6b9e73322afea885c P 13913fb561b14e0ca2db1d18b59944f0 [CANDIDATE]: Term 1 pre-election: Requested pre-vote from peers cde40e0576334be381aeaafd9d8f3a88 (127.30.97.65:34959), bf3c055b8e224e4db961772da110e14e (127.30.97.66:42981)
I20260709 12:13:08.435982 32376 tablet_service.cc:1917] Received RequestConsensusVote() RPC: tablet_id: "155790d1e5b145c6b9e73322afea885c" candidate_uuid: "13913fb561b14e0ca2db1d18b59944f0" candidate_term: 1 candidate_status { last_received { term: 0 index: 0 } } ignore_live_leader: false dest_uuid: "bf3c055b8e224e4db961772da110e14e" is_pre_election: true
I20260709 12:13:08.436825 32376 raft_consensus.cc:2468] T 155790d1e5b145c6b9e73322afea885c P bf3c055b8e224e4db961772da110e14e [term 0 FOLLOWER]: Leader pre-election vote request: Granting yes vote for candidate 13913fb561b14e0ca2db1d18b59944f0 in term 0.
I20260709 12:13:08.437638 32687 raft_consensus.cc:515] T 155790d1e5b145c6b9e73322afea885c P 13913fb561b14e0ca2db1d18b59944f0 [term 1 FOLLOWER]: Starting leader election with config: opid_index: -1 OBSOLETE_local: false peers { permanent_uuid: "cde40e0576334be381aeaafd9d8f3a88" member_type: VOTER last_known_addr { host: "127.30.97.65" port: 34959 } } peers { permanent_uuid: "bf3c055b8e224e4db961772da110e14e" member_type: VOTER last_known_addr { host: "127.30.97.66" port: 42981 } } peers { permanent_uuid: "13913fb561b14e0ca2db1d18b59944f0" member_type: VOTER last_known_addr { host: "127.30.97.67" port: 33951 } }
I20260709 12:13:08.441066 32300 tablet_service.cc:1917] Received RequestConsensusVote() RPC: tablet_id: "155790d1e5b145c6b9e73322afea885c" candidate_uuid: "13913fb561b14e0ca2db1d18b59944f0" candidate_term: 1 candidate_status { last_received { term: 0 index: 0 } } ignore_live_leader: false dest_uuid: "cde40e0576334be381aeaafd9d8f3a88"
I20260709 12:13:08.442595 32495 tablet_bootstrap.cc:492] T 3addca2824aa41aab4b11a5155e7e4e3 P cde40e0576334be381aeaafd9d8f3a88: No bootstrap required, opened a new log
I20260709 12:13:08.442759 32687 leader_election.cc:290] T 155790d1e5b145c6b9e73322afea885c P 13913fb561b14e0ca2db1d18b59944f0 [CANDIDATE]: Term 1 election: Requested vote from peers cde40e0576334be381aeaafd9d8f3a88 (127.30.97.65:34959), bf3c055b8e224e4db961772da110e14e (127.30.97.66:42981)
I20260709 12:13:08.443059 32495 ts_tablet_manager.cc:1403] T 3addca2824aa41aab4b11a5155e7e4e3 P cde40e0576334be381aeaafd9d8f3a88: Time spent bootstrapping tablet: real 0.028s	user 0.008s	sys 0.003s
I20260709 12:13:08.442948 32378 tablet_service.cc:1917] Received RequestConsensusVote() RPC: tablet_id: "155790d1e5b145c6b9e73322afea885c" candidate_uuid: "13913fb561b14e0ca2db1d18b59944f0" candidate_term: 1 candidate_status { last_received { term: 0 index: 0 } } ignore_live_leader: false dest_uuid: "bf3c055b8e224e4db961772da110e14e"
I20260709 12:13:08.443539 32497 ts_tablet_manager.cc:1434] T 155790d1e5b145c6b9e73322afea885c P 13913fb561b14e0ca2db1d18b59944f0: Time spent starting tablet: real 0.038s	user 0.006s	sys 0.000s
I20260709 12:13:08.441691 32300 raft_consensus.cc:3060] T 155790d1e5b145c6b9e73322afea885c P cde40e0576334be381aeaafd9d8f3a88 [term 0 FOLLOWER]: Advancing to term 1
I20260709 12:13:08.446542 32497 tablet_bootstrap.cc:492] T e0db83150f9d42edafd6d14f20d7a0ea P 13913fb561b14e0ca2db1d18b59944f0: Bootstrap starting.
I20260709 12:13:08.447825 32495 raft_consensus.cc:359] T 3addca2824aa41aab4b11a5155e7e4e3 P cde40e0576334be381aeaafd9d8f3a88 [term 0 FOLLOWER]: Replica starting. Triggering 0 pending ops. Active config: opid_index: -1 OBSOLETE_local: false peers { permanent_uuid: "cde40e0576334be381aeaafd9d8f3a88" member_type: VOTER last_known_addr { host: "127.30.97.65" port: 34959 } } peers { permanent_uuid: "bf3c055b8e224e4db961772da110e14e" member_type: VOTER last_known_addr { host: "127.30.97.66" port: 42981 } } peers { permanent_uuid: "13913fb561b14e0ca2db1d18b59944f0" member_type: VOTER last_known_addr { host: "127.30.97.67" port: 33951 } }
I20260709 12:13:08.448544 32495 raft_consensus.cc:385] T 3addca2824aa41aab4b11a5155e7e4e3 P cde40e0576334be381aeaafd9d8f3a88 [term 0 FOLLOWER]: Consensus starting up: Expiring failure detector timer to make a prompt election more likely
I20260709 12:13:08.448812 32495 raft_consensus.cc:740] T 3addca2824aa41aab4b11a5155e7e4e3 P cde40e0576334be381aeaafd9d8f3a88 [term 0 FOLLOWER]: Becoming Follower/Learner. State: Replica: cde40e0576334be381aeaafd9d8f3a88, State: Initialized, Role: FOLLOWER
I20260709 12:13:08.445137 32378 raft_consensus.cc:3060] T 155790d1e5b145c6b9e73322afea885c P bf3c055b8e224e4db961772da110e14e [term 0 FOLLOWER]: Advancing to term 1
I20260709 12:13:08.453563 32497 tablet_bootstrap.cc:654] T e0db83150f9d42edafd6d14f20d7a0ea P 13913fb561b14e0ca2db1d18b59944f0: Neither blocks nor log segments found. Creating new log.
I20260709 12:13:08.453519 32495 consensus_queue.cc:260] T 3addca2824aa41aab4b11a5155e7e4e3 P cde40e0576334be381aeaafd9d8f3a88 [NON_LEADER]: Queue going to NON_LEADER mode. State: All replicated index: 0, Majority replicated index: 0, Committed index: 0, Last appended: 0.0, Last appended by leader: 0, Current term: 0, Majority size: -1, State: 0, Mode: NON_LEADER, active raft config: opid_index: -1 OBSOLETE_local: false peers { permanent_uuid: "cde40e0576334be381aeaafd9d8f3a88" member_type: VOTER last_known_addr { host: "127.30.97.65" port: 34959 } } peers { permanent_uuid: "bf3c055b8e224e4db961772da110e14e" member_type: VOTER last_known_addr { host: "127.30.97.66" port: 42981 } } peers { permanent_uuid: "13913fb561b14e0ca2db1d18b59944f0" member_type: VOTER last_known_addr { host: "127.30.97.67" port: 33951 } }
I20260709 12:13:08.455735 32495 ts_tablet_manager.cc:1434] T 3addca2824aa41aab4b11a5155e7e4e3 P cde40e0576334be381aeaafd9d8f3a88: Time spent starting tablet: real 0.010s	user 0.002s	sys 0.002s
I20260709 12:13:08.460530 32302 raft_consensus.cc:1275] T 7dce01d0a2f54531a51f98fd21ed56b7 P cde40e0576334be381aeaafd9d8f3a88 [term 2 FOLLOWER]: Refusing update from remote peer 13913fb561b14e0ca2db1d18b59944f0: Log matching property violated. Preceding OpId in replica: term: 0 index: 0. Preceding OpId from leader: term: 2 index: 1. (index mismatch)
I20260709 12:13:08.463397 32549 consensus_queue.cc:1048] T 7dce01d0a2f54531a51f98fd21ed56b7 P 13913fb561b14e0ca2db1d18b59944f0 [LEADER]: Connected to new peer: Peer: permanent_uuid: "cde40e0576334be381aeaafd9d8f3a88" member_type: VOTER last_known_addr { host: "127.30.97.65" port: 34959 }, Status: LMP_MISMATCH, Last received: 0.0, Next index: 1, Last known committed idx: 0, Time since last communication: 0.001s
I20260709 12:13:08.460623 32724 consensus_queue.cc:1048] T b272a91296d44aaf922b0eb84064c884 P bf3c055b8e224e4db961772da110e14e [LEADER]: Connected to new peer: Peer: permanent_uuid: "cde40e0576334be381aeaafd9d8f3a88" member_type: VOTER last_known_addr { host: "127.30.97.65" port: 34959 }, Status: LMP_MISMATCH, Last received: 0.0, Next index: 1, Last known committed idx: 0, Time since last communication: 0.008s
I20260709 12:13:08.457168 32495 tablet_bootstrap.cc:492] T 1058d13463784bddb3d139249f675fd4 P cde40e0576334be381aeaafd9d8f3a88: Bootstrap starting.
I20260709 12:13:08.476923 32495 tablet_bootstrap.cc:654] T 1058d13463784bddb3d139249f675fd4 P cde40e0576334be381aeaafd9d8f3a88: Neither blocks nor log segments found. Creating new log.
I20260709 12:13:08.502529 32378 raft_consensus.cc:2468] T 155790d1e5b145c6b9e73322afea885c P bf3c055b8e224e4db961772da110e14e [term 1 FOLLOWER]: Leader election vote request: Granting yes vote for candidate 13913fb561b14e0ca2db1d18b59944f0 in term 1.
I20260709 12:13:08.503947 32420 leader_election.cc:304] T 155790d1e5b145c6b9e73322afea885c P 13913fb561b14e0ca2db1d18b59944f0 [CANDIDATE]: Term 1 election: Election decided. Result: candidate won. Election summary: received 2 responses out of 3 voters: 2 yes votes; 0 no votes. yes voters: 13913fb561b14e0ca2db1d18b59944f0, bf3c055b8e224e4db961772da110e14e; no voters: 
I20260709 12:13:08.505287 32687 raft_consensus.cc:2804] T 155790d1e5b145c6b9e73322afea885c P 13913fb561b14e0ca2db1d18b59944f0 [term 1 FOLLOWER]: Leader election won for term 1
I20260709 12:13:08.505872 32687 raft_consensus.cc:697] T 155790d1e5b145c6b9e73322afea885c P 13913fb561b14e0ca2db1d18b59944f0 [term 1 LEADER]: Becoming Leader. State: Replica: 13913fb561b14e0ca2db1d18b59944f0, State: Running, Role: LEADER
I20260709 12:13:08.507042 32687 consensus_queue.cc:237] T 155790d1e5b145c6b9e73322afea885c P 13913fb561b14e0ca2db1d18b59944f0 [LEADER]: Queue going to LEADER mode. State: All replicated index: 0, Majority replicated index: 0, Committed index: 0, Last appended: 0.0, Last appended by leader: 0, Current term: 1, Majority size: 2, State: 0, Mode: LEADER, active raft config: opid_index: -1 OBSOLETE_local: false peers { permanent_uuid: "cde40e0576334be381aeaafd9d8f3a88" member_type: VOTER last_known_addr { host: "127.30.97.65" port: 34959 } } peers { permanent_uuid: "bf3c055b8e224e4db961772da110e14e" member_type: VOTER last_known_addr { host: "127.30.97.66" port: 42981 } } peers { permanent_uuid: "13913fb561b14e0ca2db1d18b59944f0" member_type: VOTER last_known_addr { host: "127.30.97.67" port: 33951 } }
I20260709 12:13:08.515403 32719 consensus_queue.cc:1048] T b272a91296d44aaf922b0eb84064c884 P bf3c055b8e224e4db961772da110e14e [LEADER]: Connected to new peer: Peer: permanent_uuid: "13913fb561b14e0ca2db1d18b59944f0" member_type: VOTER last_known_addr { host: "127.30.97.67" port: 33951 }, Status: LMP_MISMATCH, Last received: 0.0, Next index: 1, Last known committed idx: 0, Time since last communication: 0.000s
I20260709 12:13:08.517704 32300 raft_consensus.cc:2468] T 155790d1e5b145c6b9e73322afea885c P cde40e0576334be381aeaafd9d8f3a88 [term 1 FOLLOWER]: Leader election vote request: Granting yes vote for candidate 13913fb561b14e0ca2db1d18b59944f0 in term 1.
I20260709 12:13:08.522341 32494 tablet_bootstrap.cc:492] T a1ec9faaa1c1482ba2ed2a47c0165bba P bf3c055b8e224e4db961772da110e14e: No bootstrap required, opened a new log
I20260709 12:13:08.522816 32494 ts_tablet_manager.cc:1403] T a1ec9faaa1c1482ba2ed2a47c0165bba P bf3c055b8e224e4db961772da110e14e: Time spent bootstrapping tablet: real 0.118s	user 0.048s	sys 0.036s
I20260709 12:13:08.525447 32494 raft_consensus.cc:359] T a1ec9faaa1c1482ba2ed2a47c0165bba P bf3c055b8e224e4db961772da110e14e [term 0 FOLLOWER]: Replica starting. Triggering 0 pending ops. Active config: opid_index: -1 OBSOLETE_local: false peers { permanent_uuid: "cde40e0576334be381aeaafd9d8f3a88" member_type: VOTER last_known_addr { host: "127.30.97.65" port: 34959 } } peers { permanent_uuid: "bf3c055b8e224e4db961772da110e14e" member_type: VOTER last_known_addr { host: "127.30.97.66" port: 42981 } } peers { permanent_uuid: "13913fb561b14e0ca2db1d18b59944f0" member_type: VOTER last_known_addr { host: "127.30.97.67" port: 33951 } }
I20260709 12:13:08.528797 32494 raft_consensus.cc:385] T a1ec9faaa1c1482ba2ed2a47c0165bba P bf3c055b8e224e4db961772da110e14e [term 0 FOLLOWER]: Consensus starting up: Expiring failure detector timer to make a prompt election more likely
I20260709 12:13:08.541278 32494 raft_consensus.cc:740] T a1ec9faaa1c1482ba2ed2a47c0165bba P bf3c055b8e224e4db961772da110e14e [term 0 FOLLOWER]: Becoming Follower/Learner. State: Replica: bf3c055b8e224e4db961772da110e14e, State: Initialized, Role: FOLLOWER
I20260709 12:13:08.542058 32494 consensus_queue.cc:260] T a1ec9faaa1c1482ba2ed2a47c0165bba P bf3c055b8e224e4db961772da110e14e [NON_LEADER]: Queue going to NON_LEADER mode. State: All replicated index: 0, Majority replicated index: 0, Committed index: 0, Last appended: 0.0, Last appended by leader: 0, Current term: 0, Majority size: -1, State: 0, Mode: NON_LEADER, active raft config: opid_index: -1 OBSOLETE_local: false peers { permanent_uuid: "cde40e0576334be381aeaafd9d8f3a88" member_type: VOTER last_known_addr { host: "127.30.97.65" port: 34959 } } peers { permanent_uuid: "bf3c055b8e224e4db961772da110e14e" member_type: VOTER last_known_addr { host: "127.30.97.66" port: 42981 } } peers { permanent_uuid: "13913fb561b14e0ca2db1d18b59944f0" member_type: VOTER last_known_addr { host: "127.30.97.67" port: 33951 } }
I20260709 12:13:08.530890 32553 consensus_queue.cc:1048] T 466d815f64784be5a8257d7a4e95a511 P bf3c055b8e224e4db961772da110e14e [LEADER]: Connected to new peer: Peer: permanent_uuid: "cde40e0576334be381aeaafd9d8f3a88" member_type: VOTER last_known_addr { host: "127.30.97.65" port: 34959 }, Status: LMP_MISMATCH, Last received: 0.0, Next index: 1, Last known committed idx: 0, Time since last communication: 0.001s
I20260709 12:13:08.538657 32495 tablet_bootstrap.cc:492] T 1058d13463784bddb3d139249f675fd4 P cde40e0576334be381aeaafd9d8f3a88: No bootstrap required, opened a new log
I20260709 12:13:08.544293 32495 ts_tablet_manager.cc:1403] T 1058d13463784bddb3d139249f675fd4 P cde40e0576334be381aeaafd9d8f3a88: Time spent bootstrapping tablet: real 0.087s	user 0.012s	sys 0.006s
I20260709 12:13:08.545281 32494 ts_tablet_manager.cc:1434] T a1ec9faaa1c1482ba2ed2a47c0165bba P bf3c055b8e224e4db961772da110e14e: Time spent starting tablet: real 0.022s	user 0.006s	sys 0.000s
I20260709 12:13:08.546336 32494 tablet_bootstrap.cc:492] T 3addca2824aa41aab4b11a5155e7e4e3 P bf3c055b8e224e4db961772da110e14e: Bootstrap starting.
I20260709 12:13:08.550218 32495 raft_consensus.cc:359] T 1058d13463784bddb3d139249f675fd4 P cde40e0576334be381aeaafd9d8f3a88 [term 0 FOLLOWER]: Replica starting. Triggering 0 pending ops. Active config: opid_index: -1 OBSOLETE_local: false peers { permanent_uuid: "cde40e0576334be381aeaafd9d8f3a88" member_type: VOTER last_known_addr { host: "127.30.97.65" port: 34959 } } peers { permanent_uuid: "bf3c055b8e224e4db961772da110e14e" member_type: VOTER last_known_addr { host: "127.30.97.66" port: 42981 } } peers { permanent_uuid: "13913fb561b14e0ca2db1d18b59944f0" member_type: VOTER last_known_addr { host: "127.30.97.67" port: 33951 } }
I20260709 12:13:08.550922 32495 raft_consensus.cc:385] T 1058d13463784bddb3d139249f675fd4 P cde40e0576334be381aeaafd9d8f3a88 [term 0 FOLLOWER]: Consensus starting up: Expiring failure detector timer to make a prompt election more likely
I20260709 12:13:08.551196 32495 raft_consensus.cc:740] T 1058d13463784bddb3d139249f675fd4 P cde40e0576334be381aeaafd9d8f3a88 [term 0 FOLLOWER]: Becoming Follower/Learner. State: Replica: cde40e0576334be381aeaafd9d8f3a88, State: Initialized, Role: FOLLOWER
I20260709 12:13:08.551816 32495 consensus_queue.cc:260] T 1058d13463784bddb3d139249f675fd4 P cde40e0576334be381aeaafd9d8f3a88 [NON_LEADER]: Queue going to NON_LEADER mode. State: All replicated index: 0, Majority replicated index: 0, Committed index: 0, Last appended: 0.0, Last appended by leader: 0, Current term: 0, Majority size: -1, State: 0, Mode: NON_LEADER, active raft config: opid_index: -1 OBSOLETE_local: false peers { permanent_uuid: "cde40e0576334be381aeaafd9d8f3a88" member_type: VOTER last_known_addr { host: "127.30.97.65" port: 34959 } } peers { permanent_uuid: "bf3c055b8e224e4db961772da110e14e" member_type: VOTER last_known_addr { host: "127.30.97.66" port: 42981 } } peers { permanent_uuid: "13913fb561b14e0ca2db1d18b59944f0" member_type: VOTER last_known_addr { host: "127.30.97.67" port: 33951 } }
I20260709 12:13:08.557340 32378 raft_consensus.cc:1275] T 7dce01d0a2f54531a51f98fd21ed56b7 P bf3c055b8e224e4db961772da110e14e [term 2 FOLLOWER]: Refusing update from remote peer 13913fb561b14e0ca2db1d18b59944f0: Log matching property violated. Preceding OpId in replica: term: 0 index: 0. Preceding OpId from leader: term: 2 index: 1. (index mismatch)
I20260709 12:13:08.558202 32495 ts_tablet_manager.cc:1434] T 1058d13463784bddb3d139249f675fd4 P cde40e0576334be381aeaafd9d8f3a88: Time spent starting tablet: real 0.014s	user 0.007s	sys 0.000s
I20260709 12:13:08.559168 32495 tablet_bootstrap.cc:492] T 34ab0c10f7804383ba33edb2f6af4193 P cde40e0576334be381aeaafd9d8f3a88: Bootstrap starting.
I20260709 12:13:08.560120 32494 tablet_bootstrap.cc:654] T 3addca2824aa41aab4b11a5155e7e4e3 P bf3c055b8e224e4db961772da110e14e: Neither blocks nor log segments found. Creating new log.
I20260709 12:13:08.562647 32202 catalog_manager.cc:5697] T 155790d1e5b145c6b9e73322afea885c P 13913fb561b14e0ca2db1d18b59944f0 reported cstate change: term changed from 0 to 1, leader changed from <none> to 13913fb561b14e0ca2db1d18b59944f0 (127.30.97.67). New cstate: current_term: 1 leader_uuid: "13913fb561b14e0ca2db1d18b59944f0" committed_config { opid_index: -1 OBSOLETE_local: false peers { permanent_uuid: "cde40e0576334be381aeaafd9d8f3a88" member_type: VOTER last_known_addr { host: "127.30.97.65" port: 34959 } health_report { overall_health: UNKNOWN } } peers { permanent_uuid: "bf3c055b8e224e4db961772da110e14e" member_type: VOTER last_known_addr { host: "127.30.97.66" port: 42981 } health_report { overall_health: UNKNOWN } } peers { permanent_uuid: "13913fb561b14e0ca2db1d18b59944f0" member_type: VOTER last_known_addr { host: "127.30.97.67" port: 33951 } health_report { overall_health: HEALTHY } } }
I20260709 12:13:08.575091 32531 raft_consensus.cc:493] T 3addca2824aa41aab4b11a5155e7e4e3 P 13913fb561b14e0ca2db1d18b59944f0 [term 0 FOLLOWER]: Starting pre-election (no leader contacted us within the election timeout)
I20260709 12:13:08.575671 32531 raft_consensus.cc:515] T 3addca2824aa41aab4b11a5155e7e4e3 P 13913fb561b14e0ca2db1d18b59944f0 [term 0 FOLLOWER]: Starting pre-election with config: opid_index: -1 OBSOLETE_local: false peers { permanent_uuid: "cde40e0576334be381aeaafd9d8f3a88" member_type: VOTER last_known_addr { host: "127.30.97.65" port: 34959 } } peers { permanent_uuid: "bf3c055b8e224e4db961772da110e14e" member_type: VOTER last_known_addr { host: "127.30.97.66" port: 42981 } } peers { permanent_uuid: "13913fb561b14e0ca2db1d18b59944f0" member_type: VOTER last_known_addr { host: "127.30.97.67" port: 33951 } }
I20260709 12:13:08.583046 32300 tablet_service.cc:1917] Received RequestConsensusVote() RPC: tablet_id: "3addca2824aa41aab4b11a5155e7e4e3" candidate_uuid: "13913fb561b14e0ca2db1d18b59944f0" candidate_term: 1 candidate_status { last_received { term: 0 index: 0 } } ignore_live_leader: false dest_uuid: "cde40e0576334be381aeaafd9d8f3a88" is_pre_election: true
I20260709 12:13:08.583698 32300 raft_consensus.cc:2468] T 3addca2824aa41aab4b11a5155e7e4e3 P cde40e0576334be381aeaafd9d8f3a88 [term 0 FOLLOWER]: Leader pre-election vote request: Granting yes vote for candidate 13913fb561b14e0ca2db1d18b59944f0 in term 0.
I20260709 12:13:08.585834 32531 leader_election.cc:290] T 3addca2824aa41aab4b11a5155e7e4e3 P 13913fb561b14e0ca2db1d18b59944f0 [CANDIDATE]: Term 1 pre-election: Requested pre-vote from peers cde40e0576334be381aeaafd9d8f3a88 (127.30.97.65:34959), bf3c055b8e224e4db961772da110e14e (127.30.97.66:42981)
I20260709 12:13:08.586318 32418 leader_election.cc:304] T 3addca2824aa41aab4b11a5155e7e4e3 P 13913fb561b14e0ca2db1d18b59944f0 [CANDIDATE]: Term 1 pre-election: Election decided. Result: candidate won. Election summary: received 2 responses out of 3 voters: 2 yes votes; 0 no votes. yes voters: 13913fb561b14e0ca2db1d18b59944f0, cde40e0576334be381aeaafd9d8f3a88; no voters: 
I20260709 12:13:08.589884 32624 raft_consensus.cc:2804] T 3addca2824aa41aab4b11a5155e7e4e3 P 13913fb561b14e0ca2db1d18b59944f0 [term 0 FOLLOWER]: Leader pre-election won for term 1
I20260709 12:13:08.590298 32624 raft_consensus.cc:493] T 3addca2824aa41aab4b11a5155e7e4e3 P 13913fb561b14e0ca2db1d18b59944f0 [term 0 FOLLOWER]: Starting leader election (no leader contacted us within the election timeout)
I20260709 12:13:08.590626 32624 raft_consensus.cc:3060] T 3addca2824aa41aab4b11a5155e7e4e3 P 13913fb561b14e0ca2db1d18b59944f0 [term 0 FOLLOWER]: Advancing to term 1
I20260709 12:13:08.573740 32687 consensus_queue.cc:1048] T 7dce01d0a2f54531a51f98fd21ed56b7 P 13913fb561b14e0ca2db1d18b59944f0 [LEADER]: Connected to new peer: Peer: permanent_uuid: "bf3c055b8e224e4db961772da110e14e" member_type: VOTER last_known_addr { host: "127.30.97.66" port: 42981 }, Status: LMP_MISMATCH, Last received: 0.0, Next index: 1, Last known committed idx: 0, Time since last communication: 0.013s
I20260709 12:13:08.593075 32497 tablet_bootstrap.cc:492] T e0db83150f9d42edafd6d14f20d7a0ea P 13913fb561b14e0ca2db1d18b59944f0: No bootstrap required, opened a new log
I20260709 12:13:08.594123 32497 ts_tablet_manager.cc:1403] T e0db83150f9d42edafd6d14f20d7a0ea P 13913fb561b14e0ca2db1d18b59944f0: Time spent bootstrapping tablet: real 0.148s	user 0.031s	sys 0.018s
I20260709 12:13:08.596352 32378 tablet_service.cc:1917] Received RequestConsensusVote() RPC: tablet_id: "3addca2824aa41aab4b11a5155e7e4e3" candidate_uuid: "13913fb561b14e0ca2db1d18b59944f0" candidate_term: 1 candidate_status { last_received { term: 0 index: 0 } } ignore_live_leader: false dest_uuid: "bf3c055b8e224e4db961772da110e14e" is_pre_election: true
W20260709 12:13:08.598007 32420 leader_election.cc:343] T 3addca2824aa41aab4b11a5155e7e4e3 P 13913fb561b14e0ca2db1d18b59944f0 [CANDIDATE]: Term 1 pre-election: Tablet error from VoteRequest() call to peer bf3c055b8e224e4db961772da110e14e (127.30.97.66:42981): Illegal state: must be running to vote when last-logged opid is not known
I20260709 12:13:08.606169 32624 raft_consensus.cc:515] T 3addca2824aa41aab4b11a5155e7e4e3 P 13913fb561b14e0ca2db1d18b59944f0 [term 1 FOLLOWER]: Starting leader election with config: opid_index: -1 OBSOLETE_local: false peers { permanent_uuid: "cde40e0576334be381aeaafd9d8f3a88" member_type: VOTER last_known_addr { host: "127.30.97.65" port: 34959 } } peers { permanent_uuid: "bf3c055b8e224e4db961772da110e14e" member_type: VOTER last_known_addr { host: "127.30.97.66" port: 42981 } } peers { permanent_uuid: "13913fb561b14e0ca2db1d18b59944f0" member_type: VOTER last_known_addr { host: "127.30.97.67" port: 33951 } }
I20260709 12:13:08.609309 32302 tablet_service.cc:1917] Received RequestConsensusVote() RPC: tablet_id: "3addca2824aa41aab4b11a5155e7e4e3" candidate_uuid: "13913fb561b14e0ca2db1d18b59944f0" candidate_term: 1 candidate_status { last_received { term: 0 index: 0 } } ignore_live_leader: false dest_uuid: "cde40e0576334be381aeaafd9d8f3a88"
I20260709 12:13:08.609977 32302 raft_consensus.cc:3060] T 3addca2824aa41aab4b11a5155e7e4e3 P cde40e0576334be381aeaafd9d8f3a88 [term 0 FOLLOWER]: Advancing to term 1
I20260709 12:13:08.611232 32624 leader_election.cc:290] T 3addca2824aa41aab4b11a5155e7e4e3 P 13913fb561b14e0ca2db1d18b59944f0 [CANDIDATE]: Term 1 election: Requested vote from peers cde40e0576334be381aeaafd9d8f3a88 (127.30.97.65:34959), bf3c055b8e224e4db961772da110e14e (127.30.97.66:42981)
I20260709 12:13:08.612450 32376 tablet_service.cc:1917] Received RequestConsensusVote() RPC: tablet_id: "3addca2824aa41aab4b11a5155e7e4e3" candidate_uuid: "13913fb561b14e0ca2db1d18b59944f0" candidate_term: 1 candidate_status { last_received { term: 0 index: 0 } } ignore_live_leader: false dest_uuid: "bf3c055b8e224e4db961772da110e14e"
W20260709 12:13:08.613900 32420 leader_election.cc:343] T 3addca2824aa41aab4b11a5155e7e4e3 P 13913fb561b14e0ca2db1d18b59944f0 [CANDIDATE]: Term 1 election: Tablet error from VoteRequest() call to peer bf3c055b8e224e4db961772da110e14e (127.30.97.66:42981): Illegal state: must be running to vote when last-logged opid is not known
I20260709 12:13:08.614135 32499 raft_consensus.cc:493] T e0db83150f9d42edafd6d14f20d7a0ea P cde40e0576334be381aeaafd9d8f3a88 [term 0 FOLLOWER]: Starting pre-election (no leader contacted us within the election timeout)
I20260709 12:13:08.614588 32499 raft_consensus.cc:515] T e0db83150f9d42edafd6d14f20d7a0ea P cde40e0576334be381aeaafd9d8f3a88 [term 0 FOLLOWER]: Starting pre-election with config: opid_index: -1 OBSOLETE_local: false peers { permanent_uuid: "cde40e0576334be381aeaafd9d8f3a88" member_type: VOTER last_known_addr { host: "127.30.97.65" port: 34959 } } peers { permanent_uuid: "bf3c055b8e224e4db961772da110e14e" member_type: VOTER last_known_addr { host: "127.30.97.66" port: 42981 } } peers { permanent_uuid: "13913fb561b14e0ca2db1d18b59944f0" member_type: VOTER last_known_addr { host: "127.30.97.67" port: 33951 } }
I20260709 12:13:08.616369 32495 tablet_bootstrap.cc:654] T 34ab0c10f7804383ba33edb2f6af4193 P cde40e0576334be381aeaafd9d8f3a88: Neither blocks nor log segments found. Creating new log.
I20260709 12:13:08.616556 32499 leader_election.cc:290] T e0db83150f9d42edafd6d14f20d7a0ea P cde40e0576334be381aeaafd9d8f3a88 [CANDIDATE]: Term 1 pre-election: Requested pre-vote from peers bf3c055b8e224e4db961772da110e14e (127.30.97.66:42981), 13913fb561b14e0ca2db1d18b59944f0 (127.30.97.67:33951)
I20260709 12:13:08.619680 32454 tablet_service.cc:1917] Received RequestConsensusVote() RPC: tablet_id: "e0db83150f9d42edafd6d14f20d7a0ea" candidate_uuid: "cde40e0576334be381aeaafd9d8f3a88" candidate_term: 1 candidate_status { last_received { term: 0 index: 0 } } ignore_live_leader: false dest_uuid: "13913fb561b14e0ca2db1d18b59944f0" is_pre_election: true
I20260709 12:13:08.621084 32497 raft_consensus.cc:359] T e0db83150f9d42edafd6d14f20d7a0ea P 13913fb561b14e0ca2db1d18b59944f0 [term 0 FOLLOWER]: Replica starting. Triggering 0 pending ops. Active config: opid_index: -1 OBSOLETE_local: false peers { permanent_uuid: "cde40e0576334be381aeaafd9d8f3a88" member_type: VOTER last_known_addr { host: "127.30.97.65" port: 34959 } } peers { permanent_uuid: "bf3c055b8e224e4db961772da110e14e" member_type: VOTER last_known_addr { host: "127.30.97.66" port: 42981 } } peers { permanent_uuid: "13913fb561b14e0ca2db1d18b59944f0" member_type: VOTER last_known_addr { host: "127.30.97.67" port: 33951 } }
I20260709 12:13:08.621744 32497 raft_consensus.cc:385] T e0db83150f9d42edafd6d14f20d7a0ea P 13913fb561b14e0ca2db1d18b59944f0 [term 0 FOLLOWER]: Consensus starting up: Expiring failure detector timer to make a prompt election more likely
I20260709 12:13:08.622017 32497 raft_consensus.cc:740] T e0db83150f9d42edafd6d14f20d7a0ea P 13913fb561b14e0ca2db1d18b59944f0 [term 0 FOLLOWER]: Becoming Follower/Learner. State: Replica: 13913fb561b14e0ca2db1d18b59944f0, State: Initialized, Role: FOLLOWER
I20260709 12:13:08.622578 32497 consensus_queue.cc:260] T e0db83150f9d42edafd6d14f20d7a0ea P 13913fb561b14e0ca2db1d18b59944f0 [NON_LEADER]: Queue going to NON_LEADER mode. State: All replicated index: 0, Majority replicated index: 0, Committed index: 0, Last appended: 0.0, Last appended by leader: 0, Current term: 0, Majority size: -1, State: 0, Mode: NON_LEADER, active raft config: opid_index: -1 OBSOLETE_local: false peers { permanent_uuid: "cde40e0576334be381aeaafd9d8f3a88" member_type: VOTER last_known_addr { host: "127.30.97.65" port: 34959 } } peers { permanent_uuid: "bf3c055b8e224e4db961772da110e14e" member_type: VOTER last_known_addr { host: "127.30.97.66" port: 42981 } } peers { permanent_uuid: "13913fb561b14e0ca2db1d18b59944f0" member_type: VOTER last_known_addr { host: "127.30.97.67" port: 33951 } }
I20260709 12:13:08.624907 32497 ts_tablet_manager.cc:1434] T e0db83150f9d42edafd6d14f20d7a0ea P 13913fb561b14e0ca2db1d18b59944f0: Time spent starting tablet: real 0.031s	user 0.005s	sys 0.000s
I20260709 12:13:08.625861 32497 tablet_bootstrap.cc:492] T dee3fd32616b46109a4f5a0d01d3fb24 P 13913fb561b14e0ca2db1d18b59944f0: Bootstrap starting.
I20260709 12:13:08.625880 32376 tablet_service.cc:1917] Received RequestConsensusVote() RPC: tablet_id: "e0db83150f9d42edafd6d14f20d7a0ea" candidate_uuid: "cde40e0576334be381aeaafd9d8f3a88" candidate_term: 1 candidate_status { last_received { term: 0 index: 0 } } ignore_live_leader: false dest_uuid: "bf3c055b8e224e4db961772da110e14e" is_pre_election: true
I20260709 12:13:08.626688 32376 raft_consensus.cc:2468] T e0db83150f9d42edafd6d14f20d7a0ea P bf3c055b8e224e4db961772da110e14e [term 0 FOLLOWER]: Leader pre-election vote request: Granting yes vote for candidate cde40e0576334be381aeaafd9d8f3a88 in term 0.
I20260709 12:13:08.628381 32302 raft_consensus.cc:2468] T 3addca2824aa41aab4b11a5155e7e4e3 P cde40e0576334be381aeaafd9d8f3a88 [term 1 FOLLOWER]: Leader election vote request: Granting yes vote for candidate 13913fb561b14e0ca2db1d18b59944f0 in term 1.
I20260709 12:13:08.632295 32418 leader_election.cc:304] T 3addca2824aa41aab4b11a5155e7e4e3 P 13913fb561b14e0ca2db1d18b59944f0 [CANDIDATE]: Term 1 election: Election decided. Result: candidate won. Election summary: received 3 responses out of 3 voters: 2 yes votes; 1 no votes. yes voters: 13913fb561b14e0ca2db1d18b59944f0, cde40e0576334be381aeaafd9d8f3a88; no voters: bf3c055b8e224e4db961772da110e14e
I20260709 12:13:08.633775 32719 raft_consensus.cc:493] T c34a0186f0724a79b4e18b7c1574d0ac P bf3c055b8e224e4db961772da110e14e [term 0 FOLLOWER]: Starting pre-election (no leader contacted us within the election timeout)
I20260709 12:13:08.633939 32687 raft_consensus.cc:2804] T 3addca2824aa41aab4b11a5155e7e4e3 P 13913fb561b14e0ca2db1d18b59944f0 [term 1 FOLLOWER]: Leader election won for term 1
I20260709 12:13:08.634476 32687 raft_consensus.cc:697] T 3addca2824aa41aab4b11a5155e7e4e3 P 13913fb561b14e0ca2db1d18b59944f0 [term 1 LEADER]: Becoming Leader. State: Replica: 13913fb561b14e0ca2db1d18b59944f0, State: Running, Role: LEADER
I20260709 12:13:08.634316 32719 raft_consensus.cc:515] T c34a0186f0724a79b4e18b7c1574d0ac P bf3c055b8e224e4db961772da110e14e [term 0 FOLLOWER]: Starting pre-election with config: opid_index: -1 OBSOLETE_local: false peers { permanent_uuid: "cde40e0576334be381aeaafd9d8f3a88" member_type: VOTER last_known_addr { host: "127.30.97.65" port: 34959 } } peers { permanent_uuid: "bf3c055b8e224e4db961772da110e14e" member_type: VOTER last_known_addr { host: "127.30.97.66" port: 42981 } } peers { permanent_uuid: "13913fb561b14e0ca2db1d18b59944f0" member_type: VOTER last_known_addr { host: "127.30.97.67" port: 33951 } }
I20260709 12:13:08.635452 32687 consensus_queue.cc:237] T 3addca2824aa41aab4b11a5155e7e4e3 P 13913fb561b14e0ca2db1d18b59944f0 [LEADER]: Queue going to LEADER mode. State: All replicated index: 0, Majority replicated index: 0, Committed index: 0, Last appended: 0.0, Last appended by leader: 0, Current term: 1, Majority size: 2, State: 0, Mode: LEADER, active raft config: opid_index: -1 OBSOLETE_local: false peers { permanent_uuid: "cde40e0576334be381aeaafd9d8f3a88" member_type: VOTER last_known_addr { host: "127.30.97.65" port: 34959 } } peers { permanent_uuid: "bf3c055b8e224e4db961772da110e14e" member_type: VOTER last_known_addr { host: "127.30.97.66" port: 42981 } } peers { permanent_uuid: "13913fb561b14e0ca2db1d18b59944f0" member_type: VOTER last_known_addr { host: "127.30.97.67" port: 33951 } }
I20260709 12:13:08.636601 32719 leader_election.cc:290] T c34a0186f0724a79b4e18b7c1574d0ac P bf3c055b8e224e4db961772da110e14e [CANDIDATE]: Term 1 pre-election: Requested pre-vote from peers cde40e0576334be381aeaafd9d8f3a88 (127.30.97.65:34959), 13913fb561b14e0ca2db1d18b59944f0 (127.30.97.67:33951)
W20260709 12:13:08.629684 32269 leader_election.cc:343] T e0db83150f9d42edafd6d14f20d7a0ea P cde40e0576334be381aeaafd9d8f3a88 [CANDIDATE]: Term 1 pre-election: Tablet error from VoteRequest() call to peer 13913fb561b14e0ca2db1d18b59944f0 (127.30.97.67:33951): Illegal state: must be running to vote when last-logged opid is not known
I20260709 12:13:08.640456 32271 leader_election.cc:304] T e0db83150f9d42edafd6d14f20d7a0ea P cde40e0576334be381aeaafd9d8f3a88 [CANDIDATE]: Term 1 pre-election: Election decided. Result: candidate won. Election summary: received 3 responses out of 3 voters: 2 yes votes; 1 no votes. yes voters: bf3c055b8e224e4db961772da110e14e, cde40e0576334be381aeaafd9d8f3a88; no voters: 13913fb561b14e0ca2db1d18b59944f0
I20260709 12:13:08.641479 32666 raft_consensus.cc:2804] T e0db83150f9d42edafd6d14f20d7a0ea P cde40e0576334be381aeaafd9d8f3a88 [term 0 FOLLOWER]: Leader pre-election won for term 1
I20260709 12:13:08.641896 32666 raft_consensus.cc:493] T e0db83150f9d42edafd6d14f20d7a0ea P cde40e0576334be381aeaafd9d8f3a88 [term 0 FOLLOWER]: Starting leader election (no leader contacted us within the election timeout)
I20260709 12:13:08.642225 32666 raft_consensus.cc:3060] T e0db83150f9d42edafd6d14f20d7a0ea P cde40e0576334be381aeaafd9d8f3a88 [term 0 FOLLOWER]: Advancing to term 1
I20260709 12:13:08.642565 32454 tablet_service.cc:1917] Received RequestConsensusVote() RPC: tablet_id: "c34a0186f0724a79b4e18b7c1574d0ac" candidate_uuid: "bf3c055b8e224e4db961772da110e14e" candidate_term: 1 candidate_status { last_received { term: 0 index: 0 } } ignore_live_leader: false dest_uuid: "13913fb561b14e0ca2db1d18b59944f0" is_pre_election: true
I20260709 12:13:08.643527 32300 tablet_service.cc:1917] Received RequestConsensusVote() RPC: tablet_id: "c34a0186f0724a79b4e18b7c1574d0ac" candidate_uuid: "bf3c055b8e224e4db961772da110e14e" candidate_term: 1 candidate_status { last_received { term: 0 index: 0 } } ignore_live_leader: false dest_uuid: "cde40e0576334be381aeaafd9d8f3a88" is_pre_election: true
W20260709 12:13:08.646381 32344 leader_election.cc:343] T c34a0186f0724a79b4e18b7c1574d0ac P bf3c055b8e224e4db961772da110e14e [CANDIDATE]: Term 1 pre-election: Tablet error from VoteRequest() call to peer cde40e0576334be381aeaafd9d8f3a88 (127.30.97.65:34959): Illegal state: must be running to vote when last-logged opid is not known
W20260709 12:13:08.648032 32344 leader_election.cc:343] T c34a0186f0724a79b4e18b7c1574d0ac P bf3c055b8e224e4db961772da110e14e [CANDIDATE]: Term 1 pre-election: Tablet error from VoteRequest() call to peer 13913fb561b14e0ca2db1d18b59944f0 (127.30.97.67:33951): Illegal state: must be running to vote when last-logged opid is not known
I20260709 12:13:08.648398 32344 leader_election.cc:304] T c34a0186f0724a79b4e18b7c1574d0ac P bf3c055b8e224e4db961772da110e14e [CANDIDATE]: Term 1 pre-election: Election decided. Result: candidate lost. Election summary: received 3 responses out of 3 voters: 1 yes votes; 2 no votes. yes voters: bf3c055b8e224e4db961772da110e14e; no voters: 13913fb561b14e0ca2db1d18b59944f0, cde40e0576334be381aeaafd9d8f3a88
I20260709 12:13:08.649961 32553 raft_consensus.cc:2749] T c34a0186f0724a79b4e18b7c1574d0ac P bf3c055b8e224e4db961772da110e14e [term 0 FOLLOWER]: Leader pre-election lost for term 1. Reason: could not achieve majority
I20260709 12:13:08.651204 32494 tablet_bootstrap.cc:492] T 3addca2824aa41aab4b11a5155e7e4e3 P bf3c055b8e224e4db961772da110e14e: No bootstrap required, opened a new log
I20260709 12:13:08.651772 32494 ts_tablet_manager.cc:1403] T 3addca2824aa41aab4b11a5155e7e4e3 P bf3c055b8e224e4db961772da110e14e: Time spent bootstrapping tablet: real 0.106s	user 0.011s	sys 0.009s
W20260709 12:13:08.653142 32251 auto_rebalancer.cc:288] Could not retrieve cluster info: Service unavailable: Tablet not running
I20260709 12:13:08.661772 32497 tablet_bootstrap.cc:654] T dee3fd32616b46109a4f5a0d01d3fb24 P 13913fb561b14e0ca2db1d18b59944f0: Neither blocks nor log segments found. Creating new log.
