I20260709 12:13:08.056828  9443 raft_consensus.cc:697] T ecdd0d22bb0f4a328725d64b9e8ff262 P 39e06ca098664c82a98889e0b9c3396c [term 1 LEADER]: Becoming Leader. State: Replica: 39e06ca098664c82a98889e0b9c3396c, State: Running, Role: LEADER
I20260709 12:13:08.057608  9262 raft_consensus.cc:359] T 3d41d919141347b1ac1a40bc6df94953 P bbd7e1cc816f428b9b754b6c4e8a0c33 [term 0 FOLLOWER]: Replica starting. Triggering 0 pending ops. Active config: opid_index: -1 OBSOLETE_local: false peers { permanent_uuid: "bbd7e1cc816f428b9b754b6c4e8a0c33" member_type: VOTER last_known_addr { host: "127.7.177.129" port: 46535 } } peers { permanent_uuid: "39e06ca098664c82a98889e0b9c3396c" member_type: VOTER last_known_addr { host: "127.7.177.130" port: 38329 } } peers { permanent_uuid: "b631dcf40a374e10b7eacd3cbdf8f50a" member_type: VOTER last_known_addr { host: "127.7.177.131" port: 33315 } }
I20260709 12:13:08.058425  9262 raft_consensus.cc:385] T 3d41d919141347b1ac1a40bc6df94953 P bbd7e1cc816f428b9b754b6c4e8a0c33 [term 0 FOLLOWER]: Consensus starting up: Expiring failure detector timer to make a prompt election more likely
I20260709 12:13:08.057912  9443 consensus_queue.cc:237] T ecdd0d22bb0f4a328725d64b9e8ff262 P 39e06ca098664c82a98889e0b9c3396c [LEADER]: Queue going to LEADER mode. State: All replicated index: 0, Majority replicated index: 0, Committed index: 0, Last appended: 0.0, Last appended by leader: 0, Current term: 1, Majority size: 2, State: 0, Mode: LEADER, active raft config: opid_index: -1 OBSOLETE_local: false peers { permanent_uuid: "bbd7e1cc816f428b9b754b6c4e8a0c33" member_type: VOTER last_known_addr { host: "127.7.177.129" port: 46535 } } peers { permanent_uuid: "39e06ca098664c82a98889e0b9c3396c" member_type: VOTER last_known_addr { host: "127.7.177.130" port: 38329 } } peers { permanent_uuid: "b631dcf40a374e10b7eacd3cbdf8f50a" member_type: VOTER last_known_addr { host: "127.7.177.131" port: 33315 } }
I20260709 12:13:08.058745  9262 raft_consensus.cc:740] T 3d41d919141347b1ac1a40bc6df94953 P bbd7e1cc816f428b9b754b6c4e8a0c33 [term 0 FOLLOWER]: Becoming Follower/Learner. State: Replica: bbd7e1cc816f428b9b754b6c4e8a0c33, State: Initialized, Role: FOLLOWER
I20260709 12:13:08.059459  9262 consensus_queue.cc:260] T 3d41d919141347b1ac1a40bc6df94953 P bbd7e1cc816f428b9b754b6c4e8a0c33 [NON_LEADER]: Queue going to NON_LEADER mode. State: All replicated index: 0, Majority replicated index: 0, Committed index: 0, Last appended: 0.0, Last appended by leader: 0, Current term: 0, Majority size: -1, State: 0, Mode: NON_LEADER, active raft config: opid_index: -1 OBSOLETE_local: false peers { permanent_uuid: "bbd7e1cc816f428b9b754b6c4e8a0c33" member_type: VOTER last_known_addr { host: "127.7.177.129" port: 46535 } } peers { permanent_uuid: "39e06ca098664c82a98889e0b9c3396c" member_type: VOTER last_known_addr { host: "127.7.177.130" port: 38329 } } peers { permanent_uuid: "b631dcf40a374e10b7eacd3cbdf8f50a" member_type: VOTER last_known_addr { host: "127.7.177.131" port: 33315 } }
I20260709 12:13:08.062096  9262 ts_tablet_manager.cc:1434] T 3d41d919141347b1ac1a40bc6df94953 P bbd7e1cc816f428b9b754b6c4e8a0c33: Time spent starting tablet: real 0.007s	user 0.008s	sys 0.000s
I20260709 12:13:08.063580  9262 tablet_bootstrap.cc:492] T 5d2dfee22a184f91bdb213def7e0af0a P bbd7e1cc816f428b9b754b6c4e8a0c33: Bootstrap starting.
I20260709 12:13:08.066334  9302 raft_consensus.cc:493] T e4e1b7d8a37e4aebbbaf123381db4010 P bbd7e1cc816f428b9b754b6c4e8a0c33 [term 0 FOLLOWER]: Starting pre-election (no leader contacted us within the election timeout)
I20260709 12:13:08.066979  9302 raft_consensus.cc:515] T e4e1b7d8a37e4aebbbaf123381db4010 P bbd7e1cc816f428b9b754b6c4e8a0c33 [term 0 FOLLOWER]: Starting pre-election with config: opid_index: -1 OBSOLETE_local: false peers { permanent_uuid: "bbd7e1cc816f428b9b754b6c4e8a0c33" member_type: VOTER last_known_addr { host: "127.7.177.129" port: 46535 } } peers { permanent_uuid: "39e06ca098664c82a98889e0b9c3396c" member_type: VOTER last_known_addr { host: "127.7.177.130" port: 38329 } } peers { permanent_uuid: "b631dcf40a374e10b7eacd3cbdf8f50a" member_type: VOTER last_known_addr { host: "127.7.177.131" port: 33315 } }
I20260709 12:13:08.069720  9262 tablet_bootstrap.cc:654] T 5d2dfee22a184f91bdb213def7e0af0a P bbd7e1cc816f428b9b754b6c4e8a0c33: Neither blocks nor log segments found. Creating new log.
I20260709 12:13:08.069934  9302 leader_election.cc:290] T e4e1b7d8a37e4aebbbaf123381db4010 P bbd7e1cc816f428b9b754b6c4e8a0c33 [CANDIDATE]: Term 1 pre-election: Requested pre-vote from peers 39e06ca098664c82a98889e0b9c3396c (127.7.177.130:38329), b631dcf40a374e10b7eacd3cbdf8f50a (127.7.177.131:33315)
I20260709 12:13:08.073321  8969 catalog_manager.cc:5697] T ecdd0d22bb0f4a328725d64b9e8ff262 P 39e06ca098664c82a98889e0b9c3396c reported cstate change: term changed from 0 to 1, leader changed from <none> to 39e06ca098664c82a98889e0b9c3396c (127.7.177.130). New cstate: current_term: 1 leader_uuid: "39e06ca098664c82a98889e0b9c3396c" committed_config { opid_index: -1 OBSOLETE_local: false peers { permanent_uuid: "bbd7e1cc816f428b9b754b6c4e8a0c33" member_type: VOTER last_known_addr { host: "127.7.177.129" port: 46535 } health_report { overall_health: UNKNOWN } } peers { permanent_uuid: "39e06ca098664c82a98889e0b9c3396c" member_type: VOTER last_known_addr { host: "127.7.177.130" port: 38329 } health_report { overall_health: HEALTHY } } peers { permanent_uuid: "b631dcf40a374e10b7eacd3cbdf8f50a" member_type: VOTER last_known_addr { host: "127.7.177.131" port: 33315 } health_report { overall_health: UNKNOWN } } }
I20260709 12:13:08.074863  9218 tablet_service.cc:1917] Received RequestConsensusVote() RPC: tablet_id: "ef0ecb13823d43149e96bd7acc8de536" candidate_uuid: "bbd7e1cc816f428b9b754b6c4e8a0c33" candidate_term: 1 candidate_status { last_received { term: 0 index: 0 } } ignore_live_leader: false dest_uuid: "b631dcf40a374e10b7eacd3cbdf8f50a" is_pre_election: true
I20260709 12:13:08.078540  9459 consensus_queue.cc:1048] T ffc880a1cd3f4c53b40d814d0e44875b P b631dcf40a374e10b7eacd3cbdf8f50a [LEADER]: Connected to new peer: Peer: permanent_uuid: "39e06ca098664c82a98889e0b9c3396c" member_type: VOTER last_known_addr { host: "127.7.177.130" port: 38329 }, Status: LMP_MISMATCH, Last received: 0.0, Next index: 1, Last known committed idx: 0, Time since last communication: 0.000s
I20260709 12:13:08.080525  9443 raft_consensus.cc:493] T 54381a705d194177836caac7ad1717b2 P 39e06ca098664c82a98889e0b9c3396c [term 0 FOLLOWER]: Starting pre-election (no leader contacted us within the election timeout)
I20260709 12:13:08.081091  9443 raft_consensus.cc:515] T 54381a705d194177836caac7ad1717b2 P 39e06ca098664c82a98889e0b9c3396c [term 0 FOLLOWER]: Starting pre-election with config: opid_index: -1 OBSOLETE_local: false peers { permanent_uuid: "bbd7e1cc816f428b9b754b6c4e8a0c33" member_type: VOTER last_known_addr { host: "127.7.177.129" port: 46535 } } peers { permanent_uuid: "39e06ca098664c82a98889e0b9c3396c" member_type: VOTER last_known_addr { host: "127.7.177.130" port: 38329 } } peers { permanent_uuid: "b631dcf40a374e10b7eacd3cbdf8f50a" member_type: VOTER last_known_addr { host: "127.7.177.131" port: 33315 } }
I20260709 12:13:08.082316  9444 raft_consensus.cc:493] T 689a06c5d8e14e9592664d35835db2a5 P 39e06ca098664c82a98889e0b9c3396c [term 0 FOLLOWER]: Starting pre-election (no leader contacted us within the election timeout)
I20260709 12:13:08.083382  9443 leader_election.cc:290] T 54381a705d194177836caac7ad1717b2 P 39e06ca098664c82a98889e0b9c3396c [CANDIDATE]: Term 1 pre-election: Requested pre-vote from peers bbd7e1cc816f428b9b754b6c4e8a0c33 (127.7.177.129:46535), b631dcf40a374e10b7eacd3cbdf8f50a (127.7.177.131:33315)
I20260709 12:13:08.083045  9444 raft_consensus.cc:515] T 689a06c5d8e14e9592664d35835db2a5 P 39e06ca098664c82a98889e0b9c3396c [term 0 FOLLOWER]: Starting pre-election with config: opid_index: -1 OBSOLETE_local: false peers { permanent_uuid: "bbd7e1cc816f428b9b754b6c4e8a0c33" member_type: VOTER last_known_addr { host: "127.7.177.129" port: 46535 } } peers { permanent_uuid: "39e06ca098664c82a98889e0b9c3396c" member_type: VOTER last_known_addr { host: "127.7.177.130" port: 38329 } } peers { permanent_uuid: "b631dcf40a374e10b7eacd3cbdf8f50a" member_type: VOTER last_known_addr { host: "127.7.177.131" port: 33315 } }
I20260709 12:13:08.085440  9113 leader_election.cc:304] T 59aa51af2e154967a3881cf703c1d6f4 P 39e06ca098664c82a98889e0b9c3396c [CANDIDATE]: Term 1 election: Election decided. Result: candidate lost. Election summary: received 3 responses out of 3 voters: 1 yes votes; 2 no votes. yes voters: 39e06ca098664c82a98889e0b9c3396c; no voters: b631dcf40a374e10b7eacd3cbdf8f50a, bbd7e1cc816f428b9b754b6c4e8a0c33
I20260709 12:13:08.087174  9536 raft_consensus.cc:2749] T 59aa51af2e154967a3881cf703c1d6f4 P 39e06ca098664c82a98889e0b9c3396c [term 1 FOLLOWER]: Leader election lost for term 1. Reason: could not achieve majority
I20260709 12:13:08.088409  9113 leader_election.cc:304] T 0cb4083a10174a7bb2e138d884df111c P 39e06ca098664c82a98889e0b9c3396c [CANDIDATE]: Term 2 pre-election: Election decided. Result: candidate lost. Election summary: received 3 responses out of 3 voters: 1 yes votes; 2 no votes. yes voters: 39e06ca098664c82a98889e0b9c3396c; no voters: b631dcf40a374e10b7eacd3cbdf8f50a, bbd7e1cc816f428b9b754b6c4e8a0c33
I20260709 12:13:08.089466  9536 raft_consensus.cc:2749] T 0cb4083a10174a7bb2e138d884df111c P 39e06ca098664c82a98889e0b9c3396c [term 1 FOLLOWER]: Leader pre-election lost for term 2. Reason: could not achieve majority
I20260709 12:13:08.088685  9069 tablet_service.cc:1917] Received RequestConsensusVote() RPC: tablet_id: "54381a705d194177836caac7ad1717b2" candidate_uuid: "39e06ca098664c82a98889e0b9c3396c" candidate_term: 1 candidate_status { last_received { term: 0 index: 0 } } ignore_live_leader: false dest_uuid: "bbd7e1cc816f428b9b754b6c4e8a0c33" is_pre_election: true
I20260709 12:13:08.090718  9069 raft_consensus.cc:2468] T 54381a705d194177836caac7ad1717b2 P bbd7e1cc816f428b9b754b6c4e8a0c33 [term 0 FOLLOWER]: Leader pre-election vote request: Granting yes vote for candidate 39e06ca098664c82a98889e0b9c3396c in term 0.
W20260709 12:13:08.091259  9113 leader_election.cc:343] T ecdd0d22bb0f4a328725d64b9e8ff262 P 39e06ca098664c82a98889e0b9c3396c [CANDIDATE]: Term 1 pre-election: Tablet error from VoteRequest() call to peer b631dcf40a374e10b7eacd3cbdf8f50a (127.7.177.131:33315): Illegal state: must be running to vote when last-logged opid is not known
I20260709 12:13:08.089072  9072 tablet_service.cc:1917] Received RequestConsensusVote() RPC: tablet_id: "689a06c5d8e14e9592664d35835db2a5" candidate_uuid: "39e06ca098664c82a98889e0b9c3396c" candidate_term: 1 candidate_status { last_received { term: 0 index: 0 } } ignore_live_leader: false dest_uuid: "bbd7e1cc816f428b9b754b6c4e8a0c33" is_pre_election: true
I20260709 12:13:08.092363  9072 raft_consensus.cc:2393] T 689a06c5d8e14e9592664d35835db2a5 P bbd7e1cc816f428b9b754b6c4e8a0c33 [term 1 FOLLOWER]: Leader pre-election vote request: Denying vote to candidate 39e06ca098664c82a98889e0b9c3396c in current term 1: Already voted for candidate b631dcf40a374e10b7eacd3cbdf8f50a in this term.
I20260709 12:13:08.094488  9110 leader_election.cc:304] T 54381a705d194177836caac7ad1717b2 P 39e06ca098664c82a98889e0b9c3396c [CANDIDATE]: Term 1 pre-election: Election decided. Result: candidate won. Election summary: received 2 responses out of 3 voters: 2 yes votes; 0 no votes. yes voters: 39e06ca098664c82a98889e0b9c3396c, bbd7e1cc816f428b9b754b6c4e8a0c33; no voters: 
I20260709 12:13:08.095683  9497 consensus_queue.cc:1048] T 689a06c5d8e14e9592664d35835db2a5 P b631dcf40a374e10b7eacd3cbdf8f50a [LEADER]: Connected to new peer: Peer: permanent_uuid: "bbd7e1cc816f428b9b754b6c4e8a0c33" member_type: VOTER last_known_addr { host: "127.7.177.129" port: 46535 }, Status: LMP_MISMATCH, Last received: 0.0, Next index: 1, Last known committed idx: 0, Time since last communication: 0.000s
I20260709 12:13:08.100206  9469 raft_consensus.cc:493] T 7dca6727f2114d298bd3903e3e99fa28 P bbd7e1cc816f428b9b754b6c4e8a0c33 [term 0 FOLLOWER]: Starting pre-election (no leader contacted us within the election timeout)
I20260709 12:13:08.100822  9469 raft_consensus.cc:515] T 7dca6727f2114d298bd3903e3e99fa28 P bbd7e1cc816f428b9b754b6c4e8a0c33 [term 0 FOLLOWER]: Starting pre-election with config: opid_index: -1 OBSOLETE_local: false peers { permanent_uuid: "bbd7e1cc816f428b9b754b6c4e8a0c33" member_type: VOTER last_known_addr { host: "127.7.177.129" port: 46535 } } peers { permanent_uuid: "39e06ca098664c82a98889e0b9c3396c" member_type: VOTER last_known_addr { host: "127.7.177.130" port: 38329 } } peers { permanent_uuid: "b631dcf40a374e10b7eacd3cbdf8f50a" member_type: VOTER last_known_addr { host: "127.7.177.131" port: 33315 } }
I20260709 12:13:08.105124  9469 leader_election.cc:290] T 7dca6727f2114d298bd3903e3e99fa28 P bbd7e1cc816f428b9b754b6c4e8a0c33 [CANDIDATE]: Term 1 pre-election: Requested pre-vote from peers 39e06ca098664c82a98889e0b9c3396c (127.7.177.130:38329), b631dcf40a374e10b7eacd3cbdf8f50a (127.7.177.131:33315)
I20260709 12:13:08.108461  9262 tablet_bootstrap.cc:492] T 5d2dfee22a184f91bdb213def7e0af0a P bbd7e1cc816f428b9b754b6c4e8a0c33: No bootstrap required, opened a new log
I20260709 12:13:08.108316  9444 leader_election.cc:290] T 689a06c5d8e14e9592664d35835db2a5 P 39e06ca098664c82a98889e0b9c3396c [CANDIDATE]: Term 1 pre-election: Requested pre-vote from peers bbd7e1cc816f428b9b754b6c4e8a0c33 (127.7.177.129:46535), b631dcf40a374e10b7eacd3cbdf8f50a (127.7.177.131:33315)
I20260709 12:13:08.103077  9261 tablet_bootstrap.cc:492] T 3d41d919141347b1ac1a40bc6df94953 P b631dcf40a374e10b7eacd3cbdf8f50a: No bootstrap required, opened a new log
I20260709 12:13:08.110987  9261 ts_tablet_manager.cc:1403] T 3d41d919141347b1ac1a40bc6df94953 P b631dcf40a374e10b7eacd3cbdf8f50a: Time spent bootstrapping tablet: real 0.307s	user 0.105s	sys 0.101s
W20260709 12:13:08.111734  9038 leader_election.cc:343] T ef0ecb13823d43149e96bd7acc8de536 P bbd7e1cc816f428b9b754b6c4e8a0c33 [CANDIDATE]: Term 1 pre-election: Tablet error from VoteRequest() call to peer b631dcf40a374e10b7eacd3cbdf8f50a (127.7.177.131:33315): Illegal state: must be running to vote when last-logged opid is not known
I20260709 12:13:08.112934  9262 ts_tablet_manager.cc:1403] T 5d2dfee22a184f91bdb213def7e0af0a P bbd7e1cc816f428b9b754b6c4e8a0c33: Time spent bootstrapping tablet: real 0.050s	user 0.010s	sys 0.017s
I20260709 12:13:08.116076  9220 tablet_service.cc:1917] Received RequestConsensusVote() RPC: tablet_id: "7dca6727f2114d298bd3903e3e99fa28" candidate_uuid: "bbd7e1cc816f428b9b754b6c4e8a0c33" candidate_term: 1 candidate_status { last_received { term: 0 index: 0 } } ignore_live_leader: false dest_uuid: "b631dcf40a374e10b7eacd3cbdf8f50a" is_pre_election: true
I20260709 12:13:08.118927  9382 raft_consensus.cc:493] T 9eb9bf43495148c28cac6f5c8d51e776 P b631dcf40a374e10b7eacd3cbdf8f50a [term 0 FOLLOWER]: Starting pre-election (no leader contacted us within the election timeout)
I20260709 12:13:08.119475  9382 raft_consensus.cc:515] T 9eb9bf43495148c28cac6f5c8d51e776 P b631dcf40a374e10b7eacd3cbdf8f50a [term 0 FOLLOWER]: Starting pre-election with config: opid_index: -1 OBSOLETE_local: false peers { permanent_uuid: "bbd7e1cc816f428b9b754b6c4e8a0c33" member_type: VOTER last_known_addr { host: "127.7.177.129" port: 46535 } } peers { permanent_uuid: "39e06ca098664c82a98889e0b9c3396c" member_type: VOTER last_known_addr { host: "127.7.177.130" port: 38329 } } peers { permanent_uuid: "b631dcf40a374e10b7eacd3cbdf8f50a" member_type: VOTER last_known_addr { host: "127.7.177.131" port: 33315 } }
I20260709 12:13:08.114526  9261 raft_consensus.cc:359] T 3d41d919141347b1ac1a40bc6df94953 P b631dcf40a374e10b7eacd3cbdf8f50a [term 0 FOLLOWER]: Replica starting. Triggering 0 pending ops. Active config: opid_index: -1 OBSOLETE_local: false peers { permanent_uuid: "bbd7e1cc816f428b9b754b6c4e8a0c33" member_type: VOTER last_known_addr { host: "127.7.177.129" port: 46535 } } peers { permanent_uuid: "39e06ca098664c82a98889e0b9c3396c" member_type: VOTER last_known_addr { host: "127.7.177.130" port: 38329 } } peers { permanent_uuid: "b631dcf40a374e10b7eacd3cbdf8f50a" member_type: VOTER last_known_addr { host: "127.7.177.131" port: 33315 } }
I20260709 12:13:08.120321  9261 raft_consensus.cc:385] T 3d41d919141347b1ac1a40bc6df94953 P b631dcf40a374e10b7eacd3cbdf8f50a [term 0 FOLLOWER]: Consensus starting up: Expiring failure detector timer to make a prompt election more likely
I20260709 12:13:08.122016  9261 raft_consensus.cc:740] T 3d41d919141347b1ac1a40bc6df94953 P b631dcf40a374e10b7eacd3cbdf8f50a [term 0 FOLLOWER]: Becoming Follower/Learner. State: Replica: b631dcf40a374e10b7eacd3cbdf8f50a, State: Initialized, Role: FOLLOWER
I20260709 12:13:08.124128  9261 consensus_queue.cc:260] T 3d41d919141347b1ac1a40bc6df94953 P b631dcf40a374e10b7eacd3cbdf8f50a [NON_LEADER]: Queue going to NON_LEADER mode. State: All replicated index: 0, Majority replicated index: 0, Committed index: 0, Last appended: 0.0, Last appended by leader: 0, Current term: 0, Majority size: -1, State: 0, Mode: NON_LEADER, active raft config: opid_index: -1 OBSOLETE_local: false peers { permanent_uuid: "bbd7e1cc816f428b9b754b6c4e8a0c33" member_type: VOTER last_known_addr { host: "127.7.177.129" port: 46535 } } peers { permanent_uuid: "39e06ca098664c82a98889e0b9c3396c" member_type: VOTER last_known_addr { host: "127.7.177.130" port: 38329 } } peers { permanent_uuid: "b631dcf40a374e10b7eacd3cbdf8f50a" member_type: VOTER last_known_addr { host: "127.7.177.131" port: 33315 } }
I20260709 12:13:08.126411  9261 ts_tablet_manager.cc:1434] T 3d41d919141347b1ac1a40bc6df94953 P b631dcf40a374e10b7eacd3cbdf8f50a: Time spent starting tablet: real 0.015s	user 0.006s	sys 0.000s
I20260709 12:13:08.128460  9261 tablet_bootstrap.cc:492] T ecdd0d22bb0f4a328725d64b9e8ff262 P b631dcf40a374e10b7eacd3cbdf8f50a: Bootstrap starting.
I20260709 12:13:08.121282  9262 raft_consensus.cc:359] T 5d2dfee22a184f91bdb213def7e0af0a P bbd7e1cc816f428b9b754b6c4e8a0c33 [term 0 FOLLOWER]: Replica starting. Triggering 0 pending ops. Active config: opid_index: -1 OBSOLETE_local: false peers { permanent_uuid: "bbd7e1cc816f428b9b754b6c4e8a0c33" member_type: VOTER last_known_addr { host: "127.7.177.129" port: 46535 } } peers { permanent_uuid: "39e06ca098664c82a98889e0b9c3396c" member_type: VOTER last_known_addr { host: "127.7.177.130" port: 38329 } } peers { permanent_uuid: "b631dcf40a374e10b7eacd3cbdf8f50a" member_type: VOTER last_known_addr { host: "127.7.177.131" port: 33315 } }
I20260709 12:13:08.121639  9382 leader_election.cc:290] T 9eb9bf43495148c28cac6f5c8d51e776 P b631dcf40a374e10b7eacd3cbdf8f50a [CANDIDATE]: Term 1 pre-election: Requested pre-vote from peers bbd7e1cc816f428b9b754b6c4e8a0c33 (127.7.177.129:46535), 39e06ca098664c82a98889e0b9c3396c (127.7.177.130:38329)
I20260709 12:13:08.129035  9262 raft_consensus.cc:385] T 5d2dfee22a184f91bdb213def7e0af0a P bbd7e1cc816f428b9b754b6c4e8a0c33 [term 0 FOLLOWER]: Consensus starting up: Expiring failure detector timer to make a prompt election more likely
I20260709 12:13:08.129419  9262 raft_consensus.cc:740] T 5d2dfee22a184f91bdb213def7e0af0a P bbd7e1cc816f428b9b754b6c4e8a0c33 [term 0 FOLLOWER]: Becoming Follower/Learner. State: Replica: bbd7e1cc816f428b9b754b6c4e8a0c33, State: Initialized, Role: FOLLOWER
I20260709 12:13:08.130420  9262 consensus_queue.cc:260] T 5d2dfee22a184f91bdb213def7e0af0a P bbd7e1cc816f428b9b754b6c4e8a0c33 [NON_LEADER]: Queue going to NON_LEADER mode. State: All replicated index: 0, Majority replicated index: 0, Committed index: 0, Last appended: 0.0, Last appended by leader: 0, Current term: 0, Majority size: -1, State: 0, Mode: NON_LEADER, active raft config: opid_index: -1 OBSOLETE_local: false peers { permanent_uuid: "bbd7e1cc816f428b9b754b6c4e8a0c33" member_type: VOTER last_known_addr { host: "127.7.177.129" port: 46535 } } peers { permanent_uuid: "39e06ca098664c82a98889e0b9c3396c" member_type: VOTER last_known_addr { host: "127.7.177.130" port: 38329 } } peers { permanent_uuid: "b631dcf40a374e10b7eacd3cbdf8f50a" member_type: VOTER last_known_addr { host: "127.7.177.131" port: 33315 } }
I20260709 12:13:08.129474  9218 tablet_service.cc:1917] Received RequestConsensusVote() RPC: tablet_id: "e4e1b7d8a37e4aebbbaf123381db4010" candidate_uuid: "bbd7e1cc816f428b9b754b6c4e8a0c33" candidate_term: 1 candidate_status { last_received { term: 0 index: 0 } } ignore_live_leader: false dest_uuid: "b631dcf40a374e10b7eacd3cbdf8f50a" is_pre_election: true
W20260709 12:13:08.145754  9038 leader_election.cc:343] T 7dca6727f2114d298bd3903e3e99fa28 P bbd7e1cc816f428b9b754b6c4e8a0c33 [CANDIDATE]: Term 1 pre-election: Tablet error from VoteRequest() call to peer b631dcf40a374e10b7eacd3cbdf8f50a (127.7.177.131:33315): Illegal state: must be running to vote when last-logged opid is not known
I20260709 12:13:08.141927  9068 tablet_service.cc:1917] Received RequestConsensusVote() RPC: tablet_id: "9eb9bf43495148c28cac6f5c8d51e776" candidate_uuid: "b631dcf40a374e10b7eacd3cbdf8f50a" candidate_term: 1 candidate_status { last_received { term: 0 index: 0 } } ignore_live_leader: false dest_uuid: "bbd7e1cc816f428b9b754b6c4e8a0c33" is_pre_election: true
I20260709 12:13:08.147192  9261 tablet_bootstrap.cc:654] T ecdd0d22bb0f4a328725d64b9e8ff262 P b631dcf40a374e10b7eacd3cbdf8f50a: Neither blocks nor log segments found. Creating new log.
I20260709 12:13:08.147452  9068 raft_consensus.cc:2468] T 9eb9bf43495148c28cac6f5c8d51e776 P bbd7e1cc816f428b9b754b6c4e8a0c33 [term 0 FOLLOWER]: Leader pre-election vote request: Granting yes vote for candidate b631dcf40a374e10b7eacd3cbdf8f50a in term 0.
W20260709 12:13:08.147761  9038 leader_election.cc:343] T e4e1b7d8a37e4aebbbaf123381db4010 P bbd7e1cc816f428b9b754b6c4e8a0c33 [CANDIDATE]: Term 1 pre-election: Tablet error from VoteRequest() call to peer b631dcf40a374e10b7eacd3cbdf8f50a (127.7.177.131:33315): Illegal state: must be running to vote when last-logged opid is not known
W20260709 12:13:08.147826  9110 outbound_call.cc:321] RPC callback for RPC call kudu.consensus.ConsensusService.RequestConsensusVote -> {remote=127.7.177.129:46535, user_credentials={real_user=slave}} blocked reactor thread for 53451.6us
I20260709 12:13:08.150036  9444 raft_consensus.cc:2804] T 54381a705d194177836caac7ad1717b2 P 39e06ca098664c82a98889e0b9c3396c [term 0 FOLLOWER]: Leader pre-election won for term 1
I20260709 12:13:08.149488  9218 tablet_service.cc:1917] Received RequestConsensusVote() RPC: tablet_id: "d60002eb2a1f47038f88f85f11c76808" candidate_uuid: "bbd7e1cc816f428b9b754b6c4e8a0c33" candidate_term: 1 candidate_status { last_received { term: 0 index: 0 } } ignore_live_leader: false dest_uuid: "b631dcf40a374e10b7eacd3cbdf8f50a"
I20260709 12:13:08.150580  9444 raft_consensus.cc:493] T 54381a705d194177836caac7ad1717b2 P 39e06ca098664c82a98889e0b9c3396c [term 0 FOLLOWER]: Starting leader election (no leader contacted us within the election timeout)
I20260709 12:13:08.145848  9263 tablet_bootstrap.cc:492] T 3d41d919141347b1ac1a40bc6df94953 P 39e06ca098664c82a98889e0b9c3396c: No bootstrap required, opened a new log
I20260709 12:13:08.151954  9444 raft_consensus.cc:3060] T 54381a705d194177836caac7ad1717b2 P 39e06ca098664c82a98889e0b9c3396c [term 0 FOLLOWER]: Advancing to term 1
I20260709 12:13:08.145496  9447 raft_consensus.cc:493] T 3d41d919141347b1ac1a40bc6df94953 P bbd7e1cc816f428b9b754b6c4e8a0c33 [term 0 FOLLOWER]: Starting pre-election (no leader contacted us within the election timeout)
I20260709 12:13:08.152992  9447 raft_consensus.cc:515] T 3d41d919141347b1ac1a40bc6df94953 P bbd7e1cc816f428b9b754b6c4e8a0c33 [term 0 FOLLOWER]: Starting pre-election with config: opid_index: -1 OBSOLETE_local: false peers { permanent_uuid: "bbd7e1cc816f428b9b754b6c4e8a0c33" member_type: VOTER last_known_addr { host: "127.7.177.129" port: 46535 } } peers { permanent_uuid: "39e06ca098664c82a98889e0b9c3396c" member_type: VOTER last_known_addr { host: "127.7.177.130" port: 38329 } } peers { permanent_uuid: "b631dcf40a374e10b7eacd3cbdf8f50a" member_type: VOTER last_known_addr { host: "127.7.177.131" port: 33315 } }
I20260709 12:13:08.155606  9447 leader_election.cc:290] T 3d41d919141347b1ac1a40bc6df94953 P bbd7e1cc816f428b9b754b6c4e8a0c33 [CANDIDATE]: Term 1 pre-election: Requested pre-vote from peers 39e06ca098664c82a98889e0b9c3396c (127.7.177.130:38329), b631dcf40a374e10b7eacd3cbdf8f50a (127.7.177.131:33315)
I20260709 12:13:08.146458  9335 leader_election.cc:290] T d60002eb2a1f47038f88f85f11c76808 P bbd7e1cc816f428b9b754b6c4e8a0c33 [CANDIDATE]: Term 1 election: Requested vote from peers 39e06ca098664c82a98889e0b9c3396c (127.7.177.130:38329), b631dcf40a374e10b7eacd3cbdf8f50a (127.7.177.131:33315)
W20260709 12:13:08.158048  9038 leader_election.cc:343] T d60002eb2a1f47038f88f85f11c76808 P bbd7e1cc816f428b9b754b6c4e8a0c33 [CANDIDATE]: Term 1 election: Tablet error from VoteRequest() call to peer b631dcf40a374e10b7eacd3cbdf8f50a (127.7.177.131:33315): Illegal state: must be running to vote when last-logged opid is not known
I20260709 12:13:08.159574  9218 tablet_service.cc:1917] Received RequestConsensusVote() RPC: tablet_id: "3d41d919141347b1ac1a40bc6df94953" candidate_uuid: "bbd7e1cc816f428b9b754b6c4e8a0c33" candidate_term: 1 candidate_status { last_received { term: 0 index: 0 } } ignore_live_leader: false dest_uuid: "b631dcf40a374e10b7eacd3cbdf8f50a" is_pre_election: true
I20260709 12:13:08.160336  9218 raft_consensus.cc:2468] T 3d41d919141347b1ac1a40bc6df94953 P b631dcf40a374e10b7eacd3cbdf8f50a [term 0 FOLLOWER]: Leader pre-election vote request: Granting yes vote for candidate bbd7e1cc816f428b9b754b6c4e8a0c33 in term 0.
I20260709 12:13:08.161698  9038 leader_election.cc:304] T 3d41d919141347b1ac1a40bc6df94953 P bbd7e1cc816f428b9b754b6c4e8a0c33 [CANDIDATE]: Term 1 pre-election: Election decided. Result: candidate won. Election summary: received 2 responses out of 3 voters: 2 yes votes; 0 no votes. yes voters: b631dcf40a374e10b7eacd3cbdf8f50a, bbd7e1cc816f428b9b754b6c4e8a0c33; no voters: 
I20260709 12:13:08.162629  9335 raft_consensus.cc:2804] T 3d41d919141347b1ac1a40bc6df94953 P bbd7e1cc816f428b9b754b6c4e8a0c33 [term 0 FOLLOWER]: Leader pre-election won for term 1
W20260709 12:13:08.162962  9113 outbound_call.cc:321] RPC callback for RPC call kudu.consensus.ConsensusService.UpdateConsensus -> {remote=127.7.177.131:33315, user_credentials={real_user=slave}} blocked reactor thread for 70464.9us
I20260709 12:13:08.161770  9262 ts_tablet_manager.cc:1434] T 5d2dfee22a184f91bdb213def7e0af0a P bbd7e1cc816f428b9b754b6c4e8a0c33: Time spent starting tablet: real 0.046s	user 0.005s	sys 0.001s
I20260709 12:13:08.164479  9262 tablet_bootstrap.cc:492] T 214108b34b764d06945f12dc517f7c68 P bbd7e1cc816f428b9b754b6c4e8a0c33: Bootstrap starting.
I20260709 12:13:08.152244  9263 ts_tablet_manager.cc:1403] T 3d41d919141347b1ac1a40bc6df94953 P 39e06ca098664c82a98889e0b9c3396c: Time spent bootstrapping tablet: real 0.354s	user 0.056s	sys 0.062s
I20260709 12:13:08.167292  9143 tablet_service.cc:1917] Received RequestConsensusVote() RPC: tablet_id: "2dd855d7e93d4c9281c653f916220e46" candidate_uuid: "bbd7e1cc816f428b9b754b6c4e8a0c33" candidate_term: 1 candidate_status { last_received { term: 0 index: 0 } } ignore_live_leader: false dest_uuid: "39e06ca098664c82a98889e0b9c3396c" is_pre_election: true
I20260709 12:13:08.167722  9147 tablet_service.cc:1917] Received RequestConsensusVote() RPC: tablet_id: "ef0ecb13823d43149e96bd7acc8de536" candidate_uuid: "bbd7e1cc816f428b9b754b6c4e8a0c33" candidate_term: 1 candidate_status { last_received { term: 0 index: 0 } } ignore_live_leader: false dest_uuid: "39e06ca098664c82a98889e0b9c3396c" is_pre_election: true
I20260709 12:13:08.170352  9145 tablet_service.cc:1917] Received RequestConsensusVote() RPC: tablet_id: "d60002eb2a1f47038f88f85f11c76808" candidate_uuid: "bbd7e1cc816f428b9b754b6c4e8a0c33" candidate_term: 1 candidate_status { last_received { term: 0 index: 0 } } ignore_live_leader: false dest_uuid: "39e06ca098664c82a98889e0b9c3396c"
I20260709 12:13:08.170959  9145 raft_consensus.cc:3060] T d60002eb2a1f47038f88f85f11c76808 P 39e06ca098664c82a98889e0b9c3396c [term 0 FOLLOWER]: Advancing to term 1
I20260709 12:13:08.171409  9444 raft_consensus.cc:515] T 54381a705d194177836caac7ad1717b2 P 39e06ca098664c82a98889e0b9c3396c [term 1 FOLLOWER]: Starting leader election with config: opid_index: -1 OBSOLETE_local: false peers { permanent_uuid: "bbd7e1cc816f428b9b754b6c4e8a0c33" member_type: VOTER last_known_addr { host: "127.7.177.129" port: 46535 } } peers { permanent_uuid: "39e06ca098664c82a98889e0b9c3396c" member_type: VOTER last_known_addr { host: "127.7.177.130" port: 38329 } } peers { permanent_uuid: "b631dcf40a374e10b7eacd3cbdf8f50a" member_type: VOTER last_known_addr { host: "127.7.177.131" port: 33315 } }
I20260709 12:13:08.171958  9184 leader_election.cc:304] T 9eb9bf43495148c28cac6f5c8d51e776 P b631dcf40a374e10b7eacd3cbdf8f50a [CANDIDATE]: Term 1 pre-election: Election decided. Result: candidate won. Election summary: received 2 responses out of 3 voters: 2 yes votes; 0 no votes. yes voters: b631dcf40a374e10b7eacd3cbdf8f50a, bbd7e1cc816f428b9b754b6c4e8a0c33; no voters: 
I20260709 12:13:08.172937  9501 consensus_queue.cc:1048] T 1b2507c0c8764c10bc730c0654d8cc76 P b631dcf40a374e10b7eacd3cbdf8f50a [LEADER]: Connected to new peer: Peer: permanent_uuid: "bbd7e1cc816f428b9b754b6c4e8a0c33" member_type: VOTER last_known_addr { host: "127.7.177.129" port: 46535 }, Status: LMP_MISMATCH, Last received: 0.0, Next index: 1, Last known committed idx: 0, Time since last communication: 0.000s
I20260709 12:13:08.173642  9444 leader_election.cc:290] T 54381a705d194177836caac7ad1717b2 P 39e06ca098664c82a98889e0b9c3396c [CANDIDATE]: Term 1 election: Requested vote from peers bbd7e1cc816f428b9b754b6c4e8a0c33 (127.7.177.129:46535), b631dcf40a374e10b7eacd3cbdf8f50a (127.7.177.131:33315)
I20260709 12:13:08.173175  9497 raft_consensus.cc:2804] T 9eb9bf43495148c28cac6f5c8d51e776 P b631dcf40a374e10b7eacd3cbdf8f50a [term 0 FOLLOWER]: Leader pre-election won for term 1
I20260709 12:13:08.162979  9335 raft_consensus.cc:493] T 3d41d919141347b1ac1a40bc6df94953 P bbd7e1cc816f428b9b754b6c4e8a0c33 [term 0 FOLLOWER]: Starting leader election (no leader contacted us within the election timeout)
I20260709 12:13:08.175181  9497 raft_consensus.cc:493] T 9eb9bf43495148c28cac6f5c8d51e776 P b631dcf40a374e10b7eacd3cbdf8f50a [term 0 FOLLOWER]: Starting leader election (no leader contacted us within the election timeout)
I20260709 12:13:08.168035  9141 tablet_service.cc:1917] Received RequestConsensusVote() RPC: tablet_id: "e4e1b7d8a37e4aebbbaf123381db4010" candidate_uuid: "bbd7e1cc816f428b9b754b6c4e8a0c33" candidate_term: 1 candidate_status { last_received { term: 0 index: 0 } } ignore_live_leader: false dest_uuid: "39e06ca098664c82a98889e0b9c3396c" is_pre_election: true
I20260709 12:13:08.176877  9335 raft_consensus.cc:3060] T 3d41d919141347b1ac1a40bc6df94953 P bbd7e1cc816f428b9b754b6c4e8a0c33 [term 0 FOLLOWER]: Advancing to term 1
I20260709 12:13:08.176374  9147 tablet_service.cc:1917] Received RequestConsensusVote() RPC: tablet_id: "7dca6727f2114d298bd3903e3e99fa28" candidate_uuid: "bbd7e1cc816f428b9b754b6c4e8a0c33" candidate_term: 1 candidate_status { last_received { term: 0 index: 0 } } ignore_live_leader: false dest_uuid: "39e06ca098664c82a98889e0b9c3396c" is_pre_election: true
I20260709 12:13:08.176045  9497 raft_consensus.cc:3060] T 9eb9bf43495148c28cac6f5c8d51e776 P b631dcf40a374e10b7eacd3cbdf8f50a [term 0 FOLLOWER]: Advancing to term 1
I20260709 12:13:08.183142  9140 tablet_service.cc:1917] Received RequestConsensusVote() RPC: tablet_id: "3d41d919141347b1ac1a40bc6df94953" candidate_uuid: "bbd7e1cc816f428b9b754b6c4e8a0c33" candidate_term: 1 candidate_status { last_received { term: 0 index: 0 } } ignore_live_leader: false dest_uuid: "39e06ca098664c82a98889e0b9c3396c" is_pre_election: true
I20260709 12:13:08.175879  9068 tablet_service.cc:1917] Received RequestConsensusVote() RPC: tablet_id: "54381a705d194177836caac7ad1717b2" candidate_uuid: "39e06ca098664c82a98889e0b9c3396c" candidate_term: 1 candidate_status { last_received { term: 0 index: 0 } } ignore_live_leader: false dest_uuid: "bbd7e1cc816f428b9b754b6c4e8a0c33"
I20260709 12:13:08.186286  9263 raft_consensus.cc:359] T 3d41d919141347b1ac1a40bc6df94953 P 39e06ca098664c82a98889e0b9c3396c [term 0 FOLLOWER]: Replica starting. Triggering 0 pending ops. Active config: opid_index: -1 OBSOLETE_local: false peers { permanent_uuid: "bbd7e1cc816f428b9b754b6c4e8a0c33" member_type: VOTER last_known_addr { host: "127.7.177.129" port: 46535 } } peers { permanent_uuid: "39e06ca098664c82a98889e0b9c3396c" member_type: VOTER last_known_addr { host: "127.7.177.130" port: 38329 } } peers { permanent_uuid: "b631dcf40a374e10b7eacd3cbdf8f50a" member_type: VOTER last_known_addr { host: "127.7.177.131" port: 33315 } }
I20260709 12:13:08.187103  9263 raft_consensus.cc:385] T 3d41d919141347b1ac1a40bc6df94953 P 39e06ca098664c82a98889e0b9c3396c [term 0 FOLLOWER]: Consensus starting up: Expiring failure detector timer to make a prompt election more likely
I20260709 12:13:08.187548  9263 raft_consensus.cc:740] T 3d41d919141347b1ac1a40bc6df94953 P 39e06ca098664c82a98889e0b9c3396c [term 0 FOLLOWER]: Becoming Follower/Learner. State: Replica: 39e06ca098664c82a98889e0b9c3396c, State: Initialized, Role: FOLLOWER
I20260709 12:13:08.189306  9263 consensus_queue.cc:260] T 3d41d919141347b1ac1a40bc6df94953 P 39e06ca098664c82a98889e0b9c3396c [NON_LEADER]: Queue going to NON_LEADER mode. State: All replicated index: 0, Majority replicated index: 0, Committed index: 0, Last appended: 0.0, Last appended by leader: 0, Current term: 0, Majority size: -1, State: 0, Mode: NON_LEADER, active raft config: opid_index: -1 OBSOLETE_local: false peers { permanent_uuid: "bbd7e1cc816f428b9b754b6c4e8a0c33" member_type: VOTER last_known_addr { host: "127.7.177.129" port: 46535 } } peers { permanent_uuid: "39e06ca098664c82a98889e0b9c3396c" member_type: VOTER last_known_addr { host: "127.7.177.130" port: 38329 } } peers { permanent_uuid: "b631dcf40a374e10b7eacd3cbdf8f50a" member_type: VOTER last_known_addr { host: "127.7.177.131" port: 33315 } }
I20260709 12:13:08.185818  9068 raft_consensus.cc:3060] T 54381a705d194177836caac7ad1717b2 P bbd7e1cc816f428b9b754b6c4e8a0c33 [term 0 FOLLOWER]: Advancing to term 1
I20260709 12:13:08.200990  8968 catalog_manager.cc:5697] T 59aa51af2e154967a3881cf703c1d6f4 P b631dcf40a374e10b7eacd3cbdf8f50a reported cstate change: term changed from 0 to 1, leader changed from <none> to b631dcf40a374e10b7eacd3cbdf8f50a (127.7.177.131). New cstate: current_term: 1 leader_uuid: "b631dcf40a374e10b7eacd3cbdf8f50a" committed_config { opid_index: -1 OBSOLETE_local: false peers { permanent_uuid: "bbd7e1cc816f428b9b754b6c4e8a0c33" member_type: VOTER last_known_addr { host: "127.7.177.129" port: 46535 } health_report { overall_health: UNKNOWN } } peers { permanent_uuid: "39e06ca098664c82a98889e0b9c3396c" member_type: VOTER last_known_addr { host: "127.7.177.130" port: 38329 } health_report { overall_health: UNKNOWN } } peers { permanent_uuid: "b631dcf40a374e10b7eacd3cbdf8f50a" member_type: VOTER last_known_addr { host: "127.7.177.131" port: 33315 } health_report { overall_health: HEALTHY } } }
I20260709 12:13:08.203253  8968 catalog_manager.cc:5697] T 91299f89d7b2423e8a774d3cf197709d P b631dcf40a374e10b7eacd3cbdf8f50a reported cstate change: term changed from 0 to 1, leader changed from <none> to b631dcf40a374e10b7eacd3cbdf8f50a (127.7.177.131). New cstate: current_term: 1 leader_uuid: "b631dcf40a374e10b7eacd3cbdf8f50a" committed_config { opid_index: -1 OBSOLETE_local: false peers { permanent_uuid: "bbd7e1cc816f428b9b754b6c4e8a0c33" member_type: VOTER last_known_addr { host: "127.7.177.129" port: 46535 } health_report { overall_health: UNKNOWN } } peers { permanent_uuid: "39e06ca098664c82a98889e0b9c3396c" member_type: VOTER last_known_addr { host: "127.7.177.130" port: 38329 } health_report { overall_health: UNKNOWN } } peers { permanent_uuid: "b631dcf40a374e10b7eacd3cbdf8f50a" member_type: VOTER last_known_addr { host: "127.7.177.131" port: 33315 } health_report { overall_health: HEALTHY } } }
I20260709 12:13:08.209276  9263 ts_tablet_manager.cc:1434] T 3d41d919141347b1ac1a40bc6df94953 P 39e06ca098664c82a98889e0b9c3396c: Time spent starting tablet: real 0.043s	user 0.008s	sys 0.000s
I20260709 12:13:08.210744  9263 tablet_bootstrap.cc:492] T d335c5f18b38498e9d50d04f7a10cc64 P 39e06ca098664c82a98889e0b9c3396c: Bootstrap starting.
I20260709 12:13:08.215711  9143 raft_consensus.cc:3060] T 689a06c5d8e14e9592664d35835db2a5 P 39e06ca098664c82a98889e0b9c3396c [term 0 FOLLOWER]: Advancing to term 1
I20260709 12:13:08.198601  9447 raft_consensus.cc:493] T 5d2dfee22a184f91bdb213def7e0af0a P bbd7e1cc816f428b9b754b6c4e8a0c33 [term 0 FOLLOWER]: Starting pre-election (no leader contacted us within the election timeout)
I20260709 12:13:08.219616  9381 raft_consensus.cc:493] T 86db2f3dc9514814b5a49b88faeccbeb P bbd7e1cc816f428b9b754b6c4e8a0c33 [term 0 FOLLOWER]: Starting pre-election (no leader contacted us within the election timeout)
I20260709 12:13:08.245263  9381 raft_consensus.cc:515] T 86db2f3dc9514814b5a49b88faeccbeb P bbd7e1cc816f428b9b754b6c4e8a0c33 [term 0 FOLLOWER]: Starting pre-election with config: opid_index: -1 OBSOLETE_local: false peers { permanent_uuid: "bbd7e1cc816f428b9b754b6c4e8a0c33" member_type: VOTER last_known_addr { host: "127.7.177.129" port: 46535 } } peers { permanent_uuid: "39e06ca098664c82a98889e0b9c3396c" member_type: VOTER last_known_addr { host: "127.7.177.130" port: 38329 } } peers { permanent_uuid: "b631dcf40a374e10b7eacd3cbdf8f50a" member_type: VOTER last_known_addr { host: "127.7.177.131" port: 33315 } }
I20260709 12:13:08.252951  9381 leader_election.cc:290] T 86db2f3dc9514814b5a49b88faeccbeb P bbd7e1cc816f428b9b754b6c4e8a0c33 [CANDIDATE]: Term 1 pre-election: Requested pre-vote from peers 39e06ca098664c82a98889e0b9c3396c (127.7.177.130:38329), b631dcf40a374e10b7eacd3cbdf8f50a (127.7.177.131:33315)
I20260709 12:13:08.236322  9447 raft_consensus.cc:515] T 5d2dfee22a184f91bdb213def7e0af0a P bbd7e1cc816f428b9b754b6c4e8a0c33 [term 0 FOLLOWER]: Starting pre-election with config: opid_index: -1 OBSOLETE_local: false peers { permanent_uuid: "bbd7e1cc816f428b9b754b6c4e8a0c33" member_type: VOTER last_known_addr { host: "127.7.177.129" port: 46535 } } peers { permanent_uuid: "39e06ca098664c82a98889e0b9c3396c" member_type: VOTER last_known_addr { host: "127.7.177.130" port: 38329 } } peers { permanent_uuid: "b631dcf40a374e10b7eacd3cbdf8f50a" member_type: VOTER last_known_addr { host: "127.7.177.131" port: 33315 } }
I20260709 12:13:08.270184  9140 raft_consensus.cc:2468] T 3d41d919141347b1ac1a40bc6df94953 P 39e06ca098664c82a98889e0b9c3396c [term 0 FOLLOWER]: Leader pre-election vote request: Granting yes vote for candidate bbd7e1cc816f428b9b754b6c4e8a0c33 in term 0.
I20260709 12:13:08.277145  9138 tablet_service.cc:1917] Received RequestConsensusVote() RPC: tablet_id: "9eb9bf43495148c28cac6f5c8d51e776" candidate_uuid: "b631dcf40a374e10b7eacd3cbdf8f50a" candidate_term: 1 candidate_status { last_received { term: 0 index: 0 } } ignore_live_leader: false dest_uuid: "39e06ca098664c82a98889e0b9c3396c" is_pre_election: true
I20260709 12:13:08.310716  9218 tablet_service.cc:1917] Received RequestConsensusVote() RPC: tablet_id: "86db2f3dc9514814b5a49b88faeccbeb" candidate_uuid: "bbd7e1cc816f428b9b754b6c4e8a0c33" candidate_term: 1 candidate_status { last_received { term: 0 index: 0 } } ignore_live_leader: false dest_uuid: "b631dcf40a374e10b7eacd3cbdf8f50a" is_pre_election: true
I20260709 12:13:08.311363  9459 consensus_queue.cc:1048] T d335c5f18b38498e9d50d04f7a10cc64 P b631dcf40a374e10b7eacd3cbdf8f50a [LEADER]: Connected to new peer: Peer: permanent_uuid: "bbd7e1cc816f428b9b754b6c4e8a0c33" member_type: VOTER last_known_addr { host: "127.7.177.129" port: 46535 }, Status: LMP_MISMATCH, Last received: 0.0, Next index: 1, Last known committed idx: 0, Time since last communication: 0.029s
I20260709 12:13:08.342569  9261 tablet_bootstrap.cc:492] T ecdd0d22bb0f4a328725d64b9e8ff262 P b631dcf40a374e10b7eacd3cbdf8f50a: No bootstrap required, opened a new log
I20260709 12:13:08.343176  9261 ts_tablet_manager.cc:1403] T ecdd0d22bb0f4a328725d64b9e8ff262 P b631dcf40a374e10b7eacd3cbdf8f50a: Time spent bootstrapping tablet: real 0.215s	user 0.013s	sys 0.036s
W20260709 12:13:08.343351  9038 leader_election.cc:343] T 86db2f3dc9514814b5a49b88faeccbeb P bbd7e1cc816f428b9b754b6c4e8a0c33 [CANDIDATE]: Term 1 pre-election: Tablet error from VoteRequest() call to peer b631dcf40a374e10b7eacd3cbdf8f50a (127.7.177.131:33315): Illegal state: must be running to vote when last-logged opid is not known
I20260709 12:13:08.346232  9263 tablet_bootstrap.cc:654] T d335c5f18b38498e9d50d04f7a10cc64 P 39e06ca098664c82a98889e0b9c3396c: Neither blocks nor log segments found. Creating new log.
W20260709 12:13:08.353684  9038 leader_election.cc:343] T 2dd855d7e93d4c9281c653f916220e46 P bbd7e1cc816f428b9b754b6c4e8a0c33 [CANDIDATE]: Term 1 pre-election: Tablet error from VoteRequest() call to peer 39e06ca098664c82a98889e0b9c3396c (127.7.177.130:38329): Illegal state: must be running to vote when last-logged opid is not known
I20260709 12:13:08.355607  9038 leader_election.cc:304] T 2dd855d7e93d4c9281c653f916220e46 P bbd7e1cc816f428b9b754b6c4e8a0c33 [CANDIDATE]: Term 1 pre-election: Election decided. Result: candidate lost. Election summary: received 3 responses out of 3 voters: 1 yes votes; 2 no votes. yes voters: bbd7e1cc816f428b9b754b6c4e8a0c33; no voters: 39e06ca098664c82a98889e0b9c3396c, b631dcf40a374e10b7eacd3cbdf8f50a
I20260709 12:13:08.357347  9302 raft_consensus.cc:2749] T 2dd855d7e93d4c9281c653f916220e46 P bbd7e1cc816f428b9b754b6c4e8a0c33 [term 0 FOLLOWER]: Leader pre-election lost for term 1. Reason: could not achieve majority
I20260709 12:13:08.384603  9262 tablet_bootstrap.cc:654] T 214108b34b764d06945f12dc517f7c68 P bbd7e1cc816f428b9b754b6c4e8a0c33: Neither blocks nor log segments found. Creating new log.
W20260709 12:13:08.390318  9038 leader_election.cc:343] T ef0ecb13823d43149e96bd7acc8de536 P bbd7e1cc816f428b9b754b6c4e8a0c33 [CANDIDATE]: Term 1 pre-election: Tablet error from VoteRequest() call to peer 39e06ca098664c82a98889e0b9c3396c (127.7.177.130:38329): Illegal state: must be running to vote when last-logged opid is not known
I20260709 12:13:08.390846  9038 leader_election.cc:304] T ef0ecb13823d43149e96bd7acc8de536 P bbd7e1cc816f428b9b754b6c4e8a0c33 [CANDIDATE]: Term 1 pre-election: Election decided. Result: candidate lost. Election summary: received 3 responses out of 3 voters: 1 yes votes; 2 no votes. yes voters: bbd7e1cc816f428b9b754b6c4e8a0c33; no voters: 39e06ca098664c82a98889e0b9c3396c, b631dcf40a374e10b7eacd3cbdf8f50a
W20260709 12:13:08.392138  9038 leader_election.cc:343] T e4e1b7d8a37e4aebbbaf123381db4010 P bbd7e1cc816f428b9b754b6c4e8a0c33 [CANDIDATE]: Term 1 pre-election: Tablet error from VoteRequest() call to peer 39e06ca098664c82a98889e0b9c3396c (127.7.177.130:38329): Illegal state: must be running to vote when last-logged opid is not known
I20260709 12:13:08.392527  9038 leader_election.cc:304] T e4e1b7d8a37e4aebbbaf123381db4010 P bbd7e1cc816f428b9b754b6c4e8a0c33 [CANDIDATE]: Term 1 pre-election: Election decided. Result: candidate lost. Election summary: received 3 responses out of 3 voters: 1 yes votes; 2 no votes. yes voters: bbd7e1cc816f428b9b754b6c4e8a0c33; no voters: 39e06ca098664c82a98889e0b9c3396c, b631dcf40a374e10b7eacd3cbdf8f50a
I20260709 12:13:08.394536  9381 raft_consensus.cc:2749] T ef0ecb13823d43149e96bd7acc8de536 P bbd7e1cc816f428b9b754b6c4e8a0c33 [term 0 FOLLOWER]: Leader pre-election lost for term 1. Reason: could not achieve majority
I20260709 12:13:08.399652  9142 tablet_service.cc:1917] Received RequestConsensusVote() RPC: tablet_id: "86db2f3dc9514814b5a49b88faeccbeb" candidate_uuid: "bbd7e1cc816f428b9b754b6c4e8a0c33" candidate_term: 1 candidate_status { last_received { term: 0 index: 0 } } ignore_live_leader: false dest_uuid: "39e06ca098664c82a98889e0b9c3396c" is_pre_election: true
I20260709 12:13:08.395392  9221 tablet_service.cc:1917] Received RequestConsensusVote() RPC: tablet_id: "ecdd0d22bb0f4a328725d64b9e8ff262" candidate_uuid: "39e06ca098664c82a98889e0b9c3396c" candidate_term: 1 candidate_status { last_received { term: 0 index: 0 } } ignore_live_leader: false dest_uuid: "b631dcf40a374e10b7eacd3cbdf8f50a"
I20260709 12:13:08.406823  9145 raft_consensus.cc:2468] T d60002eb2a1f47038f88f85f11c76808 P 39e06ca098664c82a98889e0b9c3396c [term 1 FOLLOWER]: Leader election vote request: Granting yes vote for candidate bbd7e1cc816f428b9b754b6c4e8a0c33 in term 1.
I20260709 12:13:08.424966  9213 tablet_service.cc:1917] Received RequestConsensusVote() RPC: tablet_id: "54381a705d194177836caac7ad1717b2" candidate_uuid: "39e06ca098664c82a98889e0b9c3396c" candidate_term: 1 candidate_status { last_received { term: 0 index: 0 } } ignore_live_leader: false dest_uuid: "b631dcf40a374e10b7eacd3cbdf8f50a"
I20260709 12:13:08.429075  9217 tablet_service.cc:1917] Received RequestConsensusVote() RPC: tablet_id: "689a06c5d8e14e9592664d35835db2a5" candidate_uuid: "39e06ca098664c82a98889e0b9c3396c" candidate_term: 1 candidate_status { last_received { term: 0 index: 0 } } ignore_live_leader: false dest_uuid: "b631dcf40a374e10b7eacd3cbdf8f50a" is_pre_election: true
I20260709 12:13:08.433080  9219 tablet_service.cc:1917] Received RequestConsensusVote() RPC: tablet_id: "54381a705d194177836caac7ad1717b2" candidate_uuid: "39e06ca098664c82a98889e0b9c3396c" candidate_term: 1 candidate_status { last_received { term: 0 index: 0 } } ignore_live_leader: false dest_uuid: "b631dcf40a374e10b7eacd3cbdf8f50a" is_pre_election: true
I20260709 12:13:08.434744  9261 raft_consensus.cc:359] T ecdd0d22bb0f4a328725d64b9e8ff262 P b631dcf40a374e10b7eacd3cbdf8f50a [term 0 FOLLOWER]: Replica starting. Triggering 0 pending ops. Active config: opid_index: -1 OBSOLETE_local: false peers { permanent_uuid: "bbd7e1cc816f428b9b754b6c4e8a0c33" member_type: VOTER last_known_addr { host: "127.7.177.129" port: 46535 } } peers { permanent_uuid: "39e06ca098664c82a98889e0b9c3396c" member_type: VOTER last_known_addr { host: "127.7.177.130" port: 38329 } } peers { permanent_uuid: "b631dcf40a374e10b7eacd3cbdf8f50a" member_type: VOTER last_known_addr { host: "127.7.177.131" port: 33315 } }
I20260709 12:13:08.435405  9261 raft_consensus.cc:385] T ecdd0d22bb0f4a328725d64b9e8ff262 P b631dcf40a374e10b7eacd3cbdf8f50a [term 0 FOLLOWER]: Consensus starting up: Expiring failure detector timer to make a prompt election more likely
I20260709 12:13:08.435689  9261 raft_consensus.cc:740] T ecdd0d22bb0f4a328725d64b9e8ff262 P b631dcf40a374e10b7eacd3cbdf8f50a [term 0 FOLLOWER]: Becoming Follower/Learner. State: Replica: b631dcf40a374e10b7eacd3cbdf8f50a, State: Initialized, Role: FOLLOWER
I20260709 12:13:08.436189  9261 consensus_queue.cc:260] T ecdd0d22bb0f4a328725d64b9e8ff262 P b631dcf40a374e10b7eacd3cbdf8f50a [NON_LEADER]: Queue going to NON_LEADER mode. State: All replicated index: 0, Majority replicated index: 0, Committed index: 0, Last appended: 0.0, Last appended by leader: 0, Current term: 0, Majority size: -1, State: 0, Mode: NON_LEADER, active raft config: opid_index: -1 OBSOLETE_local: false peers { permanent_uuid: "bbd7e1cc816f428b9b754b6c4e8a0c33" member_type: VOTER last_known_addr { host: "127.7.177.129" port: 46535 } } peers { permanent_uuid: "39e06ca098664c82a98889e0b9c3396c" member_type: VOTER last_known_addr { host: "127.7.177.130" port: 38329 } } peers { permanent_uuid: "b631dcf40a374e10b7eacd3cbdf8f50a" member_type: VOTER last_known_addr { host: "127.7.177.131" port: 33315 } }
I20260709 12:13:08.423451  9447 leader_election.cc:290] T 5d2dfee22a184f91bdb213def7e0af0a P bbd7e1cc816f428b9b754b6c4e8a0c33 [CANDIDATE]: Term 1 pre-election: Requested pre-vote from peers 39e06ca098664c82a98889e0b9c3396c (127.7.177.130:38329), b631dcf40a374e10b7eacd3cbdf8f50a (127.7.177.131:33315)
I20260709 12:13:08.440615  9261 ts_tablet_manager.cc:1434] T ecdd0d22bb0f4a328725d64b9e8ff262 P b631dcf40a374e10b7eacd3cbdf8f50a: Time spent starting tablet: real 0.097s	user 0.003s	sys 0.002s
W20260709 12:13:08.443738  9552 log.cc:927] Time spent T 0cb4083a10174a7bb2e138d884df111c P 39e06ca098664c82a98889e0b9c3396c: Append to log took a long time: real 0.173s	user 0.012s	sys 0.000s
I20260709 12:13:08.444263  9497 raft_consensus.cc:515] T 9eb9bf43495148c28cac6f5c8d51e776 P b631dcf40a374e10b7eacd3cbdf8f50a [term 1 FOLLOWER]: Starting leader election with config: opid_index: -1 OBSOLETE_local: false peers { permanent_uuid: "bbd7e1cc816f428b9b754b6c4e8a0c33" member_type: VOTER last_known_addr { host: "127.7.177.129" port: 46535 } } peers { permanent_uuid: "39e06ca098664c82a98889e0b9c3396c" member_type: VOTER last_known_addr { host: "127.7.177.130" port: 38329 } } peers { permanent_uuid: "b631dcf40a374e10b7eacd3cbdf8f50a" member_type: VOTER last_known_addr { host: "127.7.177.131" port: 33315 } }
I20260709 12:13:08.451378  9497 leader_election.cc:290] T 9eb9bf43495148c28cac6f5c8d51e776 P b631dcf40a374e10b7eacd3cbdf8f50a [CANDIDATE]: Term 1 election: Requested vote from peers bbd7e1cc816f428b9b754b6c4e8a0c33 (127.7.177.129:46535), 39e06ca098664c82a98889e0b9c3396c (127.7.177.130:38329)
I20260709 12:13:08.459761  9469 raft_consensus.cc:2749] T e4e1b7d8a37e4aebbbaf123381db4010 P bbd7e1cc816f428b9b754b6c4e8a0c33 [term 0 FOLLOWER]: Leader pre-election lost for term 1. Reason: could not achieve majority
