I20260709 12:13:09.280220  9262 raft_consensus.cc:359] T 1d42a5f835644d7bbc3b8b06fcfa578c P bbd7e1cc816f428b9b754b6c4e8a0c33 [term 0 FOLLOWER]: Replica starting. Triggering 0 pending ops. Active config: opid_index: -1 OBSOLETE_local: false peers { permanent_uuid: "bbd7e1cc816f428b9b754b6c4e8a0c33" member_type: VOTER last_known_addr { host: "127.7.177.129" port: 46535 } } peers { permanent_uuid: "39e06ca098664c82a98889e0b9c3396c" member_type: VOTER last_known_addr { host: "127.7.177.130" port: 38329 } } peers { permanent_uuid: "b631dcf40a374e10b7eacd3cbdf8f50a" member_type: VOTER last_known_addr { host: "127.7.177.131" port: 33315 } }
I20260709 12:13:09.280956  9262 raft_consensus.cc:385] T 1d42a5f835644d7bbc3b8b06fcfa578c P bbd7e1cc816f428b9b754b6c4e8a0c33 [term 0 FOLLOWER]: Consensus starting up: Expiring failure detector timer to make a prompt election more likely
I20260709 12:13:09.281276  9262 raft_consensus.cc:740] T 1d42a5f835644d7bbc3b8b06fcfa578c P bbd7e1cc816f428b9b754b6c4e8a0c33 [term 0 FOLLOWER]: Becoming Follower/Learner. State: Replica: bbd7e1cc816f428b9b754b6c4e8a0c33, State: Initialized, Role: FOLLOWER
I20260709 12:13:09.282543  9557 raft_consensus.cc:493] T 9eb9bf43495148c28cac6f5c8d51e776 P 39e06ca098664c82a98889e0b9c3396c [term 0 FOLLOWER]: Starting pre-election (no leader contacted us within the election timeout)
I20260709 12:13:09.283073  9557 raft_consensus.cc:515] T 9eb9bf43495148c28cac6f5c8d51e776 P 39e06ca098664c82a98889e0b9c3396c [term 0 FOLLOWER]: Starting pre-election with config: opid_index: -1 OBSOLETE_local: false peers { permanent_uuid: "bbd7e1cc816f428b9b754b6c4e8a0c33" member_type: VOTER last_known_addr { host: "127.7.177.129" port: 46535 } } peers { permanent_uuid: "39e06ca098664c82a98889e0b9c3396c" member_type: VOTER last_known_addr { host: "127.7.177.130" port: 38329 } } peers { permanent_uuid: "b631dcf40a374e10b7eacd3cbdf8f50a" member_type: VOTER last_known_addr { host: "127.7.177.131" port: 33315 } }
I20260709 12:13:09.285212  9557 leader_election.cc:290] T 9eb9bf43495148c28cac6f5c8d51e776 P 39e06ca098664c82a98889e0b9c3396c [CANDIDATE]: Term 1 pre-election: Requested pre-vote from peers bbd7e1cc816f428b9b754b6c4e8a0c33 (127.7.177.129:46535), b631dcf40a374e10b7eacd3cbdf8f50a (127.7.177.131:33315)
I20260709 12:13:09.286083  9261 tablet_bootstrap.cc:654] T ef0ecb13823d43149e96bd7acc8de536 P b631dcf40a374e10b7eacd3cbdf8f50a: Neither blocks nor log segments found. Creating new log.
I20260709 12:13:09.281977  9262 consensus_queue.cc:260] T 1d42a5f835644d7bbc3b8b06fcfa578c P bbd7e1cc816f428b9b754b6c4e8a0c33 [NON_LEADER]: Queue going to NON_LEADER mode. State: All replicated index: 0, Majority replicated index: 0, Committed index: 0, Last appended: 0.0, Last appended by leader: 0, Current term: 0, Majority size: -1, State: 0, Mode: NON_LEADER, active raft config: opid_index: -1 OBSOLETE_local: false peers { permanent_uuid: "bbd7e1cc816f428b9b754b6c4e8a0c33" member_type: VOTER last_known_addr { host: "127.7.177.129" port: 46535 } } peers { permanent_uuid: "39e06ca098664c82a98889e0b9c3396c" member_type: VOTER last_known_addr { host: "127.7.177.130" port: 38329 } } peers { permanent_uuid: "b631dcf40a374e10b7eacd3cbdf8f50a" member_type: VOTER last_known_addr { host: "127.7.177.131" port: 33315 } }
W20260709 12:13:09.289985  9591 log.cc:927] Time spent T 1b2507c0c8764c10bc730c0654d8cc76 P b631dcf40a374e10b7eacd3cbdf8f50a: Append to log took a long time: real 0.154s	user 0.000s	sys 0.006s
I20260709 12:13:09.296476  9213 tablet_service.cc:1917] Received RequestConsensusVote() RPC: tablet_id: "9eb9bf43495148c28cac6f5c8d51e776" candidate_uuid: "39e06ca098664c82a98889e0b9c3396c" candidate_term: 1 candidate_status { last_received { term: 0 index: 0 } } ignore_live_leader: false dest_uuid: "b631dcf40a374e10b7eacd3cbdf8f50a" is_pre_election: true
W20260709 12:13:09.297128  9038 leader_election.cc:343] T 47aa67bb0bd848028c6c4f132c8556f1 P bbd7e1cc816f428b9b754b6c4e8a0c33 [CANDIDATE]: Term 1 pre-election: Tablet error from VoteRequest() call to peer 39e06ca098664c82a98889e0b9c3396c (127.7.177.130:38329): Illegal state: must be running to vote when last-logged opid is not known
I20260709 12:13:09.297577  9038 leader_election.cc:304] T 47aa67bb0bd848028c6c4f132c8556f1 P bbd7e1cc816f428b9b754b6c4e8a0c33 [CANDIDATE]: Term 1 pre-election: Election decided. Result: candidate lost. Election summary: received 3 responses out of 3 voters: 1 yes votes; 2 no votes. yes voters: bbd7e1cc816f428b9b754b6c4e8a0c33; no voters: 39e06ca098664c82a98889e0b9c3396c, b631dcf40a374e10b7eacd3cbdf8f50a
I20260709 12:13:09.298383  9553 raft_consensus.cc:2749] T 47aa67bb0bd848028c6c4f132c8556f1 P bbd7e1cc816f428b9b754b6c4e8a0c33 [term 0 FOLLOWER]: Leader pre-election lost for term 1. Reason: could not achieve majority
I20260709 12:13:09.300895  9064 tablet_service.cc:1917] Received RequestConsensusVote() RPC: tablet_id: "9eb9bf43495148c28cac6f5c8d51e776" candidate_uuid: "39e06ca098664c82a98889e0b9c3396c" candidate_term: 1 candidate_status { last_received { term: 0 index: 0 } } ignore_live_leader: false dest_uuid: "bbd7e1cc816f428b9b754b6c4e8a0c33" is_pre_election: true
I20260709 12:13:09.301314  9262 ts_tablet_manager.cc:1434] T 1d42a5f835644d7bbc3b8b06fcfa578c P bbd7e1cc816f428b9b754b6c4e8a0c33: Time spent starting tablet: real 0.028s	user 0.009s	sys 0.000s
I20260709 12:13:09.301721  9064 raft_consensus.cc:2393] T 9eb9bf43495148c28cac6f5c8d51e776 P bbd7e1cc816f428b9b754b6c4e8a0c33 [term 1 FOLLOWER]: Leader pre-election vote request: Denying vote to candidate 39e06ca098664c82a98889e0b9c3396c in current term 1: Already voted for candidate b631dcf40a374e10b7eacd3cbdf8f50a in this term.
I20260709 12:13:09.302383  9262 tablet_bootstrap.cc:492] T b6fc8c794f344f5c9500aa3f06193dfa P bbd7e1cc816f428b9b754b6c4e8a0c33: Bootstrap starting.
I20260709 12:13:09.305506  9444 raft_consensus.cc:493] T d335c5f18b38498e9d50d04f7a10cc64 P 39e06ca098664c82a98889e0b9c3396c [term 0 FOLLOWER]: Starting pre-election (no leader contacted us within the election timeout)
I20260709 12:13:09.306058  9444 raft_consensus.cc:515] T d335c5f18b38498e9d50d04f7a10cc64 P 39e06ca098664c82a98889e0b9c3396c [term 0 FOLLOWER]: Starting pre-election with config: opid_index: -1 OBSOLETE_local: false peers { permanent_uuid: "bbd7e1cc816f428b9b754b6c4e8a0c33" member_type: VOTER last_known_addr { host: "127.7.177.129" port: 46535 } } peers { permanent_uuid: "39e06ca098664c82a98889e0b9c3396c" member_type: VOTER last_known_addr { host: "127.7.177.130" port: 38329 } } peers { permanent_uuid: "b631dcf40a374e10b7eacd3cbdf8f50a" member_type: VOTER last_known_addr { host: "127.7.177.131" port: 33315 } }
I20260709 12:13:09.308248  9444 leader_election.cc:290] T d335c5f18b38498e9d50d04f7a10cc64 P 39e06ca098664c82a98889e0b9c3396c [CANDIDATE]: Term 1 pre-election: Requested pre-vote from peers bbd7e1cc816f428b9b754b6c4e8a0c33 (127.7.177.129:46535), b631dcf40a374e10b7eacd3cbdf8f50a (127.7.177.131:33315)
I20260709 12:13:09.311138  9262 tablet_bootstrap.cc:654] T b6fc8c794f344f5c9500aa3f06193dfa P bbd7e1cc816f428b9b754b6c4e8a0c33: Neither blocks nor log segments found. Creating new log.
I20260709 12:13:09.312054  9557 consensus_queue.cc:1048] T ecdd0d22bb0f4a328725d64b9e8ff262 P 39e06ca098664c82a98889e0b9c3396c [LEADER]: Connected to new peer: Peer: permanent_uuid: "b631dcf40a374e10b7eacd3cbdf8f50a" member_type: VOTER last_known_addr { host: "127.7.177.131" port: 33315 }, Status: LMP_MISMATCH, Last received: 0.0, Next index: 1, Last known committed idx: 0, Time since last communication: 0.000s
I20260709 12:13:09.319221  9064 tablet_service.cc:1917] Received RequestConsensusVote() RPC: tablet_id: "d335c5f18b38498e9d50d04f7a10cc64" candidate_uuid: "39e06ca098664c82a98889e0b9c3396c" candidate_term: 1 candidate_status { last_received { term: 0 index: 0 } } ignore_live_leader: false dest_uuid: "bbd7e1cc816f428b9b754b6c4e8a0c33" is_pre_election: true
I20260709 12:13:09.327838  9262 tablet_bootstrap.cc:492] T b6fc8c794f344f5c9500aa3f06193dfa P bbd7e1cc816f428b9b754b6c4e8a0c33: No bootstrap required, opened a new log
I20260709 12:13:09.328339  9262 ts_tablet_manager.cc:1403] T b6fc8c794f344f5c9500aa3f06193dfa P bbd7e1cc816f428b9b754b6c4e8a0c33: Time spent bootstrapping tablet: real 0.026s	user 0.012s	sys 0.004s
W20260709 12:13:09.328627  9038 consensus_peers.cc:597] T d60002eb2a1f47038f88f85f11c76808 P bbd7e1cc816f428b9b754b6c4e8a0c33 -> Peer b631dcf40a374e10b7eacd3cbdf8f50a (127.7.177.131:33315): Couldn't send request to peer b631dcf40a374e10b7eacd3cbdf8f50a. Error code: TABLET_NOT_RUNNING (12). Status: Illegal state: Tablet not RUNNING: INITIALIZED. This is attempt 1: this message will repeat every 5th retry.
I20260709 12:13:09.330942  9262 raft_consensus.cc:359] T b6fc8c794f344f5c9500aa3f06193dfa P bbd7e1cc816f428b9b754b6c4e8a0c33 [term 0 FOLLOWER]: Replica starting. Triggering 0 pending ops. Active config: opid_index: -1 OBSOLETE_local: false peers { permanent_uuid: "bbd7e1cc816f428b9b754b6c4e8a0c33" member_type: VOTER last_known_addr { host: "127.7.177.129" port: 46535 } } peers { permanent_uuid: "39e06ca098664c82a98889e0b9c3396c" member_type: VOTER last_known_addr { host: "127.7.177.130" port: 38329 } } peers { permanent_uuid: "b631dcf40a374e10b7eacd3cbdf8f50a" member_type: VOTER last_known_addr { host: "127.7.177.131" port: 33315 } }
I20260709 12:13:09.331688  9262 raft_consensus.cc:385] T b6fc8c794f344f5c9500aa3f06193dfa P bbd7e1cc816f428b9b754b6c4e8a0c33 [term 0 FOLLOWER]: Consensus starting up: Expiring failure detector timer to make a prompt election more likely
I20260709 12:13:09.332023  9262 raft_consensus.cc:740] T b6fc8c794f344f5c9500aa3f06193dfa P bbd7e1cc816f428b9b754b6c4e8a0c33 [term 0 FOLLOWER]: Becoming Follower/Learner. State: Replica: bbd7e1cc816f428b9b754b6c4e8a0c33, State: Initialized, Role: FOLLOWER
I20260709 12:13:09.333596  9113 leader_election.cc:304] T 9eb9bf43495148c28cac6f5c8d51e776 P 39e06ca098664c82a98889e0b9c3396c [CANDIDATE]: Term 1 pre-election: Election decided. Result: candidate lost. Election summary: received 3 responses out of 3 voters: 1 yes votes; 2 no votes. yes voters: 39e06ca098664c82a98889e0b9c3396c; no voters: b631dcf40a374e10b7eacd3cbdf8f50a, bbd7e1cc816f428b9b754b6c4e8a0c33
I20260709 12:13:09.336308  9557 raft_consensus.cc:3060] T 9eb9bf43495148c28cac6f5c8d51e776 P 39e06ca098664c82a98889e0b9c3396c [term 0 FOLLOWER]: Advancing to term 1
I20260709 12:13:09.333681  8970 catalog_manager.cc:5697] T 9eb9bf43495148c28cac6f5c8d51e776 P b631dcf40a374e10b7eacd3cbdf8f50a reported cstate change: term changed from 0 to 1, leader changed from <none> to b631dcf40a374e10b7eacd3cbdf8f50a (127.7.177.131). New cstate: current_term: 1 leader_uuid: "b631dcf40a374e10b7eacd3cbdf8f50a" committed_config { opid_index: -1 OBSOLETE_local: false peers { permanent_uuid: "bbd7e1cc816f428b9b754b6c4e8a0c33" member_type: VOTER last_known_addr { host: "127.7.177.129" port: 46535 } health_report { overall_health: UNKNOWN } } peers { permanent_uuid: "39e06ca098664c82a98889e0b9c3396c" member_type: VOTER last_known_addr { host: "127.7.177.130" port: 38329 } health_report { overall_health: UNKNOWN } } peers { permanent_uuid: "b631dcf40a374e10b7eacd3cbdf8f50a" member_type: VOTER last_known_addr { host: "127.7.177.131" port: 33315 } health_report { overall_health: HEALTHY } } }
I20260709 12:13:09.337846  9263 tablet_bootstrap.cc:654] T 1d7a47d94b4b4e8f8c0af6a2400a59a1 P 39e06ca098664c82a98889e0b9c3396c: Neither blocks nor log segments found. Creating new log.
I20260709 12:13:09.341852  9262 consensus_queue.cc:260] T b6fc8c794f344f5c9500aa3f06193dfa P bbd7e1cc816f428b9b754b6c4e8a0c33 [NON_LEADER]: Queue going to NON_LEADER mode. State: All replicated index: 0, Majority replicated index: 0, Committed index: 0, Last appended: 0.0, Last appended by leader: 0, Current term: 0, Majority size: -1, State: 0, Mode: NON_LEADER, active raft config: opid_index: -1 OBSOLETE_local: false peers { permanent_uuid: "bbd7e1cc816f428b9b754b6c4e8a0c33" member_type: VOTER last_known_addr { host: "127.7.177.129" port: 46535 } } peers { permanent_uuid: "39e06ca098664c82a98889e0b9c3396c" member_type: VOTER last_known_addr { host: "127.7.177.130" port: 38329 } } peers { permanent_uuid: "b631dcf40a374e10b7eacd3cbdf8f50a" member_type: VOTER last_known_addr { host: "127.7.177.131" port: 33315 } }
I20260709 12:13:09.346571  9381 raft_consensus.cc:493] T b6fc8c794f344f5c9500aa3f06193dfa P bbd7e1cc816f428b9b754b6c4e8a0c33 [term 0 FOLLOWER]: Starting pre-election (no leader contacted us within the election timeout)
I20260709 12:13:09.347198  9381 raft_consensus.cc:515] T b6fc8c794f344f5c9500aa3f06193dfa P bbd7e1cc816f428b9b754b6c4e8a0c33 [term 0 FOLLOWER]: Starting pre-election with config: opid_index: -1 OBSOLETE_local: false peers { permanent_uuid: "bbd7e1cc816f428b9b754b6c4e8a0c33" member_type: VOTER last_known_addr { host: "127.7.177.129" port: 46535 } } peers { permanent_uuid: "39e06ca098664c82a98889e0b9c3396c" member_type: VOTER last_known_addr { host: "127.7.177.130" port: 38329 } } peers { permanent_uuid: "b631dcf40a374e10b7eacd3cbdf8f50a" member_type: VOTER last_known_addr { host: "127.7.177.131" port: 33315 } }
I20260709 12:13:09.350010  9381 leader_election.cc:290] T b6fc8c794f344f5c9500aa3f06193dfa P bbd7e1cc816f428b9b754b6c4e8a0c33 [CANDIDATE]: Term 1 pre-election: Requested pre-vote from peers 39e06ca098664c82a98889e0b9c3396c (127.7.177.130:38329), b631dcf40a374e10b7eacd3cbdf8f50a (127.7.177.131:33315)
I20260709 12:13:09.350605  9262 ts_tablet_manager.cc:1434] T b6fc8c794f344f5c9500aa3f06193dfa P bbd7e1cc816f428b9b754b6c4e8a0c33: Time spent starting tablet: real 0.022s	user 0.006s	sys 0.002s
I20260709 12:13:09.351502  9262 tablet_bootstrap.cc:492] T 2accb3dd55004e77842914b4247191c9 P bbd7e1cc816f428b9b754b6c4e8a0c33: Bootstrap starting.
I20260709 12:13:09.352209  9220 tablet_service.cc:1917] Received RequestConsensusVote() RPC: tablet_id: "b6fc8c794f344f5c9500aa3f06193dfa" candidate_uuid: "bbd7e1cc816f428b9b754b6c4e8a0c33" candidate_term: 1 candidate_status { last_received { term: 0 index: 0 } } ignore_live_leader: false dest_uuid: "b631dcf40a374e10b7eacd3cbdf8f50a" is_pre_election: true
W20260709 12:13:09.353929  9038 leader_election.cc:343] T b6fc8c794f344f5c9500aa3f06193dfa P bbd7e1cc816f428b9b754b6c4e8a0c33 [CANDIDATE]: Term 1 pre-election: Tablet error from VoteRequest() call to peer b631dcf40a374e10b7eacd3cbdf8f50a (127.7.177.131:33315): Illegal state: must be running to vote when last-logged opid is not known
I20260709 12:13:09.357833  9557 raft_consensus.cc:2749] T 9eb9bf43495148c28cac6f5c8d51e776 P 39e06ca098664c82a98889e0b9c3396c [term 1 FOLLOWER]: Leader pre-election lost for term 1. Reason: could not achieve majority
W20260709 12:13:09.365291  9113 consensus_peers.cc:597] T 54381a705d194177836caac7ad1717b2 P 39e06ca098664c82a98889e0b9c3396c -> Peer b631dcf40a374e10b7eacd3cbdf8f50a (127.7.177.131:33315): Couldn't send request to peer b631dcf40a374e10b7eacd3cbdf8f50a. Error code: TABLET_NOT_RUNNING (12). Status: Illegal state: Tablet not RUNNING: INITIALIZED. This is attempt 1: this message will repeat every 5th retry.
I20260709 12:13:09.367704  8969 catalog_manager.cc:5697] T 3d41d919141347b1ac1a40bc6df94953 P bbd7e1cc816f428b9b754b6c4e8a0c33 reported cstate change: term changed from 0 to 1, leader changed from <none> to bbd7e1cc816f428b9b754b6c4e8a0c33 (127.7.177.129). New cstate: current_term: 1 leader_uuid: "bbd7e1cc816f428b9b754b6c4e8a0c33" committed_config { opid_index: -1 OBSOLETE_local: false peers { permanent_uuid: "bbd7e1cc816f428b9b754b6c4e8a0c33" member_type: VOTER last_known_addr { host: "127.7.177.129" port: 46535 } health_report { overall_health: HEALTHY } } peers { permanent_uuid: "39e06ca098664c82a98889e0b9c3396c" member_type: VOTER last_known_addr { host: "127.7.177.130" port: 38329 } health_report { overall_health: UNKNOWN } } peers { permanent_uuid: "b631dcf40a374e10b7eacd3cbdf8f50a" member_type: VOTER last_known_addr { host: "127.7.177.131" port: 33315 } health_report { overall_health: UNKNOWN } } }
I20260709 12:13:09.376927  9139 raft_consensus.cc:3060] T d335c5f18b38498e9d50d04f7a10cc64 P 39e06ca098664c82a98889e0b9c3396c [term 0 FOLLOWER]: Advancing to term 1
I20260709 12:13:09.384493  9335 consensus_queue.cc:1048] T 3d41d919141347b1ac1a40bc6df94953 P bbd7e1cc816f428b9b754b6c4e8a0c33 [LEADER]: Connected to new peer: Peer: permanent_uuid: "b631dcf40a374e10b7eacd3cbdf8f50a" member_type: VOTER last_known_addr { host: "127.7.177.131" port: 33315 }, Status: LMP_MISMATCH, Last received: 0.0, Next index: 1, Last known committed idx: 0, Time since last communication: 0.001s
I20260709 12:13:09.393910  9261 tablet_bootstrap.cc:492] T ef0ecb13823d43149e96bd7acc8de536 P b631dcf40a374e10b7eacd3cbdf8f50a: No bootstrap required, opened a new log
I20260709 12:13:09.394022  9262 tablet_bootstrap.cc:654] T 2accb3dd55004e77842914b4247191c9 P bbd7e1cc816f428b9b754b6c4e8a0c33: Neither blocks nor log segments found. Creating new log.
I20260709 12:13:09.394516  9261 ts_tablet_manager.cc:1403] T ef0ecb13823d43149e96bd7acc8de536 P b631dcf40a374e10b7eacd3cbdf8f50a: Time spent bootstrapping tablet: real 0.119s	user 0.013s	sys 0.009s
I20260709 12:13:09.396363  9261 raft_consensus.cc:359] T ef0ecb13823d43149e96bd7acc8de536 P b631dcf40a374e10b7eacd3cbdf8f50a [term 0 FOLLOWER]: Replica starting. Triggering 0 pending ops. Active config: opid_index: -1 OBSOLETE_local: false peers { permanent_uuid: "bbd7e1cc816f428b9b754b6c4e8a0c33" member_type: VOTER last_known_addr { host: "127.7.177.129" port: 46535 } } peers { permanent_uuid: "39e06ca098664c82a98889e0b9c3396c" member_type: VOTER last_known_addr { host: "127.7.177.130" port: 38329 } } peers { permanent_uuid: "b631dcf40a374e10b7eacd3cbdf8f50a" member_type: VOTER last_known_addr { host: "127.7.177.131" port: 33315 } }
I20260709 12:13:09.396849  9261 raft_consensus.cc:385] T ef0ecb13823d43149e96bd7acc8de536 P b631dcf40a374e10b7eacd3cbdf8f50a [term 0 FOLLOWER]: Consensus starting up: Expiring failure detector timer to make a prompt election more likely
I20260709 12:13:09.397075  9261 raft_consensus.cc:740] T ef0ecb13823d43149e96bd7acc8de536 P b631dcf40a374e10b7eacd3cbdf8f50a [term 0 FOLLOWER]: Becoming Follower/Learner. State: Replica: b631dcf40a374e10b7eacd3cbdf8f50a, State: Initialized, Role: FOLLOWER
I20260709 12:13:09.426581  9557 raft_consensus.cc:493] T 47aa67bb0bd848028c6c4f132c8556f1 P 39e06ca098664c82a98889e0b9c3396c [term 0 FOLLOWER]: Starting pre-election (no leader contacted us within the election timeout)
I20260709 12:13:09.427182  9557 raft_consensus.cc:515] T 47aa67bb0bd848028c6c4f132c8556f1 P 39e06ca098664c82a98889e0b9c3396c [term 0 FOLLOWER]: Starting pre-election with config: opid_index: -1 OBSOLETE_local: false peers { permanent_uuid: "bbd7e1cc816f428b9b754b6c4e8a0c33" member_type: VOTER last_known_addr { host: "127.7.177.129" port: 46535 } } peers { permanent_uuid: "39e06ca098664c82a98889e0b9c3396c" member_type: VOTER last_known_addr { host: "127.7.177.130" port: 38329 } } peers { permanent_uuid: "b631dcf40a374e10b7eacd3cbdf8f50a" member_type: VOTER last_known_addr { host: "127.7.177.131" port: 33315 } }
I20260709 12:13:09.429435  9557 leader_election.cc:290] T 47aa67bb0bd848028c6c4f132c8556f1 P 39e06ca098664c82a98889e0b9c3396c [CANDIDATE]: Term 1 pre-election: Requested pre-vote from peers bbd7e1cc816f428b9b754b6c4e8a0c33 (127.7.177.129:46535), b631dcf40a374e10b7eacd3cbdf8f50a (127.7.177.131:33315)
I20260709 12:13:09.430302  9066 tablet_service.cc:1917] Received RequestConsensusVote() RPC: tablet_id: "47aa67bb0bd848028c6c4f132c8556f1" candidate_uuid: "39e06ca098664c82a98889e0b9c3396c" candidate_term: 1 candidate_status { last_received { term: 0 index: 0 } } ignore_live_leader: false dest_uuid: "bbd7e1cc816f428b9b754b6c4e8a0c33" is_pre_election: true
I20260709 12:13:09.431021  9066 raft_consensus.cc:2468] T 47aa67bb0bd848028c6c4f132c8556f1 P bbd7e1cc816f428b9b754b6c4e8a0c33 [term 0 FOLLOWER]: Leader pre-election vote request: Granting yes vote for candidate 39e06ca098664c82a98889e0b9c3396c in term 0.
I20260709 12:13:09.432418  9110 leader_election.cc:304] T 47aa67bb0bd848028c6c4f132c8556f1 P 39e06ca098664c82a98889e0b9c3396c [CANDIDATE]: Term 1 pre-election: Election decided. Result: candidate won. Election summary: received 2 responses out of 3 voters: 2 yes votes; 0 no votes. yes voters: 39e06ca098664c82a98889e0b9c3396c, bbd7e1cc816f428b9b754b6c4e8a0c33; no voters: 
I20260709 12:13:09.433296  9444 raft_consensus.cc:2804] T 47aa67bb0bd848028c6c4f132c8556f1 P 39e06ca098664c82a98889e0b9c3396c [term 0 FOLLOWER]: Leader pre-election won for term 1
I20260709 12:13:09.433696  9444 raft_consensus.cc:493] T 47aa67bb0bd848028c6c4f132c8556f1 P 39e06ca098664c82a98889e0b9c3396c [term 0 FOLLOWER]: Starting leader election (no leader contacted us within the election timeout)
I20260709 12:13:09.434119  9444 raft_consensus.cc:3060] T 47aa67bb0bd848028c6c4f132c8556f1 P 39e06ca098664c82a98889e0b9c3396c [term 0 FOLLOWER]: Advancing to term 1
I20260709 12:13:09.438947  9263 tablet_bootstrap.cc:492] T 1d7a47d94b4b4e8f8c0af6a2400a59a1 P 39e06ca098664c82a98889e0b9c3396c: No bootstrap required, opened a new log
I20260709 12:13:09.439605  9263 ts_tablet_manager.cc:1403] T 1d7a47d94b4b4e8f8c0af6a2400a59a1 P 39e06ca098664c82a98889e0b9c3396c: Time spent bootstrapping tablet: real 0.173s	user 0.012s	sys 0.019s
I20260709 12:13:09.440868  9262 tablet_bootstrap.cc:492] T 2accb3dd55004e77842914b4247191c9 P bbd7e1cc816f428b9b754b6c4e8a0c33: No bootstrap required, opened a new log
I20260709 12:13:09.441526  9262 ts_tablet_manager.cc:1403] T 2accb3dd55004e77842914b4247191c9 P bbd7e1cc816f428b9b754b6c4e8a0c33: Time spent bootstrapping tablet: real 0.090s	user 0.011s	sys 0.014s
I20260709 12:13:09.397778  9261 consensus_queue.cc:260] T ef0ecb13823d43149e96bd7acc8de536 P b631dcf40a374e10b7eacd3cbdf8f50a [NON_LEADER]: Queue going to NON_LEADER mode. State: All replicated index: 0, Majority replicated index: 0, Committed index: 0, Last appended: 0.0, Last appended by leader: 0, Current term: 0, Majority size: -1, State: 0, Mode: NON_LEADER, active raft config: opid_index: -1 OBSOLETE_local: false peers { permanent_uuid: "bbd7e1cc816f428b9b754b6c4e8a0c33" member_type: VOTER last_known_addr { host: "127.7.177.129" port: 46535 } } peers { permanent_uuid: "39e06ca098664c82a98889e0b9c3396c" member_type: VOTER last_known_addr { host: "127.7.177.130" port: 38329 } } peers { permanent_uuid: "b631dcf40a374e10b7eacd3cbdf8f50a" member_type: VOTER last_known_addr { host: "127.7.177.131" port: 33315 } }
I20260709 12:13:09.442734  9382 raft_consensus.cc:493] T ef0ecb13823d43149e96bd7acc8de536 P b631dcf40a374e10b7eacd3cbdf8f50a [term 0 FOLLOWER]: Starting pre-election (no leader contacted us within the election timeout)
I20260709 12:13:09.443327  9139 tablet_service.cc:1917] Received RequestConsensusVote() RPC: tablet_id: "214108b34b764d06945f12dc517f7c68" candidate_uuid: "bbd7e1cc816f428b9b754b6c4e8a0c33" candidate_term: 1 candidate_status { last_received { term: 0 index: 0 } } ignore_live_leader: false dest_uuid: "39e06ca098664c82a98889e0b9c3396c" is_pre_election: true
I20260709 12:13:09.443324  9382 raft_consensus.cc:515] T ef0ecb13823d43149e96bd7acc8de536 P b631dcf40a374e10b7eacd3cbdf8f50a [term 0 FOLLOWER]: Starting pre-election with config: opid_index: -1 OBSOLETE_local: false peers { permanent_uuid: "bbd7e1cc816f428b9b754b6c4e8a0c33" member_type: VOTER last_known_addr { host: "127.7.177.129" port: 46535 } } peers { permanent_uuid: "39e06ca098664c82a98889e0b9c3396c" member_type: VOTER last_known_addr { host: "127.7.177.130" port: 38329 } } peers { permanent_uuid: "b631dcf40a374e10b7eacd3cbdf8f50a" member_type: VOTER last_known_addr { host: "127.7.177.131" port: 33315 } }
I20260709 12:13:09.444547  9261 ts_tablet_manager.cc:1434] T ef0ecb13823d43149e96bd7acc8de536 P b631dcf40a374e10b7eacd3cbdf8f50a: Time spent starting tablet: real 0.050s	user 0.006s	sys 0.001s
I20260709 12:13:09.448150  9066 tablet_service.cc:1917] Received RequestConsensusVote() RPC: tablet_id: "ef0ecb13823d43149e96bd7acc8de536" candidate_uuid: "b631dcf40a374e10b7eacd3cbdf8f50a" candidate_term: 1 candidate_status { last_received { term: 0 index: 0 } } ignore_live_leader: false dest_uuid: "bbd7e1cc816f428b9b754b6c4e8a0c33" is_pre_election: true
I20260709 12:13:09.448871  9066 raft_consensus.cc:2468] T ef0ecb13823d43149e96bd7acc8de536 P bbd7e1cc816f428b9b754b6c4e8a0c33 [term 0 FOLLOWER]: Leader pre-election vote request: Granting yes vote for candidate b631dcf40a374e10b7eacd3cbdf8f50a in term 0.
I20260709 12:13:09.450130  9184 leader_election.cc:304] T ef0ecb13823d43149e96bd7acc8de536 P b631dcf40a374e10b7eacd3cbdf8f50a [CANDIDATE]: Term 1 pre-election: Election decided. Result: candidate won. Election summary: received 2 responses out of 3 voters: 2 yes votes; 0 no votes. yes voters: b631dcf40a374e10b7eacd3cbdf8f50a, bbd7e1cc816f428b9b754b6c4e8a0c33; no voters: 
I20260709 12:13:09.445789  9261 tablet_bootstrap.cc:492] T 5d2dfee22a184f91bdb213def7e0af0a P b631dcf40a374e10b7eacd3cbdf8f50a: Bootstrap starting.
I20260709 12:13:09.457229  9382 leader_election.cc:290] T ef0ecb13823d43149e96bd7acc8de536 P b631dcf40a374e10b7eacd3cbdf8f50a [CANDIDATE]: Term 1 pre-election: Requested pre-vote from peers bbd7e1cc816f428b9b754b6c4e8a0c33 (127.7.177.129:46535), 39e06ca098664c82a98889e0b9c3396c (127.7.177.130:38329)
I20260709 12:13:09.459935  9335 raft_consensus.cc:493] T 1d42a5f835644d7bbc3b8b06fcfa578c P bbd7e1cc816f428b9b754b6c4e8a0c33 [term 0 FOLLOWER]: Starting pre-election (no leader contacted us within the election timeout)
I20260709 12:13:09.460389  9335 raft_consensus.cc:515] T 1d42a5f835644d7bbc3b8b06fcfa578c P bbd7e1cc816f428b9b754b6c4e8a0c33 [term 0 FOLLOWER]: Starting pre-election with config: opid_index: -1 OBSOLETE_local: false peers { permanent_uuid: "bbd7e1cc816f428b9b754b6c4e8a0c33" member_type: VOTER last_known_addr { host: "127.7.177.129" port: 46535 } } peers { permanent_uuid: "39e06ca098664c82a98889e0b9c3396c" member_type: VOTER last_known_addr { host: "127.7.177.130" port: 38329 } } peers { permanent_uuid: "b631dcf40a374e10b7eacd3cbdf8f50a" member_type: VOTER last_known_addr { host: "127.7.177.131" port: 33315 } }
I20260709 12:13:09.463341  9572 raft_consensus.cc:2804] T ef0ecb13823d43149e96bd7acc8de536 P b631dcf40a374e10b7eacd3cbdf8f50a [term 0 FOLLOWER]: Leader pre-election won for term 1
I20260709 12:13:09.463771  9572 raft_consensus.cc:493] T ef0ecb13823d43149e96bd7acc8de536 P b631dcf40a374e10b7eacd3cbdf8f50a [term 0 FOLLOWER]: Starting leader election (no leader contacted us within the election timeout)
I20260709 12:13:09.468335  9572 raft_consensus.cc:3060] T ef0ecb13823d43149e96bd7acc8de536 P b631dcf40a374e10b7eacd3cbdf8f50a [term 0 FOLLOWER]: Advancing to term 1
I20260709 12:13:09.471884  9220 tablet_service.cc:1917] Received RequestConsensusVote() RPC: tablet_id: "d335c5f18b38498e9d50d04f7a10cc64" candidate_uuid: "39e06ca098664c82a98889e0b9c3396c" candidate_term: 1 candidate_status { last_received { term: 0 index: 0 } } ignore_live_leader: false dest_uuid: "b631dcf40a374e10b7eacd3cbdf8f50a" is_pre_election: true
I20260709 12:13:09.474344  9147 tablet_service.cc:1917] Received RequestConsensusVote() RPC: tablet_id: "b6fc8c794f344f5c9500aa3f06193dfa" candidate_uuid: "bbd7e1cc816f428b9b754b6c4e8a0c33" candidate_term: 1 candidate_status { last_received { term: 0 index: 0 } } ignore_live_leader: false dest_uuid: "39e06ca098664c82a98889e0b9c3396c" is_pre_election: true
I20260709 12:13:09.479049  9335 leader_election.cc:290] T 1d42a5f835644d7bbc3b8b06fcfa578c P bbd7e1cc816f428b9b754b6c4e8a0c33 [CANDIDATE]: Term 1 pre-election: Requested pre-vote from peers 39e06ca098664c82a98889e0b9c3396c (127.7.177.130:38329), b631dcf40a374e10b7eacd3cbdf8f50a (127.7.177.131:33315)
I20260709 12:13:09.483217  9113 leader_election.cc:304] T d335c5f18b38498e9d50d04f7a10cc64 P 39e06ca098664c82a98889e0b9c3396c [CANDIDATE]: Term 1 pre-election: Election decided. Result: candidate lost. Election summary: received 3 responses out of 3 voters: 1 yes votes; 2 no votes. yes voters: 39e06ca098664c82a98889e0b9c3396c; no voters: b631dcf40a374e10b7eacd3cbdf8f50a, bbd7e1cc816f428b9b754b6c4e8a0c33
W20260709 12:13:09.484447  9038 leader_election.cc:343] T 214108b34b764d06945f12dc517f7c68 P bbd7e1cc816f428b9b754b6c4e8a0c33 [CANDIDATE]: Term 1 pre-election: Tablet error from VoteRequest() call to peer 39e06ca098664c82a98889e0b9c3396c (127.7.177.130:38329): Illegal state: must be running to vote when last-logged opid is not known
I20260709 12:13:09.484838  9038 leader_election.cc:304] T 214108b34b764d06945f12dc517f7c68 P bbd7e1cc816f428b9b754b6c4e8a0c33 [CANDIDATE]: Term 1 pre-election: Election decided. Result: candidate lost. Election summary: received 3 responses out of 3 voters: 1 yes votes; 2 no votes. yes voters: bbd7e1cc816f428b9b754b6c4e8a0c33; no voters: 39e06ca098664c82a98889e0b9c3396c, b631dcf40a374e10b7eacd3cbdf8f50a
I20260709 12:13:09.486852  9146 tablet_service.cc:1917] Received RequestConsensusVote() RPC: tablet_id: "1d42a5f835644d7bbc3b8b06fcfa578c" candidate_uuid: "bbd7e1cc816f428b9b754b6c4e8a0c33" candidate_term: 1 candidate_status { last_received { term: 0 index: 0 } } ignore_live_leader: false dest_uuid: "39e06ca098664c82a98889e0b9c3396c" is_pre_election: true
I20260709 12:13:09.475121  9262 raft_consensus.cc:359] T 2accb3dd55004e77842914b4247191c9 P bbd7e1cc816f428b9b754b6c4e8a0c33 [term 0 FOLLOWER]: Replica starting. Triggering 0 pending ops. Active config: opid_index: -1 OBSOLETE_local: false peers { permanent_uuid: "bbd7e1cc816f428b9b754b6c4e8a0c33" member_type: VOTER last_known_addr { host: "127.7.177.129" port: 46535 } } peers { permanent_uuid: "39e06ca098664c82a98889e0b9c3396c" member_type: VOTER last_known_addr { host: "127.7.177.130" port: 38329 } } peers { permanent_uuid: "b631dcf40a374e10b7eacd3cbdf8f50a" member_type: VOTER last_known_addr { host: "127.7.177.131" port: 33315 } }
I20260709 12:13:09.488085  9262 raft_consensus.cc:385] T 2accb3dd55004e77842914b4247191c9 P bbd7e1cc816f428b9b754b6c4e8a0c33 [term 0 FOLLOWER]: Consensus starting up: Expiring failure detector timer to make a prompt election more likely
I20260709 12:13:09.488148  9139 tablet_service.cc:1917] Received RequestConsensusVote() RPC: tablet_id: "ef0ecb13823d43149e96bd7acc8de536" candidate_uuid: "b631dcf40a374e10b7eacd3cbdf8f50a" candidate_term: 1 candidate_status { last_received { term: 0 index: 0 } } ignore_live_leader: false dest_uuid: "39e06ca098664c82a98889e0b9c3396c" is_pre_election: true
I20260709 12:13:09.494040  9218 tablet_service.cc:1917] Received RequestConsensusVote() RPC: tablet_id: "47aa67bb0bd848028c6c4f132c8556f1" candidate_uuid: "39e06ca098664c82a98889e0b9c3396c" candidate_term: 1 candidate_status { last_received { term: 0 index: 0 } } ignore_live_leader: false dest_uuid: "b631dcf40a374e10b7eacd3cbdf8f50a" is_pre_election: true
I20260709 12:13:09.495918  9536 raft_consensus.cc:2749] T d335c5f18b38498e9d50d04f7a10cc64 P 39e06ca098664c82a98889e0b9c3396c [term 1 FOLLOWER]: Leader pre-election lost for term 1. Reason: could not achieve majority
I20260709 12:13:09.495044  9218 raft_consensus.cc:2468] T 47aa67bb0bd848028c6c4f132c8556f1 P b631dcf40a374e10b7eacd3cbdf8f50a [term 0 FOLLOWER]: Leader pre-election vote request: Granting yes vote for candidate 39e06ca098664c82a98889e0b9c3396c in term 0.
I20260709 12:13:09.498968  9263 raft_consensus.cc:359] T 1d7a47d94b4b4e8f8c0af6a2400a59a1 P 39e06ca098664c82a98889e0b9c3396c [term 0 FOLLOWER]: Replica starting. Triggering 0 pending ops. Active config: opid_index: -1 OBSOLETE_local: false peers { permanent_uuid: "bbd7e1cc816f428b9b754b6c4e8a0c33" member_type: VOTER last_known_addr { host: "127.7.177.129" port: 46535 } } peers { permanent_uuid: "39e06ca098664c82a98889e0b9c3396c" member_type: VOTER last_known_addr { host: "127.7.177.130" port: 38329 } } peers { permanent_uuid: "b631dcf40a374e10b7eacd3cbdf8f50a" member_type: VOTER last_known_addr { host: "127.7.177.131" port: 33315 } }
I20260709 12:13:09.499903  9263 raft_consensus.cc:385] T 1d7a47d94b4b4e8f8c0af6a2400a59a1 P 39e06ca098664c82a98889e0b9c3396c [term 0 FOLLOWER]: Consensus starting up: Expiring failure detector timer to make a prompt election more likely
I20260709 12:13:09.500221  9263 raft_consensus.cc:740] T 1d7a47d94b4b4e8f8c0af6a2400a59a1 P 39e06ca098664c82a98889e0b9c3396c [term 0 FOLLOWER]: Becoming Follower/Learner. State: Replica: 39e06ca098664c82a98889e0b9c3396c, State: Initialized, Role: FOLLOWER
I20260709 12:13:09.488421  9262 raft_consensus.cc:740] T 2accb3dd55004e77842914b4247191c9 P bbd7e1cc816f428b9b754b6c4e8a0c33 [term 0 FOLLOWER]: Becoming Follower/Learner. State: Replica: bbd7e1cc816f428b9b754b6c4e8a0c33, State: Initialized, Role: FOLLOWER
I20260709 12:13:09.501869  9262 consensus_queue.cc:260] T 2accb3dd55004e77842914b4247191c9 P bbd7e1cc816f428b9b754b6c4e8a0c33 [NON_LEADER]: Queue going to NON_LEADER mode. State: All replicated index: 0, Majority replicated index: 0, Committed index: 0, Last appended: 0.0, Last appended by leader: 0, Current term: 0, Majority size: -1, State: 0, Mode: NON_LEADER, active raft config: opid_index: -1 OBSOLETE_local: false peers { permanent_uuid: "bbd7e1cc816f428b9b754b6c4e8a0c33" member_type: VOTER last_known_addr { host: "127.7.177.129" port: 46535 } } peers { permanent_uuid: "39e06ca098664c82a98889e0b9c3396c" member_type: VOTER last_known_addr { host: "127.7.177.130" port: 38329 } } peers { permanent_uuid: "b631dcf40a374e10b7eacd3cbdf8f50a" member_type: VOTER last_known_addr { host: "127.7.177.131" port: 33315 } }
I20260709 12:13:09.501452  9564 raft_consensus.cc:2749] T 214108b34b764d06945f12dc517f7c68 P bbd7e1cc816f428b9b754b6c4e8a0c33 [term 0 FOLLOWER]: Leader pre-election lost for term 1. Reason: could not achieve majority
I20260709 12:13:09.502751  9215 tablet_service.cc:1917] Received RequestConsensusVote() RPC: tablet_id: "1d42a5f835644d7bbc3b8b06fcfa578c" candidate_uuid: "bbd7e1cc816f428b9b754b6c4e8a0c33" candidate_term: 1 candidate_status { last_received { term: 0 index: 0 } } ignore_live_leader: false dest_uuid: "b631dcf40a374e10b7eacd3cbdf8f50a" is_pre_election: true
I20260709 12:13:09.510851  9262 ts_tablet_manager.cc:1434] T 2accb3dd55004e77842914b4247191c9 P bbd7e1cc816f428b9b754b6c4e8a0c33: Time spent starting tablet: real 0.069s	user 0.005s	sys 0.001s
I20260709 12:13:09.510571  9263 consensus_queue.cc:260] T 1d7a47d94b4b4e8f8c0af6a2400a59a1 P 39e06ca098664c82a98889e0b9c3396c [NON_LEADER]: Queue going to NON_LEADER mode. State: All replicated index: 0, Majority replicated index: 0, Committed index: 0, Last appended: 0.0, Last appended by leader: 0, Current term: 0, Majority size: -1, State: 0, Mode: NON_LEADER, active raft config: opid_index: -1 OBSOLETE_local: false peers { permanent_uuid: "bbd7e1cc816f428b9b754b6c4e8a0c33" member_type: VOTER last_known_addr { host: "127.7.177.129" port: 46535 } } peers { permanent_uuid: "39e06ca098664c82a98889e0b9c3396c" member_type: VOTER last_known_addr { host: "127.7.177.130" port: 38329 } } peers { permanent_uuid: "b631dcf40a374e10b7eacd3cbdf8f50a" member_type: VOTER last_known_addr { host: "127.7.177.131" port: 33315 } }
I20260709 12:13:09.502907  9553 consensus_queue.cc:1048] T d60002eb2a1f47038f88f85f11c76808 P bbd7e1cc816f428b9b754b6c4e8a0c33 [LEADER]: Connected to new peer: Peer: permanent_uuid: "39e06ca098664c82a98889e0b9c3396c" member_type: VOTER last_known_addr { host: "127.7.177.130" port: 38329 }, Status: LMP_MISMATCH, Last received: 0.0, Next index: 1, Last known committed idx: 0, Time since last communication: 0.011s
I20260709 12:13:09.516449  9444 raft_consensus.cc:515] T 47aa67bb0bd848028c6c4f132c8556f1 P 39e06ca098664c82a98889e0b9c3396c [term 1 FOLLOWER]: Starting leader election with config: opid_index: -1 OBSOLETE_local: false peers { permanent_uuid: "bbd7e1cc816f428b9b754b6c4e8a0c33" member_type: VOTER last_known_addr { host: "127.7.177.129" port: 46535 } } peers { permanent_uuid: "39e06ca098664c82a98889e0b9c3396c" member_type: VOTER last_known_addr { host: "127.7.177.130" port: 38329 } } peers { permanent_uuid: "b631dcf40a374e10b7eacd3cbdf8f50a" member_type: VOTER last_known_addr { host: "127.7.177.131" port: 33315 } }
I20260709 12:13:09.519766  9262 tablet_bootstrap.cc:492] T 9416e64b83204dccb3724a758a119341 P bbd7e1cc816f428b9b754b6c4e8a0c33: Bootstrap starting.
I20260709 12:13:09.524844  9572 raft_consensus.cc:515] T ef0ecb13823d43149e96bd7acc8de536 P b631dcf40a374e10b7eacd3cbdf8f50a [term 1 FOLLOWER]: Starting leader election with config: opid_index: -1 OBSOLETE_local: false peers { permanent_uuid: "bbd7e1cc816f428b9b754b6c4e8a0c33" member_type: VOTER last_known_addr { host: "127.7.177.129" port: 46535 } } peers { permanent_uuid: "39e06ca098664c82a98889e0b9c3396c" member_type: VOTER last_known_addr { host: "127.7.177.130" port: 38329 } } peers { permanent_uuid: "b631dcf40a374e10b7eacd3cbdf8f50a" member_type: VOTER last_known_addr { host: "127.7.177.131" port: 33315 } }
I20260709 12:13:09.533797  9072 tablet_service.cc:1917] Received RequestConsensusVote() RPC: tablet_id: "47aa67bb0bd848028c6c4f132c8556f1" candidate_uuid: "39e06ca098664c82a98889e0b9c3396c" candidate_term: 1 candidate_status { last_received { term: 0 index: 0 } } ignore_live_leader: false dest_uuid: "bbd7e1cc816f428b9b754b6c4e8a0c33"
W20260709 12:13:09.533993  9038 leader_election.cc:343] T b6fc8c794f344f5c9500aa3f06193dfa P bbd7e1cc816f428b9b754b6c4e8a0c33 [CANDIDATE]: Term 1 pre-election: Tablet error from VoteRequest() call to peer 39e06ca098664c82a98889e0b9c3396c (127.7.177.130:38329): Illegal state: must be running to vote when last-logged opid is not known
I20260709 12:13:09.534574  9072 raft_consensus.cc:3060] T 47aa67bb0bd848028c6c4f132c8556f1 P bbd7e1cc816f428b9b754b6c4e8a0c33 [term 0 FOLLOWER]: Advancing to term 1
I20260709 12:13:09.534583  9038 leader_election.cc:304] T b6fc8c794f344f5c9500aa3f06193dfa P bbd7e1cc816f428b9b754b6c4e8a0c33 [CANDIDATE]: Term 1 pre-election: Election decided. Result: candidate lost. Election summary: received 3 responses out of 3 voters: 1 yes votes; 2 no votes. yes voters: bbd7e1cc816f428b9b754b6c4e8a0c33; no voters: 39e06ca098664c82a98889e0b9c3396c, b631dcf40a374e10b7eacd3cbdf8f50a
I20260709 12:13:09.527799  9263 ts_tablet_manager.cc:1434] T 1d7a47d94b4b4e8f8c0af6a2400a59a1 P 39e06ca098664c82a98889e0b9c3396c: Time spent starting tablet: real 0.088s	user 0.007s	sys 0.000s
I20260709 12:13:09.539005  9263 tablet_bootstrap.cc:492] T ef0ecb13823d43149e96bd7acc8de536 P 39e06ca098664c82a98889e0b9c3396c: Bootstrap starting.
I20260709 12:13:09.540992  9065 tablet_service.cc:1917] Received RequestConsensusVote() RPC: tablet_id: "ef0ecb13823d43149e96bd7acc8de536" candidate_uuid: "b631dcf40a374e10b7eacd3cbdf8f50a" candidate_term: 1 candidate_status { last_received { term: 0 index: 0 } } ignore_live_leader: false dest_uuid: "bbd7e1cc816f428b9b754b6c4e8a0c33"
I20260709 12:13:09.541769  9065 raft_consensus.cc:3060] T ef0ecb13823d43149e96bd7acc8de536 P bbd7e1cc816f428b9b754b6c4e8a0c33 [term 0 FOLLOWER]: Advancing to term 1
I20260709 12:13:09.542197  9469 raft_consensus.cc:2749] T b6fc8c794f344f5c9500aa3f06193dfa P bbd7e1cc816f428b9b754b6c4e8a0c33 [term 0 FOLLOWER]: Leader pre-election lost for term 1. Reason: could not achieve majority
I20260709 12:13:09.531911  9261 tablet_bootstrap.cc:654] T 5d2dfee22a184f91bdb213def7e0af0a P b631dcf40a374e10b7eacd3cbdf8f50a: Neither blocks nor log segments found. Creating new log.
I20260709 12:13:09.534099  9572 leader_election.cc:290] T ef0ecb13823d43149e96bd7acc8de536 P b631dcf40a374e10b7eacd3cbdf8f50a [CANDIDATE]: Term 1 election: Requested vote from peers bbd7e1cc816f428b9b754b6c4e8a0c33 (127.7.177.129:46535), 39e06ca098664c82a98889e0b9c3396c (127.7.177.130:38329)
I20260709 12:13:09.552789  9582 consensus_queue.cc:1048] T 54381a705d194177836caac7ad1717b2 P 39e06ca098664c82a98889e0b9c3396c [LEADER]: Connected to new peer: Peer: permanent_uuid: "bbd7e1cc816f428b9b754b6c4e8a0c33" member_type: VOTER last_known_addr { host: "127.7.177.129" port: 46535 }, Status: LMP_MISMATCH, Last received: 0.0, Next index: 1, Last known committed idx: 0, Time since last communication: 0.000s
I20260709 12:13:09.555868  9065 raft_consensus.cc:2468] T ef0ecb13823d43149e96bd7acc8de536 P bbd7e1cc816f428b9b754b6c4e8a0c33 [term 1 FOLLOWER]: Leader election vote request: Granting yes vote for candidate b631dcf40a374e10b7eacd3cbdf8f50a in term 1.
I20260709 12:13:09.523180  9444 leader_election.cc:290] T 47aa67bb0bd848028c6c4f132c8556f1 P 39e06ca098664c82a98889e0b9c3396c [CANDIDATE]: Term 1 election: Requested vote from peers bbd7e1cc816f428b9b754b6c4e8a0c33 (127.7.177.129:46535), b631dcf40a374e10b7eacd3cbdf8f50a (127.7.177.131:33315)
W20260709 12:13:09.551610  9113 outbound_call.cc:321] RPC callback for RPC call kudu.consensus.ConsensusService.RequestConsensusVote -> {remote=127.7.177.131:33315, user_credentials={real_user=slave}} blocked reactor thread for 68458.7us
I20260709 12:13:09.555903  9072 raft_consensus.cc:2468] T 47aa67bb0bd848028c6c4f132c8556f1 P bbd7e1cc816f428b9b754b6c4e8a0c33 [term 1 FOLLOWER]: Leader election vote request: Granting yes vote for candidate 39e06ca098664c82a98889e0b9c3396c in term 1.
I20260709 12:13:09.559341  9110 leader_election.cc:304] T 47aa67bb0bd848028c6c4f132c8556f1 P 39e06ca098664c82a98889e0b9c3396c [CANDIDATE]: Term 1 election: Election decided. Result: candidate won. Election summary: received 2 responses out of 3 voters: 2 yes votes; 0 no votes. yes voters: 39e06ca098664c82a98889e0b9c3396c, bbd7e1cc816f428b9b754b6c4e8a0c33; no voters: 
W20260709 12:13:09.560110  9038 leader_election.cc:343] T 1d42a5f835644d7bbc3b8b06fcfa578c P bbd7e1cc816f428b9b754b6c4e8a0c33 [CANDIDATE]: Term 1 pre-election: Tablet error from VoteRequest() call to peer b631dcf40a374e10b7eacd3cbdf8f50a (127.7.177.131:33315): Illegal state: must be running to vote when last-logged opid is not known
W20260709 12:13:09.563973  9038 leader_election.cc:343] T 1d42a5f835644d7bbc3b8b06fcfa578c P bbd7e1cc816f428b9b754b6c4e8a0c33 [CANDIDATE]: Term 1 pre-election: Tablet error from VoteRequest() call to peer 39e06ca098664c82a98889e0b9c3396c (127.7.177.130:38329): Illegal state: must be running to vote when last-logged opid is not known
I20260709 12:13:09.564306  9038 leader_election.cc:304] T 1d42a5f835644d7bbc3b8b06fcfa578c P bbd7e1cc816f428b9b754b6c4e8a0c33 [CANDIDATE]: Term 1 pre-election: Election decided. Result: candidate lost. Election summary: received 3 responses out of 3 voters: 1 yes votes; 2 no votes. yes voters: bbd7e1cc816f428b9b754b6c4e8a0c33; no voters: 39e06ca098664c82a98889e0b9c3396c, b631dcf40a374e10b7eacd3cbdf8f50a
I20260709 12:13:09.565446  9444 raft_consensus.cc:2804] T 47aa67bb0bd848028c6c4f132c8556f1 P 39e06ca098664c82a98889e0b9c3396c [term 1 FOLLOWER]: Leader election won for term 1
I20260709 12:13:09.562433  9184 leader_election.cc:304] T ef0ecb13823d43149e96bd7acc8de536 P b631dcf40a374e10b7eacd3cbdf8f50a [CANDIDATE]: Term 1 election: Election decided. Result: candidate won. Election summary: received 2 responses out of 3 voters: 2 yes votes; 0 no votes. yes voters: b631dcf40a374e10b7eacd3cbdf8f50a, bbd7e1cc816f428b9b754b6c4e8a0c33; no voters: 
I20260709 12:13:09.569545  9469 raft_consensus.cc:493] T fbe4304622694333ae7b12301e70849c P bbd7e1cc816f428b9b754b6c4e8a0c33 [term 0 FOLLOWER]: Starting pre-election (no leader contacted us within the election timeout)
I20260709 12:13:09.570164  9469 raft_consensus.cc:515] T fbe4304622694333ae7b12301e70849c P bbd7e1cc816f428b9b754b6c4e8a0c33 [term 0 FOLLOWER]: Starting pre-election with config: opid_index: -1 OBSOLETE_local: false peers { permanent_uuid: "bbd7e1cc816f428b9b754b6c4e8a0c33" member_type: VOTER last_known_addr { host: "127.7.177.129" port: 46535 } } peers { permanent_uuid: "39e06ca098664c82a98889e0b9c3396c" member_type: VOTER last_known_addr { host: "127.7.177.130" port: 38329 } } peers { permanent_uuid: "b631dcf40a374e10b7eacd3cbdf8f50a" member_type: VOTER last_known_addr { host: "127.7.177.131" port: 33315 } }
W20260709 12:13:09.572532  9187 leader_election.cc:343] T ef0ecb13823d43149e96bd7acc8de536 P b631dcf40a374e10b7eacd3cbdf8f50a [CANDIDATE]: Term 1 pre-election: Tablet error from VoteRequest() call to peer 39e06ca098664c82a98889e0b9c3396c (127.7.177.130:38329): Illegal state: must be running to vote when last-logged opid is not known
I20260709 12:13:09.573493  9576 raft_consensus.cc:2804] T ef0ecb13823d43149e96bd7acc8de536 P b631dcf40a374e10b7eacd3cbdf8f50a [term 1 FOLLOWER]: Leader election won for term 1
I20260709 12:13:09.574213  9444 raft_consensus.cc:697] T 47aa67bb0bd848028c6c4f132c8556f1 P 39e06ca098664c82a98889e0b9c3396c [term 1 LEADER]: Becoming Leader. State: Replica: 39e06ca098664c82a98889e0b9c3396c, State: Running, Role: LEADER
I20260709 12:13:09.575127  9553 raft_consensus.cc:2749] T 1d42a5f835644d7bbc3b8b06fcfa578c P bbd7e1cc816f428b9b754b6c4e8a0c33 [term 0 FOLLOWER]: Leader pre-election lost for term 1. Reason: could not achieve majority
I20260709 12:13:09.588042  9444 consensus_queue.cc:237] T 47aa67bb0bd848028c6c4f132c8556f1 P 39e06ca098664c82a98889e0b9c3396c [LEADER]: Queue going to LEADER mode. State: All replicated index: 0, Majority replicated index: 0, Committed index: 0, Last appended: 0.0, Last appended by leader: 0, Current term: 1, Majority size: 2, State: 0, Mode: LEADER, active raft config: opid_index: -1 OBSOLETE_local: false peers { permanent_uuid: "bbd7e1cc816f428b9b754b6c4e8a0c33" member_type: VOTER last_known_addr { host: "127.7.177.129" port: 46535 } } peers { permanent_uuid: "39e06ca098664c82a98889e0b9c3396c" member_type: VOTER last_known_addr { host: "127.7.177.130" port: 38329 } } peers { permanent_uuid: "b631dcf40a374e10b7eacd3cbdf8f50a" member_type: VOTER last_known_addr { host: "127.7.177.131" port: 33315 } }
I20260709 12:13:09.588052  9221 tablet_service.cc:1917] Received RequestConsensusVote() RPC: tablet_id: "47aa67bb0bd848028c6c4f132c8556f1" candidate_uuid: "39e06ca098664c82a98889e0b9c3396c" candidate_term: 1 candidate_status { last_received { term: 0 index: 0 } } ignore_live_leader: false dest_uuid: "b631dcf40a374e10b7eacd3cbdf8f50a"
I20260709 12:13:09.591032  9146 tablet_service.cc:1917] Received RequestConsensusVote() RPC: tablet_id: "ef0ecb13823d43149e96bd7acc8de536" candidate_uuid: "b631dcf40a374e10b7eacd3cbdf8f50a" candidate_term: 1 candidate_status { last_received { term: 0 index: 0 } } ignore_live_leader: false dest_uuid: "39e06ca098664c82a98889e0b9c3396c"
I20260709 12:13:09.591440  9221 raft_consensus.cc:3060] T 47aa67bb0bd848028c6c4f132c8556f1 P b631dcf40a374e10b7eacd3cbdf8f50a [term 0 FOLLOWER]: Advancing to term 1
I20260709 12:13:09.578441  9576 raft_consensus.cc:697] T ef0ecb13823d43149e96bd7acc8de536 P b631dcf40a374e10b7eacd3cbdf8f50a [term 1 LEADER]: Becoming Leader. State: Replica: b631dcf40a374e10b7eacd3cbdf8f50a, State: Running, Role: LEADER
I20260709 12:13:09.600030  9576 consensus_queue.cc:237] T ef0ecb13823d43149e96bd7acc8de536 P b631dcf40a374e10b7eacd3cbdf8f50a [LEADER]: Queue going to LEADER mode. State: All replicated index: 0, Majority replicated index: 0, Committed index: 0, Last appended: 0.0, Last appended by leader: 0, Current term: 1, Majority size: 2, State: 0, Mode: LEADER, active raft config: opid_index: -1 OBSOLETE_local: false peers { permanent_uuid: "bbd7e1cc816f428b9b754b6c4e8a0c33" member_type: VOTER last_known_addr { host: "127.7.177.129" port: 46535 } } peers { permanent_uuid: "39e06ca098664c82a98889e0b9c3396c" member_type: VOTER last_known_addr { host: "127.7.177.130" port: 38329 } } peers { permanent_uuid: "b631dcf40a374e10b7eacd3cbdf8f50a" member_type: VOTER last_known_addr { host: "127.7.177.131" port: 33315 } }
I20260709 12:13:09.600467  9572 consensus_queue.cc:1048] T 9eb9bf43495148c28cac6f5c8d51e776 P b631dcf40a374e10b7eacd3cbdf8f50a [LEADER]: Connected to new peer: Peer: permanent_uuid: "bbd7e1cc816f428b9b754b6c4e8a0c33" member_type: VOTER last_known_addr { host: "127.7.177.129" port: 46535 }, Status: LMP_MISMATCH, Last received: 0.0, Next index: 1, Last known committed idx: 0, Time since last communication: 0.001s
I20260709 12:13:09.608906  9263 tablet_bootstrap.cc:654] T ef0ecb13823d43149e96bd7acc8de536 P 39e06ca098664c82a98889e0b9c3396c: Neither blocks nor log segments found. Creating new log.
I20260709 12:13:09.615183  9557 raft_consensus.cc:493] T 1d7a47d94b4b4e8f8c0af6a2400a59a1 P 39e06ca098664c82a98889e0b9c3396c [term 0 FOLLOWER]: Starting pre-election (no leader contacted us within the election timeout)
I20260709 12:13:09.615868  9557 raft_consensus.cc:515] T 1d7a47d94b4b4e8f8c0af6a2400a59a1 P 39e06ca098664c82a98889e0b9c3396c [term 0 FOLLOWER]: Starting pre-election with config: opid_index: -1 OBSOLETE_local: false peers { permanent_uuid: "bbd7e1cc816f428b9b754b6c4e8a0c33" member_type: VOTER last_known_addr { host: "127.7.177.129" port: 46535 } } peers { permanent_uuid: "39e06ca098664c82a98889e0b9c3396c" member_type: VOTER last_known_addr { host: "127.7.177.130" port: 38329 } } peers { permanent_uuid: "b631dcf40a374e10b7eacd3cbdf8f50a" member_type: VOTER last_known_addr { host: "127.7.177.131" port: 33315 } }
I20260709 12:13:09.620031  9262 tablet_bootstrap.cc:654] T 9416e64b83204dccb3724a758a119341 P bbd7e1cc816f428b9b754b6c4e8a0c33: Neither blocks nor log segments found. Creating new log.
I20260709 12:13:09.627496  9469 leader_election.cc:290] T fbe4304622694333ae7b12301e70849c P bbd7e1cc816f428b9b754b6c4e8a0c33 [CANDIDATE]: Term 1 pre-election: Requested pre-vote from peers 39e06ca098664c82a98889e0b9c3396c (127.7.177.130:38329), b631dcf40a374e10b7eacd3cbdf8f50a (127.7.177.131:33315)
I20260709 12:13:09.651568  9261 tablet_bootstrap.cc:492] T 5d2dfee22a184f91bdb213def7e0af0a P b631dcf40a374e10b7eacd3cbdf8f50a: No bootstrap required, opened a new log
