I20260709 12:12:31.326087 26877 tablet_service.cc:1917] Received RequestConsensusVote() RPC: tablet_id: "ac940c20441240ebae79c461baba2008" candidate_uuid: "21fcbe07132145ac9d002e254b9a3d2e" candidate_term: 1 candidate_status { last_received { term: 0 index: 0 } } ignore_live_leader: false dest_uuid: "18e5d4ab1f8041b99e270a65361201dc"
I20260709 12:12:31.326602 26950 raft_consensus.cc:3060] T d10c6e5b57c84f78aae19d51a6b384c8 P dd394a238a8a4ff691e42b7b13055545 [term 0 FOLLOWER]: Advancing to term 1
I20260709 12:12:31.328258 26876 tablet_service.cc:1917] Received RequestConsensusVote() RPC: tablet_id: "d10c6e5b57c84f78aae19d51a6b384c8" candidate_uuid: "21fcbe07132145ac9d002e254b9a3d2e" candidate_term: 1 candidate_status { last_received { term: 0 index: 0 } } ignore_live_leader: false dest_uuid: "18e5d4ab1f8041b99e270a65361201dc"
I20260709 12:12:31.328258 26951 tablet_service.cc:1917] Received RequestConsensusVote() RPC: tablet_id: "ac940c20441240ebae79c461baba2008" candidate_uuid: "21fcbe07132145ac9d002e254b9a3d2e" candidate_term: 1 candidate_status { last_received { term: 0 index: 0 } } ignore_live_leader: false dest_uuid: "dd394a238a8a4ff691e42b7b13055545"
I20260709 12:12:31.328998 26951 raft_consensus.cc:3060] T ac940c20441240ebae79c461baba2008 P dd394a238a8a4ff691e42b7b13055545 [term 0 FOLLOWER]: Advancing to term 1
I20260709 12:12:31.328986 26876 raft_consensus.cc:3060] T d10c6e5b57c84f78aae19d51a6b384c8 P 18e5d4ab1f8041b99e270a65361201dc [term 0 FOLLOWER]: Advancing to term 1
I20260709 12:12:31.326637 26877 raft_consensus.cc:3060] T ac940c20441240ebae79c461baba2008 P 18e5d4ab1f8041b99e270a65361201dc [term 0 FOLLOWER]: Advancing to term 1
I20260709 12:12:31.334246 26950 raft_consensus.cc:2468] T d10c6e5b57c84f78aae19d51a6b384c8 P dd394a238a8a4ff691e42b7b13055545 [term 1 FOLLOWER]: Leader election vote request: Granting yes vote for candidate 21fcbe07132145ac9d002e254b9a3d2e in term 1.
I20260709 12:12:31.334276 27126 raft_consensus.cc:515] T e554d631a8c44997802ab79e2e238d7b P 21fcbe07132145ac9d002e254b9a3d2e [term 1 FOLLOWER]: Starting leader election with config: opid_index: -1 OBSOLETE_local: false peers { permanent_uuid: "18e5d4ab1f8041b99e270a65361201dc" member_type: VOTER last_known_addr { host: "127.25.156.1" port: 44501 } } peers { permanent_uuid: "dd394a238a8a4ff691e42b7b13055545" member_type: VOTER last_known_addr { host: "127.25.156.2" port: 37601 } } peers { permanent_uuid: "21fcbe07132145ac9d002e254b9a3d2e" member_type: VOTER last_known_addr { host: "127.25.156.3" port: 44261 } }
I20260709 12:12:31.336743 26951 raft_consensus.cc:2468] T ac940c20441240ebae79c461baba2008 P dd394a238a8a4ff691e42b7b13055545 [term 1 FOLLOWER]: Leader election vote request: Granting yes vote for candidate 21fcbe07132145ac9d002e254b9a3d2e in term 1.
I20260709 12:12:31.337281 26876 raft_consensus.cc:2468] T d10c6e5b57c84f78aae19d51a6b384c8 P 18e5d4ab1f8041b99e270a65361201dc [term 1 FOLLOWER]: Leader election vote request: Granting yes vote for candidate 21fcbe07132145ac9d002e254b9a3d2e in term 1.
I20260709 12:12:31.338092 27126 leader_election.cc:290] T e554d631a8c44997802ab79e2e238d7b P 21fcbe07132145ac9d002e254b9a3d2e [CANDIDATE]: Term 1 election: Requested vote from peers 18e5d4ab1f8041b99e270a65361201dc (127.25.156.1:44501), dd394a238a8a4ff691e42b7b13055545 (127.25.156.2:37601)
I20260709 12:12:31.339113 26991 leader_election.cc:304] T dfa253710d174c269395a5a22d33c66a P 21fcbe07132145ac9d002e254b9a3d2e [CANDIDATE]: Term 1 pre-election: Election decided. Result: candidate lost. Election summary: received 3 responses out of 3 voters: 1 yes votes; 2 no votes. yes voters: 21fcbe07132145ac9d002e254b9a3d2e; no voters: 18e5d4ab1f8041b99e270a65361201dc, dd394a238a8a4ff691e42b7b13055545
I20260709 12:12:31.339819 27126 raft_consensus.cc:3060] T dfa253710d174c269395a5a22d33c66a P 21fcbe07132145ac9d002e254b9a3d2e [term 0 FOLLOWER]: Advancing to term 1
I20260709 12:12:31.340052 26991 leader_election.cc:304] T d10c6e5b57c84f78aae19d51a6b384c8 P 21fcbe07132145ac9d002e254b9a3d2e [CANDIDATE]: Term 1 election: Election decided. Result: candidate won. Election summary: received 2 responses out of 3 voters: 2 yes votes; 0 no votes. yes voters: 21fcbe07132145ac9d002e254b9a3d2e, dd394a238a8a4ff691e42b7b13055545; no voters: 
I20260709 12:12:31.340565 26877 raft_consensus.cc:2468] T ac940c20441240ebae79c461baba2008 P 18e5d4ab1f8041b99e270a65361201dc [term 1 FOLLOWER]: Leader election vote request: Granting yes vote for candidate 21fcbe07132145ac9d002e254b9a3d2e in term 1.
I20260709 12:12:31.340754 27073 raft_consensus.cc:2804] T d10c6e5b57c84f78aae19d51a6b384c8 P 21fcbe07132145ac9d002e254b9a3d2e [term 1 FOLLOWER]: Leader election won for term 1
I20260709 12:12:31.340922 26991 leader_election.cc:304] T ac940c20441240ebae79c461baba2008 P 21fcbe07132145ac9d002e254b9a3d2e [CANDIDATE]: Term 1 election: Election decided. Result: candidate won. Election summary: received 2 responses out of 3 voters: 2 yes votes; 0 no votes. yes voters: 21fcbe07132145ac9d002e254b9a3d2e, dd394a238a8a4ff691e42b7b13055545; no voters: 
I20260709 12:12:31.341746 27073 raft_consensus.cc:697] T d10c6e5b57c84f78aae19d51a6b384c8 P 21fcbe07132145ac9d002e254b9a3d2e [term 1 LEADER]: Becoming Leader. State: Replica: 21fcbe07132145ac9d002e254b9a3d2e, State: Running, Role: LEADER
I20260709 12:12:31.341959 27093 raft_consensus.cc:2804] T ac940c20441240ebae79c461baba2008 P 21fcbe07132145ac9d002e254b9a3d2e [term 1 FOLLOWER]: Leader election won for term 1
I20260709 12:12:31.342864 27073 consensus_queue.cc:237] T d10c6e5b57c84f78aae19d51a6b384c8 P 21fcbe07132145ac9d002e254b9a3d2e [LEADER]: Queue going to LEADER mode. State: All replicated index: 0, Majority replicated index: 0, Committed index: 0, Last appended: 0.0, Last appended by leader: 0, Current term: 1, Majority size: 2, State: 0, Mode: LEADER, active raft config: opid_index: -1 OBSOLETE_local: false peers { permanent_uuid: "dd394a238a8a4ff691e42b7b13055545" member_type: VOTER last_known_addr { host: "127.25.156.2" port: 37601 } } peers { permanent_uuid: "18e5d4ab1f8041b99e270a65361201dc" member_type: VOTER last_known_addr { host: "127.25.156.1" port: 44501 } } peers { permanent_uuid: "21fcbe07132145ac9d002e254b9a3d2e" member_type: VOTER last_known_addr { host: "127.25.156.3" port: 44261 } }
I20260709 12:12:31.344506 26877 tablet_service.cc:1917] Received RequestConsensusVote() RPC: tablet_id: "e554d631a8c44997802ab79e2e238d7b" candidate_uuid: "21fcbe07132145ac9d002e254b9a3d2e" candidate_term: 1 candidate_status { last_received { term: 0 index: 0 } } ignore_live_leader: false dest_uuid: "18e5d4ab1f8041b99e270a65361201dc"
I20260709 12:12:31.345090 26877 raft_consensus.cc:3060] T e554d631a8c44997802ab79e2e238d7b P 18e5d4ab1f8041b99e270a65361201dc [term 0 FOLLOWER]: Advancing to term 1
I20260709 12:12:31.346881 27126 raft_consensus.cc:2749] T dfa253710d174c269395a5a22d33c66a P 21fcbe07132145ac9d002e254b9a3d2e [term 1 FOLLOWER]: Leader pre-election lost for term 1. Reason: could not achieve majority
I20260709 12:12:31.347724 27093 raft_consensus.cc:697] T ac940c20441240ebae79c461baba2008 P 21fcbe07132145ac9d002e254b9a3d2e [term 1 LEADER]: Becoming Leader. State: Replica: 21fcbe07132145ac9d002e254b9a3d2e, State: Running, Role: LEADER
I20260709 12:12:31.349123 27093 consensus_queue.cc:237] T ac940c20441240ebae79c461baba2008 P 21fcbe07132145ac9d002e254b9a3d2e [LEADER]: Queue going to LEADER mode. State: All replicated index: 0, Majority replicated index: 0, Committed index: 0, Last appended: 0.0, Last appended by leader: 0, Current term: 1, Majority size: 2, State: 0, Mode: LEADER, active raft config: opid_index: -1 OBSOLETE_local: false peers { permanent_uuid: "18e5d4ab1f8041b99e270a65361201dc" member_type: VOTER last_known_addr { host: "127.25.156.1" port: 44501 } } peers { permanent_uuid: "dd394a238a8a4ff691e42b7b13055545" member_type: VOTER last_known_addr { host: "127.25.156.2" port: 37601 } } peers { permanent_uuid: "21fcbe07132145ac9d002e254b9a3d2e" member_type: VOTER last_known_addr { host: "127.25.156.3" port: 44261 } }
I20260709 12:12:31.351619 26951 tablet_service.cc:1917] Received RequestConsensusVote() RPC: tablet_id: "e554d631a8c44997802ab79e2e238d7b" candidate_uuid: "21fcbe07132145ac9d002e254b9a3d2e" candidate_term: 1 candidate_status { last_received { term: 0 index: 0 } } ignore_live_leader: false dest_uuid: "dd394a238a8a4ff691e42b7b13055545"
I20260709 12:12:31.352222 26951 raft_consensus.cc:3060] T e554d631a8c44997802ab79e2e238d7b P dd394a238a8a4ff691e42b7b13055545 [term 0 FOLLOWER]: Advancing to term 1
I20260709 12:12:31.353626 26877 raft_consensus.cc:2468] T e554d631a8c44997802ab79e2e238d7b P 18e5d4ab1f8041b99e270a65361201dc [term 1 FOLLOWER]: Leader election vote request: Granting yes vote for candidate 21fcbe07132145ac9d002e254b9a3d2e in term 1.
I20260709 12:12:31.354848 26991 leader_election.cc:304] T e554d631a8c44997802ab79e2e238d7b P 21fcbe07132145ac9d002e254b9a3d2e [CANDIDATE]: Term 1 election: Election decided. Result: candidate won. Election summary: received 2 responses out of 3 voters: 2 yes votes; 0 no votes. yes voters: 18e5d4ab1f8041b99e270a65361201dc, 21fcbe07132145ac9d002e254b9a3d2e; no voters: 
I20260709 12:12:31.355031 27093 consensus_queue.cc:1048] T 904f46c8f92f41bdb1755b7214202489 P 21fcbe07132145ac9d002e254b9a3d2e [LEADER]: Connected to new peer: Peer: permanent_uuid: "18e5d4ab1f8041b99e270a65361201dc" member_type: VOTER last_known_addr { host: "127.25.156.1" port: 44501 }, Status: LMP_MISMATCH, Last received: 0.0, Next index: 1, Last known committed idx: 0, Time since last communication: 0.001s
I20260709 12:12:31.355921 27126 raft_consensus.cc:2804] T e554d631a8c44997802ab79e2e238d7b P 21fcbe07132145ac9d002e254b9a3d2e [term 1 FOLLOWER]: Leader election won for term 1
I20260709 12:12:31.356494 27126 raft_consensus.cc:697] T e554d631a8c44997802ab79e2e238d7b P 21fcbe07132145ac9d002e254b9a3d2e [term 1 LEADER]: Becoming Leader. State: Replica: 21fcbe07132145ac9d002e254b9a3d2e, State: Running, Role: LEADER
I20260709 12:12:31.357383 27126 consensus_queue.cc:237] T e554d631a8c44997802ab79e2e238d7b P 21fcbe07132145ac9d002e254b9a3d2e [LEADER]: Queue going to LEADER mode. State: All replicated index: 0, Majority replicated index: 0, Committed index: 0, Last appended: 0.0, Last appended by leader: 0, Current term: 1, Majority size: 2, State: 0, Mode: LEADER, active raft config: opid_index: -1 OBSOLETE_local: false peers { permanent_uuid: "18e5d4ab1f8041b99e270a65361201dc" member_type: VOTER last_known_addr { host: "127.25.156.1" port: 44501 } } peers { permanent_uuid: "dd394a238a8a4ff691e42b7b13055545" member_type: VOTER last_known_addr { host: "127.25.156.2" port: 37601 } } peers { permanent_uuid: "21fcbe07132145ac9d002e254b9a3d2e" member_type: VOTER last_known_addr { host: "127.25.156.3" port: 44261 } }
I20260709 12:12:31.359192 26951 raft_consensus.cc:2468] T e554d631a8c44997802ab79e2e238d7b P dd394a238a8a4ff691e42b7b13055545 [term 1 FOLLOWER]: Leader election vote request: Granting yes vote for candidate 21fcbe07132145ac9d002e254b9a3d2e in term 1.
I20260709 12:12:31.367362 26772 catalog_manager.cc:5697] T d10c6e5b57c84f78aae19d51a6b384c8 P 21fcbe07132145ac9d002e254b9a3d2e reported cstate change: term changed from 0 to 1, leader changed from <none> to 21fcbe07132145ac9d002e254b9a3d2e (127.25.156.3). New cstate: current_term: 1 leader_uuid: "21fcbe07132145ac9d002e254b9a3d2e" committed_config { opid_index: -1 OBSOLETE_local: false peers { permanent_uuid: "dd394a238a8a4ff691e42b7b13055545" member_type: VOTER last_known_addr { host: "127.25.156.2" port: 37601 } health_report { overall_health: UNKNOWN } } peers { permanent_uuid: "18e5d4ab1f8041b99e270a65361201dc" member_type: VOTER last_known_addr { host: "127.25.156.1" port: 44501 } health_report { overall_health: UNKNOWN } } peers { permanent_uuid: "21fcbe07132145ac9d002e254b9a3d2e" member_type: VOTER last_known_addr { host: "127.25.156.3" port: 44261 } health_report { overall_health: HEALTHY } } }
I20260709 12:12:31.384666 26951 raft_consensus.cc:3060] T 904f46c8f92f41bdb1755b7214202489 P dd394a238a8a4ff691e42b7b13055545 [term 0 FOLLOWER]: Advancing to term 1
I20260709 12:12:31.385306 26772 catalog_manager.cc:5697] T ac940c20441240ebae79c461baba2008 P 21fcbe07132145ac9d002e254b9a3d2e reported cstate change: term changed from 0 to 1, leader changed from <none> to 21fcbe07132145ac9d002e254b9a3d2e (127.25.156.3). New cstate: current_term: 1 leader_uuid: "21fcbe07132145ac9d002e254b9a3d2e" committed_config { opid_index: -1 OBSOLETE_local: false peers { permanent_uuid: "18e5d4ab1f8041b99e270a65361201dc" member_type: VOTER last_known_addr { host: "127.25.156.1" port: 44501 } health_report { overall_health: UNKNOWN } } peers { permanent_uuid: "dd394a238a8a4ff691e42b7b13055545" member_type: VOTER last_known_addr { host: "127.25.156.2" port: 37601 } health_report { overall_health: UNKNOWN } } peers { permanent_uuid: "21fcbe07132145ac9d002e254b9a3d2e" member_type: VOTER last_known_addr { host: "127.25.156.3" port: 44261 } health_report { overall_health: HEALTHY } } }
I20260709 12:12:31.387398 26772 catalog_manager.cc:5697] T e554d631a8c44997802ab79e2e238d7b P 21fcbe07132145ac9d002e254b9a3d2e reported cstate change: term changed from 0 to 1, leader changed from <none> to 21fcbe07132145ac9d002e254b9a3d2e (127.25.156.3). New cstate: current_term: 1 leader_uuid: "21fcbe07132145ac9d002e254b9a3d2e" committed_config { opid_index: -1 OBSOLETE_local: false peers { permanent_uuid: "18e5d4ab1f8041b99e270a65361201dc" member_type: VOTER last_known_addr { host: "127.25.156.1" port: 44501 } health_report { overall_health: UNKNOWN } } peers { permanent_uuid: "dd394a238a8a4ff691e42b7b13055545" member_type: VOTER last_known_addr { host: "127.25.156.2" port: 37601 } health_report { overall_health: UNKNOWN } } peers { permanent_uuid: "21fcbe07132145ac9d002e254b9a3d2e" member_type: VOTER last_known_addr { host: "127.25.156.3" port: 44261 } health_report { overall_health: HEALTHY } } }
I20260709 12:12:31.391781 27073 consensus_queue.cc:1048] T 904f46c8f92f41bdb1755b7214202489 P 21fcbe07132145ac9d002e254b9a3d2e [LEADER]: Connected to new peer: Peer: permanent_uuid: "dd394a238a8a4ff691e42b7b13055545" member_type: VOTER last_known_addr { host: "127.25.156.2" port: 37601 }, Status: LMP_MISMATCH, Last received: 0.0, Next index: 1, Last known committed idx: 0, Time since last communication: 0.000s
I20260709 12:12:31.410511 27106 consensus_queue.cc:1048] T 10f09566ac9343c8acf8a4836a8d6258 P 18e5d4ab1f8041b99e270a65361201dc [LEADER]: Connected to new peer: Peer: permanent_uuid: "21fcbe07132145ac9d002e254b9a3d2e" member_type: VOTER last_known_addr { host: "127.25.156.3" port: 44261 }, Status: LMP_MISMATCH, Last received: 0.0, Next index: 1, Last known committed idx: 0, Time since last communication: 0.000s
I20260709 12:12:31.420490 26951 raft_consensus.cc:3060] T 10f09566ac9343c8acf8a4836a8d6258 P dd394a238a8a4ff691e42b7b13055545 [term 0 FOLLOWER]: Advancing to term 1
I20260709 12:12:31.428028 27106 consensus_queue.cc:1048] T 10f09566ac9343c8acf8a4836a8d6258 P 18e5d4ab1f8041b99e270a65361201dc [LEADER]: Connected to new peer: Peer: permanent_uuid: "dd394a238a8a4ff691e42b7b13055545" member_type: VOTER last_known_addr { host: "127.25.156.2" port: 37601 }, Status: LMP_MISMATCH, Last received: 0.0, Next index: 1, Last known committed idx: 0, Time since last communication: 0.000s
I20260709 12:12:31.558036 27026 raft_consensus.cc:3060] T f983539cf0da43a9b781de9fea6e41ba P 21fcbe07132145ac9d002e254b9a3d2e [term 0 FOLLOWER]: Advancing to term 1
I20260709 12:12:31.561355 27106 consensus_queue.cc:1048] T f983539cf0da43a9b781de9fea6e41ba P 18e5d4ab1f8041b99e270a65361201dc [LEADER]: Connected to new peer: Peer: permanent_uuid: "dd394a238a8a4ff691e42b7b13055545" member_type: VOTER last_known_addr { host: "127.25.156.2" port: 37601 }, Status: LMP_MISMATCH, Last received: 0.0, Next index: 1, Last known committed idx: 0, Time since last communication: 0.001s
I20260709 12:12:31.564844 27106 consensus_queue.cc:1048] T f983539cf0da43a9b781de9fea6e41ba P 18e5d4ab1f8041b99e270a65361201dc [LEADER]: Connected to new peer: Peer: permanent_uuid: "21fcbe07132145ac9d002e254b9a3d2e" member_type: VOTER last_known_addr { host: "127.25.156.3" port: 44261 }, Status: LMP_MISMATCH, Last received: 0.0, Next index: 1, Last known committed idx: 0, Time since last communication: 0.000s
I20260709 12:12:31.570109 27106 consensus_queue.cc:1048] T dfa253710d174c269395a5a22d33c66a P 18e5d4ab1f8041b99e270a65361201dc [LEADER]: Connected to new peer: Peer: permanent_uuid: "21fcbe07132145ac9d002e254b9a3d2e" member_type: VOTER last_known_addr { host: "127.25.156.3" port: 44261 }, Status: LMP_MISMATCH, Last received: 0.0, Next index: 1, Last known committed idx: 0, Time since last communication: 0.001s
I20260709 12:12:31.584412 27070 consensus_queue.cc:1048] T dfa253710d174c269395a5a22d33c66a P 18e5d4ab1f8041b99e270a65361201dc [LEADER]: Connected to new peer: Peer: permanent_uuid: "dd394a238a8a4ff691e42b7b13055545" member_type: VOTER last_known_addr { host: "127.25.156.2" port: 37601 }, Status: LMP_MISMATCH, Last received: 0.0, Next index: 1, Last known committed idx: 0, Time since last communication: 0.000s
I20260709 12:12:31.591069 27073 raft_consensus.cc:493] T 63c83edfde884c3bbe39015bb42b5e95 P 21fcbe07132145ac9d002e254b9a3d2e [term 0 FOLLOWER]: Starting pre-election (no leader contacted us within the election timeout)
I20260709 12:12:31.591619 27073 raft_consensus.cc:515] T 63c83edfde884c3bbe39015bb42b5e95 P 21fcbe07132145ac9d002e254b9a3d2e [term 0 FOLLOWER]: Starting pre-election with config: opid_index: -1 OBSOLETE_local: false peers { permanent_uuid: "18e5d4ab1f8041b99e270a65361201dc" member_type: VOTER last_known_addr { host: "127.25.156.1" port: 44501 } } peers { permanent_uuid: "dd394a238a8a4ff691e42b7b13055545" member_type: VOTER last_known_addr { host: "127.25.156.2" port: 37601 } } peers { permanent_uuid: "21fcbe07132145ac9d002e254b9a3d2e" member_type: VOTER last_known_addr { host: "127.25.156.3" port: 44261 } }
I20260709 12:12:31.593569 27073 leader_election.cc:290] T 63c83edfde884c3bbe39015bb42b5e95 P 21fcbe07132145ac9d002e254b9a3d2e [CANDIDATE]: Term 1 pre-election: Requested pre-vote from peers 18e5d4ab1f8041b99e270a65361201dc (127.25.156.1:44501), dd394a238a8a4ff691e42b7b13055545 (127.25.156.2:37601)
I20260709 12:12:31.595049 26951 tablet_service.cc:1917] Received RequestConsensusVote() RPC: tablet_id: "63c83edfde884c3bbe39015bb42b5e95" candidate_uuid: "21fcbe07132145ac9d002e254b9a3d2e" candidate_term: 1 candidate_status { last_received { term: 0 index: 0 } } ignore_live_leader: false dest_uuid: "dd394a238a8a4ff691e42b7b13055545" is_pre_election: true
I20260709 12:12:31.595431 26877 tablet_service.cc:1917] Received RequestConsensusVote() RPC: tablet_id: "63c83edfde884c3bbe39015bb42b5e95" candidate_uuid: "21fcbe07132145ac9d002e254b9a3d2e" candidate_term: 1 candidate_status { last_received { term: 0 index: 0 } } ignore_live_leader: false dest_uuid: "18e5d4ab1f8041b99e270a65361201dc" is_pre_election: true
I20260709 12:12:31.596156 26877 raft_consensus.cc:2393] T 63c83edfde884c3bbe39015bb42b5e95 P 18e5d4ab1f8041b99e270a65361201dc [term 1 FOLLOWER]: Leader pre-election vote request: Denying vote to candidate 21fcbe07132145ac9d002e254b9a3d2e in current term 1: Already voted for candidate dd394a238a8a4ff691e42b7b13055545 in this term.
I20260709 12:12:31.597219 26991 leader_election.cc:304] T 63c83edfde884c3bbe39015bb42b5e95 P 21fcbe07132145ac9d002e254b9a3d2e [CANDIDATE]: Term 1 pre-election: Election decided. Result: candidate lost. Election summary: received 3 responses out of 3 voters: 1 yes votes; 2 no votes. yes voters: 21fcbe07132145ac9d002e254b9a3d2e; no voters: 18e5d4ab1f8041b99e270a65361201dc, dd394a238a8a4ff691e42b7b13055545
I20260709 12:12:31.598281 27073 raft_consensus.cc:3060] T 63c83edfde884c3bbe39015bb42b5e95 P 21fcbe07132145ac9d002e254b9a3d2e [term 0 FOLLOWER]: Advancing to term 1
I20260709 12:12:31.604496 27073 raft_consensus.cc:2749] T 63c83edfde884c3bbe39015bb42b5e95 P 21fcbe07132145ac9d002e254b9a3d2e [term 1 FOLLOWER]: Leader pre-election lost for term 1. Reason: could not achieve majority
I20260709 12:12:31.612964 27070 consensus_queue.cc:1048] T 4dd3dea09180475b93f34eb916b6c91b P 18e5d4ab1f8041b99e270a65361201dc [LEADER]: Connected to new peer: Peer: permanent_uuid: "21fcbe07132145ac9d002e254b9a3d2e" member_type: VOTER last_known_addr { host: "127.25.156.3" port: 44261 }, Status: LMP_MISMATCH, Last received: 0.0, Next index: 1, Last known committed idx: 0, Time since last communication: 0.000s
I20260709 12:12:31.613569 27026 tablet_service.cc:2072] Received LeaderStepDown RPC: tablet_id: "d10c6e5b57c84f78aae19d51a6b384c8"
dest_uuid: "21fcbe07132145ac9d002e254b9a3d2e"
mode: GRACEFUL
new_leader_uuid: "18e5d4ab1f8041b99e270a65361201dc"
 from {username='slave'} at 127.0.0.1:39904
I20260709 12:12:31.614140 27026 raft_consensus.cc:606] T d10c6e5b57c84f78aae19d51a6b384c8 P 21fcbe07132145ac9d002e254b9a3d2e [term 1 LEADER]: Received request to transfer leadership to TS 18e5d4ab1f8041b99e270a65361201dc
I20260709 12:12:31.630785 26950 tablet_service.cc:2072] Received LeaderStepDown RPC: tablet_id: "63c83edfde884c3bbe39015bb42b5e95"
dest_uuid: "dd394a238a8a4ff691e42b7b13055545"
mode: GRACEFUL
new_leader_uuid: "18e5d4ab1f8041b99e270a65361201dc"
 from {username='slave'} at 127.0.0.1:40622
I20260709 12:12:31.631403 26950 raft_consensus.cc:606] T 63c83edfde884c3bbe39015bb42b5e95 P dd394a238a8a4ff691e42b7b13055545 [term 1 LEADER]: Received request to transfer leadership to TS 18e5d4ab1f8041b99e270a65361201dc
I20260709 12:12:31.632009 27070 consensus_queue.cc:1048] T 4dd3dea09180475b93f34eb916b6c91b P 18e5d4ab1f8041b99e270a65361201dc [LEADER]: Connected to new peer: Peer: permanent_uuid: "dd394a238a8a4ff691e42b7b13055545" member_type: VOTER last_known_addr { host: "127.25.156.2" port: 37601 }, Status: LMP_MISMATCH, Last received: 0.0, Next index: 1, Last known committed idx: 0, Time since last communication: 0.000s
I20260709 12:12:31.640548 27025 tablet_service.cc:2072] Received LeaderStepDown RPC: tablet_id: "ac940c20441240ebae79c461baba2008"
dest_uuid: "21fcbe07132145ac9d002e254b9a3d2e"
mode: GRACEFUL
new_leader_uuid: "18e5d4ab1f8041b99e270a65361201dc"
 from {username='slave'} at 127.0.0.1:39904
I20260709 12:12:31.641088 27025 raft_consensus.cc:606] T ac940c20441240ebae79c461baba2008 P 21fcbe07132145ac9d002e254b9a3d2e [term 1 LEADER]: Received request to transfer leadership to TS 18e5d4ab1f8041b99e270a65361201dc
I20260709 12:12:31.646391 27025 tablet_service.cc:2072] Received LeaderStepDown RPC: tablet_id: "904f46c8f92f41bdb1755b7214202489"
dest_uuid: "21fcbe07132145ac9d002e254b9a3d2e"
mode: GRACEFUL
new_leader_uuid: "18e5d4ab1f8041b99e270a65361201dc"
 from {username='slave'} at 127.0.0.1:39904
I20260709 12:12:31.646903 27025 raft_consensus.cc:606] T 904f46c8f92f41bdb1755b7214202489 P 21fcbe07132145ac9d002e254b9a3d2e [term 1 LEADER]: Received request to transfer leadership to TS 18e5d4ab1f8041b99e270a65361201dc
I20260709 12:12:31.661990 26877 tablet_service.cc:2072] Received LeaderStepDown RPC: tablet_id: "dfa253710d174c269395a5a22d33c66a"
dest_uuid: "18e5d4ab1f8041b99e270a65361201dc"
mode: GRACEFUL
new_leader_uuid: "dd394a238a8a4ff691e42b7b13055545"
 from {username='slave'} at 127.0.0.1:39634
I20260709 12:12:31.662483 26877 raft_consensus.cc:606] T dfa253710d174c269395a5a22d33c66a P 18e5d4ab1f8041b99e270a65361201dc [term 1 LEADER]: Received request to transfer leadership to TS dd394a238a8a4ff691e42b7b13055545
I20260709 12:12:31.667608 26877 tablet_service.cc:2072] Received LeaderStepDown RPC: tablet_id: "4dd3dea09180475b93f34eb916b6c91b"
dest_uuid: "18e5d4ab1f8041b99e270a65361201dc"
mode: GRACEFUL
new_leader_uuid: "dd394a238a8a4ff691e42b7b13055545"
 from {username='slave'} at 127.0.0.1:39634
I20260709 12:12:31.668108 26877 raft_consensus.cc:606] T 4dd3dea09180475b93f34eb916b6c91b P 18e5d4ab1f8041b99e270a65361201dc [term 1 LEADER]: Received request to transfer leadership to TS dd394a238a8a4ff691e42b7b13055545
I20260709 12:12:31.672713 27025 tablet_service.cc:2072] Received LeaderStepDown RPC: tablet_id: "dfc65e5e21ac4775ab2736ab75c5b08d"
dest_uuid: "21fcbe07132145ac9d002e254b9a3d2e"
mode: GRACEFUL
new_leader_uuid: "dd394a238a8a4ff691e42b7b13055545"
 from {username='slave'} at 127.0.0.1:39904
I20260709 12:12:31.673213 27025 raft_consensus.cc:606] T dfc65e5e21ac4775ab2736ab75c5b08d P 21fcbe07132145ac9d002e254b9a3d2e [term 1 LEADER]: Received request to transfer leadership to TS dd394a238a8a4ff691e42b7b13055545
I20260709 12:12:31.677706 26877 tablet_service.cc:2072] Received LeaderStepDown RPC: tablet_id: "10f09566ac9343c8acf8a4836a8d6258"
dest_uuid: "18e5d4ab1f8041b99e270a65361201dc"
mode: GRACEFUL
new_leader_uuid: "dd394a238a8a4ff691e42b7b13055545"
 from {username='slave'} at 127.0.0.1:39634
I20260709 12:12:31.678194 26877 raft_consensus.cc:606] T 10f09566ac9343c8acf8a4836a8d6258 P 18e5d4ab1f8041b99e270a65361201dc [term 1 LEADER]: Received request to transfer leadership to TS dd394a238a8a4ff691e42b7b13055545
I20260709 12:12:31.697889 27073 consensus_queue.cc:1048] T dfc65e5e21ac4775ab2736ab75c5b08d P 21fcbe07132145ac9d002e254b9a3d2e [LEADER]: Connected to new peer: Peer: permanent_uuid: "dd394a238a8a4ff691e42b7b13055545" member_type: VOTER last_known_addr { host: "127.25.156.2" port: 37601 }, Status: LMP_MISMATCH, Last received: 0.0, Next index: 1, Last known committed idx: 0, Time since last communication: 0.000s
I20260709 12:12:31.704396 27126 raft_consensus.cc:993] T dfc65e5e21ac4775ab2736ab75c5b08d P 21fcbe07132145ac9d002e254b9a3d2e: : Instructing follower dd394a238a8a4ff691e42b7b13055545 to start an election
I20260709 12:12:31.704854 27127 raft_consensus.cc:1081] T dfc65e5e21ac4775ab2736ab75c5b08d P 21fcbe07132145ac9d002e254b9a3d2e [term 1 LEADER]: Signalling peer dd394a238a8a4ff691e42b7b13055545 to start an election
I20260709 12:12:31.706534 26951 tablet_service.cc:2044] Received Run Leader Election RPC: tablet_id: "dfc65e5e21ac4775ab2736ab75c5b08d"
dest_uuid: "dd394a238a8a4ff691e42b7b13055545"
 from {username='slave'} at 127.0.0.1:40604
I20260709 12:12:31.707924 26951 raft_consensus.cc:493] T dfc65e5e21ac4775ab2736ab75c5b08d P dd394a238a8a4ff691e42b7b13055545 [term 1 FOLLOWER]: Starting forced leader election (received explicit request)
I20260709 12:12:31.708305 26951 raft_consensus.cc:3060] T dfc65e5e21ac4775ab2736ab75c5b08d P dd394a238a8a4ff691e42b7b13055545 [term 1 FOLLOWER]: Advancing to term 2
I20260709 12:12:31.710500 27126 consensus_queue.cc:1048] T dfc65e5e21ac4775ab2736ab75c5b08d P 21fcbe07132145ac9d002e254b9a3d2e [LEADER]: Connected to new peer: Peer: permanent_uuid: "18e5d4ab1f8041b99e270a65361201dc" member_type: VOTER last_known_addr { host: "127.25.156.1" port: 44501 }, Status: LMP_MISMATCH, Last received: 0.0, Next index: 1, Last known committed idx: 0, Time since last communication: 0.000s
I20260709 12:12:31.714531 26951 raft_consensus.cc:515] T dfc65e5e21ac4775ab2736ab75c5b08d P dd394a238a8a4ff691e42b7b13055545 [term 2 FOLLOWER]: Starting forced leader election with config: opid_index: -1 OBSOLETE_local: false peers { permanent_uuid: "18e5d4ab1f8041b99e270a65361201dc" member_type: VOTER last_known_addr { host: "127.25.156.1" port: 44501 } } peers { permanent_uuid: "dd394a238a8a4ff691e42b7b13055545" member_type: VOTER last_known_addr { host: "127.25.156.2" port: 37601 } } peers { permanent_uuid: "21fcbe07132145ac9d002e254b9a3d2e" member_type: VOTER last_known_addr { host: "127.25.156.3" port: 44261 } }
I20260709 12:12:31.717463 26876 tablet_service.cc:1917] Received RequestConsensusVote() RPC: tablet_id: "dfc65e5e21ac4775ab2736ab75c5b08d" candidate_uuid: "dd394a238a8a4ff691e42b7b13055545" candidate_term: 2 candidate_status { last_received { term: 1 index: 1 } } ignore_live_leader: true dest_uuid: "18e5d4ab1f8041b99e270a65361201dc"
I20260709 12:12:31.718515 27025 tablet_service.cc:1917] Received RequestConsensusVote() RPC: tablet_id: "dfc65e5e21ac4775ab2736ab75c5b08d" candidate_uuid: "dd394a238a8a4ff691e42b7b13055545" candidate_term: 2 candidate_status { last_received { term: 1 index: 1 } } ignore_live_leader: true dest_uuid: "21fcbe07132145ac9d002e254b9a3d2e"
I20260709 12:12:31.719132 27025 raft_consensus.cc:3055] T dfc65e5e21ac4775ab2736ab75c5b08d P 21fcbe07132145ac9d002e254b9a3d2e [term 1 LEADER]: Stepping down as leader of term 1
I20260709 12:12:31.719434 27025 raft_consensus.cc:740] T dfc65e5e21ac4775ab2736ab75c5b08d P 21fcbe07132145ac9d002e254b9a3d2e [term 1 LEADER]: Becoming Follower/Learner. State: Replica: 21fcbe07132145ac9d002e254b9a3d2e, State: Running, Role: LEADER
I20260709 12:12:31.720180 27025 consensus_queue.cc:260] T dfc65e5e21ac4775ab2736ab75c5b08d P 21fcbe07132145ac9d002e254b9a3d2e [NON_LEADER]: Queue going to NON_LEADER mode. State: All replicated index: 0, Majority replicated index: 1, Committed index: 1, Last appended: 1.1, Last appended by leader: 1, Current term: 1, Majority size: -1, State: 0, Mode: NON_LEADER, active raft config: opid_index: -1 OBSOLETE_local: false peers { permanent_uuid: "18e5d4ab1f8041b99e270a65361201dc" member_type: VOTER last_known_addr { host: "127.25.156.1" port: 44501 } } peers { permanent_uuid: "dd394a238a8a4ff691e42b7b13055545" member_type: VOTER last_known_addr { host: "127.25.156.2" port: 37601 } } peers { permanent_uuid: "21fcbe07132145ac9d002e254b9a3d2e" member_type: VOTER last_known_addr { host: "127.25.156.3" port: 44261 } }
I20260709 12:12:31.721067 27025 raft_consensus.cc:3060] T dfc65e5e21ac4775ab2736ab75c5b08d P 21fcbe07132145ac9d002e254b9a3d2e [term 1 FOLLOWER]: Advancing to term 2
I20260709 12:12:31.723877 26951 leader_election.cc:290] T dfc65e5e21ac4775ab2736ab75c5b08d P dd394a238a8a4ff691e42b7b13055545 [CANDIDATE]: Term 2 election: Requested vote from peers 18e5d4ab1f8041b99e270a65361201dc (127.25.156.1:44501), 21fcbe07132145ac9d002e254b9a3d2e (127.25.156.3:44261)
I20260709 12:12:31.728163 27025 raft_consensus.cc:2468] T dfc65e5e21ac4775ab2736ab75c5b08d P 21fcbe07132145ac9d002e254b9a3d2e [term 2 FOLLOWER]: Leader election vote request: Granting yes vote for candidate dd394a238a8a4ff691e42b7b13055545 in term 2.
I20260709 12:12:31.729209 26918 leader_election.cc:304] T dfc65e5e21ac4775ab2736ab75c5b08d P dd394a238a8a4ff691e42b7b13055545 [CANDIDATE]: Term 2 election: Election decided. Result: candidate won. Election summary: received 3 responses out of 3 voters: 2 yes votes; 1 no votes. yes voters: 21fcbe07132145ac9d002e254b9a3d2e, dd394a238a8a4ff691e42b7b13055545; no voters: 18e5d4ab1f8041b99e270a65361201dc
I20260709 12:12:31.729995 27074 raft_consensus.cc:2804] T dfc65e5e21ac4775ab2736ab75c5b08d P dd394a238a8a4ff691e42b7b13055545 [term 2 FOLLOWER]: Leader election won for term 2
I20260709 12:12:31.730980 27074 raft_consensus.cc:697] T dfc65e5e21ac4775ab2736ab75c5b08d P dd394a238a8a4ff691e42b7b13055545 [term 2 LEADER]: Becoming Leader. State: Replica: dd394a238a8a4ff691e42b7b13055545, State: Running, Role: LEADER
I20260709 12:12:31.731819 27074 consensus_queue.cc:237] T dfc65e5e21ac4775ab2736ab75c5b08d P dd394a238a8a4ff691e42b7b13055545 [LEADER]: Queue going to LEADER mode. State: All replicated index: 0, Majority replicated index: 1, Committed index: 1, Last appended: 1.1, Last appended by leader: 1, Current term: 2, Majority size: 2, State: 0, Mode: LEADER, active raft config: opid_index: -1 OBSOLETE_local: false peers { permanent_uuid: "18e5d4ab1f8041b99e270a65361201dc" member_type: VOTER last_known_addr { host: "127.25.156.1" port: 44501 } } peers { permanent_uuid: "dd394a238a8a4ff691e42b7b13055545" member_type: VOTER last_known_addr { host: "127.25.156.2" port: 37601 } } peers { permanent_uuid: "21fcbe07132145ac9d002e254b9a3d2e" member_type: VOTER last_known_addr { host: "127.25.156.3" port: 44261 } }
I20260709 12:12:31.738124 26773 catalog_manager.cc:5697] T dfc65e5e21ac4775ab2736ab75c5b08d P dd394a238a8a4ff691e42b7b13055545 reported cstate change: term changed from 1 to 2, leader changed from 21fcbe07132145ac9d002e254b9a3d2e (127.25.156.3) to dd394a238a8a4ff691e42b7b13055545 (127.25.156.2). New cstate: current_term: 2 leader_uuid: "dd394a238a8a4ff691e42b7b13055545" committed_config { opid_index: -1 OBSOLETE_local: false peers { permanent_uuid: "18e5d4ab1f8041b99e270a65361201dc" member_type: VOTER last_known_addr { host: "127.25.156.1" port: 44501 } health_report { overall_health: UNKNOWN } } peers { permanent_uuid: "dd394a238a8a4ff691e42b7b13055545" member_type: VOTER last_known_addr { host: "127.25.156.2" port: 37601 } health_report { overall_health: HEALTHY } } peers { permanent_uuid: "21fcbe07132145ac9d002e254b9a3d2e" member_type: VOTER last_known_addr { host: "127.25.156.3" port: 44261 } health_report { overall_health: UNKNOWN } } }
I20260709 12:12:31.744016 27126 consensus_queue.cc:1048] T e554d631a8c44997802ab79e2e238d7b P 21fcbe07132145ac9d002e254b9a3d2e [LEADER]: Connected to new peer: Peer: permanent_uuid: "18e5d4ab1f8041b99e270a65361201dc" member_type: VOTER last_known_addr { host: "127.25.156.1" port: 44501 }, Status: LMP_MISMATCH, Last received: 0.0, Next index: 1, Last known committed idx: 0, Time since last communication: 0.000s
I20260709 12:12:31.745083 27127 consensus_queue.cc:1048] T e554d631a8c44997802ab79e2e238d7b P 21fcbe07132145ac9d002e254b9a3d2e [LEADER]: Connected to new peer: Peer: permanent_uuid: "dd394a238a8a4ff691e42b7b13055545" member_type: VOTER last_known_addr { host: "127.25.156.2" port: 37601 }, Status: LMP_MISMATCH, Last received: 0.0, Next index: 1, Last known committed idx: 0, Time since last communication: 0.000s
I20260709 12:12:31.761703 27126 consensus_queue.cc:1048] T d10c6e5b57c84f78aae19d51a6b384c8 P 21fcbe07132145ac9d002e254b9a3d2e [LEADER]: Connected to new peer: Peer: permanent_uuid: "18e5d4ab1f8041b99e270a65361201dc" member_type: VOTER last_known_addr { host: "127.25.156.1" port: 44501 }, Status: LMP_MISMATCH, Last received: 0.0, Next index: 1, Last known committed idx: 0, Time since last communication: 0.000s
I20260709 12:12:31.770128 27073 raft_consensus.cc:993] T d10c6e5b57c84f78aae19d51a6b384c8 P 21fcbe07132145ac9d002e254b9a3d2e: : Instructing follower 18e5d4ab1f8041b99e270a65361201dc to start an election
I20260709 12:12:31.770625 27126 raft_consensus.cc:1081] T d10c6e5b57c84f78aae19d51a6b384c8 P 21fcbe07132145ac9d002e254b9a3d2e [term 1 LEADER]: Signalling peer 18e5d4ab1f8041b99e270a65361201dc to start an election
I20260709 12:12:31.772231 26876 tablet_service.cc:2044] Received Run Leader Election RPC: tablet_id: "d10c6e5b57c84f78aae19d51a6b384c8"
dest_uuid: "18e5d4ab1f8041b99e270a65361201dc"
 from {username='slave'} at 127.0.0.1:39622
I20260709 12:12:31.772778 26876 raft_consensus.cc:493] T d10c6e5b57c84f78aae19d51a6b384c8 P 18e5d4ab1f8041b99e270a65361201dc [term 1 FOLLOWER]: Starting forced leader election (received explicit request)
I20260709 12:12:31.773113 26876 raft_consensus.cc:3060] T d10c6e5b57c84f78aae19d51a6b384c8 P 18e5d4ab1f8041b99e270a65361201dc [term 1 FOLLOWER]: Advancing to term 2
I20260709 12:12:31.776105 27126 consensus_queue.cc:1048] T d10c6e5b57c84f78aae19d51a6b384c8 P 21fcbe07132145ac9d002e254b9a3d2e [LEADER]: Connected to new peer: Peer: permanent_uuid: "dd394a238a8a4ff691e42b7b13055545" member_type: VOTER last_known_addr { host: "127.25.156.2" port: 37601 }, Status: LMP_MISMATCH, Last received: 0.0, Next index: 1, Last known committed idx: 0, Time since last communication: 0.000s
I20260709 12:12:31.779340 26876 raft_consensus.cc:515] T d10c6e5b57c84f78aae19d51a6b384c8 P 18e5d4ab1f8041b99e270a65361201dc [term 2 FOLLOWER]: Starting forced leader election with config: opid_index: -1 OBSOLETE_local: false peers { permanent_uuid: "dd394a238a8a4ff691e42b7b13055545" member_type: VOTER last_known_addr { host: "127.25.156.2" port: 37601 } } peers { permanent_uuid: "18e5d4ab1f8041b99e270a65361201dc" member_type: VOTER last_known_addr { host: "127.25.156.1" port: 44501 } } peers { permanent_uuid: "21fcbe07132145ac9d002e254b9a3d2e" member_type: VOTER last_known_addr { host: "127.25.156.3" port: 44261 } }
I20260709 12:12:31.782094 26950 tablet_service.cc:1917] Received RequestConsensusVote() RPC: tablet_id: "d10c6e5b57c84f78aae19d51a6b384c8" candidate_uuid: "18e5d4ab1f8041b99e270a65361201dc" candidate_term: 2 candidate_status { last_received { term: 1 index: 1 } } ignore_live_leader: true dest_uuid: "dd394a238a8a4ff691e42b7b13055545"
I20260709 12:12:31.782547 27025 tablet_service.cc:1917] Received RequestConsensusVote() RPC: tablet_id: "d10c6e5b57c84f78aae19d51a6b384c8" candidate_uuid: "18e5d4ab1f8041b99e270a65361201dc" candidate_term: 2 candidate_status { last_received { term: 1 index: 1 } } ignore_live_leader: true dest_uuid: "21fcbe07132145ac9d002e254b9a3d2e"
I20260709 12:12:31.783190 27025 raft_consensus.cc:3055] T d10c6e5b57c84f78aae19d51a6b384c8 P 21fcbe07132145ac9d002e254b9a3d2e [term 1 LEADER]: Stepping down as leader of term 1
I20260709 12:12:31.783511 27025 raft_consensus.cc:740] T d10c6e5b57c84f78aae19d51a6b384c8 P 21fcbe07132145ac9d002e254b9a3d2e [term 1 LEADER]: Becoming Follower/Learner. State: Replica: 21fcbe07132145ac9d002e254b9a3d2e, State: Running, Role: LEADER
I20260709 12:12:31.784264 27025 consensus_queue.cc:260] T d10c6e5b57c84f78aae19d51a6b384c8 P 21fcbe07132145ac9d002e254b9a3d2e [NON_LEADER]: Queue going to NON_LEADER mode. State: All replicated index: 0, Majority replicated index: 1, Committed index: 1, Last appended: 1.1, Last appended by leader: 1, Current term: 1, Majority size: -1, State: 0, Mode: NON_LEADER, active raft config: opid_index: -1 OBSOLETE_local: false peers { permanent_uuid: "dd394a238a8a4ff691e42b7b13055545" member_type: VOTER last_known_addr { host: "127.25.156.2" port: 37601 } } peers { permanent_uuid: "18e5d4ab1f8041b99e270a65361201dc" member_type: VOTER last_known_addr { host: "127.25.156.1" port: 44501 } } peers { permanent_uuid: "21fcbe07132145ac9d002e254b9a3d2e" member_type: VOTER last_known_addr { host: "127.25.156.3" port: 44261 } }
I20260709 12:12:31.785166 27025 raft_consensus.cc:3060] T d10c6e5b57c84f78aae19d51a6b384c8 P 21fcbe07132145ac9d002e254b9a3d2e [term 1 FOLLOWER]: Advancing to term 2
I20260709 12:12:31.788591 27074 consensus_queue.cc:1048] T 63c83edfde884c3bbe39015bb42b5e95 P dd394a238a8a4ff691e42b7b13055545 [LEADER]: Connected to new peer: Peer: permanent_uuid: "18e5d4ab1f8041b99e270a65361201dc" member_type: VOTER last_known_addr { host: "127.25.156.1" port: 44501 }, Status: LMP_MISMATCH, Last received: 0.0, Next index: 1, Last known committed idx: 0, Time since last communication: 0.000s
I20260709 12:12:31.792160 27025 raft_consensus.cc:2468] T d10c6e5b57c84f78aae19d51a6b384c8 P 21fcbe07132145ac9d002e254b9a3d2e [term 2 FOLLOWER]: Leader election vote request: Granting yes vote for candidate 18e5d4ab1f8041b99e270a65361201dc in term 2.
I20260709 12:12:31.793035 26876 leader_election.cc:290] T d10c6e5b57c84f78aae19d51a6b384c8 P 18e5d4ab1f8041b99e270a65361201dc [CANDIDATE]: Term 2 election: Requested vote from peers dd394a238a8a4ff691e42b7b13055545 (127.25.156.2:37601), 21fcbe07132145ac9d002e254b9a3d2e (127.25.156.3:44261)
I20260709 12:12:31.793488 26843 leader_election.cc:304] T d10c6e5b57c84f78aae19d51a6b384c8 P 18e5d4ab1f8041b99e270a65361201dc [CANDIDATE]: Term 2 election: Election decided. Result: candidate won. Election summary: received 3 responses out of 3 voters: 2 yes votes; 1 no votes. yes voters: 18e5d4ab1f8041b99e270a65361201dc, 21fcbe07132145ac9d002e254b9a3d2e; no voters: dd394a238a8a4ff691e42b7b13055545
I20260709 12:12:31.794580 27070 raft_consensus.cc:2804] T d10c6e5b57c84f78aae19d51a6b384c8 P 18e5d4ab1f8041b99e270a65361201dc [term 2 FOLLOWER]: Leader election won for term 2
I20260709 12:12:31.795083 27070 raft_consensus.cc:697] T d10c6e5b57c84f78aae19d51a6b384c8 P 18e5d4ab1f8041b99e270a65361201dc [term 2 LEADER]: Becoming Leader. State: Replica: 18e5d4ab1f8041b99e270a65361201dc, State: Running, Role: LEADER
I20260709 12:12:31.795693 27070 consensus_queue.cc:237] T d10c6e5b57c84f78aae19d51a6b384c8 P 18e5d4ab1f8041b99e270a65361201dc [LEADER]: Queue going to LEADER mode. State: All replicated index: 0, Majority replicated index: 1, Committed index: 1, Last appended: 1.1, Last appended by leader: 1, Current term: 2, Majority size: 2, State: 0, Mode: LEADER, active raft config: opid_index: -1 OBSOLETE_local: false peers { permanent_uuid: "dd394a238a8a4ff691e42b7b13055545" member_type: VOTER last_known_addr { host: "127.25.156.2" port: 37601 } } peers { permanent_uuid: "18e5d4ab1f8041b99e270a65361201dc" member_type: VOTER last_known_addr { host: "127.25.156.1" port: 44501 } } peers { permanent_uuid: "21fcbe07132145ac9d002e254b9a3d2e" member_type: VOTER last_known_addr { host: "127.25.156.3" port: 44261 } }
I20260709 12:12:31.798378 27126 consensus_queue.cc:1048] T ac940c20441240ebae79c461baba2008 P 21fcbe07132145ac9d002e254b9a3d2e [LEADER]: Connected to new peer: Peer: permanent_uuid: "dd394a238a8a4ff691e42b7b13055545" member_type: VOTER last_known_addr { host: "127.25.156.2" port: 37601 }, Status: LMP_MISMATCH, Last received: 0.0, Next index: 1, Last known committed idx: 0, Time since last communication: 0.000s
I20260709 12:12:31.800776 27074 raft_consensus.cc:993] T 63c83edfde884c3bbe39015bb42b5e95 P dd394a238a8a4ff691e42b7b13055545: : Instructing follower 18e5d4ab1f8041b99e270a65361201dc to start an election
I20260709 12:12:31.801262 27152 raft_consensus.cc:1081] T 63c83edfde884c3bbe39015bb42b5e95 P dd394a238a8a4ff691e42b7b13055545 [term 1 LEADER]: Signalling peer 18e5d4ab1f8041b99e270a65361201dc to start an election
I20260709 12:12:31.803704 26876 tablet_service.cc:2044] Received Run Leader Election RPC: tablet_id: "63c83edfde884c3bbe39015bb42b5e95"
dest_uuid: "18e5d4ab1f8041b99e270a65361201dc"
 from {username='slave'} at 127.0.0.1:39626
I20260709 12:12:31.805038 26876 raft_consensus.cc:493] T 63c83edfde884c3bbe39015bb42b5e95 P 18e5d4ab1f8041b99e270a65361201dc [term 1 FOLLOWER]: Starting forced leader election (received explicit request)
I20260709 12:12:31.805354 26876 raft_consensus.cc:3060] T 63c83edfde884c3bbe39015bb42b5e95 P 18e5d4ab1f8041b99e270a65361201dc [term 1 FOLLOWER]: Advancing to term 2
I20260709 12:12:31.805919 27152 consensus_queue.cc:1048] T 63c83edfde884c3bbe39015bb42b5e95 P dd394a238a8a4ff691e42b7b13055545 [LEADER]: Connected to new peer: Peer: permanent_uuid: "21fcbe07132145ac9d002e254b9a3d2e" member_type: VOTER last_known_addr { host: "127.25.156.3" port: 44261 }, Status: LMP_MISMATCH, Last received: 0.0, Next index: 1, Last known committed idx: 0, Time since last communication: 0.000s
I20260709 12:12:31.809310 26771 catalog_manager.cc:5697] T d10c6e5b57c84f78aae19d51a6b384c8 P 18e5d4ab1f8041b99e270a65361201dc reported cstate change: term changed from 1 to 2, leader changed from 21fcbe07132145ac9d002e254b9a3d2e (127.25.156.3) to 18e5d4ab1f8041b99e270a65361201dc (127.25.156.1). New cstate: current_term: 2 leader_uuid: "18e5d4ab1f8041b99e270a65361201dc" committed_config { opid_index: -1 OBSOLETE_local: false peers { permanent_uuid: "dd394a238a8a4ff691e42b7b13055545" member_type: VOTER last_known_addr { host: "127.25.156.2" port: 37601 } health_report { overall_health: UNKNOWN } } peers { permanent_uuid: "18e5d4ab1f8041b99e270a65361201dc" member_type: VOTER last_known_addr { host: "127.25.156.1" port: 44501 } health_report { overall_health: HEALTHY } } peers { permanent_uuid: "21fcbe07132145ac9d002e254b9a3d2e" member_type: VOTER last_known_addr { host: "127.25.156.3" port: 44261 } health_report { overall_health: UNKNOWN } } }
I20260709 12:12:31.812255 26876 raft_consensus.cc:515] T 63c83edfde884c3bbe39015bb42b5e95 P 18e5d4ab1f8041b99e270a65361201dc [term 2 FOLLOWER]: Starting forced leader election with config: opid_index: -1 OBSOLETE_local: false peers { permanent_uuid: "18e5d4ab1f8041b99e270a65361201dc" member_type: VOTER last_known_addr { host: "127.25.156.1" port: 44501 } } peers { permanent_uuid: "dd394a238a8a4ff691e42b7b13055545" member_type: VOTER last_known_addr { host: "127.25.156.2" port: 37601 } } peers { permanent_uuid: "21fcbe07132145ac9d002e254b9a3d2e" member_type: VOTER last_known_addr { host: "127.25.156.3" port: 44261 } }
I20260709 12:12:31.815373 26876 leader_election.cc:290] T 63c83edfde884c3bbe39015bb42b5e95 P 18e5d4ab1f8041b99e270a65361201dc [CANDIDATE]: Term 2 election: Requested vote from peers dd394a238a8a4ff691e42b7b13055545 (127.25.156.2:37601), 21fcbe07132145ac9d002e254b9a3d2e (127.25.156.3:44261)
I20260709 12:12:31.817546 27026 tablet_service.cc:1917] Received RequestConsensusVote() RPC: tablet_id: "63c83edfde884c3bbe39015bb42b5e95" candidate_uuid: "18e5d4ab1f8041b99e270a65361201dc" candidate_term: 2 candidate_status { last_received { term: 1 index: 1 } } ignore_live_leader: true dest_uuid: "21fcbe07132145ac9d002e254b9a3d2e"
I20260709 12:12:31.817777 26950 tablet_service.cc:1917] Received RequestConsensusVote() RPC: tablet_id: "63c83edfde884c3bbe39015bb42b5e95" candidate_uuid: "18e5d4ab1f8041b99e270a65361201dc" candidate_term: 2 candidate_status { last_received { term: 1 index: 1 } } ignore_live_leader: true dest_uuid: "dd394a238a8a4ff691e42b7b13055545"
I20260709 12:12:31.818313 26950 raft_consensus.cc:3055] T 63c83edfde884c3bbe39015bb42b5e95 P dd394a238a8a4ff691e42b7b13055545 [term 1 LEADER]: Stepping down as leader of term 1
I20260709 12:12:31.818631 26950 raft_consensus.cc:740] T 63c83edfde884c3bbe39015bb42b5e95 P dd394a238a8a4ff691e42b7b13055545 [term 1 LEADER]: Becoming Follower/Learner. State: Replica: dd394a238a8a4ff691e42b7b13055545, State: Running, Role: LEADER
I20260709 12:12:31.819510 26950 consensus_queue.cc:260] T 63c83edfde884c3bbe39015bb42b5e95 P dd394a238a8a4ff691e42b7b13055545 [NON_LEADER]: Queue going to NON_LEADER mode. State: All replicated index: 0, Majority replicated index: 1, Committed index: 1, Last appended: 1.1, Last appended by leader: 1, Current term: 1, Majority size: -1, State: 0, Mode: NON_LEADER, active raft config: opid_index: -1 OBSOLETE_local: false peers { permanent_uuid: "18e5d4ab1f8041b99e270a65361201dc" member_type: VOTER last_known_addr { host: "127.25.156.1" port: 44501 } } peers { permanent_uuid: "dd394a238a8a4ff691e42b7b13055545" member_type: VOTER last_known_addr { host: "127.25.156.2" port: 37601 } } peers { permanent_uuid: "21fcbe07132145ac9d002e254b9a3d2e" member_type: VOTER last_known_addr { host: "127.25.156.3" port: 44261 } }
I20260709 12:12:31.820698 26950 raft_consensus.cc:3060] T 63c83edfde884c3bbe39015bb42b5e95 P dd394a238a8a4ff691e42b7b13055545 [term 1 FOLLOWER]: Advancing to term 2
I20260709 12:12:31.831599 26950 raft_consensus.cc:2468] T 63c83edfde884c3bbe39015bb42b5e95 P dd394a238a8a4ff691e42b7b13055545 [term 2 FOLLOWER]: Leader election vote request: Granting yes vote for candidate 18e5d4ab1f8041b99e270a65361201dc in term 2.
I20260709 12:12:31.834021 27093 consensus_queue.cc:1048] T ac940c20441240ebae79c461baba2008 P 21fcbe07132145ac9d002e254b9a3d2e [LEADER]: Connected to new peer: Peer: permanent_uuid: "18e5d4ab1f8041b99e270a65361201dc" member_type: VOTER last_known_addr { host: "127.25.156.1" port: 44501 }, Status: LMP_MISMATCH, Last received: 0.0, Next index: 1, Last known committed idx: 0, Time since last communication: 0.000s
I20260709 12:12:31.834774 26842 leader_election.cc:304] T 63c83edfde884c3bbe39015bb42b5e95 P 18e5d4ab1f8041b99e270a65361201dc [CANDIDATE]: Term 2 election: Election decided. Result: candidate won. Election summary: received 3 responses out of 3 voters: 2 yes votes; 1 no votes. yes voters: 18e5d4ab1f8041b99e270a65361201dc, dd394a238a8a4ff691e42b7b13055545; no voters: 21fcbe07132145ac9d002e254b9a3d2e
I20260709 12:12:31.836483 27106 raft_consensus.cc:2804] T 63c83edfde884c3bbe39015bb42b5e95 P 18e5d4ab1f8041b99e270a65361201dc [term 2 FOLLOWER]: Leader election won for term 2
I20260709 12:12:31.837098 27106 raft_consensus.cc:697] T 63c83edfde884c3bbe39015bb42b5e95 P 18e5d4ab1f8041b99e270a65361201dc [term 2 LEADER]: Becoming Leader. State: Replica: 18e5d4ab1f8041b99e270a65361201dc, State: Running, Role: LEADER
I20260709 12:12:31.837956 27106 consensus_queue.cc:237] T 63c83edfde884c3bbe39015bb42b5e95 P 18e5d4ab1f8041b99e270a65361201dc [LEADER]: Queue going to LEADER mode. State: All replicated index: 0, Majority replicated index: 1, Committed index: 1, Last appended: 1.1, Last appended by leader: 1, Current term: 2, Majority size: 2, State: 0, Mode: LEADER, active raft config: opid_index: -1 OBSOLETE_local: false peers { permanent_uuid: "18e5d4ab1f8041b99e270a65361201dc" member_type: VOTER last_known_addr { host: "127.25.156.1" port: 44501 } } peers { permanent_uuid: "dd394a238a8a4ff691e42b7b13055545" member_type: VOTER last_known_addr { host: "127.25.156.2" port: 37601 } } peers { permanent_uuid: "21fcbe07132145ac9d002e254b9a3d2e" member_type: VOTER last_known_addr { host: "127.25.156.3" port: 44261 } }
I20260709 12:12:31.848057 27125 raft_consensus.cc:993] T ac940c20441240ebae79c461baba2008 P 21fcbe07132145ac9d002e254b9a3d2e: : Instructing follower 18e5d4ab1f8041b99e270a65361201dc to start an election
I20260709 12:12:31.848500 27125 raft_consensus.cc:1081] T ac940c20441240ebae79c461baba2008 P 21fcbe07132145ac9d002e254b9a3d2e [term 1 LEADER]: Signalling peer 18e5d4ab1f8041b99e270a65361201dc to start an election
I20260709 12:12:31.849949 26876 tablet_service.cc:2044] Received Run Leader Election RPC: tablet_id: "ac940c20441240ebae79c461baba2008"
dest_uuid: "18e5d4ab1f8041b99e270a65361201dc"
 from {username='slave'} at 127.0.0.1:39622
I20260709 12:12:31.850374 26876 raft_consensus.cc:493] T ac940c20441240ebae79c461baba2008 P 18e5d4ab1f8041b99e270a65361201dc [term 1 FOLLOWER]: Starting forced leader election (received explicit request)
I20260709 12:12:31.850644 26876 raft_consensus.cc:3060] T ac940c20441240ebae79c461baba2008 P 18e5d4ab1f8041b99e270a65361201dc [term 1 FOLLOWER]: Advancing to term 2
