I20260709 12:12:01.699918 24114 consensus_queue.cc:260] T 342cff998304479890368f68e8f4b299 P 647349e19a9948779d810eb5c4cd26c3 [NON_LEADER]: Queue going to NON_LEADER mode. State: All replicated index: 0, Majority replicated index: 0, Committed index: 0, Last appended: 0.0, Last appended by leader: 0, Current term: 0, Majority size: -1, State: 0, Mode: NON_LEADER, active raft config: opid_index: -1 OBSOLETE_local: false peers { permanent_uuid: "94c49bb3154d4ae9a18a4fa6c68a6124" member_type: VOTER last_known_addr { host: "127.23.58.66" port: 36145 } } peers { permanent_uuid: "647349e19a9948779d810eb5c4cd26c3" member_type: VOTER last_known_addr { host: "127.23.58.67" port: 40587 } } peers { permanent_uuid: "04e0f77383094cf9a8246311479af098" member_type: VOTER last_known_addr { host: "127.23.58.65" port: 33953 } }
I20260709 12:12:01.703833 24020 heartbeater.cc:499] Master 127.23.58.126:44635 was elected leader, sending a full tablet report...
I20260709 12:12:01.704596 24112 ts_tablet_manager.cc:1434] T ecdc0fd7a5c041479d910321c1526a41 P 94c49bb3154d4ae9a18a4fa6c68a6124: Time spent starting tablet: real 0.037s	user 0.014s	sys 0.001s
I20260709 12:12:01.706010 24112 tablet_bootstrap.cc:492] T 7463a510c4fb4490b2d92a935c30bcee P 94c49bb3154d4ae9a18a4fa6c68a6124: Bootstrap starting.
I20260709 12:12:01.711073 24114 ts_tablet_manager.cc:1434] T 342cff998304479890368f68e8f4b299 P 647349e19a9948779d810eb5c4cd26c3: Time spent starting tablet: real 0.016s	user 0.006s	sys 0.008s
I20260709 12:12:01.711731 24094 heartbeater.cc:499] Master 127.23.58.126:44635 was elected leader, sending a full tablet report...
I20260709 12:12:01.716740 24114 tablet_bootstrap.cc:492] T 762ddf006d3c4ed3a41a8b932803c3e3 P 647349e19a9948779d810eb5c4cd26c3: Bootstrap starting.
I20260709 12:12:01.723225 24114 tablet_bootstrap.cc:654] T 762ddf006d3c4ed3a41a8b932803c3e3 P 647349e19a9948779d810eb5c4cd26c3: Neither blocks nor log segments found. Creating new log.
I20260709 12:12:01.732095 24113 ts_tablet_manager.cc:1434] T 342cff998304479890368f68e8f4b299 P 04e0f77383094cf9a8246311479af098: Time spent starting tablet: real 0.036s	user 0.006s	sys 0.021s
I20260709 12:12:01.732302 23945 heartbeater.cc:499] Master 127.23.58.126:44635 was elected leader, sending a full tablet report...
I20260709 12:12:01.733284 24113 tablet_bootstrap.cc:492] T 82e8be1c58c449988305ab69bac114e3 P 04e0f77383094cf9a8246311479af098: Bootstrap starting.
I20260709 12:12:01.740532 24112 tablet_bootstrap.cc:654] T 7463a510c4fb4490b2d92a935c30bcee P 94c49bb3154d4ae9a18a4fa6c68a6124: Neither blocks nor log segments found. Creating new log.
I20260709 12:12:01.742384 24114 tablet_bootstrap.cc:492] T 762ddf006d3c4ed3a41a8b932803c3e3 P 647349e19a9948779d810eb5c4cd26c3: No bootstrap required, opened a new log
I20260709 12:12:01.742887 24114 ts_tablet_manager.cc:1403] T 762ddf006d3c4ed3a41a8b932803c3e3 P 647349e19a9948779d810eb5c4cd26c3: Time spent bootstrapping tablet: real 0.026s	user 0.002s	sys 0.010s
I20260709 12:12:01.748170 24113 tablet_bootstrap.cc:654] T 82e8be1c58c449988305ab69bac114e3 P 04e0f77383094cf9a8246311479af098: Neither blocks nor log segments found. Creating new log.
I20260709 12:12:01.753963 24114 raft_consensus.cc:359] T 762ddf006d3c4ed3a41a8b932803c3e3 P 647349e19a9948779d810eb5c4cd26c3 [term 0 FOLLOWER]: Replica starting. Triggering 0 pending ops. Active config: opid_index: -1 OBSOLETE_local: false peers { permanent_uuid: "04e0f77383094cf9a8246311479af098" member_type: VOTER last_known_addr { host: "127.23.58.65" port: 33953 } } peers { permanent_uuid: "94c49bb3154d4ae9a18a4fa6c68a6124" member_type: VOTER last_known_addr { host: "127.23.58.66" port: 36145 } } peers { permanent_uuid: "647349e19a9948779d810eb5c4cd26c3" member_type: VOTER last_known_addr { host: "127.23.58.67" port: 40587 } }
I20260709 12:12:01.754684 24114 raft_consensus.cc:385] T 762ddf006d3c4ed3a41a8b932803c3e3 P 647349e19a9948779d810eb5c4cd26c3 [term 0 FOLLOWER]: Consensus starting up: Expiring failure detector timer to make a prompt election more likely
W20260709 12:12:01.754766 23946 tablet.cc:2406] T 342cff998304479890368f68e8f4b299 P 04e0f77383094cf9a8246311479af098: Can't schedule compaction. Clean time has not been advanced past its initial value.
I20260709 12:12:01.755098 24114 raft_consensus.cc:740] T 762ddf006d3c4ed3a41a8b932803c3e3 P 647349e19a9948779d810eb5c4cd26c3 [term 0 FOLLOWER]: Becoming Follower/Learner. State: Replica: 647349e19a9948779d810eb5c4cd26c3, State: Initialized, Role: FOLLOWER
I20260709 12:12:01.756026 24114 consensus_queue.cc:260] T 762ddf006d3c4ed3a41a8b932803c3e3 P 647349e19a9948779d810eb5c4cd26c3 [NON_LEADER]: Queue going to NON_LEADER mode. State: All replicated index: 0, Majority replicated index: 0, Committed index: 0, Last appended: 0.0, Last appended by leader: 0, Current term: 0, Majority size: -1, State: 0, Mode: NON_LEADER, active raft config: opid_index: -1 OBSOLETE_local: false peers { permanent_uuid: "04e0f77383094cf9a8246311479af098" member_type: VOTER last_known_addr { host: "127.23.58.65" port: 33953 } } peers { permanent_uuid: "94c49bb3154d4ae9a18a4fa6c68a6124" member_type: VOTER last_known_addr { host: "127.23.58.66" port: 36145 } } peers { permanent_uuid: "647349e19a9948779d810eb5c4cd26c3" member_type: VOTER last_known_addr { host: "127.23.58.67" port: 40587 } }
I20260709 12:12:01.756654 24112 tablet_bootstrap.cc:492] T 7463a510c4fb4490b2d92a935c30bcee P 94c49bb3154d4ae9a18a4fa6c68a6124: No bootstrap required, opened a new log
I20260709 12:12:01.757128 24112 ts_tablet_manager.cc:1403] T 7463a510c4fb4490b2d92a935c30bcee P 94c49bb3154d4ae9a18a4fa6c68a6124: Time spent bootstrapping tablet: real 0.051s	user 0.012s	sys 0.000s
I20260709 12:12:01.758409 24114 ts_tablet_manager.cc:1434] T 762ddf006d3c4ed3a41a8b932803c3e3 P 647349e19a9948779d810eb5c4cd26c3: Time spent starting tablet: real 0.015s	user 0.008s	sys 0.000s
I20260709 12:12:01.759380 24114 tablet_bootstrap.cc:492] T 959b36966c0542ac99cf82e0fa5b1e7d P 647349e19a9948779d810eb5c4cd26c3: Bootstrap starting.
I20260709 12:12:01.761559 24112 raft_consensus.cc:359] T 7463a510c4fb4490b2d92a935c30bcee P 94c49bb3154d4ae9a18a4fa6c68a6124 [term 0 FOLLOWER]: Replica starting. Triggering 0 pending ops. Active config: opid_index: -1 OBSOLETE_local: false peers { permanent_uuid: "04e0f77383094cf9a8246311479af098" member_type: VOTER last_known_addr { host: "127.23.58.65" port: 33953 } } peers { permanent_uuid: "94c49bb3154d4ae9a18a4fa6c68a6124" member_type: VOTER last_known_addr { host: "127.23.58.66" port: 36145 } } peers { permanent_uuid: "647349e19a9948779d810eb5c4cd26c3" member_type: VOTER last_known_addr { host: "127.23.58.67" port: 40587 } }
I20260709 12:12:01.762282 24112 raft_consensus.cc:385] T 7463a510c4fb4490b2d92a935c30bcee P 94c49bb3154d4ae9a18a4fa6c68a6124 [term 0 FOLLOWER]: Consensus starting up: Expiring failure detector timer to make a prompt election more likely
I20260709 12:12:01.762600 24112 raft_consensus.cc:740] T 7463a510c4fb4490b2d92a935c30bcee P 94c49bb3154d4ae9a18a4fa6c68a6124 [term 0 FOLLOWER]: Becoming Follower/Learner. State: Replica: 94c49bb3154d4ae9a18a4fa6c68a6124, State: Initialized, Role: FOLLOWER
I20260709 12:12:01.763386 24112 consensus_queue.cc:260] T 7463a510c4fb4490b2d92a935c30bcee P 94c49bb3154d4ae9a18a4fa6c68a6124 [NON_LEADER]: Queue going to NON_LEADER mode. State: All replicated index: 0, Majority replicated index: 0, Committed index: 0, Last appended: 0.0, Last appended by leader: 0, Current term: 0, Majority size: -1, State: 0, Mode: NON_LEADER, active raft config: opid_index: -1 OBSOLETE_local: false peers { permanent_uuid: "04e0f77383094cf9a8246311479af098" member_type: VOTER last_known_addr { host: "127.23.58.65" port: 33953 } } peers { permanent_uuid: "94c49bb3154d4ae9a18a4fa6c68a6124" member_type: VOTER last_known_addr { host: "127.23.58.66" port: 36145 } } peers { permanent_uuid: "647349e19a9948779d810eb5c4cd26c3" member_type: VOTER last_known_addr { host: "127.23.58.67" port: 40587 } }
I20260709 12:12:01.767678 24112 ts_tablet_manager.cc:1434] T 7463a510c4fb4490b2d92a935c30bcee P 94c49bb3154d4ae9a18a4fa6c68a6124: Time spent starting tablet: real 0.010s	user 0.006s	sys 0.002s
I20260709 12:12:01.768158 24114 tablet_bootstrap.cc:654] T 959b36966c0542ac99cf82e0fa5b1e7d P 647349e19a9948779d810eb5c4cd26c3: Neither blocks nor log segments found. Creating new log.
I20260709 12:12:01.771052 24112 tablet_bootstrap.cc:492] T 342cff998304479890368f68e8f4b299 P 94c49bb3154d4ae9a18a4fa6c68a6124: Bootstrap starting.
I20260709 12:12:01.772840 24113 tablet_bootstrap.cc:492] T 82e8be1c58c449988305ab69bac114e3 P 04e0f77383094cf9a8246311479af098: No bootstrap required, opened a new log
I20260709 12:12:01.773298 24113 ts_tablet_manager.cc:1403] T 82e8be1c58c449988305ab69bac114e3 P 04e0f77383094cf9a8246311479af098: Time spent bootstrapping tablet: real 0.040s	user 0.016s	sys 0.000s
I20260709 12:12:01.776477 24113 raft_consensus.cc:359] T 82e8be1c58c449988305ab69bac114e3 P 04e0f77383094cf9a8246311479af098 [term 0 FOLLOWER]: Replica starting. Triggering 0 pending ops. Active config: opid_index: -1 OBSOLETE_local: false peers { permanent_uuid: "04e0f77383094cf9a8246311479af098" member_type: VOTER last_known_addr { host: "127.23.58.65" port: 33953 } } peers { permanent_uuid: "94c49bb3154d4ae9a18a4fa6c68a6124" member_type: VOTER last_known_addr { host: "127.23.58.66" port: 36145 } } peers { permanent_uuid: "647349e19a9948779d810eb5c4cd26c3" member_type: VOTER last_known_addr { host: "127.23.58.67" port: 40587 } }
I20260709 12:12:01.777312 24113 raft_consensus.cc:385] T 82e8be1c58c449988305ab69bac114e3 P 04e0f77383094cf9a8246311479af098 [term 0 FOLLOWER]: Consensus starting up: Expiring failure detector timer to make a prompt election more likely
I20260709 12:12:01.777590 24113 raft_consensus.cc:740] T 82e8be1c58c449988305ab69bac114e3 P 04e0f77383094cf9a8246311479af098 [term 0 FOLLOWER]: Becoming Follower/Learner. State: Replica: 04e0f77383094cf9a8246311479af098, State: Initialized, Role: FOLLOWER
I20260709 12:12:01.778226 24112 tablet_bootstrap.cc:654] T 342cff998304479890368f68e8f4b299 P 94c49bb3154d4ae9a18a4fa6c68a6124: Neither blocks nor log segments found. Creating new log.
I20260709 12:12:01.778273 24113 consensus_queue.cc:260] T 82e8be1c58c449988305ab69bac114e3 P 04e0f77383094cf9a8246311479af098 [NON_LEADER]: Queue going to NON_LEADER mode. State: All replicated index: 0, Majority replicated index: 0, Committed index: 0, Last appended: 0.0, Last appended by leader: 0, Current term: 0, Majority size: -1, State: 0, Mode: NON_LEADER, active raft config: opid_index: -1 OBSOLETE_local: false peers { permanent_uuid: "04e0f77383094cf9a8246311479af098" member_type: VOTER last_known_addr { host: "127.23.58.65" port: 33953 } } peers { permanent_uuid: "94c49bb3154d4ae9a18a4fa6c68a6124" member_type: VOTER last_known_addr { host: "127.23.58.66" port: 36145 } } peers { permanent_uuid: "647349e19a9948779d810eb5c4cd26c3" member_type: VOTER last_known_addr { host: "127.23.58.67" port: 40587 } }
I20260709 12:12:01.781545 24113 ts_tablet_manager.cc:1434] T 82e8be1c58c449988305ab69bac114e3 P 04e0f77383094cf9a8246311479af098: Time spent starting tablet: real 0.008s	user 0.008s	sys 0.000s
I20260709 12:12:01.782882 24118 raft_consensus.cc:493] T 7463a510c4fb4490b2d92a935c30bcee P 94c49bb3154d4ae9a18a4fa6c68a6124 [term 0 FOLLOWER]: Starting pre-election (no leader contacted us within the election timeout)
I20260709 12:12:01.783106 24113 tablet_bootstrap.cc:492] T ecdc0fd7a5c041479d910321c1526a41 P 04e0f77383094cf9a8246311479af098: Bootstrap starting.
I20260709 12:12:01.783355 24118 raft_consensus.cc:515] T 7463a510c4fb4490b2d92a935c30bcee P 94c49bb3154d4ae9a18a4fa6c68a6124 [term 0 FOLLOWER]: Starting pre-election with config: opid_index: -1 OBSOLETE_local: false peers { permanent_uuid: "04e0f77383094cf9a8246311479af098" member_type: VOTER last_known_addr { host: "127.23.58.65" port: 33953 } } peers { permanent_uuid: "94c49bb3154d4ae9a18a4fa6c68a6124" member_type: VOTER last_known_addr { host: "127.23.58.66" port: 36145 } } peers { permanent_uuid: "647349e19a9948779d810eb5c4cd26c3" member_type: VOTER last_known_addr { host: "127.23.58.67" port: 40587 } }
I20260709 12:12:01.786808 24118 leader_election.cc:290] T 7463a510c4fb4490b2d92a935c30bcee P 94c49bb3154d4ae9a18a4fa6c68a6124 [CANDIDATE]: Term 1 pre-election: Requested pre-vote from peers 04e0f77383094cf9a8246311479af098 (127.23.58.65:33953), 647349e19a9948779d810eb5c4cd26c3 (127.23.58.67:40587)
I20260709 12:12:01.797156 24113 tablet_bootstrap.cc:654] T ecdc0fd7a5c041479d910321c1526a41 P 04e0f77383094cf9a8246311479af098: Neither blocks nor log segments found. Creating new log.
I20260709 12:12:01.797753 24120 raft_consensus.cc:493] T 342cff998304479890368f68e8f4b299 P 647349e19a9948779d810eb5c4cd26c3 [term 0 FOLLOWER]: Starting pre-election (no leader contacted us within the election timeout)
I20260709 12:12:01.798275 24120 raft_consensus.cc:515] T 342cff998304479890368f68e8f4b299 P 647349e19a9948779d810eb5c4cd26c3 [term 0 FOLLOWER]: Starting pre-election with config: opid_index: -1 OBSOLETE_local: false peers { permanent_uuid: "94c49bb3154d4ae9a18a4fa6c68a6124" member_type: VOTER last_known_addr { host: "127.23.58.66" port: 36145 } } peers { permanent_uuid: "647349e19a9948779d810eb5c4cd26c3" member_type: VOTER last_known_addr { host: "127.23.58.67" port: 40587 } } peers { permanent_uuid: "04e0f77383094cf9a8246311479af098" member_type: VOTER last_known_addr { host: "127.23.58.65" port: 33953 } }
I20260709 12:12:01.804702 24120 leader_election.cc:290] T 342cff998304479890368f68e8f4b299 P 647349e19a9948779d810eb5c4cd26c3 [CANDIDATE]: Term 1 pre-election: Requested pre-vote from peers 94c49bb3154d4ae9a18a4fa6c68a6124 (127.23.58.66:36145), 04e0f77383094cf9a8246311479af098 (127.23.58.65:33953)
I20260709 12:12:01.811410 24114 tablet_bootstrap.cc:492] T 959b36966c0542ac99cf82e0fa5b1e7d P 647349e19a9948779d810eb5c4cd26c3: No bootstrap required, opened a new log
I20260709 12:12:01.811936 24114 ts_tablet_manager.cc:1403] T 959b36966c0542ac99cf82e0fa5b1e7d P 647349e19a9948779d810eb5c4cd26c3: Time spent bootstrapping tablet: real 0.053s	user 0.009s	sys 0.007s
I20260709 12:12:01.814895 24114 raft_consensus.cc:359] T 959b36966c0542ac99cf82e0fa5b1e7d P 647349e19a9948779d810eb5c4cd26c3 [term 0 FOLLOWER]: Replica starting. Triggering 0 pending ops. Active config: opid_index: -1 OBSOLETE_local: false peers { permanent_uuid: "04e0f77383094cf9a8246311479af098" member_type: VOTER last_known_addr { host: "127.23.58.65" port: 33953 } } peers { permanent_uuid: "94c49bb3154d4ae9a18a4fa6c68a6124" member_type: VOTER last_known_addr { host: "127.23.58.66" port: 36145 } } peers { permanent_uuid: "647349e19a9948779d810eb5c4cd26c3" member_type: VOTER last_known_addr { host: "127.23.58.67" port: 40587 } }
I20260709 12:12:01.815621 24114 raft_consensus.cc:385] T 959b36966c0542ac99cf82e0fa5b1e7d P 647349e19a9948779d810eb5c4cd26c3 [term 0 FOLLOWER]: Consensus starting up: Expiring failure detector timer to make a prompt election more likely
I20260709 12:12:01.815948 24114 raft_consensus.cc:740] T 959b36966c0542ac99cf82e0fa5b1e7d P 647349e19a9948779d810eb5c4cd26c3 [term 0 FOLLOWER]: Becoming Follower/Learner. State: Replica: 647349e19a9948779d810eb5c4cd26c3, State: Initialized, Role: FOLLOWER
I20260709 12:12:01.816813 24114 consensus_queue.cc:260] T 959b36966c0542ac99cf82e0fa5b1e7d P 647349e19a9948779d810eb5c4cd26c3 [NON_LEADER]: Queue going to NON_LEADER mode. State: All replicated index: 0, Majority replicated index: 0, Committed index: 0, Last appended: 0.0, Last appended by leader: 0, Current term: 0, Majority size: -1, State: 0, Mode: NON_LEADER, active raft config: opid_index: -1 OBSOLETE_local: false peers { permanent_uuid: "04e0f77383094cf9a8246311479af098" member_type: VOTER last_known_addr { host: "127.23.58.65" port: 33953 } } peers { permanent_uuid: "94c49bb3154d4ae9a18a4fa6c68a6124" member_type: VOTER last_known_addr { host: "127.23.58.66" port: 36145 } } peers { permanent_uuid: "647349e19a9948779d810eb5c4cd26c3" member_type: VOTER last_known_addr { host: "127.23.58.67" port: 40587 } }
I20260709 12:12:01.824838 24114 ts_tablet_manager.cc:1434] T 959b36966c0542ac99cf82e0fa5b1e7d P 647349e19a9948779d810eb5c4cd26c3: Time spent starting tablet: real 0.012s	user 0.002s	sys 0.003s
I20260709 12:12:01.833811 24114 tablet_bootstrap.cc:492] T 7d17874f300c4f4fa534d2dc07b05bcb P 647349e19a9948779d810eb5c4cd26c3: Bootstrap starting.
I20260709 12:12:01.833626 23920 tablet_service.cc:1917] Received RequestConsensusVote() RPC: tablet_id: "7463a510c4fb4490b2d92a935c30bcee" candidate_uuid: "94c49bb3154d4ae9a18a4fa6c68a6124" candidate_term: 1 candidate_status { last_received { term: 0 index: 0 } } ignore_live_leader: false dest_uuid: "04e0f77383094cf9a8246311479af098" is_pre_election: true
W20260709 12:12:01.836129 23960 leader_election.cc:343] T 7463a510c4fb4490b2d92a935c30bcee P 94c49bb3154d4ae9a18a4fa6c68a6124 [CANDIDATE]: Term 1 pre-election: Tablet error from VoteRequest() call to peer 04e0f77383094cf9a8246311479af098 (127.23.58.65:33953): Illegal state: must be running to vote when last-logged opid is not known
I20260709 12:12:01.840003 24069 tablet_service.cc:1917] Received RequestConsensusVote() RPC: tablet_id: "7463a510c4fb4490b2d92a935c30bcee" candidate_uuid: "94c49bb3154d4ae9a18a4fa6c68a6124" candidate_term: 1 candidate_status { last_received { term: 0 index: 0 } } ignore_live_leader: false dest_uuid: "647349e19a9948779d810eb5c4cd26c3" is_pre_election: true
W20260709 12:12:01.842010 23958 leader_election.cc:343] T 7463a510c4fb4490b2d92a935c30bcee P 94c49bb3154d4ae9a18a4fa6c68a6124 [CANDIDATE]: Term 1 pre-election: Tablet error from VoteRequest() call to peer 647349e19a9948779d810eb5c4cd26c3 (127.23.58.67:40587): Illegal state: must be running to vote when last-logged opid is not known
I20260709 12:12:01.842463 23958 leader_election.cc:304] T 7463a510c4fb4490b2d92a935c30bcee P 94c49bb3154d4ae9a18a4fa6c68a6124 [CANDIDATE]: Term 1 pre-election: Election decided. Result: candidate lost. Election summary: received 3 responses out of 3 voters: 1 yes votes; 2 no votes. yes voters: 94c49bb3154d4ae9a18a4fa6c68a6124; no voters: 04e0f77383094cf9a8246311479af098, 647349e19a9948779d810eb5c4cd26c3
I20260709 12:12:01.847280 24112 tablet_bootstrap.cc:492] T 342cff998304479890368f68e8f4b299 P 94c49bb3154d4ae9a18a4fa6c68a6124: No bootstrap required, opened a new log
I20260709 12:12:01.847731 24118 raft_consensus.cc:2749] T 7463a510c4fb4490b2d92a935c30bcee P 94c49bb3154d4ae9a18a4fa6c68a6124 [term 0 FOLLOWER]: Leader pre-election lost for term 1. Reason: could not achieve majority
I20260709 12:12:01.847748 24112 ts_tablet_manager.cc:1403] T 342cff998304479890368f68e8f4b299 P 94c49bb3154d4ae9a18a4fa6c68a6124: Time spent bootstrapping tablet: real 0.077s	user 0.014s	sys 0.007s
I20260709 12:12:01.853137 24112 raft_consensus.cc:359] T 342cff998304479890368f68e8f4b299 P 94c49bb3154d4ae9a18a4fa6c68a6124 [term 0 FOLLOWER]: Replica starting. Triggering 0 pending ops. Active config: opid_index: -1 OBSOLETE_local: false peers { permanent_uuid: "94c49bb3154d4ae9a18a4fa6c68a6124" member_type: VOTER last_known_addr { host: "127.23.58.66" port: 36145 } } peers { permanent_uuid: "647349e19a9948779d810eb5c4cd26c3" member_type: VOTER last_known_addr { host: "127.23.58.67" port: 40587 } } peers { permanent_uuid: "04e0f77383094cf9a8246311479af098" member_type: VOTER last_known_addr { host: "127.23.58.65" port: 33953 } }
I20260709 12:12:01.855062 24112 raft_consensus.cc:385] T 342cff998304479890368f68e8f4b299 P 94c49bb3154d4ae9a18a4fa6c68a6124 [term 0 FOLLOWER]: Consensus starting up: Expiring failure detector timer to make a prompt election more likely
I20260709 12:12:01.855448 24112 raft_consensus.cc:740] T 342cff998304479890368f68e8f4b299 P 94c49bb3154d4ae9a18a4fa6c68a6124 [term 0 FOLLOWER]: Becoming Follower/Learner. State: Replica: 94c49bb3154d4ae9a18a4fa6c68a6124, State: Initialized, Role: FOLLOWER
I20260709 12:12:01.858544 24114 tablet_bootstrap.cc:654] T 7d17874f300c4f4fa534d2dc07b05bcb P 647349e19a9948779d810eb5c4cd26c3: Neither blocks nor log segments found. Creating new log.
I20260709 12:12:01.860265 24113 tablet_bootstrap.cc:492] T ecdc0fd7a5c041479d910321c1526a41 P 04e0f77383094cf9a8246311479af098: No bootstrap required, opened a new log
I20260709 12:12:01.861182 24113 ts_tablet_manager.cc:1403] T ecdc0fd7a5c041479d910321c1526a41 P 04e0f77383094cf9a8246311479af098: Time spent bootstrapping tablet: real 0.078s	user 0.014s	sys 0.014s
I20260709 12:12:01.860147 23995 tablet_service.cc:1917] Received RequestConsensusVote() RPC: tablet_id: "342cff998304479890368f68e8f4b299" candidate_uuid: "647349e19a9948779d810eb5c4cd26c3" candidate_term: 1 candidate_status { last_received { term: 0 index: 0 } } ignore_live_leader: false dest_uuid: "94c49bb3154d4ae9a18a4fa6c68a6124" is_pre_election: true
I20260709 12:12:01.860379 24112 consensus_queue.cc:260] T 342cff998304479890368f68e8f4b299 P 94c49bb3154d4ae9a18a4fa6c68a6124 [NON_LEADER]: Queue going to NON_LEADER mode. State: All replicated index: 0, Majority replicated index: 0, Committed index: 0, Last appended: 0.0, Last appended by leader: 0, Current term: 0, Majority size: -1, State: 0, Mode: NON_LEADER, active raft config: opid_index: -1 OBSOLETE_local: false peers { permanent_uuid: "94c49bb3154d4ae9a18a4fa6c68a6124" member_type: VOTER last_known_addr { host: "127.23.58.66" port: 36145 } } peers { permanent_uuid: "647349e19a9948779d810eb5c4cd26c3" member_type: VOTER last_known_addr { host: "127.23.58.67" port: 40587 } } peers { permanent_uuid: "04e0f77383094cf9a8246311479af098" member_type: VOTER last_known_addr { host: "127.23.58.65" port: 33953 } }
I20260709 12:12:01.864415 24113 raft_consensus.cc:359] T ecdc0fd7a5c041479d910321c1526a41 P 04e0f77383094cf9a8246311479af098 [term 0 FOLLOWER]: Replica starting. Triggering 0 pending ops. Active config: opid_index: -1 OBSOLETE_local: false peers { permanent_uuid: "04e0f77383094cf9a8246311479af098" member_type: VOTER last_known_addr { host: "127.23.58.65" port: 33953 } } peers { permanent_uuid: "94c49bb3154d4ae9a18a4fa6c68a6124" member_type: VOTER last_known_addr { host: "127.23.58.66" port: 36145 } } peers { permanent_uuid: "647349e19a9948779d810eb5c4cd26c3" member_type: VOTER last_known_addr { host: "127.23.58.67" port: 40587 } }
I20260709 12:12:01.865175 24112 ts_tablet_manager.cc:1434] T 342cff998304479890368f68e8f4b299 P 94c49bb3154d4ae9a18a4fa6c68a6124: Time spent starting tablet: real 0.016s	user 0.005s	sys 0.002s
I20260709 12:12:01.865862 23995 raft_consensus.cc:2468] T 342cff998304479890368f68e8f4b299 P 94c49bb3154d4ae9a18a4fa6c68a6124 [term 0 FOLLOWER]: Leader pre-election vote request: Granting yes vote for candidate 647349e19a9948779d810eb5c4cd26c3 in term 0.
I20260709 12:12:01.866334 24112 tablet_bootstrap.cc:492] T 959b36966c0542ac99cf82e0fa5b1e7d P 94c49bb3154d4ae9a18a4fa6c68a6124: Bootstrap starting.
I20260709 12:12:01.865159 24113 raft_consensus.cc:385] T ecdc0fd7a5c041479d910321c1526a41 P 04e0f77383094cf9a8246311479af098 [term 0 FOLLOWER]: Consensus starting up: Expiring failure detector timer to make a prompt election more likely
I20260709 12:12:01.867331 24113 raft_consensus.cc:740] T ecdc0fd7a5c041479d910321c1526a41 P 04e0f77383094cf9a8246311479af098 [term 0 FOLLOWER]: Becoming Follower/Learner. State: Replica: 04e0f77383094cf9a8246311479af098, State: Initialized, Role: FOLLOWER
I20260709 12:12:01.868225 24113 consensus_queue.cc:260] T ecdc0fd7a5c041479d910321c1526a41 P 04e0f77383094cf9a8246311479af098 [NON_LEADER]: Queue going to NON_LEADER mode. State: All replicated index: 0, Majority replicated index: 0, Committed index: 0, Last appended: 0.0, Last appended by leader: 0, Current term: 0, Majority size: -1, State: 0, Mode: NON_LEADER, active raft config: opid_index: -1 OBSOLETE_local: false peers { permanent_uuid: "04e0f77383094cf9a8246311479af098" member_type: VOTER last_known_addr { host: "127.23.58.65" port: 33953 } } peers { permanent_uuid: "94c49bb3154d4ae9a18a4fa6c68a6124" member_type: VOTER last_known_addr { host: "127.23.58.66" port: 36145 } } peers { permanent_uuid: "647349e19a9948779d810eb5c4cd26c3" member_type: VOTER last_known_addr { host: "127.23.58.67" port: 40587 } }
I20260709 12:12:01.869449 24034 leader_election.cc:304] T 342cff998304479890368f68e8f4b299 P 647349e19a9948779d810eb5c4cd26c3 [CANDIDATE]: Term 1 pre-election: Election decided. Result: candidate won. Election summary: received 2 responses out of 3 voters: 2 yes votes; 0 no votes. yes voters: 647349e19a9948779d810eb5c4cd26c3, 94c49bb3154d4ae9a18a4fa6c68a6124; no voters: 
I20260709 12:12:01.870266 24120 raft_consensus.cc:2804] T 342cff998304479890368f68e8f4b299 P 647349e19a9948779d810eb5c4cd26c3 [term 0 FOLLOWER]: Leader pre-election won for term 1
I20260709 12:12:01.870669 24120 raft_consensus.cc:493] T 342cff998304479890368f68e8f4b299 P 647349e19a9948779d810eb5c4cd26c3 [term 0 FOLLOWER]: Starting leader election (no leader contacted us within the election timeout)
I20260709 12:12:01.871107 24120 raft_consensus.cc:3060] T 342cff998304479890368f68e8f4b299 P 647349e19a9948779d810eb5c4cd26c3 [term 0 FOLLOWER]: Advancing to term 1
I20260709 12:12:01.876391 24112 tablet_bootstrap.cc:654] T 959b36966c0542ac99cf82e0fa5b1e7d P 94c49bb3154d4ae9a18a4fa6c68a6124: Neither blocks nor log segments found. Creating new log.
I20260709 12:12:01.878481 23920 tablet_service.cc:1917] Received RequestConsensusVote() RPC: tablet_id: "342cff998304479890368f68e8f4b299" candidate_uuid: "647349e19a9948779d810eb5c4cd26c3" candidate_term: 1 candidate_status { last_received { term: 0 index: 0 } } ignore_live_leader: false dest_uuid: "04e0f77383094cf9a8246311479af098" is_pre_election: true
I20260709 12:12:01.882225 23920 raft_consensus.cc:2468] T 342cff998304479890368f68e8f4b299 P 04e0f77383094cf9a8246311479af098 [term 0 FOLLOWER]: Leader pre-election vote request: Granting yes vote for candidate 647349e19a9948779d810eb5c4cd26c3 in term 0.
I20260709 12:12:01.891526 24120 raft_consensus.cc:515] T 342cff998304479890368f68e8f4b299 P 647349e19a9948779d810eb5c4cd26c3 [term 1 FOLLOWER]: Starting leader election with config: opid_index: -1 OBSOLETE_local: false peers { permanent_uuid: "94c49bb3154d4ae9a18a4fa6c68a6124" member_type: VOTER last_known_addr { host: "127.23.58.66" port: 36145 } } peers { permanent_uuid: "647349e19a9948779d810eb5c4cd26c3" member_type: VOTER last_known_addr { host: "127.23.58.67" port: 40587 } } peers { permanent_uuid: "04e0f77383094cf9a8246311479af098" member_type: VOTER last_known_addr { host: "127.23.58.65" port: 33953 } }
I20260709 12:12:01.892177 24114 tablet_bootstrap.cc:492] T 7d17874f300c4f4fa534d2dc07b05bcb P 647349e19a9948779d810eb5c4cd26c3: No bootstrap required, opened a new log
I20260709 12:12:01.892831 24114 ts_tablet_manager.cc:1403] T 7d17874f300c4f4fa534d2dc07b05bcb P 647349e19a9948779d810eb5c4cd26c3: Time spent bootstrapping tablet: real 0.059s	user 0.021s	sys 0.003s
I20260709 12:12:01.893615 24120 leader_election.cc:290] T 342cff998304479890368f68e8f4b299 P 647349e19a9948779d810eb5c4cd26c3 [CANDIDATE]: Term 1 election: Requested vote from peers 94c49bb3154d4ae9a18a4fa6c68a6124 (127.23.58.66:36145), 04e0f77383094cf9a8246311479af098 (127.23.58.65:33953)
I20260709 12:12:01.894197 24113 ts_tablet_manager.cc:1434] T ecdc0fd7a5c041479d910321c1526a41 P 04e0f77383094cf9a8246311479af098: Time spent starting tablet: real 0.032s	user 0.006s	sys 0.002s
I20260709 12:12:01.895716 23995 tablet_service.cc:1917] Received RequestConsensusVote() RPC: tablet_id: "342cff998304479890368f68e8f4b299" candidate_uuid: "647349e19a9948779d810eb5c4cd26c3" candidate_term: 1 candidate_status { last_received { term: 0 index: 0 } } ignore_live_leader: false dest_uuid: "94c49bb3154d4ae9a18a4fa6c68a6124"
I20260709 12:12:01.896502 23995 raft_consensus.cc:3060] T 342cff998304479890368f68e8f4b299 P 94c49bb3154d4ae9a18a4fa6c68a6124 [term 0 FOLLOWER]: Advancing to term 1
I20260709 12:12:01.898917 23920 tablet_service.cc:1917] Received RequestConsensusVote() RPC: tablet_id: "342cff998304479890368f68e8f4b299" candidate_uuid: "647349e19a9948779d810eb5c4cd26c3" candidate_term: 1 candidate_status { last_received { term: 0 index: 0 } } ignore_live_leader: false dest_uuid: "04e0f77383094cf9a8246311479af098"
I20260709 12:12:01.899492 23920 raft_consensus.cc:3060] T 342cff998304479890368f68e8f4b299 P 04e0f77383094cf9a8246311479af098 [term 0 FOLLOWER]: Advancing to term 1
I20260709 12:12:01.900436 24112 tablet_bootstrap.cc:492] T 959b36966c0542ac99cf82e0fa5b1e7d P 94c49bb3154d4ae9a18a4fa6c68a6124: No bootstrap required, opened a new log
I20260709 12:12:01.900914 24112 ts_tablet_manager.cc:1403] T 959b36966c0542ac99cf82e0fa5b1e7d P 94c49bb3154d4ae9a18a4fa6c68a6124: Time spent bootstrapping tablet: real 0.035s	user 0.012s	sys 0.007s
I20260709 12:12:01.901232 24113 tablet_bootstrap.cc:492] T 762ddf006d3c4ed3a41a8b932803c3e3 P 04e0f77383094cf9a8246311479af098: Bootstrap starting.
I20260709 12:12:01.906576 24119 raft_consensus.cc:493] T ecdc0fd7a5c041479d910321c1526a41 P 04e0f77383094cf9a8246311479af098 [term 0 FOLLOWER]: Starting pre-election (no leader contacted us within the election timeout)
I20260709 12:12:01.907104 24119 raft_consensus.cc:515] T ecdc0fd7a5c041479d910321c1526a41 P 04e0f77383094cf9a8246311479af098 [term 0 FOLLOWER]: Starting pre-election with config: opid_index: -1 OBSOLETE_local: false peers { permanent_uuid: "04e0f77383094cf9a8246311479af098" member_type: VOTER last_known_addr { host: "127.23.58.65" port: 33953 } } peers { permanent_uuid: "94c49bb3154d4ae9a18a4fa6c68a6124" member_type: VOTER last_known_addr { host: "127.23.58.66" port: 36145 } } peers { permanent_uuid: "647349e19a9948779d810eb5c4cd26c3" member_type: VOTER last_known_addr { host: "127.23.58.67" port: 40587 } }
I20260709 12:12:01.908720 23920 raft_consensus.cc:2468] T 342cff998304479890368f68e8f4b299 P 04e0f77383094cf9a8246311479af098 [term 1 FOLLOWER]: Leader election vote request: Granting yes vote for candidate 647349e19a9948779d810eb5c4cd26c3 in term 1.
I20260709 12:12:01.909567 23995 raft_consensus.cc:2468] T 342cff998304479890368f68e8f4b299 P 94c49bb3154d4ae9a18a4fa6c68a6124 [term 1 FOLLOWER]: Leader election vote request: Granting yes vote for candidate 647349e19a9948779d810eb5c4cd26c3 in term 1.
I20260709 12:12:01.910704 24034 leader_election.cc:304] T 342cff998304479890368f68e8f4b299 P 647349e19a9948779d810eb5c4cd26c3 [CANDIDATE]: Term 1 election: Election decided. Result: candidate won. Election summary: received 2 responses out of 3 voters: 2 yes votes; 0 no votes. yes voters: 04e0f77383094cf9a8246311479af098, 647349e19a9948779d810eb5c4cd26c3; no voters: 
I20260709 12:12:01.910887 24112 raft_consensus.cc:359] T 959b36966c0542ac99cf82e0fa5b1e7d P 94c49bb3154d4ae9a18a4fa6c68a6124 [term 0 FOLLOWER]: Replica starting. Triggering 0 pending ops. Active config: opid_index: -1 OBSOLETE_local: false peers { permanent_uuid: "04e0f77383094cf9a8246311479af098" member_type: VOTER last_known_addr { host: "127.23.58.65" port: 33953 } } peers { permanent_uuid: "94c49bb3154d4ae9a18a4fa6c68a6124" member_type: VOTER last_known_addr { host: "127.23.58.66" port: 36145 } } peers { permanent_uuid: "647349e19a9948779d810eb5c4cd26c3" member_type: VOTER last_known_addr { host: "127.23.58.67" port: 40587 } }
I20260709 12:12:01.911473 24120 raft_consensus.cc:2804] T 342cff998304479890368f68e8f4b299 P 647349e19a9948779d810eb5c4cd26c3 [term 1 FOLLOWER]: Leader election won for term 1
I20260709 12:12:01.911617 24112 raft_consensus.cc:385] T 959b36966c0542ac99cf82e0fa5b1e7d P 94c49bb3154d4ae9a18a4fa6c68a6124 [term 0 FOLLOWER]: Consensus starting up: Expiring failure detector timer to make a prompt election more likely
I20260709 12:12:01.912569 24112 raft_consensus.cc:740] T 959b36966c0542ac99cf82e0fa5b1e7d P 94c49bb3154d4ae9a18a4fa6c68a6124 [term 0 FOLLOWER]: Becoming Follower/Learner. State: Replica: 94c49bb3154d4ae9a18a4fa6c68a6124, State: Initialized, Role: FOLLOWER
I20260709 12:12:01.913829 24119 leader_election.cc:290] T ecdc0fd7a5c041479d910321c1526a41 P 04e0f77383094cf9a8246311479af098 [CANDIDATE]: Term 1 pre-election: Requested pre-vote from peers 94c49bb3154d4ae9a18a4fa6c68a6124 (127.23.58.66:36145), 647349e19a9948779d810eb5c4cd26c3 (127.23.58.67:40587)
I20260709 12:12:01.914763 24112 consensus_queue.cc:260] T 959b36966c0542ac99cf82e0fa5b1e7d P 94c49bb3154d4ae9a18a4fa6c68a6124 [NON_LEADER]: Queue going to NON_LEADER mode. State: All replicated index: 0, Majority replicated index: 0, Committed index: 0, Last appended: 0.0, Last appended by leader: 0, Current term: 0, Majority size: -1, State: 0, Mode: NON_LEADER, active raft config: opid_index: -1 OBSOLETE_local: false peers { permanent_uuid: "04e0f77383094cf9a8246311479af098" member_type: VOTER last_known_addr { host: "127.23.58.65" port: 33953 } } peers { permanent_uuid: "94c49bb3154d4ae9a18a4fa6c68a6124" member_type: VOTER last_known_addr { host: "127.23.58.66" port: 36145 } } peers { permanent_uuid: "647349e19a9948779d810eb5c4cd26c3" member_type: VOTER last_known_addr { host: "127.23.58.67" port: 40587 } }
I20260709 12:12:01.919198 24114 raft_consensus.cc:359] T 7d17874f300c4f4fa534d2dc07b05bcb P 647349e19a9948779d810eb5c4cd26c3 [term 0 FOLLOWER]: Replica starting. Triggering 0 pending ops. Active config: opid_index: -1 OBSOLETE_local: false peers { permanent_uuid: "04e0f77383094cf9a8246311479af098" member_type: VOTER last_known_addr { host: "127.23.58.65" port: 33953 } } peers { permanent_uuid: "94c49bb3154d4ae9a18a4fa6c68a6124" member_type: VOTER last_known_addr { host: "127.23.58.66" port: 36145 } } peers { permanent_uuid: "647349e19a9948779d810eb5c4cd26c3" member_type: VOTER last_known_addr { host: "127.23.58.67" port: 40587 } }
I20260709 12:12:01.923920 24112 ts_tablet_manager.cc:1434] T 959b36966c0542ac99cf82e0fa5b1e7d P 94c49bb3154d4ae9a18a4fa6c68a6124: Time spent starting tablet: real 0.023s	user 0.008s	sys 0.002s
I20260709 12:12:01.924891 24112 tablet_bootstrap.cc:492] T 762ddf006d3c4ed3a41a8b932803c3e3 P 94c49bb3154d4ae9a18a4fa6c68a6124: Bootstrap starting.
I20260709 12:12:01.926040 24113 tablet_bootstrap.cc:654] T 762ddf006d3c4ed3a41a8b932803c3e3 P 04e0f77383094cf9a8246311479af098: Neither blocks nor log segments found. Creating new log.
I20260709 12:12:01.920755 24114 raft_consensus.cc:385] T 7d17874f300c4f4fa534d2dc07b05bcb P 647349e19a9948779d810eb5c4cd26c3 [term 0 FOLLOWER]: Consensus starting up: Expiring failure detector timer to make a prompt election more likely
I20260709 12:12:01.927835 24114 raft_consensus.cc:740] T 7d17874f300c4f4fa534d2dc07b05bcb P 647349e19a9948779d810eb5c4cd26c3 [term 0 FOLLOWER]: Becoming Follower/Learner. State: Replica: 647349e19a9948779d810eb5c4cd26c3, State: Initialized, Role: FOLLOWER
I20260709 12:12:01.931660 24120 raft_consensus.cc:697] T 342cff998304479890368f68e8f4b299 P 647349e19a9948779d810eb5c4cd26c3 [term 1 LEADER]: Becoming Leader. State: Replica: 647349e19a9948779d810eb5c4cd26c3, State: Running, Role: LEADER
I20260709 12:12:01.933806 24114 consensus_queue.cc:260] T 7d17874f300c4f4fa534d2dc07b05bcb P 647349e19a9948779d810eb5c4cd26c3 [NON_LEADER]: Queue going to NON_LEADER mode. State: All replicated index: 0, Majority replicated index: 0, Committed index: 0, Last appended: 0.0, Last appended by leader: 0, Current term: 0, Majority size: -1, State: 0, Mode: NON_LEADER, active raft config: opid_index: -1 OBSOLETE_local: false peers { permanent_uuid: "04e0f77383094cf9a8246311479af098" member_type: VOTER last_known_addr { host: "127.23.58.65" port: 33953 } } peers { permanent_uuid: "94c49bb3154d4ae9a18a4fa6c68a6124" member_type: VOTER last_known_addr { host: "127.23.58.66" port: 36145 } } peers { permanent_uuid: "647349e19a9948779d810eb5c4cd26c3" member_type: VOTER last_known_addr { host: "127.23.58.67" port: 40587 } }
I20260709 12:12:01.938827 24120 consensus_queue.cc:237] T 342cff998304479890368f68e8f4b299 P 647349e19a9948779d810eb5c4cd26c3 [LEADER]: Queue going to LEADER mode. State: All replicated index: 0, Majority replicated index: 0, Committed index: 0, Last appended: 0.0, Last appended by leader: 0, Current term: 1, Majority size: 2, State: 0, Mode: LEADER, active raft config: opid_index: -1 OBSOLETE_local: false peers { permanent_uuid: "94c49bb3154d4ae9a18a4fa6c68a6124" member_type: VOTER last_known_addr { host: "127.23.58.66" port: 36145 } } peers { permanent_uuid: "647349e19a9948779d810eb5c4cd26c3" member_type: VOTER last_known_addr { host: "127.23.58.67" port: 40587 } } peers { permanent_uuid: "04e0f77383094cf9a8246311479af098" member_type: VOTER last_known_addr { host: "127.23.58.65" port: 33953 } }
I20260709 12:12:01.946637 24113 tablet_bootstrap.cc:492] T 762ddf006d3c4ed3a41a8b932803c3e3 P 04e0f77383094cf9a8246311479af098: No bootstrap required, opened a new log
I20260709 12:12:01.947196 24114 ts_tablet_manager.cc:1434] T 7d17874f300c4f4fa534d2dc07b05bcb P 647349e19a9948779d810eb5c4cd26c3: Time spent starting tablet: real 0.042s	user 0.006s	sys 0.002s
I20260709 12:12:01.947190 24113 ts_tablet_manager.cc:1403] T 762ddf006d3c4ed3a41a8b932803c3e3 P 04e0f77383094cf9a8246311479af098: Time spent bootstrapping tablet: real 0.046s	user 0.015s	sys 0.000s
I20260709 12:12:01.949470 24114 tablet_bootstrap.cc:492] T 78985c6b687d48b8bbf9cd43e1232156 P 647349e19a9948779d810eb5c4cd26c3: Bootstrap starting.
I20260709 12:12:01.953814 24113 raft_consensus.cc:359] T 762ddf006d3c4ed3a41a8b932803c3e3 P 04e0f77383094cf9a8246311479af098 [term 0 FOLLOWER]: Replica starting. Triggering 0 pending ops. Active config: opid_index: -1 OBSOLETE_local: false peers { permanent_uuid: "04e0f77383094cf9a8246311479af098" member_type: VOTER last_known_addr { host: "127.23.58.65" port: 33953 } } peers { permanent_uuid: "94c49bb3154d4ae9a18a4fa6c68a6124" member_type: VOTER last_known_addr { host: "127.23.58.66" port: 36145 } } peers { permanent_uuid: "647349e19a9948779d810eb5c4cd26c3" member_type: VOTER last_known_addr { host: "127.23.58.67" port: 40587 } }
I20260709 12:12:01.954346 23995 tablet_service.cc:1917] Received RequestConsensusVote() RPC: tablet_id: "ecdc0fd7a5c041479d910321c1526a41" candidate_uuid: "04e0f77383094cf9a8246311479af098" candidate_term: 1 candidate_status { last_received { term: 0 index: 0 } } ignore_live_leader: false dest_uuid: "94c49bb3154d4ae9a18a4fa6c68a6124" is_pre_election: true
I20260709 12:12:01.954622 24113 raft_consensus.cc:385] T 762ddf006d3c4ed3a41a8b932803c3e3 P 04e0f77383094cf9a8246311479af098 [term 0 FOLLOWER]: Consensus starting up: Expiring failure detector timer to make a prompt election more likely
I20260709 12:12:01.955116 24113 raft_consensus.cc:740] T 762ddf006d3c4ed3a41a8b932803c3e3 P 04e0f77383094cf9a8246311479af098 [term 0 FOLLOWER]: Becoming Follower/Learner. State: Replica: 04e0f77383094cf9a8246311479af098, State: Initialized, Role: FOLLOWER
I20260709 12:12:01.955232 23995 raft_consensus.cc:2468] T ecdc0fd7a5c041479d910321c1526a41 P 94c49bb3154d4ae9a18a4fa6c68a6124 [term 0 FOLLOWER]: Leader pre-election vote request: Granting yes vote for candidate 04e0f77383094cf9a8246311479af098 in term 0.
I20260709 12:12:01.955873 24113 consensus_queue.cc:260] T 762ddf006d3c4ed3a41a8b932803c3e3 P 04e0f77383094cf9a8246311479af098 [NON_LEADER]: Queue going to NON_LEADER mode. State: All replicated index: 0, Majority replicated index: 0, Committed index: 0, Last appended: 0.0, Last appended by leader: 0, Current term: 0, Majority size: -1, State: 0, Mode: NON_LEADER, active raft config: opid_index: -1 OBSOLETE_local: false peers { permanent_uuid: "04e0f77383094cf9a8246311479af098" member_type: VOTER last_known_addr { host: "127.23.58.65" port: 33953 } } peers { permanent_uuid: "94c49bb3154d4ae9a18a4fa6c68a6124" member_type: VOTER last_known_addr { host: "127.23.58.66" port: 36145 } } peers { permanent_uuid: "647349e19a9948779d810eb5c4cd26c3" member_type: VOTER last_known_addr { host: "127.23.58.67" port: 40587 } }
I20260709 12:12:01.957122 23885 leader_election.cc:304] T ecdc0fd7a5c041479d910321c1526a41 P 04e0f77383094cf9a8246311479af098 [CANDIDATE]: Term 1 pre-election: Election decided. Result: candidate won. Election summary: received 2 responses out of 3 voters: 2 yes votes; 0 no votes. yes voters: 04e0f77383094cf9a8246311479af098, 94c49bb3154d4ae9a18a4fa6c68a6124; no voters: 
I20260709 12:12:01.959340 24119 raft_consensus.cc:2804] T ecdc0fd7a5c041479d910321c1526a41 P 04e0f77383094cf9a8246311479af098 [term 0 FOLLOWER]: Leader pre-election won for term 1
I20260709 12:12:01.960778 24119 raft_consensus.cc:493] T ecdc0fd7a5c041479d910321c1526a41 P 04e0f77383094cf9a8246311479af098 [term 0 FOLLOWER]: Starting leader election (no leader contacted us within the election timeout)
I20260709 12:12:01.961405 24119 raft_consensus.cc:3060] T ecdc0fd7a5c041479d910321c1526a41 P 04e0f77383094cf9a8246311479af098 [term 0 FOLLOWER]: Advancing to term 1
I20260709 12:12:01.964360 24113 ts_tablet_manager.cc:1434] T 762ddf006d3c4ed3a41a8b932803c3e3 P 04e0f77383094cf9a8246311479af098: Time spent starting tablet: real 0.016s	user 0.006s	sys 0.001s
I20260709 12:12:01.965662 24112 tablet_bootstrap.cc:654] T 762ddf006d3c4ed3a41a8b932803c3e3 P 94c49bb3154d4ae9a18a4fa6c68a6124: Neither blocks nor log segments found. Creating new log.
I20260709 12:12:01.966554 24113 tablet_bootstrap.cc:492] T 959b36966c0542ac99cf82e0fa5b1e7d P 04e0f77383094cf9a8246311479af098: Bootstrap starting.
I20260709 12:12:01.968436 24069 tablet_service.cc:1917] Received RequestConsensusVote() RPC: tablet_id: "ecdc0fd7a5c041479d910321c1526a41" candidate_uuid: "04e0f77383094cf9a8246311479af098" candidate_term: 1 candidate_status { last_received { term: 0 index: 0 } } ignore_live_leader: false dest_uuid: "647349e19a9948779d810eb5c4cd26c3" is_pre_election: true
W20260709 12:12:01.970417 23883 leader_election.cc:343] T ecdc0fd7a5c041479d910321c1526a41 P 04e0f77383094cf9a8246311479af098 [CANDIDATE]: Term 1 pre-election: Tablet error from VoteRequest() call to peer 647349e19a9948779d810eb5c4cd26c3 (127.23.58.67:40587): Illegal state: must be running to vote when last-logged opid is not known
I20260709 12:12:01.973697 24119 raft_consensus.cc:515] T ecdc0fd7a5c041479d910321c1526a41 P 04e0f77383094cf9a8246311479af098 [term 1 FOLLOWER]: Starting leader election with config: opid_index: -1 OBSOLETE_local: false peers { permanent_uuid: "04e0f77383094cf9a8246311479af098" member_type: VOTER last_known_addr { host: "127.23.58.65" port: 33953 } } peers { permanent_uuid: "94c49bb3154d4ae9a18a4fa6c68a6124" member_type: VOTER last_known_addr { host: "127.23.58.66" port: 36145 } } peers { permanent_uuid: "647349e19a9948779d810eb5c4cd26c3" member_type: VOTER last_known_addr { host: "127.23.58.67" port: 40587 } }
I20260709 12:12:01.975556 24113 tablet_bootstrap.cc:654] T 959b36966c0542ac99cf82e0fa5b1e7d P 04e0f77383094cf9a8246311479af098: Neither blocks nor log segments found. Creating new log.
I20260709 12:12:01.976666 24119 leader_election.cc:290] T ecdc0fd7a5c041479d910321c1526a41 P 04e0f77383094cf9a8246311479af098 [CANDIDATE]: Term 1 election: Requested vote from peers 94c49bb3154d4ae9a18a4fa6c68a6124 (127.23.58.66:36145), 647349e19a9948779d810eb5c4cd26c3 (127.23.58.67:40587)
I20260709 12:12:01.977814 23995 tablet_service.cc:1917] Received RequestConsensusVote() RPC: tablet_id: "ecdc0fd7a5c041479d910321c1526a41" candidate_uuid: "04e0f77383094cf9a8246311479af098" candidate_term: 1 candidate_status { last_received { term: 0 index: 0 } } ignore_live_leader: false dest_uuid: "94c49bb3154d4ae9a18a4fa6c68a6124"
I20260709 12:12:01.978485 23995 raft_consensus.cc:3060] T ecdc0fd7a5c041479d910321c1526a41 P 94c49bb3154d4ae9a18a4fa6c68a6124 [term 0 FOLLOWER]: Advancing to term 1
I20260709 12:12:01.982621 24120 raft_consensus.cc:493] T 959b36966c0542ac99cf82e0fa5b1e7d P 647349e19a9948779d810eb5c4cd26c3 [term 0 FOLLOWER]: Starting pre-election (no leader contacted us within the election timeout)
I20260709 12:12:01.977839 24069 tablet_service.cc:1917] Received RequestConsensusVote() RPC: tablet_id: "ecdc0fd7a5c041479d910321c1526a41" candidate_uuid: "04e0f77383094cf9a8246311479af098" candidate_term: 1 candidate_status { last_received { term: 0 index: 0 } } ignore_live_leader: false dest_uuid: "647349e19a9948779d810eb5c4cd26c3"
I20260709 12:12:01.983218 24120 raft_consensus.cc:515] T 959b36966c0542ac99cf82e0fa5b1e7d P 647349e19a9948779d810eb5c4cd26c3 [term 0 FOLLOWER]: Starting pre-election with config: opid_index: -1 OBSOLETE_local: false peers { permanent_uuid: "04e0f77383094cf9a8246311479af098" member_type: VOTER last_known_addr { host: "127.23.58.65" port: 33953 } } peers { permanent_uuid: "94c49bb3154d4ae9a18a4fa6c68a6124" member_type: VOTER last_known_addr { host: "127.23.58.66" port: 36145 } } peers { permanent_uuid: "647349e19a9948779d810eb5c4cd26c3" member_type: VOTER last_known_addr { host: "127.23.58.67" port: 40587 } }
W20260709 12:12:01.984040 23883 leader_election.cc:343] T ecdc0fd7a5c041479d910321c1526a41 P 04e0f77383094cf9a8246311479af098 [CANDIDATE]: Term 1 election: Tablet error from VoteRequest() call to peer 647349e19a9948779d810eb5c4cd26c3 (127.23.58.67:40587): Illegal state: must be running to vote when last-logged opid is not known
I20260709 12:12:01.985283 24120 leader_election.cc:290] T 959b36966c0542ac99cf82e0fa5b1e7d P 647349e19a9948779d810eb5c4cd26c3 [CANDIDATE]: Term 1 pre-election: Requested pre-vote from peers 04e0f77383094cf9a8246311479af098 (127.23.58.65:33953), 94c49bb3154d4ae9a18a4fa6c68a6124 (127.23.58.66:36145)
I20260709 12:12:01.986044 23920 tablet_service.cc:1917] Received RequestConsensusVote() RPC: tablet_id: "959b36966c0542ac99cf82e0fa5b1e7d" candidate_uuid: "647349e19a9948779d810eb5c4cd26c3" candidate_term: 1 candidate_status { last_received { term: 0 index: 0 } } ignore_live_leader: false dest_uuid: "04e0f77383094cf9a8246311479af098" is_pre_election: true
W20260709 12:12:01.988339 24034 leader_election.cc:343] T 959b36966c0542ac99cf82e0fa5b1e7d P 647349e19a9948779d810eb5c4cd26c3 [CANDIDATE]: Term 1 pre-election: Tablet error from VoteRequest() call to peer 04e0f77383094cf9a8246311479af098 (127.23.58.65:33953): Illegal state: must be running to vote when last-logged opid is not known
I20260709 12:12:01.988969 24114 tablet_bootstrap.cc:654] T 78985c6b687d48b8bbf9cd43e1232156 P 647349e19a9948779d810eb5c4cd26c3: Neither blocks nor log segments found. Creating new log.
I20260709 12:12:01.991632 23815 catalog_manager.cc:5697] T 342cff998304479890368f68e8f4b299 P 647349e19a9948779d810eb5c4cd26c3 reported cstate change: term changed from 0 to 1, leader changed from <none> to 647349e19a9948779d810eb5c4cd26c3 (127.23.58.67). New cstate: current_term: 1 leader_uuid: "647349e19a9948779d810eb5c4cd26c3" committed_config { opid_index: -1 OBSOLETE_local: false peers { permanent_uuid: "94c49bb3154d4ae9a18a4fa6c68a6124" member_type: VOTER last_known_addr { host: "127.23.58.66" port: 36145 } health_report { overall_health: UNKNOWN } } peers { permanent_uuid: "647349e19a9948779d810eb5c4cd26c3" member_type: VOTER last_known_addr { host: "127.23.58.67" port: 40587 } health_report { overall_health: HEALTHY } } peers { permanent_uuid: "04e0f77383094cf9a8246311479af098" member_type: VOTER last_known_addr { host: "127.23.58.65" port: 33953 } health_report { overall_health: UNKNOWN } } }
I20260709 12:12:01.994200 23995 raft_consensus.cc:2468] T ecdc0fd7a5c041479d910321c1526a41 P 94c49bb3154d4ae9a18a4fa6c68a6124 [term 1 FOLLOWER]: Leader election vote request: Granting yes vote for candidate 04e0f77383094cf9a8246311479af098 in term 1.
I20260709 12:12:01.994897 23994 tablet_service.cc:1917] Received RequestConsensusVote() RPC: tablet_id: "959b36966c0542ac99cf82e0fa5b1e7d" candidate_uuid: "647349e19a9948779d810eb5c4cd26c3" candidate_term: 1 candidate_status { last_received { term: 0 index: 0 } } ignore_live_leader: false dest_uuid: "94c49bb3154d4ae9a18a4fa6c68a6124" is_pre_election: true
I20260709 12:12:01.995469 23885 leader_election.cc:304] T ecdc0fd7a5c041479d910321c1526a41 P 04e0f77383094cf9a8246311479af098 [CANDIDATE]: Term 1 election: Election decided. Result: candidate won. Election summary: received 3 responses out of 3 voters: 2 yes votes; 1 no votes. yes voters: 04e0f77383094cf9a8246311479af098, 94c49bb3154d4ae9a18a4fa6c68a6124; no voters: 647349e19a9948779d810eb5c4cd26c3
I20260709 12:12:01.995635 23994 raft_consensus.cc:2468] T 959b36966c0542ac99cf82e0fa5b1e7d P 94c49bb3154d4ae9a18a4fa6c68a6124 [term 0 FOLLOWER]: Leader pre-election vote request: Granting yes vote for candidate 647349e19a9948779d810eb5c4cd26c3 in term 0.
I20260709 12:12:01.996464 24119 raft_consensus.cc:2804] T ecdc0fd7a5c041479d910321c1526a41 P 04e0f77383094cf9a8246311479af098 [term 1 FOLLOWER]: Leader election won for term 1
I20260709 12:12:01.997007 24034 leader_election.cc:304] T 959b36966c0542ac99cf82e0fa5b1e7d P 647349e19a9948779d810eb5c4cd26c3 [CANDIDATE]: Term 1 pre-election: Election decided. Result: candidate won. Election summary: received 3 responses out of 3 voters: 2 yes votes; 1 no votes. yes voters: 647349e19a9948779d810eb5c4cd26c3, 94c49bb3154d4ae9a18a4fa6c68a6124; no voters: 04e0f77383094cf9a8246311479af098
I20260709 12:12:01.997989 24120 raft_consensus.cc:2804] T 959b36966c0542ac99cf82e0fa5b1e7d P 647349e19a9948779d810eb5c4cd26c3 [term 0 FOLLOWER]: Leader pre-election won for term 1
I20260709 12:12:01.998469 24120 raft_consensus.cc:493] T 959b36966c0542ac99cf82e0fa5b1e7d P 647349e19a9948779d810eb5c4cd26c3 [term 0 FOLLOWER]: Starting leader election (no leader contacted us within the election timeout)
I20260709 12:12:01.998865 24120 raft_consensus.cc:3060] T 959b36966c0542ac99cf82e0fa5b1e7d P 647349e19a9948779d810eb5c4cd26c3 [term 0 FOLLOWER]: Advancing to term 1
I20260709 12:12:02.000728 24119 raft_consensus.cc:697] T ecdc0fd7a5c041479d910321c1526a41 P 04e0f77383094cf9a8246311479af098 [term 1 LEADER]: Becoming Leader. State: Replica: 04e0f77383094cf9a8246311479af098, State: Running, Role: LEADER
